130.12.182.150 - - [22/Apr/2026:12:59:07 -0700] "GET /.vscode/sftp.json HTTP/1.1" 404 81942 "-" "Mozilla/5.0 (Windows NT 10.0; Win64; x64) AppleWebKit/537.36"
130.12.182.150 - - [22/Apr/2026:12:59:07 -0700] "GET /.ftpconfig HTTP/1.1" 404 81942 "-" "Mozilla/5.0 (Windows NT 10.0; Win64; x64) AppleWebKit/537.36"
130.12.182.150 - - [22/Apr/2026:12:59:07 -0700] "GET /sftp-config.json HTTP/1.1" 404 81942 "-" "Mozilla/5.0 (Windows NT 10.0; Win64; x64) AppleWebKit/537.36"
217.182.194.45 - - [22/Apr/2026:12:59:13 -0700] "GET /?loknya=/home/rreid/access-logs HTTP/1.1" 301 - "-" "Mozilla/5.0 (compatible; MJ12bot/v1.4.8; http://mj12bot.com/)"
57.141.0.61 - - [22/Apr/2026:12:59:22 -0700] "GET /event/rufus-reid-guest-artist-vancouver-island-university/?loknya=/scripts HTTP/1.1" 200 651778 "-" "meta-externalagent/1.1 (+https://developers.facebook.com/docs/sharing/webmasters/crawler)"
18.193.252.127 - - [22/Apr/2026:12:59:34 -0700] "HEAD / HTTP/1.1" 200 - "http://rufusreid.com" "Mozilla/5.0+(compatible; UptimeRobot/2.0; http://www.uptimerobot.com/)"
217.182.194.45 - - [22/Apr/2026:12:59:35 -0700] "GET /?loknya=%2Fhome%2Frreid%2Faccess-logs HTTP/1.1" 200 58406 "-" "Mozilla/5.0 (compatible; MJ12bot/v1.4.8; http://mj12bot.com/)"
74.7.227.10 - - [22/Apr/2026:12:59:38 -0700] "GET /?lokasie=/lib64/libgcc_s.so.1&loknya=/lib64 HTTP/1.1" 301 - "https://rufusreid.com/?loknya=/lib64" "Mozilla/5.0 AppleWebKit/537.36 (KHTML, like Gecko; compatible; GPTBot/1.3; +https://openai.com/gptbot)"
74.7.227.10 - - [22/Apr/2026:12:59:39 -0700] "GET /?lokasie=%2Flib64%2Flibgcc_s.so.1&loknya=%2Flib64 HTTP/1.1" 200 54448 "https://rufusreid.com/?lokasie=/lib64/libgcc_s.so.1&loknya=/lib64" "Mozilla/5.0 AppleWebKit/537.36 (KHTML, like Gecko; compatible; GPTBot/1.3; +https://openai.com/gptbot)"
57.141.0.69 - - [22/Apr/2026:12:59:40 -0700] "GET /event/rufus-reid-guest-artist-vancouver-island-university/?lokasie=/lib/firmware/iwlwifi-bz-b0-fm-c0-98.ucode&loknya=/lib/firmware HTTP/1.1" 200 48991 "-" "meta-externalagent/1.1 (+https://developers.facebook.com/docs/sharing/webmasters/crawler)"
57.141.0.23 - - [22/Apr/2026:12:59:55 -0700] "GET /event/rufus-reid-guest-artist-vancouver-island-university/?lokasie=/lib/firmware/iwlwifi-ty-a0-gf-a0-74.ucode&loknya=/lib/firmware HTTP/1.1" 200 48991 "-" "meta-externalagent/1.1 (+https://developers.facebook.com/docs/sharing/webmasters/crawler)"
217.182.194.45 - - [22/Apr/2026:12:59:57 -0700] "GET /?loknya=/home/rreid/cache HTTP/1.1" 301 - "-" "Mozilla/5.0 (compatible; MJ12bot/v1.4.8; http://mj12bot.com/)"
57.141.0.64 - - [22/Apr/2026:13:00:08 -0700] "GET /event/rufus-reid-guest-artist-vancouver-island-university/?lokasie=/lib/firmware/wil6210.fw&loknya=/lib/firmware HTTP/1.1" 200 48973 "-" "meta-externalagent/1.1 (+https://developers.facebook.com/docs/sharing/webmasters/crawler)"
217.182.194.45 - - [22/Apr/2026:13:00:19 -0700] "GET /?loknya=%2Fhome%2Frreid%2Fcache HTTP/1.1" 200 174088 "-" "Mozilla/5.0 (compatible; MJ12bot/v1.4.8; http://mj12bot.com/)"
57.141.0.41 - - [22/Apr/2026:13:00:21 -0700] "GET /event/rufus-reid-guest-artist-vancouver-island-university/?lokasie=/lib/firmware/iwlwifi-1000-5.ucode&loknya=/lib/firmware HTTP/1.1" 200 48983 "-" "meta-externalagent/1.1 (+https://developers.facebook.com/docs/sharing/webmasters/crawler)"
74.7.227.10 - - [22/Apr/2026:13:00:23 -0700] "GET /?loknya=/opt/wp-cli HTTP/1.1" 301 - "https://rufusreid.com/?loknya=/opt" "Mozilla/5.0 AppleWebKit/537.36 (KHTML, like Gecko; compatible; GPTBot/1.3; +https://openai.com/gptbot)"
74.7.227.10 - - [22/Apr/2026:13:00:24 -0700] "GET /?loknya=%2Fopt%2Fwp-cli HTTP/1.1" 200 56879 "https://rufusreid.com/?loknya=/opt/wp-cli" "Mozilla/5.0 AppleWebKit/537.36 (KHTML, like Gecko; compatible; GPTBot/1.3; +https://openai.com/gptbot)"
57.141.0.12 - - [22/Apr/2026:13:00:31 -0700] "GET /event/rufus-reid-guest-artist-vancouver-island-university/?lokasie=/lib/firmware/bmi260-init-data.fw&loknya=/lib/firmware HTTP/1.1" 200 48982 "-" "meta-externalagent/1.1 (+https://developers.facebook.com/docs/sharing/webmasters/crawler)"
57.141.0.66 - - [22/Apr/2026:13:00:40 -0700] "GET /event/rufus-reid-guest-artist-vancouver-island-university/?loknya=/lib/locale HTTP/1.1" 429 17 "-" "meta-externalagent/1.1 (+https://developers.facebook.com/docs/sharing/webmasters/crawler)"
217.182.194.45 - - [22/Apr/2026:13:00:41 -0700] "GET /?loknya=/home/rreid/etc HTTP/1.1" 301 - "-" "Mozilla/5.0 (compatible; MJ12bot/v1.4.8; http://mj12bot.com/)"
57.141.0.23 - - [22/Apr/2026:13:00:49 -0700] "GET /event/rufus-reid-guest-artist-vancouver-island-university/?lokasie=/lib/firmware/iwlwifi-ma-b0-gf-a0-86.ucode&loknya=/lib/firmware HTTP/1.1" 429 17 "-" "meta-externalagent/1.1 (+https://developers.facebook.com/docs/sharing/webmasters/crawler)"
57.141.0.20 - - [22/Apr/2026:13:00:50 -0700] "GET /event/rufus-reid-guest-artist-vancouver-island-university/?lokasie=/lib/firmware/whiteheat.fw&loknya=/lib/firmware HTTP/1.1" 429 17 "-" "meta-externalagent/1.1 (+https://developers.facebook.com/docs/sharing/webmasters/crawler)"
57.141.0.23 - - [22/Apr/2026:13:01:00 -0700] "GET /event/rufus-reid-guest-artist-vancouver-island-university/?lokasie=/lib/firmware/iwlwifi-QuZ-a0-hr-b0-73.ucode&loknya=/lib/firmware HTTP/1.1" 429 17 "-" "meta-externalagent/1.1 (+https://developers.facebook.com/docs/sharing/webmasters/crawler)"
57.141.0.65 - - [22/Apr/2026:13:01:02 -0700] "GET /event/rufus-reid-guest-artist-vancouver-island-university/?loknya=/home/dthimes HTTP/1.1" 429 17 "-" "meta-externalagent/1.1 (+https://developers.facebook.com/docs/sharing/webmasters/crawler)"
57.141.0.4 - - [22/Apr/2026:13:01:03 -0700] "GET /event/rufus-reid-guest-artist-vancouver-island-university/?lokasie=/home/0_README_BEFORE_DELETING_VIRTFS&loknya=/home HTTP/1.1" 429 17 "-" "meta-externalagent/1.1 (+https://developers.facebook.com/docs/sharing/webmasters/crawler)"
217.182.194.45 - - [22/Apr/2026:13:01:03 -0700] "GET /?loknya=%2Fhome%2Frreid%2Fetc HTTP/1.1" 200 58055 "-" "Mozilla/5.0 (compatible; MJ12bot/v1.4.8; http://mj12bot.com/)"
57.141.0.48 - - [22/Apr/2026:13:01:05 -0700] "GET /event/rufus-reid-guest-artist-vancouver-island-university/?lokasie=/lib/firmware/TAS2XXX8DE9.bin&loknya=/lib/firmware HTTP/1.1" 429 17 "-" "meta-externalagent/1.1 (+https://developers.facebook.com/docs/sharing/webmasters/crawler)"
74.7.227.10 - - [22/Apr/2026:13:01:04 -0700] "GET /?lokasie=/lib64/libc.so&loknya=/lib64 HTTP/1.1" 301 - "https://rufusreid.com/?loknya=/lib64" "Mozilla/5.0 AppleWebKit/537.36 (KHTML, like Gecko; compatible; GPTBot/1.3; +https://openai.com/gptbot)"
57.141.0.66 - - [22/Apr/2026:13:01:06 -0700] "GET /event/rufus-reid-guest-artist-vancouver-island-university/?lokasie=/home/rreid/.spamassassinenable&loknya=/home/rreid HTTP/1.1" 429 17 "-" "meta-externalagent/1.1 (+https://developers.facebook.com/docs/sharing/webmasters/crawler)"
74.7.227.10 - - [22/Apr/2026:13:01:05 -0700] "GET /?lokasie=%2Flib64%2Flibc.so&loknya=%2Flib64 HTTP/1.1" 200 54695 "https://rufusreid.com/?lokasie=/lib64/libc.so&loknya=/lib64" "Mozilla/5.0 AppleWebKit/537.36 (KHTML, like Gecko; compatible; GPTBot/1.3; +https://openai.com/gptbot)"
57.141.0.69 - - [22/Apr/2026:13:01:08 -0700] "GET /event/rufus-reid-guest-artist-vancouver-island-university/?lokasie=/lib/firmware/mts_gsm.fw&loknya=/lib/firmware HTTP/1.1" 429 17 "-" "meta-externalagent/1.1 (+https://developers.facebook.com/docs/sharing/webmasters/crawler)"
57.141.0.42 - - [22/Apr/2026:13:01:10 -0700] "GET /event/rufus-reid-guest-artist-vancouver-island-university/?lokasie=/lib/firmware/TAS2XXX38A5.bin&loknya=/lib/firmware HTTP/1.1" 429 17 "-" "meta-externalagent/1.1 (+https://developers.facebook.com/docs/sharing/webmasters/crawler)"
57.141.0.31 - - [22/Apr/2026:13:01:12 -0700] "GET /event/rufus-reid-guest-artist-vancouver-island-university/?loknya=/lib/imh-dnskeyapi HTTP/1.1" 429 17 "-" "meta-externalagent/1.1 (+https://developers.facebook.com/docs/sharing/webmasters/crawler)"
57.141.0.12 - - [22/Apr/2026:13:01:15 -0700] "GET /event/rufus-reid-guest-artist-vancouver-island-university/?lokasie=/lib/firmware/TAS2XXX8DE8.bin&loknya=/lib/firmware HTTP/1.1" 429 17 "-" "meta-externalagent/1.1 (+https://developers.facebook.com/docs/sharing/webmasters/crawler)"
57.141.0.60 - - [22/Apr/2026:13:01:18 -0700] "GET /event/rufus-reid-guest-artist-vancouver-island-university/?lokasie=/lib/firmware/v4l-cx23418-cpu.fw&loknya=/lib/firmware HTTP/1.1" 429 17 "-" "meta-externalagent/1.1 (+https://developers.facebook.com/docs/sharing/webmasters/crawler)"
57.141.0.40 - - [22/Apr/2026:13:01:21 -0700] "GET /event/rufus-reid-guest-artist-vancouver-island-university/?loknya=/bin HTTP/1.1" 429 17 "-" "meta-externalagent/1.1 (+https://developers.facebook.com/docs/sharing/webmasters/crawler)"
57.141.0.31 - - [22/Apr/2026:13:01:24 -0700] "GET /event/rufus-reid-guest-artist-vancouver-island-university/?loknya=/boot HTTP/1.1" 429 17 "-" "meta-externalagent/1.1 (+https://developers.facebook.com/docs/sharing/webmasters/crawler)"
217.182.194.45 - - [22/Apr/2026:13:01:25 -0700] "GET /?loknya=/home/rreid/logs HTTP/1.1" 301 - "-" "Mozilla/5.0 (compatible; MJ12bot/v1.4.8; http://mj12bot.com/)"
57.141.0.44 - - [22/Apr/2026:13:01:28 -0700] "GET /event/rufus-reid-guest-artist-vancouver-island-university/?loknya=/home/ggates HTTP/1.1" 429 17 "-" "meta-externalagent/1.1 (+https://developers.facebook.com/docs/sharing/webmasters/crawler)"
57.141.0.41 - - [22/Apr/2026:13:01:32 -0700] "GET /event/rufus-reid-guest-artist-vancouver-island-university/?loknya=/etc HTTP/1.1" 429 17 "-" "meta-externalagent/1.1 (+https://developers.facebook.com/docs/sharing/webmasters/crawler)"
57.141.0.22 - - [22/Apr/2026:13:01:36 -0700] "GET /event/rufus-reid-guest-artist-vancouver-island-university/?lokasie=//razor-agent.log&loknya=/ HTTP/1.1" 429 17 "-" "meta-externalagent/1.1 (+https://developers.facebook.com/docs/sharing/webmasters/crawler)"
57.141.0.67 - - [22/Apr/2026:13:01:42 -0700] "GET /event/rufus-reid-guest-artist-vancouver-island-university/?lokasie=/lib/firmware/iwlwifi-so-a0-hr-b0-72.ucode&loknya=/lib/firmware HTTP/1.1" 429 17 "-" "meta-externalagent/1.1 (+https://developers.facebook.com/docs/sharing/webmasters/crawler)"
74.7.227.10 - - [22/Apr/2026:13:01:43 -0700] "GET /?lokasie=/lib64/libm.so&loknya=/lib64 HTTP/1.1" 301 - "https://rufusreid.com/?loknya=/lib64" "Mozilla/5.0 AppleWebKit/537.36 (KHTML, like Gecko; compatible; GPTBot/1.3; +https://openai.com/gptbot)"
74.7.227.10 - - [22/Apr/2026:13:01:44 -0700] "GET /?lokasie=%2Flib64%2Flibm.so&loknya=%2Flib64 HTTP/1.1" 200 54583 "https://rufusreid.com/?lokasie=/lib64/libm.so&loknya=/lib64" "Mozilla/5.0 AppleWebKit/537.36 (KHTML, like Gecko; compatible; GPTBot/1.3; +https://openai.com/gptbot)"
217.182.194.45 - - [22/Apr/2026:13:01:47 -0700] "GET /?loknya=%2Fhome%2Frreid%2Flogs HTTP/1.1" 200 62365 "-" "Mozilla/5.0 (compatible; MJ12bot/v1.4.8; http://mj12bot.com/)"
57.141.0.41 - - [22/Apr/2026:13:01:48 -0700] "GET /event/rufus-reid-guest-artist-vancouver-island-university/?loknya=/lib/sse2 HTTP/1.1" 429 17 "-" "meta-externalagent/1.1 (+https://developers.facebook.com/docs/sharing/webmasters/crawler)"
57.141.0.53 - - [22/Apr/2026:13:01:54 -0700] "GET /event/rufus-reid-guest-artist-vancouver-island-university/?lokasie=/lib/firmware/iwlwifi-Qu-b0-hr-b0-66.ucode&loknya=/lib/firmware HTTP/1.1" 429 17 "-" "meta-externalagent/1.1 (+https://developers.facebook.com/docs/sharing/webmasters/crawler)"
57.141.0.38 - - [22/Apr/2026:13:01:57 -0700] "GET /event/rufus-reid-guest-artist-vancouver-island-university/?lokasie=/lib/firmware/TAS2XXX1EB3.bin&loknya=/lib/firmware HTTP/1.1" 429 17 "-" "meta-externalagent/1.1 (+https://developers.facebook.com/docs/sharing/webmasters/crawler)"
217.182.194.45 - - [22/Apr/2026:13:02:09 -0700] "GET /?loknya=/home/rreid/mail HTTP/1.1" 301 - "-" "Mozilla/5.0 (compatible; MJ12bot/v1.4.8; http://mj12bot.com/)"
74.7.227.10 - - [22/Apr/2026:13:02:17 -0700] "GET /?lokasie=/lib64/libz.so&loknya=/lib64 HTTP/1.1" 301 - "https://rufusreid.com/?loknya=/lib64" "Mozilla/5.0 AppleWebKit/537.36 (KHTML, like Gecko; compatible; GPTBot/1.3; +https://openai.com/gptbot)"
74.7.227.10 - - [22/Apr/2026:13:02:18 -0700] "GET /?lokasie=%2Flib64%2Flibz.so&loknya=%2Flib64 HTTP/1.1" 429 17 "https://rufusreid.com/?lokasie=/lib64/libz.so&loknya=/lib64" "Mozilla/5.0 AppleWebKit/537.36 (KHTML, like Gecko; compatible; GPTBot/1.3; +https://openai.com/gptbot)"
217.182.194.45 - - [22/Apr/2026:13:02:31 -0700] "GET /?loknya=%2Fhome%2Frreid%2Fmail HTTP/1.1" 200 87611 "-" "Mozilla/5.0 (compatible; MJ12bot/v1.4.8; http://mj12bot.com/)"
74.7.227.10 - - [22/Apr/2026:13:02:47 -0700] "GET /?lokasie=/bin/2to3-3.6&loknya=/bin HTTP/1.1" 429 17 "https://rufusreid.com/?loknya=/bin" "Mozilla/5.0 AppleWebKit/537.36 (KHTML, like Gecko; compatible; GPTBot/1.3; +https://openai.com/gptbot)"
23.235.221.107 - - [22/Apr/2026:13:02:54 -0700] "POST /cms22/wp-cron.php?doing_wp_cron=1776888174.7325661182403564453125 HTTP/1.1" 200 - "https://rufusreid.com/cms22/wp-cron.php?doing_wp_cron=1776888174.7325661182403564453125" "WordPress/6.0.11; https://rufusreid.com"
217.182.194.45 - - [22/Apr/2026:13:02:53 -0700] "GET /?loknya=/home/rreid/perl5 HTTP/1.1" 301 - "-" "Mozilla/5.0 (compatible; MJ12bot/v1.4.8; http://mj12bot.com/)"
57.141.0.8 - - [22/Apr/2026:13:03:03 -0700] "GET /event/rufus-reid-guest-artist-vancouver-island-university/?loknya=/home/rreid/.sqmaildata HTTP/1.1" 429 17 "-" "meta-externalagent/1.1 (+https://developers.facebook.com/docs/sharing/webmasters/crawler)"
217.182.194.45 - - [22/Apr/2026:13:03:16 -0700] "GET /?loknya=%2Fhome%2Frreid%2Fperl5 HTTP/1.1" 200 57761 "-" "Mozilla/5.0 (compatible; MJ12bot/v1.4.8; http://mj12bot.com/)"
79.127.171.213 - - [22/Apr/2026:13:03:31 -0700] "GET / HTTP/1.1" 401 53 "-" "Mozilla/5.0 (Macintosh; Intel Mac OS X 10_15_7) AppleWebKit/537.36 (KHTML, like Gecko) Chrome/129.0.0.0 Safari/537.36"
217.182.194.45 - - [22/Apr/2026:13:03:38 -0700] "GET /?loknya=/home/rreid/public_ftp HTTP/1.1" 301 - "-" "Mozilla/5.0 (compatible; MJ12bot/v1.4.8; http://mj12bot.com/)"
74.7.227.10 - - [22/Apr/2026:13:03:52 -0700] "GET /?lokasie=/lib64/grcrt1.o&loknya=/lib64 HTTP/1.1" 301 - "https://rufusreid.com/?loknya=/lib64" "Mozilla/5.0 AppleWebKit/537.36 (KHTML, like Gecko; compatible; GPTBot/1.3; +https://openai.com/gptbot)"
74.7.227.10 - - [22/Apr/2026:13:03:52 -0700] "GET /?lokasie=%2Flib64%2Fgrcrt1.o&loknya=%2Flib64 HTTP/1.1" 429 17 "https://rufusreid.com/?lokasie=/lib64/grcrt1.o&loknya=/lib64" "Mozilla/5.0 AppleWebKit/537.36 (KHTML, like Gecko; compatible; GPTBot/1.3; +https://openai.com/gptbot)"
217.182.194.45 - - [22/Apr/2026:13:04:00 -0700] "GET /?loknya=%2Fhome%2Frreid%2Fpublic_ftp HTTP/1.1" 200 56764 "-" "Mozilla/5.0 (compatible; MJ12bot/v1.4.8; http://mj12bot.com/)"
57.141.0.8 - - [22/Apr/2026:13:04:10 -0700] "GET /event/rufus-reid-guest-artist-vancouver-island-university/?loknya=/home/rreid/public_html/downloads HTTP/1.1" 429 17 "-" "meta-externalagent/1.1 (+https://developers.facebook.com/docs/sharing/webmasters/crawler)"
217.182.194.45 - - [22/Apr/2026:13:04:22 -0700] "GET /?loknya=/home/rreid/public_html/ HTTP/1.1" 301 - "-" "Mozilla/5.0 (compatible; MJ12bot/v1.4.8; http://mj12bot.com/)"
216.73.216.166 - - [22/Apr/2026:13:04:37 -0700] "GET /music/terrestrial-dance/?loknya=%2Fusr HTTP/1.1" 200 64788 "-" "Mozilla/5.0 AppleWebKit/537.36 (KHTML, like Gecko; compatible; ClaudeBot/1.0; +claudebot@anthropic.com)"
157.90.156.63 - - [22/Apr/2026:13:04:41 -0700] "HEAD / HTTP/1.1" 200 - "http://rufusreid.com" "Mozilla/5.0+(compatible; UptimeRobot/2.0; http://www.uptimerobot.com/)"
217.182.194.45 - - [22/Apr/2026:13:04:44 -0700] "GET /?loknya=%2Fhome%2Frreid%2Fpublic_html%2F HTTP/1.1" 200 84941 "-" "Mozilla/5.0 (compatible; MJ12bot/v1.4.8; http://mj12bot.com/)"
100.29.160.53 - - [22/Apr/2026:13:04:44 -0700] "GET /checkout/ HTTP/1.1" 200 75867 "-" "Mozilla/5.0 AppleWebKit/537.36 (KHTML, like Gecko; compatible; Amazonbot/0.1; +https://developer.amazon.com/support/amazonbot) Chrome/119.0.6045.214 Safari/537.36"
52.2.191.202 - - [22/Apr/2026:13:04:49 -0700] "GET /event/rufus-reid-at-arizona-state-university/ HTTP/1.1" 200 79380 "-" "Mozilla/5.0 AppleWebKit/537.36 (KHTML, like Gecko; compatible; Amazonbot/0.1; +https://developer.amazon.com/support/amazonbot) Chrome/119.0.6045.214 Safari/537.36"
52.5.232.250 - - [22/Apr/2026:13:04:53 -0700] "GET /event/the-winnipeg-jazz-orchestra/ HTTP/1.1" 200 78814 "-" "Mozilla/5.0 AppleWebKit/537.36 (KHTML, like Gecko; compatible; Amazonbot/0.1; +https://developer.amazon.com/support/amazonbot) Chrome/119.0.6045.214 Safari/537.36"
74.7.227.10 - - [22/Apr/2026:13:04:55 -0700] "GET /?lokasie=/bin/sha256hmac&loknya=/bin HTTP/1.1" 301 - "https://rufusreid.com/?loknya=/bin" "Mozilla/5.0 AppleWebKit/537.36 (KHTML, like Gecko; compatible; GPTBot/1.3; +https://openai.com/gptbot)"
74.7.227.10 - - [22/Apr/2026:13:04:56 -0700] "GET /?lokasie=%2Fbin%2Fsha256hmac&loknya=%2Fbin HTTP/1.1" 429 17 "https://rufusreid.com/?lokasie=/bin/sha256hmac&loknya=/bin" "Mozilla/5.0 AppleWebKit/537.36 (KHTML, like Gecko; compatible; GPTBot/1.3; +https://openai.com/gptbot)"
44.195.145.102 - - [22/Apr/2026:13:04:58 -0700] "GET /event/rufus-reid-at-the-essex-house/ HTTP/1.1" 200 79678 "-" "Mozilla/5.0 AppleWebKit/537.36 (KHTML, like Gecko; compatible; Amazonbot/0.1; +https://developer.amazon.com/support/amazonbot) Chrome/119.0.6045.214 Safari/537.36"
18.214.124.6 - - [22/Apr/2026:13:05:01 -0700] "GET /event/rufus-reid-at-the-50th-anniversary-of-the-stanford-jazz-workshop/ HTTP/1.1" 200 80450 "-" "Mozilla/5.0 AppleWebKit/537.36 (KHTML, like Gecko; compatible; Amazonbot/0.1; +https://developer.amazon.com/support/amazonbot) Chrome/119.0.6045.214 Safari/537.36"
98.83.10.183 - - [22/Apr/2026:13:05:04 -0700] "GET /event/chamber-music-ameria-conference/ HTTP/1.1" 200 79528 "-" "Mozilla/5.0 AppleWebKit/537.36 (KHTML, like Gecko; compatible; Amazonbot/0.1; +https://developer.amazon.com/support/amazonbot) Chrome/119.0.6045.214 Safari/537.36"
217.182.194.45 - - [22/Apr/2026:13:05:06 -0700] "GET /?loknya=/home/rreid/public_html/.well-known/acme-challenge HTTP/1.1" 301 - "-" "Mozilla/5.0 (compatible; MJ12bot/v1.4.8; http://mj12bot.com/)"
216.73.216.166 - - [22/Apr/2026:13:05:07 -0700] "GET /music/terrestrial-dance/?loknya=%2Fsbin HTTP/1.1" 200 638068 "-" "Mozilla/5.0 AppleWebKit/537.36 (KHTML, like Gecko; compatible; ClaudeBot/1.0; +claudebot@anthropic.com)"
34.195.60.66 - - [22/Apr/2026:13:05:09 -0700] "GET /tag/rufus-reid-quintet/ HTTP/1.1" 200 76259 "-" "Mozilla/5.0 AppleWebKit/537.36 (KHTML, like Gecko; compatible; Amazonbot/0.1; +https://developer.amazon.com/support/amazonbot) Chrome/119.0.6045.214 Safari/537.36"
52.4.76.156 - - [22/Apr/2026:13:05:13 -0700] "GET /event/rufus-reid-uic-high-school-jazz-festival/ HTTP/1.1" 200 79320 "-" "Mozilla/5.0 AppleWebKit/537.36 (KHTML, like Gecko; compatible; Amazonbot/0.1; +https://developer.amazon.com/support/amazonbot) Chrome/119.0.6045.214 Safari/537.36"
57.141.0.27 - - [22/Apr/2026:13:05:17 -0700] "GET /event/rufus-reid-guest-artist-vancouver-island-university/?lokasie=/home/rreid/public_html/robots.txt&loknya=/home/rreid/public_html HTTP/1.1" 429 17 "-" "meta-externalagent/1.1 (+https://developers.facebook.com/docs/sharing/webmasters/crawler)"
54.204.62.163 - - [22/Apr/2026:13:05:20 -0700] "GET /event/rufus-appears-at-wpu-celebration/ HTTP/1.1" 200 79840 "-" "Mozilla/5.0 AppleWebKit/537.36 (KHTML, like Gecko; compatible; Amazonbot/0.1; +https://developer.amazon.com/support/amazonbot) Chrome/119.0.6045.214 Safari/537.36"
217.182.194.45 - - [22/Apr/2026:13:05:28 -0700] "GET /?loknya=%2Fhome%2Frreid%2Fpublic_html%2F.well-known%2Facme-challenge HTTP/1.1" 200 55921 "-" "Mozilla/5.0 (compatible; MJ12bot/v1.4.8; http://mj12bot.com/)"
216.73.216.166 - - [22/Apr/2026:13:05:37 -0700] "GET /music/terrestrial-dance/?lokasie=%2Fhome%2Frreid%2Fpublic_html%2Fcms22%2Fwp-trackback.php&loknya=%2Fhome%2Frreid%2Fpublic_html%2Fcms22 HTTP/1.1" 200 56834 "-" "Mozilla/5.0 AppleWebKit/537.36 (KHTML, like Gecko; compatible; ClaudeBot/1.0; +claudebot@anthropic.com)"
217.182.194.45 - - [22/Apr/2026:13:05:50 -0700] "GET /?loknya=/home/rreid/public_html/.well-known/pki-validation HTTP/1.1" 301 - "-" "Mozilla/5.0 (compatible; MJ12bot/v1.4.8; http://mj12bot.com/)"
74.7.227.10 - - [22/Apr/2026:13:05:56 -0700] "GET /?lokasie=/bin/sha384hmac&loknya=/bin HTTP/1.1" 301 - "https://rufusreid.com/?loknya=/bin" "Mozilla/5.0 AppleWebKit/537.36 (KHTML, like Gecko; compatible; GPTBot/1.3; +https://openai.com/gptbot)"
74.7.227.10 - - [22/Apr/2026:13:05:57 -0700] "GET /?lokasie=%2Fbin%2Fsha384hmac&loknya=%2Fbin HTTP/1.1" 429 17 "https://rufusreid.com/?lokasie=/bin/sha384hmac&loknya=/bin" "Mozilla/5.0 AppleWebKit/537.36 (KHTML, like Gecko; compatible; GPTBot/1.3; +https://openai.com/gptbot)"
216.73.216.166 - - [22/Apr/2026:13:06:07 -0700] "GET /music/terrestrial-dance/?loknya=%2Ftmp HTTP/1.1" 200 76600 "-" "Mozilla/5.0 AppleWebKit/537.36 (KHTML, like Gecko; compatible; ClaudeBot/1.0; +claudebot@anthropic.com)"
217.182.194.45 - - [22/Apr/2026:13:06:12 -0700] "GET /?loknya=%2Fhome%2Frreid%2Fpublic_html%2F.well-known%2Fpki-validation HTTP/1.1" 200 55921 "-" "Mozilla/5.0 (compatible; MJ12bot/v1.4.8; http://mj12bot.com/)"
216.73.216.166 - - [22/Apr/2026:13:06:17 -0700] "GET /music/terrestrial-dance/?loknya=%2Fhome%2Frreid%2Fpublic_html%2Fcms22%2Fwp-content HTTP/1.1" 200 62976 "-" "Mozilla/5.0 AppleWebKit/537.36 (KHTML, like Gecko; compatible; ClaudeBot/1.0; +claudebot@anthropic.com)"
57.141.0.56 - - [22/Apr/2026:13:06:24 -0700] "GET /event/rufus-reid-guest-artist-vancouver-island-university/?loknya=/lib/firmware/mwlwifi HTTP/1.1" 429 17 "-" "meta-externalagent/1.1 (+https://developers.facebook.com/docs/sharing/webmasters/crawler)"
217.182.194.45 - - [22/Apr/2026:13:06:34 -0700] "GET /?loknya=/home/rreid/ssl HTTP/1.1" 301 - "-" "Mozilla/5.0 (compatible; MJ12bot/v1.4.8; http://mj12bot.com/)"
216.73.216.166 - - [22/Apr/2026:13:06:40 -0700] "GET /music/terrestrial-dance/?loknya=%2Flib%2Fbinfmt.d HTTP/1.1" 200 52690 "-" "Mozilla/5.0 AppleWebKit/537.36 (KHTML, like Gecko; compatible; ClaudeBot/1.0; +claudebot@anthropic.com)"
217.182.194.45 - - [22/Apr/2026:13:06:56 -0700] "GET /?loknya=%2Fhome%2Frreid%2Fssl HTTP/1.1" 200 61452 "-" "Mozilla/5.0 (compatible; MJ12bot/v1.4.8; http://mj12bot.com/)"
74.7.227.10 - - [22/Apr/2026:13:07:01 -0700] "GET /cms22/wp-content/themes/jazzcorner/style.css?ver=1776887871 HTTP/1.1" 200 831 "https://rufusreid.com/?lokasie=/lib64/libgcrypt.so&loknya=/lib64" "Mozilla/5.0 AppleWebKit/537.36 (KHTML, like Gecko; compatible; GPTBot/1.3; +https://openai.com/gptbot)"
216.73.216.166 - - [22/Apr/2026:13:07:10 -0700] "GET /music/terrestrial-dance/?loknya=%2Frun%2Fnet-snmp HTTP/1.1" 200 52687 "-" "Mozilla/5.0 AppleWebKit/537.36 (KHTML, like Gecko; compatible; ClaudeBot/1.0; +claudebot@anthropic.com)"
217.182.194.45 - - [22/Apr/2026:13:07:19 -0700] "GET /?loknya=/home/rreid/tmp HTTP/1.1" 301 - "-" "Mozilla/5.0 (compatible; MJ12bot/v1.4.8; http://mj12bot.com/)"
57.141.0.5 - - [22/Apr/2026:13:07:30 -0700] "GET /event/rufus-reid-guest-artist-vancouver-island-university/?lokasie=/lib/firmware/TAS2XXX38D4.bin&loknya=/lib/firmware HTTP/1.1" 429 17 "-" "meta-externalagent/1.1 (+https://developers.facebook.com/docs/sharing/webmasters/crawler)"
180.178.58.14 - - [22/Apr/2026:13:07:35 -0700] "GET /cms/wp-content/uploads/2011/07/ProjectG7_vol1-180x180.jpg HTTP/1.1" 404 81941 "-" "Mozilla/5.0 (Windows NT 10.0; Win64; x64) AppleWebKit/537.36 (KHTML, like Gecko) Chrome/145.0.0.0 Safari/537.36"
216.73.216.166 - - [22/Apr/2026:13:07:40 -0700] "GET /music/terrestrial-dance/?loknya=%2Fhome%2Flyork HTTP/1.1" 200 52684 "-" "Mozilla/5.0 AppleWebKit/537.36 (KHTML, like Gecko; compatible; ClaudeBot/1.0; +claudebot@anthropic.com)"
217.182.194.45 - - [22/Apr/2026:13:07:40 -0700] "GET /?loknya=%2Fhome%2Frreid%2Ftmp HTTP/1.1" 200 71721 "-" "Mozilla/5.0 (compatible; MJ12bot/v1.4.8; http://mj12bot.com/)"
74.7.227.10 - - [22/Apr/2026:13:08:02 -0700] "GET /?lokasie=/bin/sha512hmac&loknya=/bin HTTP/1.1" 301 - "https://rufusreid.com/?loknya=/bin" "Mozilla/5.0 AppleWebKit/537.36 (KHTML, like Gecko; compatible; GPTBot/1.3; +https://openai.com/gptbot)"
217.182.194.45 - - [22/Apr/2026:13:08:03 -0700] "GET /?loknya=/home/rreid/var HTTP/1.1" 301 - "-" "Mozilla/5.0 (compatible; MJ12bot/v1.4.8; http://mj12bot.com/)"
74.7.227.10 - - [22/Apr/2026:13:08:03 -0700] "GET /?lokasie=%2Fbin%2Fsha512hmac&loknya=%2Fbin HTTP/1.1" 200 54439 "https://rufusreid.com/?lokasie=/bin/sha512hmac&loknya=/bin" "Mozilla/5.0 AppleWebKit/537.36 (KHTML, like Gecko; compatible; GPTBot/1.3; +https://openai.com/gptbot)"
216.73.216.166 - - [22/Apr/2026:13:08:04 -0700] "GET /music/terrestrial-dance/?loknya=%2Fhome%2Frreid%2Fvar HTTP/1.1" 200 53822 "-" "Mozilla/5.0 AppleWebKit/537.36 (KHTML, like Gecko; compatible; ClaudeBot/1.0; +claudebot@anthropic.com)"
216.73.216.166 - - [22/Apr/2026:13:08:16 -0700] "GET /music/terrestrial-dance/?loknya=%2Frun%2Fpure-ftpd HTTP/1.1" 200 52691 "-" "Mozilla/5.0 AppleWebKit/537.36 (KHTML, like Gecko; compatible; ClaudeBot/1.0; +claudebot@anthropic.com)"
217.182.194.45 - - [22/Apr/2026:13:08:25 -0700] "GET /?loknya=%2Fhome%2Frreid%2Fvar HTTP/1.1" 200 56708 "-" "Mozilla/5.0 (compatible; MJ12bot/v1.4.8; http://mj12bot.com/)"
57.141.0.10 - - [22/Apr/2026:13:08:37 -0700] "GET /event/rufus-reid-guest-artist-vancouver-island-university/?loknya=/lib/grub HTTP/1.1" 429 17 "-" "meta-externalagent/1.1 (+https://developers.facebook.com/docs/sharing/webmasters/crawler)"
216.73.216.166 - - [22/Apr/2026:13:08:39 -0700] "GET /music/terrestrial-dance/?loknya=%2Fhome%2Fjamadie HTTP/1.1" 200 52692 "-" "Mozilla/5.0 AppleWebKit/537.36 (KHTML, like Gecko; compatible; ClaudeBot/1.0; +claudebot@anthropic.com)"
217.182.194.45 - - [22/Apr/2026:13:08:47 -0700] "GET /?loknya=/home/rreid/wordpress-backups HTTP/1.1" 301 - "-" "Mozilla/5.0 (compatible; MJ12bot/v1.4.8; http://mj12bot.com/)"
74.7.227.10 - - [22/Apr/2026:13:08:58 -0700] "GET /?lokasie=/bin/sha224hmac&loknya=/bin HTTP/1.1" 301 - "https://rufusreid.com/?loknya=/bin" "Mozilla/5.0 AppleWebKit/537.36 (KHTML, like Gecko; compatible; GPTBot/1.3; +https://openai.com/gptbot)"
74.7.227.10 - - [22/Apr/2026:13:08:58 -0700] "GET /?lokasie=%2Fbin%2Fsha224hmac&loknya=%2Fbin HTTP/1.1" 200 54439 "https://rufusreid.com/?lokasie=/bin/sha224hmac&loknya=/bin" "Mozilla/5.0 AppleWebKit/537.36 (KHTML, like Gecko; compatible; GPTBot/1.3; +https://openai.com/gptbot)"
217.182.194.45 - - [22/Apr/2026:13:09:09 -0700] "GET /?loknya=%2Fhome%2Frreid%2Fwordpress-backups HTTP/1.1" 200 55709 "-" "Mozilla/5.0 (compatible; MJ12bot/v1.4.8; http://mj12bot.com/)"
216.73.216.166 - - [22/Apr/2026:13:09:09 -0700] "GET /music/terrestrial-dance/?loknya=%2Fhome%2Frrosnes HTTP/1.1" 200 52692 "-" "Mozilla/5.0 AppleWebKit/537.36 (KHTML, like Gecko; compatible; ClaudeBot/1.0; +claudebot@anthropic.com)"
185.192.69.209 - - [22/Apr/2026:13:09:13 -0700] "GET /2019/01/rufus-in-melbourne-au/ HTTP/1.1" 200 81121 "https://rufusreid.com/" "Mozilla/5.0 (Macintosh; Intel Mac OS X 10_15_7) AppleWebKit/605.1.15 (KHTML, like Gecko) Version/18.6 Safari/605.1.15"
185.192.69.182 - - [22/Apr/2026:13:09:17 -0700] "GET / HTTP/1.1" 200 84859 "https://rufusreid.com/2019/01/rufus-in-melbourne-au/" "Mozilla/5.0 (Macintosh; Intel Mac OS X 10_15_7) AppleWebKit/605.1.15 (KHTML, like Gecko) Version/18.6 Safari/605.1.15"
185.192.69.198 - - [22/Apr/2026:13:09:20 -0700] "GET /cms22/wp-includes/css/dist/block-library/style.min.css?ver=6.0.11 HTTP/1.1" 200 88932 "https://rufusreid.com/" "Mozilla/5.0 (Windows NT 10.0; Win64; x64) AppleWebKit/537.36 (KHTML, like Gecko) Chrome/145.0.0.0 Safari/537.36"
185.192.69.205 - - [22/Apr/2026:13:09:21 -0700] "GET /cms22/wp-content/plugins/easy-digital-downloads/includes/blocks/build/checkout/style-index.css?ver=2.0.0 HTTP/1.1" 200 8129 "https://rufusreid.com/" "Mozilla/5.0 (Windows NT 10.0; Win64; x64) AppleWebKit/537.36 (KHTML, like Gecko) Chrome/145.0.0.0 Safari/537.36"
185.192.69.207 - - [22/Apr/2026:13:09:21 -0700] "GET /cms22/wp-content/plugins/responsive-lightbox/assets/magnific/magnific-popup.min.css?ver=2.4.3 HTTP/1.1" 200 5329 "https://rufusreid.com/" "Mozilla/5.0 (Windows NT 10.0; Win64; x64) AppleWebKit/537.36 (KHTML, like Gecko) Chrome/145.0.0.0 Safari/537.36"
185.192.69.208 - - [22/Apr/2026:13:09:22 -0700] "GET /cms22/wp-content/plugins/easy-digital-downloads/assets/css/edd.min.css?ver=3.1.0.7 HTTP/1.1" 200 19185 "https://rufusreid.com/" "Mozilla/5.0 (Windows NT 10.0; Win64; x64) AppleWebKit/537.36 (KHTML, like Gecko) Chrome/145.0.0.0 Safari/537.36"
185.192.69.200 - - [22/Apr/2026:13:09:24 -0700] "GET /cms22/wp-content/themes/jazzcorner/style.css?ver=1776888558 HTTP/1.1" 200 831 "https://rufusreid.com/" "Mozilla/5.0 (Windows NT 10.0; Win64; x64) AppleWebKit/537.36 (KHTML, like Gecko) Chrome/145.0.0.0 Safari/537.36"
45.89.242.48 - - [22/Apr/2026:13:09:25 -0700] "GET /cms22/wp-content/themes/jazzcorner/dist/css/theme.min.css?ver=1776888558 HTTP/1.1" 200 239580 "https://rufusreid.com/" "Mozilla/5.0 (Windows NT 10.0; Win64; x64) AppleWebKit/537.36 (KHTML, like Gecko) Chrome/145.0.0.0 Safari/537.36"
185.192.69.197 - - [22/Apr/2026:13:09:26 -0700] "GET /cms22/wp-content/plugins/youtube-embed-plus/styles/ytprefs.min.css?ver=14.1.4.1 HTTP/1.1" 200 8320 "https://rufusreid.com/" "Mozilla/5.0 (Windows NT 10.0; Win64; x64) AppleWebKit/537.36 (KHTML, like Gecko) Chrome/145.0.0.0 Safari/537.36"
217.182.194.45 - - [22/Apr/2026:13:09:31 -0700] "GET /?loknya=/home/rreid/www HTTP/1.1" 301 - "-" "Mozilla/5.0 (compatible; MJ12bot/v1.4.8; http://mj12bot.com/)"
216.73.216.166 - - [22/Apr/2026:13:09:39 -0700] "GET /music/terrestrial-dance/?loknya=%2Fhome%2Fltabacki HTTP/1.1" 200 52696 "-" "Mozilla/5.0 AppleWebKit/537.36 (KHTML, like Gecko; compatible; ClaudeBot/1.0; +claudebot@anthropic.com)"
57.141.0.16 - - [22/Apr/2026:13:09:44 -0700] "GET /event/rufus-reid-guest-artist-vancouver-island-university/?loknya=/lib/binfmt.d HTTP/1.1" 429 17 "-" "meta-externalagent/1.1 (+https://developers.facebook.com/docs/sharing/webmasters/crawler)"
52.28.162.93 - - [22/Apr/2026:13:09:47 -0700] "HEAD / HTTP/1.1" 200 - "http://rufusreid.com" "Mozilla/5.0+(compatible; UptimeRobot/2.0; http://www.uptimerobot.com/)"
216.73.216.166 - - [22/Apr/2026:13:09:48 -0700] "GET /music/terrestrial-dance/?loknya=%2Fhome%2Ftier1adv HTTP/1.1" 200 52696 "-" "Mozilla/5.0 AppleWebKit/537.36 (KHTML, like Gecko; compatible; ClaudeBot/1.0; +claudebot@anthropic.com)"
74.7.227.10 - - [22/Apr/2026:13:09:49 -0700] "GET /?lokasie=/lib64/libgd.so&loknya=/lib64 HTTP/1.1" 301 - "https://rufusreid.com/?loknya=/lib64" "Mozilla/5.0 AppleWebKit/537.36 (KHTML, like Gecko; compatible; GPTBot/1.3; +https://openai.com/gptbot)"
74.7.227.10 - - [22/Apr/2026:13:09:50 -0700] "GET /?lokasie=%2Flib64%2Flibgd.so&loknya=%2Flib64 HTTP/1.1" 200 54443 "https://rufusreid.com/?lokasie=/lib64/libgd.so&loknya=/lib64" "Mozilla/5.0 AppleWebKit/537.36 (KHTML, like Gecko; compatible; GPTBot/1.3; +https://openai.com/gptbot)"
217.182.194.45 - - [22/Apr/2026:13:09:53 -0700] "GET /?loknya=%2Fhome%2Frreid%2Fwww HTTP/1.1" 200 84155 "-" "Mozilla/5.0 (compatible; MJ12bot/v1.4.8; http://mj12bot.com/)"
216.73.216.166 - - [22/Apr/2026:13:10:09 -0700] "GET /music/terrestrial-dance/?loknya=%2Fhome%2Fmhavilan HTTP/1.1" 200 52696 "-" "Mozilla/5.0 AppleWebKit/537.36 (KHTML, like Gecko; compatible; ClaudeBot/1.0; +claudebot@anthropic.com)"
217.182.194.45 - - [22/Apr/2026:13:10:15 -0700] "GET /about/awards/?lokasie=/home/rreid/public_html/.htaccess&loknya=/home/rreid/public_html HTTP/1.1" 200 50715 "-" "Mozilla/5.0 (compatible; MJ12bot/v1.4.8; http://mj12bot.com/)"
74.7.227.10 - - [22/Apr/2026:13:10:34 -0700] "GET /?lokasie=/lib64/libidn.so&loknya=/lib64 HTTP/1.1" 301 - "https://rufusreid.com/?loknya=/lib64" "Mozilla/5.0 AppleWebKit/537.36 (KHTML, like Gecko; compatible; GPTBot/1.3; +https://openai.com/gptbot)"
74.7.227.10 - - [22/Apr/2026:13:10:35 -0700] "GET /?lokasie=%2Flib64%2Flibidn.so&loknya=%2Flib64 HTTP/1.1" 200 54444 "https://rufusreid.com/?lokasie=/lib64/libidn.so&loknya=/lib64" "Mozilla/5.0 AppleWebKit/537.36 (KHTML, like Gecko; compatible; GPTBot/1.3; +https://openai.com/gptbot)"
217.182.194.45 - - [22/Apr/2026:13:10:37 -0700] "GET /about/awards/?lokasie=/home/rreid/public_html/.htaccess.bak_EA4_PHP_all_5&loknya=/home/rreid/public_html HTTP/1.1" 200 48998 "-" "Mozilla/5.0 (compatible; MJ12bot/v1.4.8; http://mj12bot.com/)"
216.73.216.166 - - [22/Apr/2026:13:10:39 -0700] "GET /music/terrestrial-dance/?loknya=%2Fhome%2Fjweidman HTTP/1.1" 200 52696 "-" "Mozilla/5.0 AppleWebKit/537.36 (KHTML, like Gecko; compatible; ClaudeBot/1.0; +claudebot@anthropic.com)"
74.7.175.159 - - [22/Apr/2026:13:10:41 -0700] "GET /robots.txt HTTP/1.1" 200 31 "http://rufusreid.com/robots.txt" "Mozilla/5.0 (Macintosh; Intel Mac OS X 10_15_7) AppleWebKit/537.36 (KHTML, like Gecko) Chrome/131.0.0.0 Safari/537.36; compatible; OAI-SearchBot/1.3; robots.txt; +https://openai.com/searchbot"
57.141.0.28 - - [22/Apr/2026:13:10:50 -0700] "GET /event/rufus-reid-guest-artist-vancouver-island-university/?loknya=/lib/dedrads HTTP/1.1" 429 17 "-" "meta-externalagent/1.1 (+https://developers.facebook.com/docs/sharing/webmasters/crawler)"
217.182.194.45 - - [22/Apr/2026:13:10:59 -0700] "GET /about/awards/?lokasie=/home/rreid/public_html/.user.ini&loknya=/home/rreid/public_html HTTP/1.1" 200 48958 "-" "Mozilla/5.0 (compatible; MJ12bot/v1.4.8; http://mj12bot.com/)"
43.130.72.40 - - [22/Apr/2026:13:11:07 -0700] "GET /?lokasie=/home/rreid/public_html/downloads/THE_PEACEFUL_FLAME-CONCERT.gif&loknya=/home/rreid/public_html/downloads HTTP/1.1" 301 - "-" "Mozilla/5.0 (iPhone; CPU iPhone OS 13_2_3 like Mac OS X) AppleWebKit/605.1.15 (KHTML, like Gecko) Version/13.0.3 Mobile/15E148 Safari/604.1"
43.130.72.40 - - [22/Apr/2026:13:11:09 -0700] "GET /?lokasie=%2Fhome%2Frreid%2Fpublic_html%2Fdownloads%2FTHE_PEACEFUL_FLAME-CONCERT.gif&loknya=%2Fhome%2Frreid%2Fpublic_html%2Fdownloads HTTP/1.1" 200 54657 "https://rufusreid.com/?lokasie=/home/rreid/public_html/downloads/THE_PEACEFUL_FLAME-CONCERT.gif&loknya=/home/rreid/public_html/downloads" "Mozilla/5.0 (iPhone; CPU iPhone OS 13_2_3 like Mac OS X) AppleWebKit/605.1.15 (KHTML, like Gecko) Version/13.0.3 Mobile/15E148 Safari/604.1"
216.73.216.166 - - [22/Apr/2026:13:11:10 -0700] "GET /music/terrestrial-dance/?lokasie=%2Frun%2Frestartsrv_atd&loknya=%2Frun HTTP/1.1" 200 51560 "-" "Mozilla/5.0 AppleWebKit/537.36 (KHTML, like Gecko; compatible; ClaudeBot/1.0; +claudebot@anthropic.com)"
74.7.227.10 - - [22/Apr/2026:13:11:17 -0700] "GET /?lokasie=/lib64/libxcb.so&loknya=/lib64 HTTP/1.1" 301 - "https://rufusreid.com/?loknya=/lib64" "Mozilla/5.0 AppleWebKit/537.36 (KHTML, like Gecko; compatible; GPTBot/1.3; +https://openai.com/gptbot)"
74.7.227.10 - - [22/Apr/2026:13:11:18 -0700] "GET /?lokasie=%2Flib64%2Flibxcb.so&loknya=%2Flib64 HTTP/1.1" 200 54444 "https://rufusreid.com/?lokasie=/lib64/libxcb.so&loknya=/lib64" "Mozilla/5.0 AppleWebKit/537.36 (KHTML, like Gecko; compatible; GPTBot/1.3; +https://openai.com/gptbot)"
217.182.194.45 - - [22/Apr/2026:13:11:21 -0700] "GET /about/awards/?lokasie=/home/rreid/public_html/404.shtml&loknya=/home/rreid/public_html HTTP/1.1" 200 48700 "-" "Mozilla/5.0 (compatible; MJ12bot/v1.4.8; http://mj12bot.com/)"
216.73.216.166 - - [22/Apr/2026:13:11:40 -0700] "GET /music/terrestrial-dance/?lokasie=%2Frun%2Frestartsrv_exim&loknya=%2Frun HTTP/1.1" 200 51561 "-" "Mozilla/5.0 AppleWebKit/537.36 (KHTML, like Gecko; compatible; ClaudeBot/1.0; +claudebot@anthropic.com)"
217.182.194.45 - - [22/Apr/2026:13:11:44 -0700] "GET /about/awards/?lokasie=/home/rreid/public_html/archived-site-files.zip&loknya=/home/rreid/public_html HTTP/1.1" 500 48657 "-" "Mozilla/5.0 (compatible; MJ12bot/v1.4.8; http://mj12bot.com/)"
74.7.227.10 - - [22/Apr/2026:13:11:55 -0700] "GET /?lokasie=/lib64/libdl.so&loknya=/lib64 HTTP/1.1" 301 - "https://rufusreid.com/?loknya=/lib64" "Mozilla/5.0 AppleWebKit/537.36 (KHTML, like Gecko; compatible; GPTBot/1.3; +https://openai.com/gptbot)"
74.7.227.10 - - [22/Apr/2026:13:11:55 -0700] "GET /?lokasie=%2Flib64%2Flibdl.so&loknya=%2Flib64 HTTP/1.1" 429 17 "https://rufusreid.com/?lokasie=/lib64/libdl.so&loknya=/lib64" "Mozilla/5.0 AppleWebKit/537.36 (KHTML, like Gecko; compatible; GPTBot/1.3; +https://openai.com/gptbot)"
57.141.0.13 - - [22/Apr/2026:13:11:57 -0700] "GET /event/rufus-reid-guest-artist-vancouver-island-university/?loknya=/media HTTP/1.1" 429 17 "-" "meta-externalagent/1.1 (+https://developers.facebook.com/docs/sharing/webmasters/crawler)"
138.246.253.24 - - [22/Apr/2026:13:12:00 -0700] "GET /robots.txt HTTP/1.1" 401 36 "-" "Mozilla/5.0 (Windows NT 10.0; Win64; x64) AppleWebKit/537.36 (KHTML, like Gecko) Chrome/103.0.5060.134 Safari/537.36"
185.191.171.8 - - [22/Apr/2026:13:12:00 -0700] "GET /2012/03/two-quiet-pride-concerts/rehearsing-lsu1/ HTTP/1.1" 200 79747 "-" "Mozilla/5.0 (compatible; SemrushBot/7~bl; +http://www.semrush.com/bot.html)"
34.169.28.212 - - [22/Apr/2026:13:12:02 -0700] "HEAD / HTTP/1.1" 200 - "http://rufusreid.com/" "Mozilla/5.0 (Linux; Android 12; TECNO CK6n) AppleWebKit/537.36 (KHTML, like Gecko) Chrome/125.0.6422.50 Mobile Safari/537.36"
217.182.194.45 - - [22/Apr/2026:13:12:06 -0700] "GET /about/awards/?lokasie=/home/rreid/public_html/default.htm&loknya=/home/rreid/public_html HTTP/1.1" 200 53458 "-" "Mozilla/5.0 (compatible; MJ12bot/v1.4.8; http://mj12bot.com/)"
34.169.28.212 - - [22/Apr/2026:13:12:07 -0700] "HEAD /event/new-jersey-premier-of-wind-sail/ HTTP/1.1" 200 - "http://rufusreid.com/new/" "Mozilla/5.0 (X11; Linux x86_64) AppleWebKit/537.36 (KHTML, like Gecko) Chrome/125.0.6422.76 Safari/537.36"
216.73.216.166 - - [22/Apr/2026:13:12:10 -0700] "GET /music/terrestrial-dance/?lokasie=%2Frun%2Frestartsrv_user%400&loknya=%2Frun HTTP/1.1" 200 51563 "-" "Mozilla/5.0 AppleWebKit/537.36 (KHTML, like Gecko; compatible; ClaudeBot/1.0; +claudebot@anthropic.com)"
74.7.227.10 - - [22/Apr/2026:13:12:28 -0700] "GET /?lokasie=/lib64/librt.so&loknya=/lib64 HTTP/1.1" 429 17 "https://rufusreid.com/?loknya=/lib64" "Mozilla/5.0 AppleWebKit/537.36 (KHTML, like Gecko; compatible; GPTBot/1.3; +https://openai.com/gptbot)"
217.182.194.45 - - [22/Apr/2026:13:12:28 -0700] "GET /about/awards/?lokasie=/home/rreid/public_html/error_log&loknya=/home/rreid/public_html HTTP/1.1" 200 1622110 "-" "Mozilla/5.0 (compatible; MJ12bot/v1.4.8; http://mj12bot.com/)"
216.73.216.166 - - [22/Apr/2026:13:12:33 -0700] "GET /music/terrestrial-dance/?lokasie=%2Frun%2Frestartsrv_mariadb&loknya=%2Frun HTTP/1.1" 200 51564 "-" "Mozilla/5.0 AppleWebKit/537.36 (KHTML, like Gecko; compatible; ClaudeBot/1.0; +claudebot@anthropic.com)"
217.182.194.45 - - [22/Apr/2026:13:12:51 -0700] "GET /about/awards/?lokasie=/home/rreid/public_html/favicon.ico&loknya=/home/rreid/public_html HTTP/1.1" 200 48349 "-" "Mozilla/5.0 (compatible; MJ12bot/v1.4.8; http://mj12bot.com/)"
57.141.0.12 - - [22/Apr/2026:13:13:03 -0700] "GET /cms22/wp-content/uploads/2022/12/TheEloquentOne.pdf HTTP/1.1" 429 17 "-" "meta-externalagent/1.1 (+https://developers.facebook.com/docs/sharing/webmasters/crawler)"
216.73.216.166 - - [22/Apr/2026:13:13:03 -0700] "GET /music/terrestrial-dance/?lokasie=%2Frun%2Frestartsrv_chronyd&loknya=%2Frun HTTP/1.1" 200 51564 "-" "Mozilla/5.0 AppleWebKit/537.36 (KHTML, like Gecko; compatible; ClaudeBot/1.0; +claudebot@anthropic.com)"
217.182.194.45 - - [22/Apr/2026:13:13:13 -0700] "GET /about/awards/?lokasie=/home/rreid/public_html/googlehostedservice.html&loknya=/home/rreid/public_html HTTP/1.1" 200 48589 "-" "Mozilla/5.0 (compatible; MJ12bot/v1.4.8; http://mj12bot.com/)"
216.73.216.166 - - [22/Apr/2026:13:13:32 -0700] "GET /music/terrestrial-dance/?lokasie=%2Fhome%2Frreid%2F.htaccess.bak_EA4_PHP_all_5&loknya=%2Fhome%2Frreid HTTP/1.1" 200 51838 "-" "Mozilla/5.0 AppleWebKit/537.36 (KHTML, like Gecko; compatible; ClaudeBot/1.0; +claudebot@anthropic.com)"
74.7.227.10 - - [22/Apr/2026:13:13:33 -0700] "GET /?lokasie=/lib64/libisc.so&loknya=/lib64 HTTP/1.1" 301 - "https://rufusreid.com/?loknya=/lib64" "Mozilla/5.0 AppleWebKit/537.36 (KHTML, like Gecko; compatible; GPTBot/1.3; +https://openai.com/gptbot)"
74.7.227.10 - - [22/Apr/2026:13:13:33 -0700] "GET /?lokasie=%2Flib64%2Flibisc.so&loknya=%2Flib64 HTTP/1.1" 429 17 "https://rufusreid.com/?lokasie=/lib64/libisc.so&loknya=/lib64" "Mozilla/5.0 AppleWebKit/537.36 (KHTML, like Gecko; compatible; GPTBot/1.3; +https://openai.com/gptbot)"
217.182.194.45 - - [22/Apr/2026:13:13:35 -0700] "GET /about/awards/?lokasie=/home/rreid/public_html/index.php&loknya=/home/rreid/public_html HTTP/1.1" 200 48761 "-" "Mozilla/5.0 (compatible; MJ12bot/v1.4.8; http://mj12bot.com/)"
217.182.194.45 - - [22/Apr/2026:13:13:57 -0700] "GET /about/awards/?lokasie=/home/rreid/public_html/logo-imh.svg&loknya=/home/rreid/public_html HTTP/1.1" 200 59797 "-" "Mozilla/5.0 (compatible; MJ12bot/v1.4.8; http://mj12bot.com/)"
23.235.221.107 - - [22/Apr/2026:13:14:03 -0700] "POST /cms22/wp-cron.php?doing_wp_cron=1776888843.8581879138946533203125 HTTP/1.1" 200 - "https://rufusreid.com/cms22/wp-cron.php?doing_wp_cron=1776888843.8581879138946533203125" "WordPress/6.0.11; https://rufusreid.com"
216.73.216.166 - - [22/Apr/2026:13:14:03 -0700] "GET /music/terrestrial-dance/?lokasie=%2Frun%2Frestartsrv_sshd&loknya=%2Frun HTTP/1.1" 200 51561 "-" "Mozilla/5.0 AppleWebKit/537.36 (KHTML, like Gecko; compatible; ClaudeBot/1.0; +claudebot@anthropic.com)"
57.141.0.10 - - [22/Apr/2026:13:14:09 -0700] "GET /event/rufus-reid-guest-artist-vancouver-island-university/?loknya=/home/rreid/cache HTTP/1.1" 429 17 "-" "meta-externalagent/1.1 (+https://developers.facebook.com/docs/sharing/webmasters/crawler)"
216.73.216.166 - - [22/Apr/2026:13:14:13 -0700] "GET /music/terrestrial-dance/?loknya=%2Fhome%2Flmagnes HTTP/1.1" 200 52692 "-" "Mozilla/5.0 AppleWebKit/537.36 (KHTML, like Gecko; compatible; ClaudeBot/1.0; +claudebot@anthropic.com)"
217.182.194.45 - - [22/Apr/2026:13:14:19 -0700] "GET /about/awards/?lokasie=/home/rreid/public_html/old-wordpress.zip&loknya=/home/rreid/public_html HTTP/1.1" 500 48651 "-" "Mozilla/5.0 (compatible; MJ12bot/v1.4.8; http://mj12bot.com/)"
74.7.227.10 - - [22/Apr/2026:13:14:37 -0700] "GET /?lokasie=/lib64/libcap.so&loknya=/lib64 HTTP/1.1" 301 - "https://rufusreid.com/?loknya=/lib64" "Mozilla/5.0 AppleWebKit/537.36 (KHTML, like Gecko; compatible; GPTBot/1.3; +https://openai.com/gptbot)"
74.7.227.10 - - [22/Apr/2026:13:14:38 -0700] "GET /?lokasie=%2Flib64%2Flibcap.so&loknya=%2Flib64 HTTP/1.1" 429 17 "https://rufusreid.com/?lokasie=/lib64/libcap.so&loknya=/lib64" "Mozilla/5.0 AppleWebKit/537.36 (KHTML, like Gecko; compatible; GPTBot/1.3; +https://openai.com/gptbot)"
217.182.194.45 - - [22/Apr/2026:13:14:41 -0700] "GET /about/awards/?lokasie=/home/rreid/public_html/php.ini&loknya=/home/rreid/public_html HTTP/1.1" 200 49030 "-" "Mozilla/5.0 (compatible; MJ12bot/v1.4.8; http://mj12bot.com/)"
216.73.216.166 - - [22/Apr/2026:13:14:44 -0700] "GET /music/terrestrial-dance/?loknya=%2Fhome%2Fctollive HTTP/1.1" 200 52696 "-" "Mozilla/5.0 AppleWebKit/537.36 (KHTML, like Gecko; compatible; ClaudeBot/1.0; +claudebot@anthropic.com)"
45.224.152.74 - - [22/Apr/2026:13:14:43 -0700] "GET /music/ HTTP/1.1" 200 131969 "-" "Opera/9.69.(X11; Linux i686; sl-SI) Presto/2.9.174 Version/11.00"
49.13.164.148 - - [22/Apr/2026:13:14:54 -0700] "HEAD / HTTP/1.1" 200 - "http://rufusreid.com" "Mozilla/5.0+(compatible; UptimeRobot/2.0; http://www.uptimerobot.com/)"
217.182.194.45 - - [22/Apr/2026:13:15:04 -0700] "GET /about/awards/?lokasie=/home/rreid/public_html/php.ini.bak.2018-04-15&loknya=/home/rreid/public_html HTTP/1.1" 200 54913 "-" "Mozilla/5.0 (compatible; MJ12bot/v1.4.8; http://mj12bot.com/)"
216.73.216.166 - - [22/Apr/2026:13:15:04 -0700] "GET /music/terrestrial-dance/?loknya=%2Fhome%2Fgmckenzi HTTP/1.1" 200 52696 "-" "Mozilla/5.0 AppleWebKit/537.36 (KHTML, like Gecko; compatible; ClaudeBot/1.0; +claudebot@anthropic.com)"
57.141.0.38 - - [22/Apr/2026:13:15:16 -0700] "GET /event/rufus-reid-guest-artist-vancouver-island-university/?loknya=/dev HTTP/1.1" 429 17 "-" "meta-externalagent/1.1 (+https://developers.facebook.com/docs/sharing/webmasters/crawler)"
217.182.194.45 - - [22/Apr/2026:13:15:26 -0700] "GET /about/awards/?lokasie=/home/rreid/public_html/php.ini.ea3.bak&loknya=/home/rreid/public_html HTTP/1.1" 200 87018 "-" "Mozilla/5.0 (compatible; MJ12bot/v1.4.8; http://mj12bot.com/)"
66.249.70.201 - - [22/Apr/2026:13:15:32 -0700] "GET /?loknya=/home/rreid HTTP/1.1" 301 - "-" "Mozilla/5.0 (Linux; Android 6.0.1; Nexus 5X Build/MMB29P) AppleWebKit/537.36 (KHTML, like Gecko) Chrome/146.0.7680.177 Mobile Safari/537.36 (compatible; GoogleOther)"
216.73.216.166 - - [22/Apr/2026:13:15:34 -0700] "GET /music/terrestrial-dance/?loknya=%2Fhome%2Frreid%2Fpublic_html%2Fdownloads%2Fpdfs HTTP/1.1" 200 95742 "-" "Mozilla/5.0 AppleWebKit/537.36 (KHTML, like Gecko; compatible; ClaudeBot/1.0; +claudebot@anthropic.com)"
66.249.70.201 - - [22/Apr/2026:13:15:39 -0700] "GET /?loknya=%2Fhome%2Frreid HTTP/1.1" 200 110530 "-" "Mozilla/5.0 (Linux; Android 6.0.1; Nexus 5X Build/MMB29P) AppleWebKit/537.36 (KHTML, like Gecko) Chrome/146.0.7680.177 Mobile Safari/537.36 (compatible; GoogleOther)"
74.7.227.10 - - [22/Apr/2026:13:15:41 -0700] "GET /?lokasie=/lib64/libanl.so&loknya=/lib64 HTTP/1.1" 301 - "https://rufusreid.com/?loknya=/lib64" "Mozilla/5.0 AppleWebKit/537.36 (KHTML, like Gecko; compatible; GPTBot/1.3; +https://openai.com/gptbot)"
66.249.70.201 - - [22/Apr/2026:13:15:42 -0700] "GET /cms22/wp-includes/js/wp-emoji-release.min.js?ver=6.0.11 HTTP/1.1" 200 18617 "https://rufusreid.com/?loknya=%2Fhome%2Frreid" "Mozilla/5.0 (Linux; Android 6.0.1; Nexus 5X Build/MMB29P) AppleWebKit/537.36 (KHTML, like Gecko) Chrome/146.0.7680.177 Mobile Safari/537.36 (compatible; GoogleOther)"
74.7.227.10 - - [22/Apr/2026:13:15:42 -0700] "GET /?lokasie=%2Flib64%2Flibanl.so&loknya=%2Flib64 HTTP/1.1" 200 54444 "https://rufusreid.com/?lokasie=/lib64/libanl.so&loknya=/lib64" "Mozilla/5.0 AppleWebKit/537.36 (KHTML, like Gecko; compatible; GPTBot/1.3; +https://openai.com/gptbot)"
66.249.70.201 - - [22/Apr/2026:13:15:45 -0700] "GET /cms22/wp-includes/css/dist/block-library/style.min.css?ver=6.0.11 HTTP/1.1" 200 88932 "https://rufusreid.com/?loknya=%2Fhome%2Frreid" "Mozilla/5.0 (Linux; Android 6.0.1; Nexus 5X Build/MMB29P) AppleWebKit/537.36 (KHTML, like Gecko) Chrome/146.0.7680.177 Mobile Safari/537.36 (compatible; GoogleOther)"
200.41.113.72 - - [22/Apr/2026:13:15:45 -0700] "GET /videos/ HTTP/1.1" 200 88155 "-" "Mozilla/5.0 (Windows NT 10.0) AppleWebKit/531.1 (KHTML, like Gecko) Chrome/42.0.808.0 Safari/531.1"
66.249.70.201 - - [22/Apr/2026:13:15:48 -0700] "GET /cms22/wp-content/themes/jazzcorner/style.css?ver=1775520000 HTTP/1.1" 200 831 "https://rufusreid.com/?loknya=%2Fhome%2Frreid" "Mozilla/5.0 (Linux; Android 6.0.1; Nexus 5X Build/MMB29P) AppleWebKit/537.36 (KHTML, like Gecko) Chrome/146.0.7680.177 Mobile Safari/537.36 (compatible; GoogleOther)"
217.182.194.45 - - [22/Apr/2026:13:15:48 -0700] "GET /about/awards/?lokasie=/home/rreid/public_html/phpinfo.php&loknya=/home/rreid/public_html HTTP/1.1" 200 48376 "-" "Mozilla/5.0 (compatible; MJ12bot/v1.4.8; http://mj12bot.com/)"
216.73.216.166 - - [22/Apr/2026:13:15:48 -0700] "GET /music/terrestrial-dance/?lokasie=%2Fhome%2Frreid%2Fpublic_html%2Findex.php&loknya=%2Fhome%2Frreid%2Fpublic_html HTTP/1.1" 200 52090 "-" "Mozilla/5.0 AppleWebKit/537.36 (KHTML, like Gecko; compatible; ClaudeBot/1.0; +claudebot@anthropic.com)"
66.249.70.201 - - [22/Apr/2026:13:15:51 -0700] "GET /cms22/wp-content/plugins/responsive-lightbox/assets/magnific/magnific-popup.min.css?ver=2.4.3 HTTP/1.1" 200 5329 "https://rufusreid.com/?loknya=%2Fhome%2Frreid" "Mozilla/5.0 (Linux; Android 6.0.1; Nexus 5X Build/MMB29P) AppleWebKit/537.36 (KHTML, like Gecko) Chrome/146.0.7680.177 Mobile Safari/537.36 (compatible; GoogleOther)"
217.182.194.45 - - [22/Apr/2026:13:16:10 -0700] "GET /about/awards/?lokasie=/home/rreid/public_html/robots.txt&loknya=/home/rreid/public_html HTTP/1.1" 200 48379 "-" "Mozilla/5.0 (compatible; MJ12bot/v1.4.8; http://mj12bot.com/)"
216.73.216.166 - - [22/Apr/2026:13:16:18 -0700] "GET /music/terrestrial-dance/?loknya=%2Fhome%2Fsturre HTTP/1.1" 200 52688 "-" "Mozilla/5.0 AppleWebKit/537.36 (KHTML, like Gecko; compatible; ClaudeBot/1.0; +claudebot@anthropic.com)"
57.141.0.51 - - [22/Apr/2026:13:16:22 -0700] "GET /event/rufus-reid-guest-artist-vancouver-island-university/?lokasie=/home/rreid/.gemrc&loknya=/home/rreid HTTP/1.1" 429 17 "-" "meta-externalagent/1.1 (+https://developers.facebook.com/docs/sharing/webmasters/crawler)"
217.182.194.45 - - [22/Apr/2026:13:16:32 -0700] "GET /about/awards/?lokasie=/home/rreid/public_html/under_construction.html&loknya=/home/rreid/public_html HTTP/1.1" 200 53666 "-" "Mozilla/5.0 (compatible; MJ12bot/v1.4.8; http://mj12bot.com/)"
216.73.216.166 - - [22/Apr/2026:13:16:34 -0700] "GET /music/terrestrial-dance/?lokasie=%2Fhome%2Frreid%2Fpublic_html%2Fold-wordpress.zip&loknya=%2Fhome%2Frreid%2Fpublic_html HTTP/1.1" 500 54295 "-" "Mozilla/5.0 AppleWebKit/537.36 (KHTML, like Gecko; compatible; ClaudeBot/1.0; +claudebot@anthropic.com)"
74.7.227.10 - - [22/Apr/2026:13:16:41 -0700] "GET /?lokasie=/lib64/libtic.so&loknya=/lib64 HTTP/1.1" 301 - "https://rufusreid.com/?loknya=/lib64" "Mozilla/5.0 AppleWebKit/537.36 (KHTML, like Gecko; compatible; GPTBot/1.3; +https://openai.com/gptbot)"
74.7.227.10 - - [22/Apr/2026:13:16:42 -0700] "GET /?lokasie=%2Flib64%2Flibtic.so&loknya=%2Flib64 HTTP/1.1" 200 54444 "https://rufusreid.com/?lokasie=/lib64/libtic.so&loknya=/lib64" "Mozilla/5.0 AppleWebKit/537.36 (KHTML, like Gecko; compatible; GPTBot/1.3; +https://openai.com/gptbot)"
217.182.194.45 - - [22/Apr/2026:13:16:54 -0700] "GET /about/awards/?loknya=/ HTTP/1.1" 200 75840 "-" "Mozilla/5.0 (compatible; MJ12bot/v1.4.8; http://mj12bot.com/)"
