57.141.0.37 - - [22/Apr/2026:11:28:46 -0700] "GET /event/rufus-reid-guest-artist-vancouver-island-university/?loknya=/home/jcarter HTTP/1.1" 200 50055 "-" "meta-externalagent/1.1 (+https://developers.facebook.com/docs/sharing/webmasters/crawler)"
57.141.0.50 - - [22/Apr/2026:11:28:49 -0700] "GET /event/rufus-reid-guest-artist-vancouver-island-university/?loknya=/home/jazzcorn HTTP/1.1" 200 50059 "-" "meta-externalagent/1.1 (+https://developers.facebook.com/docs/sharing/webmasters/crawler)"
57.141.0.2 - - [22/Apr/2026:11:28:50 -0700] "GET /event/rufus-reid-guest-artist-vancouver-island-university/?loknya=/home/fbryant HTTP/1.1" 200 50054 "-" "meta-externalagent/1.1 (+https://developers.facebook.com/docs/sharing/webmasters/crawler)"
57.141.0.51 - - [22/Apr/2026:11:29:05 -0700] "GET /event/rufus-reid-guest-artist-vancouver-island-university/?loknya=/home/ HTTP/1.1" 200 141990 "-" "meta-externalagent/1.1 (+https://developers.facebook.com/docs/sharing/webmasters/crawler)"
57.141.0.64 - - [22/Apr/2026:11:29:10 -0700] "GET /event/rufus-reid-guest-artist-vancouver-island-university/?loknya=/home/ HTTP/1.1" 200 141990 "-" "meta-externalagent/1.1 (+https://developers.facebook.com/docs/sharing/webmasters/crawler)"
57.141.0.55 - - [22/Apr/2026:11:29:12 -0700] "GET /event/rufus-reid-guest-artist-vancouver-island-university/?loknya=/ HTTP/1.1" 200 76532 "-" "meta-externalagent/1.1 (+https://developers.facebook.com/docs/sharing/webmasters/crawler)"
57.141.0.45 - - [22/Apr/2026:11:29:23 -0700] "GET /event/rufus-reid-guest-artist-vancouver-island-university/?loknya=/home/mlupri HTTP/1.1" 200 50051 "-" "meta-externalagent/1.1 (+https://developers.facebook.com/docs/sharing/webmasters/crawler)"
57.141.0.59 - - [22/Apr/2026:11:29:27 -0700] "GET /event/rufus-reid-guest-artist-vancouver-island-university/?loknya=/home/bkindred HTTP/1.1" 200 50059 "-" "meta-externalagent/1.1 (+https://developers.facebook.com/docs/sharing/webmasters/crawler)"
74.7.227.10 - - [22/Apr/2026:11:29:27 -0700] "GET /?lokasie=/lib64/librpmio.so&loknya=/lib64 HTTP/1.1" 301 - "https://rufusreid.com/?loknya=/lib64" "Mozilla/5.0 AppleWebKit/537.36 (KHTML, like Gecko; compatible; GPTBot/1.3; +https://openai.com/gptbot)"
74.7.227.10 - - [22/Apr/2026:11:29:28 -0700] "GET /?lokasie=%2Flib64%2Flibrpmio.so&loknya=%2Flib64 HTTP/1.1" 429 17 "https://rufusreid.com/?lokasie=/lib64/librpmio.so&loknya=/lib64" "Mozilla/5.0 AppleWebKit/537.36 (KHTML, like Gecko; compatible; GPTBot/1.3; +https://openai.com/gptbot)"
57.141.0.30 - - [22/Apr/2026:11:29:28 -0700] "GET /event/rufus-reid-guest-artist-vancouver-island-university/?loknya=/home/jweidman HTTP/1.1" 200 50059 "-" "meta-externalagent/1.1 (+https://developers.facebook.com/docs/sharing/webmasters/crawler)"
57.141.0.53 - - [22/Apr/2026:11:29:31 -0700] "GET /event/rufus-reid-guest-artist-vancouver-island-university/?loknya=/home/ajarreau HTTP/1.1" 200 50059 "-" "meta-externalagent/1.1 (+https://developers.facebook.com/docs/sharing/webmasters/crawler)"
57.141.0.41 - - [22/Apr/2026:11:29:32 -0700] "GET /event/rufus-reid-guest-artist-vancouver-island-university/?loknya=/home/fingerna HTTP/1.1" 200 50059 "-" "meta-externalagent/1.1 (+https://developers.facebook.com/docs/sharing/webmasters/crawler)"
57.141.0.13 - - [22/Apr/2026:11:29:34 -0700] "GET /event/rufus-reid-guest-artist-vancouver-island-university/?lokasie=/home//backup-7.29.2024_11-57-34_ckorman.tar.gz&loknya=/home/ HTTP/1.1" 500 51564 "-" "meta-externalagent/1.1 (+https://developers.facebook.com/docs/sharing/webmasters/crawler)"
57.141.0.50 - - [22/Apr/2026:11:29:35 -0700] "GET /event/rufus-reid-guest-artist-vancouver-island-university/?loknya=/home/bwolfe HTTP/1.1" 200 50051 "-" "meta-externalagent/1.1 (+https://developers.facebook.com/docs/sharing/webmasters/crawler)"
57.141.0.64 - - [22/Apr/2026:11:29:36 -0700] "GET /event/rufus-reid-guest-artist-vancouver-island-university/?loknya=/lib HTTP/1.1" 200 92684 "-" "meta-externalagent/1.1 (+https://developers.facebook.com/docs/sharing/webmasters/crawler)"
74.7.243.19 - - [22/Apr/2026:11:29:54 -0700] "GET /wp-json/oembed/1.0/embed?format=xml&url=https%3A%2F%2Frufusreid.com%2F2015%2F03%2Fchicago-jazz-magazine%2F HTTP/1.1" 200 2761 "-" "Mozilla/5.0 (Macintosh; Intel Mac OS X 10_15_7) AppleWebKit/537.36 (KHTML, like Gecko) Chrome/131.0.0.0 Safari/537.36; compatible; OAI-SearchBot/1.3; +https://openai.com/searchbot"
57.141.0.51 - - [22/Apr/2026:11:29:57 -0700] "GET /event/rufus-reid-guest-artist-vancouver-island-university/?loknya=/lib/modprobe.d HTTP/1.1" 200 52702 "-" "meta-externalagent/1.1 (+https://developers.facebook.com/docs/sharing/webmasters/crawler)"
57.141.0.24 - - [22/Apr/2026:11:29:59 -0700] "GET /event/rufus-reid-guest-artist-vancouver-island-university/?loknya=/lib/kcare HTTP/1.1" 200 51350 "-" "meta-externalagent/1.1 (+https://developers.facebook.com/docs/sharing/webmasters/crawler)"
57.141.0.57 - - [22/Apr/2026:11:30:01 -0700] "GET /event/rufus-reid-guest-artist-vancouver-island-university/?loknya=/lib/environment.d HTTP/1.1" 200 51416 "-" "meta-externalagent/1.1 (+https://developers.facebook.com/docs/sharing/webmasters/crawler)"
51.81.129.208 - - [22/Apr/2026:11:30:14 -0700] "GET /wp-content/plugins/definite-unique/license.txt HTTP/1.1" 404 81941 "-" "Mozilla/5.0 (Windows NT 10.0; Win64; x64; rv:149.0) Gecko/20100101 Firefox/149.0"
51.81.129.208 - - [22/Apr/2026:11:30:14 -0700] "GET /wp-content/plugins/waves/style.css HTTP/1.1" 404 81941 "-" "Mozilla/5.0 (Windows NT 10.0; Win64; x64; rv:149.0) Gecko/20100101 Firefox/149.0"
57.141.0.16 - - [22/Apr/2026:11:30:21 -0700] "GET /event/rufus-reid-guest-artist-vancouver-island-university/?lokasie=/home/rreid/public_html/php.ini&loknya=/home/rreid/public_html HTTP/1.1" 200 49722 "-" "meta-externalagent/1.1 (+https://developers.facebook.com/docs/sharing/webmasters/crawler)"
74.7.227.10 - - [22/Apr/2026:11:30:28 -0700] "GET /?lokasie=/lib64/libpcap.so.1&loknya=/lib64 HTTP/1.1" 301 - "https://rufusreid.com/?loknya=/lib64" "Mozilla/5.0 AppleWebKit/537.36 (KHTML, like Gecko; compatible; GPTBot/1.3; +https://openai.com/gptbot)"
74.7.227.10 - - [22/Apr/2026:11:30:29 -0700] "GET /?lokasie=%2Flib64%2Flibpcap.so.1&loknya=%2Flib64 HTTP/1.1" 429 17 "https://rufusreid.com/?lokasie=/lib64/libpcap.so.1&loknya=/lib64" "Mozilla/5.0 AppleWebKit/537.36 (KHTML, like Gecko; compatible; GPTBot/1.3; +https://openai.com/gptbot)"
57.141.0.52 - - [22/Apr/2026:11:30:33 -0700] "GET /event/rufus-reid-guest-artist-vancouver-island-university/?loknya=/home/msherman2 HTTP/1.1" 429 17 "-" "meta-externalagent/1.1 (+https://developers.facebook.com/docs/sharing/webmasters/crawler)"
43.154.140.188 - - [22/Apr/2026:11:30:38 -0700] "GET /about/performer HTTP/1.1" 301 - "-" "Mozilla/5.0 (iPhone; CPU iPhone OS 13_2_3 like Mac OS X) AppleWebKit/605.1.15 (KHTML, like Gecko) Version/13.0.3 Mobile/15E148 Safari/604.1"
43.154.140.188 - - [22/Apr/2026:11:30:41 -0700] "GET /about/performer/ HTTP/1.1" 200 84636 "https://rufusreid.com/about/performer" "Mozilla/5.0 (iPhone; CPU iPhone OS 13_2_3 like Mac OS X) AppleWebKit/605.1.15 (KHTML, like Gecko) Version/13.0.3 Mobile/15E148 Safari/604.1"
57.141.0.44 - - [22/Apr/2026:11:30:46 -0700] "GET /event/rufus-reid-guest-artist-vancouver-island-university/?loknya=/home/dholland HTTP/1.1" 429 17 "-" "meta-externalagent/1.1 (+https://developers.facebook.com/docs/sharing/webmasters/crawler)"
57.141.0.53 - - [22/Apr/2026:11:31:28 -0700] "GET /event/rufus-reid-guest-artist-vancouver-island-university/?loknya=/lib/rpm HTTP/1.1" 429 17 "-" "meta-externalagent/1.1 (+https://developers.facebook.com/docs/sharing/webmasters/crawler)"
74.7.227.10 - - [22/Apr/2026:11:31:30 -0700] "GET /?lokasie=/lib64/libform.so.5&loknya=/lib64 HTTP/1.1" 301 - "https://rufusreid.com/?loknya=/lib64" "Mozilla/5.0 AppleWebKit/537.36 (KHTML, like Gecko; compatible; GPTBot/1.3; +https://openai.com/gptbot)"
74.7.227.10 - - [22/Apr/2026:11:31:31 -0700] "GET /?lokasie=%2Flib64%2Flibform.so.5&loknya=%2Flib64 HTTP/1.1" 429 17 "https://rufusreid.com/?lokasie=/lib64/libform.so.5&loknya=/lib64" "Mozilla/5.0 AppleWebKit/537.36 (KHTML, like Gecko; compatible; GPTBot/1.3; +https://openai.com/gptbot)"
57.141.0.4 - - [22/Apr/2026:11:31:52 -0700] "GET /event/rufus-reid-guest-artist-vancouver-island-university/?loknya=/lib/fontconfig HTTP/1.1" 429 17 "-" "meta-externalagent/1.1 (+https://developers.facebook.com/docs/sharing/webmasters/crawler)"
159.89.172.48 - - [22/Apr/2026:11:32:25 -0700] "GET /wp-login.php HTTP/1.1" 302 - "-" "Mozilla/5.0 (Windows NT 6.2; Win64; x64) AppleWebKit/537.36 (KHTML, like Gecko) Chrome/65.0.3325.181 Safari/537.36"
159.89.172.48 - - [22/Apr/2026:11:32:26 -0700] "GET /cms22/wp-login.php HTTP/1.1" 200 6310 "https://rufusreid.com/wp-login.php" "Mozilla/5.0 (Windows NT 6.2; Win64; x64) AppleWebKit/537.36 (KHTML, like Gecko) Chrome/65.0.3325.181 Safari/537.36"
159.89.172.48 - - [22/Apr/2026:11:32:28 -0700] "POST /wp-login.php HTTP/1.1" 302 - "https://rufusreid.com/wp-login.php" "Mozilla/5.0 (Windows NT 6.2; Win64; x64) AppleWebKit/537.36 (KHTML, like Gecko) Chrome/65.0.3325.181 Safari/537.36"
159.89.172.48 - - [22/Apr/2026:11:32:29 -0700] "GET /cms22/wp-login.php HTTP/1.1" 200 6310 "https://rufusreid.com/wp-login.php" "Mozilla/5.0 (Windows NT 6.2; Win64; x64) AppleWebKit/537.36 (KHTML, like Gecko) Chrome/65.0.3325.181 Safari/537.36"
74.7.227.10 - - [22/Apr/2026:11:32:31 -0700] "GET /?lokasie=/lib64/libefa.so.1&loknya=/lib64 HTTP/1.1" 301 - "https://rufusreid.com/?loknya=/lib64" "Mozilla/5.0 AppleWebKit/537.36 (KHTML, like Gecko; compatible; GPTBot/1.3; +https://openai.com/gptbot)"
74.7.227.10 - - [22/Apr/2026:11:32:31 -0700] "GET /?lokasie=%2Flib64%2Flibefa.so.1&loknya=%2Flib64 HTTP/1.1" 429 17 "https://rufusreid.com/?lokasie=/lib64/libefa.so.1&loknya=/lib64" "Mozilla/5.0 AppleWebKit/537.36 (KHTML, like Gecko; compatible; GPTBot/1.3; +https://openai.com/gptbot)"
142.132.180.39 - - [22/Apr/2026:11:32:41 -0700] "HEAD / HTTP/1.1" 200 - "http://rufusreid.com" "Mozilla/5.0+(compatible; UptimeRobot/2.0; http://www.uptimerobot.com/)"
57.141.0.7 - - [22/Apr/2026:11:32:43 -0700] "GET /event/rufus-reid-guest-artist-vancouver-island-university/?loknya=/home/gmckenzi HTTP/1.1" 200 50058 "-" "meta-externalagent/1.1 (+https://developers.facebook.com/docs/sharing/webmasters/crawler)"
57.141.0.13 - - [22/Apr/2026:11:33:06 -0700] "GET /event/rufus-reid-guest-artist-vancouver-island-university/?lokasie=/home/rreid/public_html/404.shtml&loknya=/home/rreid/public_html HTTP/1.1" 429 17 "-" "meta-externalagent/1.1 (+https://developers.facebook.com/docs/sharing/webmasters/crawler)"
57.141.0.43 - - [22/Apr/2026:11:33:16 -0700] "GET /event/rufus-reid-guest-artist-vancouver-island-university/?loknya=/home/.cpanm HTTP/1.1" 429 17 "-" "meta-externalagent/1.1 (+https://developers.facebook.com/docs/sharing/webmasters/crawler)"
74.7.227.10 - - [22/Apr/2026:11:33:31 -0700] "GET /?lokasie=/lib64/libpci.so.3&loknya=/lib64 HTTP/1.1" 301 - "https://rufusreid.com/?loknya=/lib64" "Mozilla/5.0 AppleWebKit/537.36 (KHTML, like Gecko; compatible; GPTBot/1.3; +https://openai.com/gptbot)"
74.7.227.10 - - [22/Apr/2026:11:33:32 -0700] "GET /?lokasie=%2Flib64%2Flibpci.so.3&loknya=%2Flib64 HTTP/1.1" 429 17 "https://rufusreid.com/?lokasie=/lib64/libpci.so.3&loknya=/lib64" "Mozilla/5.0 AppleWebKit/537.36 (KHTML, like Gecko; compatible; GPTBot/1.3; +https://openai.com/gptbot)"
57.141.0.30 - - [22/Apr/2026:11:33:44 -0700] "GET /event/rufus-reid-guest-artist-vancouver-island-university/?loknya=/home/mweinste HTTP/1.1" 429 17 "-" "meta-externalagent/1.1 (+https://developers.facebook.com/docs/sharing/webmasters/crawler)"
57.141.0.21 - - [22/Apr/2026:11:34:30 -0700] "GET /event/rufus-reid-guest-artist-vancouver-island-university/?loknya=/home/bmckenna HTTP/1.1" 429 17 "-" "meta-externalagent/1.1 (+https://developers.facebook.com/docs/sharing/webmasters/crawler)"
74.7.227.10 - - [22/Apr/2026:11:34:32 -0700] "GET /?lokasie=/lib64/libxdot.so.4&loknya=/lib64 HTTP/1.1" 301 - "https://rufusreid.com/?loknya=/lib64" "Mozilla/5.0 AppleWebKit/537.36 (KHTML, like Gecko; compatible; GPTBot/1.3; +https://openai.com/gptbot)"
74.7.227.10 - - [22/Apr/2026:11:34:33 -0700] "GET /?lokasie=%2Flib64%2Flibxdot.so.4&loknya=%2Flib64 HTTP/1.1" 429 17 "https://rufusreid.com/?lokasie=/lib64/libxdot.so.4&loknya=/lib64" "Mozilla/5.0 AppleWebKit/537.36 (KHTML, like Gecko; compatible; GPTBot/1.3; +https://openai.com/gptbot)"
57.141.0.1 - - [22/Apr/2026:11:34:38 -0700] "GET /event/rufus-reid-guest-artist-vancouver-island-university/?loknya=/home/jbake HTTP/1.1" 429 17 "-" "meta-externalagent/1.1 (+https://developers.facebook.com/docs/sharing/webmasters/crawler)"
57.141.0.14 - - [22/Apr/2026:11:34:47 -0700] "GET /event/rufus-reid-guest-artist-vancouver-island-university/?loknya=/proc HTTP/1.1" 429 17 "-" "meta-externalagent/1.1 (+https://developers.facebook.com/docs/sharing/webmasters/crawler)"
57.141.0.3 - - [22/Apr/2026:11:35:02 -0700] "GET /event/rufus-reid-guest-artist-vancouver-island-university/?loknya=/home/tier1adv HTTP/1.1" 429 17 "-" "meta-externalagent/1.1 (+https://developers.facebook.com/docs/sharing/webmasters/crawler)"
74.7.227.10 - - [22/Apr/2026:11:35:33 -0700] "GET /?lokasie=/lib64/libwrap.so.0&loknya=/lib64 HTTP/1.1" 301 - "https://rufusreid.com/?loknya=/lib64" "Mozilla/5.0 AppleWebKit/537.36 (KHTML, like Gecko; compatible; GPTBot/1.3; +https://openai.com/gptbot)"
74.7.227.10 - - [22/Apr/2026:11:35:34 -0700] "GET /?lokasie=%2Flib64%2Flibwrap.so.0&loknya=%2Flib64 HTTP/1.1" 429 17 "https://rufusreid.com/?lokasie=/lib64/libwrap.so.0&loknya=/lib64" "Mozilla/5.0 AppleWebKit/537.36 (KHTML, like Gecko; compatible; GPTBot/1.3; +https://openai.com/gptbot)"
57.141.0.11 - - [22/Apr/2026:11:36:20 -0700] "GET /event/rufus-reid-guest-artist-vancouver-island-university/?loknya=/home/mashby HTTP/1.1" 429 17 "-" "meta-externalagent/1.1 (+https://developers.facebook.com/docs/sharing/webmasters/crawler)"
74.7.227.10 - - [22/Apr/2026:11:36:36 -0700] "GET /?lokasie=/lib64/libexpat.so&loknya=/lib64 HTTP/1.1" 301 - "https://rufusreid.com/?loknya=/lib64" "Mozilla/5.0 AppleWebKit/537.36 (KHTML, like Gecko; compatible; GPTBot/1.3; +https://openai.com/gptbot)"
74.7.227.10 - - [22/Apr/2026:11:36:37 -0700] "GET /?lokasie=%2Flib64%2Flibexpat.so&loknya=%2Flib64 HTTP/1.1" 429 17 "https://rufusreid.com/?lokasie=/lib64/libexpat.so&loknya=/lib64" "Mozilla/5.0 AppleWebKit/537.36 (KHTML, like Gecko; compatible; GPTBot/1.3; +https://openai.com/gptbot)"
57.141.0.38 - - [22/Apr/2026:11:36:43 -0700] "GET /event/rufus-reid-guest-artist-vancouver-island-university/?loknya=/sbin HTTP/1.1" 429 17 "-" "meta-externalagent/1.1 (+https://developers.facebook.com/docs/sharing/webmasters/crawler)"
57.141.0.21 - - [22/Apr/2026:11:36:52 -0700] "GET /event/rufus-reid-guest-artist-vancouver-island-university/?loknya=/home/dshank HTTP/1.1" 429 17 "-" "meta-externalagent/1.1 (+https://developers.facebook.com/docs/sharing/webmasters/crawler)"
57.141.0.1 - - [22/Apr/2026:11:37:07 -0700] "GET /event/rufus-reid-guest-artist-vancouver-island-university/?loknya=/home/gallen HTTP/1.1" 429 17 "-" "meta-externalagent/1.1 (+https://developers.facebook.com/docs/sharing/webmasters/crawler)"
164.68.113.198 - - [22/Apr/2026:11:37:32 -0700] "GET /.well-known/ HTTP/1.1" 200 1013 "binance.com" "Mozilla/5.0 (Windows NT 10.0; Win64; x64) AppleWebKit/537.36 (KHTML, like Gecko) Chrome/90.0.4430.85 Safari/537.36"
74.7.227.10 - - [22/Apr/2026:11:37:38 -0700] "GET /?lokasie=/lib64/libzip.so.5&loknya=/lib64 HTTP/1.1" 301 - "https://rufusreid.com/?loknya=/lib64" "Mozilla/5.0 AppleWebKit/537.36 (KHTML, like Gecko; compatible; GPTBot/1.3; +https://openai.com/gptbot)"
74.7.227.10 - - [22/Apr/2026:11:37:39 -0700] "GET /?lokasie=%2Flib64%2Flibzip.so.5&loknya=%2Flib64 HTTP/1.1" 429 17 "https://rufusreid.com/?lokasie=/lib64/libzip.so.5&loknya=/lib64" "Mozilla/5.0 AppleWebKit/537.36 (KHTML, like Gecko; compatible; GPTBot/1.3; +https://openai.com/gptbot)"
57.141.0.60 - - [22/Apr/2026:11:37:41 -0700] "GET /event/rufus-reid-guest-artist-vancouver-island-university/?loknya=/backup HTTP/1.1" 429 17 "-" "meta-externalagent/1.1 (+https://developers.facebook.com/docs/sharing/webmasters/crawler)"
49.13.134.145 - - [22/Apr/2026:11:37:47 -0700] "HEAD / HTTP/1.1" 200 - "http://rufusreid.com" "Mozilla/5.0+(compatible; UptimeRobot/2.0; http://www.uptimerobot.com/)"
57.141.0.66 - - [22/Apr/2026:11:38:00 -0700] "GET /event/rufus-reid-guest-artist-vancouver-island-university/?loknya=/home/fingernailmoon HTTP/1.1" 429 17 "-" "meta-externalagent/1.1 (+https://developers.facebook.com/docs/sharing/webmasters/crawler)"
51.89.12.179 - - [22/Apr/2026:11:38:26 -0700] "GET /wp-json/teknocore/v1/ HTTP/1.1" 404 114 "-" "Mozilla/5.0 (Windows NT 10.0; Win64; x64) AppleWebKit/537.36 (KHTML, like Gecko) Chrome/147.0.0.0 Safari/537.36"
74.7.227.10 - - [22/Apr/2026:11:38:38 -0700] "GET /?lokasie=/lib64/libkrad.so.0&loknya=/lib64 HTTP/1.1" 301 - "https://rufusreid.com/?loknya=/lib64" "Mozilla/5.0 AppleWebKit/537.36 (KHTML, like Gecko; compatible; GPTBot/1.3; +https://openai.com/gptbot)"
74.7.227.10 - - [22/Apr/2026:11:38:39 -0700] "GET /?lokasie=%2Flib64%2Flibkrad.so.0&loknya=%2Flib64 HTTP/1.1" 429 17 "https://rufusreid.com/?lokasie=/lib64/libkrad.so.0&loknya=/lib64" "Mozilla/5.0 AppleWebKit/537.36 (KHTML, like Gecko; compatible; GPTBot/1.3; +https://openai.com/gptbot)"
51.89.12.179 - - [22/Apr/2026:11:38:54 -0700] "GET /blog-verify HTTP/1.1" 404 81940 "-" "Mozilla/5.0 (Macintosh; Intel Mac OS X 10_15_7; rv:149.0) Gecko/20100101 Firefox/149.0"
196.51.187.235 - - [22/Apr/2026:11:39:09 -0700] "GET /contact/ HTTP/1.1" 200 88926 "-" "Mozilla/5.0 (X11; Linux x86_64) AppleWebKit/537.36 (KHTML, like Gecko) Chrome/114.0.0.0 Safari/537.36"
196.51.187.235 - - [22/Apr/2026:11:39:13 -0700] "POST /contact/ HTTP/1.1" 200 413 "https://rufusreid.com/contact/" "Mozilla/5.0 (X11; Linux x86_64) AppleWebKit/537.36 (KHTML, like Gecko) Chrome/114.0.0.0 Safari/537.36"
57.141.0.55 - - [22/Apr/2026:11:39:19 -0700] "GET /event/rufus-reid-guest-artist-vancouver-island-university/?loknya=/lib/python3.12 HTTP/1.1" 429 17 "-" "meta-externalagent/1.1 (+https://developers.facebook.com/docs/sharing/webmasters/crawler)"
57.141.0.51 - - [22/Apr/2026:11:39:26 -0700] "GET /event/rufus-reid-guest-artist-vancouver-island-university/?loknya=/home/jamadie HTTP/1.1" 429 17 "-" "meta-externalagent/1.1 (+https://developers.facebook.com/docs/sharing/webmasters/crawler)"
57.141.0.68 - - [22/Apr/2026:11:39:28 -0700] "GET /event/rufus-reid-guest-artist-vancouver-island-university/?loknya=/home/aabdulla HTTP/1.1" 429 17 "-" "meta-externalagent/1.1 (+https://developers.facebook.com/docs/sharing/webmasters/crawler)"
57.141.0.24 - - [22/Apr/2026:11:39:36 -0700] "GET /event/rufus-reid-guest-artist-vancouver-island-university/?loknya=/home/esander HTTP/1.1" 429 17 "-" "meta-externalagent/1.1 (+https://developers.facebook.com/docs/sharing/webmasters/crawler)"
74.7.227.10 - - [22/Apr/2026:11:39:38 -0700] "GET /?lokasie=/lib64/libcord.so.1&loknya=/lib64 HTTP/1.1" 301 - "https://rufusreid.com/?loknya=/lib64" "Mozilla/5.0 AppleWebKit/537.36 (KHTML, like Gecko; compatible; GPTBot/1.3; +https://openai.com/gptbot)"
74.7.227.10 - - [22/Apr/2026:11:39:39 -0700] "GET /?lokasie=%2Flib64%2Flibcord.so.1&loknya=%2Flib64 HTTP/1.1" 429 17 "https://rufusreid.com/?lokasie=/lib64/libcord.so.1&loknya=/lib64" "Mozilla/5.0 AppleWebKit/537.36 (KHTML, like Gecko; compatible; GPTBot/1.3; +https://openai.com/gptbot)"
57.141.0.15 - - [22/Apr/2026:11:39:49 -0700] "GET /event/rufus-reid-guest-artist-vancouver-island-university/?loknya=/lib/.build-id HTTP/1.1" 429 17 "-" "meta-externalagent/1.1 (+https://developers.facebook.com/docs/sharing/webmasters/crawler)"
43.130.131.18 - - [22/Apr/2026:11:39:50 -0700] "GET /about/composer HTTP/1.1" 301 - "-" "Mozilla/5.0 (iPhone; CPU iPhone OS 13_2_3 like Mac OS X) AppleWebKit/605.1.15 (KHTML, like Gecko) Version/13.0.3 Mobile/15E148 Safari/604.1"
43.130.131.18 - - [22/Apr/2026:11:39:54 -0700] "GET /about/composer/ HTTP/1.1" 200 80183 "https://rufusreid.com/about/composer" "Mozilla/5.0 (iPhone; CPU iPhone OS 13_2_3 like Mac OS X) AppleWebKit/605.1.15 (KHTML, like Gecko) Version/13.0.3 Mobile/15E148 Safari/604.1"
57.141.0.63 - - [22/Apr/2026:11:40:02 -0700] "GET /event/rufus-reid-guest-artist-vancouver-island-university/?loknya=/home/rreid/public_html/cgi-bin HTTP/1.1" 429 17 "-" "meta-externalagent/1.1 (+https://developers.facebook.com/docs/sharing/webmasters/crawler)"
57.141.0.39 - - [22/Apr/2026:11:40:03 -0700] "GET /event/rufus-reid-guest-artist-vancouver-island-university/?loknya=/home/lmagnes HTTP/1.1" 429 17 "-" "meta-externalagent/1.1 (+https://developers.facebook.com/docs/sharing/webmasters/crawler)"
57.141.0.45 - - [22/Apr/2026:11:40:05 -0700] "GET /event/rufus-reid-guest-artist-vancouver-island-university/?loknya=/lib/imh-scan HTTP/1.1" 429 17 "-" "meta-externalagent/1.1 (+https://developers.facebook.com/docs/sharing/webmasters/crawler)"
57.141.0.14 - - [22/Apr/2026:11:40:28 -0700] "GET /event/rufus-reid-guest-artist-vancouver-island-university/?loknya=/home/kbarron HTTP/1.1" 429 17 "-" "meta-externalagent/1.1 (+https://developers.facebook.com/docs/sharing/webmasters/crawler)"
216.73.216.166 - - [22/Apr/2026:11:40:35 -0700] "GET /robots.txt HTTP/1.1" 200 31 "-" "Mozilla/5.0 AppleWebKit/537.36 (KHTML, like Gecko; compatible; ClaudeBot/1.0; +claudebot@anthropic.com)"
216.73.216.166 - - [22/Apr/2026:11:40:35 -0700] "GET /music/terrestrial-dance/?loknya=%2Fboot HTTP/1.1" 200 83495 "-" "Mozilla/5.0 AppleWebKit/537.36 (KHTML, like Gecko; compatible; ClaudeBot/1.0; +claudebot@anthropic.com)"
74.7.227.10 - - [22/Apr/2026:11:40:39 -0700] "GET /?lokasie=/lib64/libgomp.so.1&loknya=/lib64 HTTP/1.1" 301 - "https://rufusreid.com/?loknya=/lib64" "Mozilla/5.0 AppleWebKit/537.36 (KHTML, like Gecko; compatible; GPTBot/1.3; +https://openai.com/gptbot)"
74.7.227.10 - - [22/Apr/2026:11:40:40 -0700] "GET /?lokasie=%2Flib64%2Flibgomp.so.1&loknya=%2Flib64 HTTP/1.1" 429 17 "https://rufusreid.com/?lokasie=/lib64/libgomp.so.1&loknya=/lib64" "Mozilla/5.0 AppleWebKit/537.36 (KHTML, like Gecko; compatible; GPTBot/1.3; +https://openai.com/gptbot)"
57.141.0.37 - - [22/Apr/2026:11:41:07 -0700] "GET /event/rufus-reid-guest-artist-vancouver-island-university/?lokasie=/home/rreid/public_html/.htaccess.bak_EA4_PHP_all_5&loknya=/home/rreid/public_html HTTP/1.1" 429 17 "-" "meta-externalagent/1.1 (+https://developers.facebook.com/docs/sharing/webmasters/crawler)"
216.73.216.166 - - [22/Apr/2026:11:41:08 -0700] "GET /music/terrestrial-dance/?loknya=%2Flib HTTP/1.1" 200 95321 "-" "Mozilla/5.0 AppleWebKit/537.36 (KHTML, like Gecko; compatible; ClaudeBot/1.0; +claudebot@anthropic.com)"
216.73.216.166 - - [22/Apr/2026:11:41:38 -0700] "GET /music/terrestrial-dance/?loknya=%2Fvar HTTP/1.1" 200 78697 "-" "Mozilla/5.0 AppleWebKit/537.36 (KHTML, like Gecko; compatible; ClaudeBot/1.0; +claudebot@anthropic.com)"
57.141.0.65 - - [22/Apr/2026:11:41:41 -0700] "GET /event/rufus-reid-guest-artist-vancouver-island-university/?loknya=/home/bwatson HTTP/1.1" 429 17 "-" "meta-externalagent/1.1 (+https://developers.facebook.com/docs/sharing/webmasters/crawler)"
74.7.227.10 - - [22/Apr/2026:11:41:45 -0700] "GET /?lokasie=/lib64/libverto.so&loknya=/lib64 HTTP/1.1" 301 - "https://rufusreid.com/?loknya=/lib64" "Mozilla/5.0 AppleWebKit/537.36 (KHTML, like Gecko; compatible; GPTBot/1.3; +https://openai.com/gptbot)"
74.7.227.10 - - [22/Apr/2026:11:41:46 -0700] "GET /?lokasie=%2Flib64%2Flibverto.so&loknya=%2Flib64 HTTP/1.1" 200 54446 "https://rufusreid.com/?lokasie=/lib64/libverto.so&loknya=/lib64" "Mozilla/5.0 AppleWebKit/537.36 (KHTML, like Gecko; compatible; GPTBot/1.3; +https://openai.com/gptbot)"
216.73.216.166 - - [22/Apr/2026:11:42:08 -0700] "GET /music/terrestrial-dance/?loknya=%2Frun HTTP/1.1" 200 202706 "-" "Mozilla/5.0 AppleWebKit/537.36 (KHTML, like Gecko; compatible; ClaudeBot/1.0; +claudebot@anthropic.com)"
57.141.0.44 - - [22/Apr/2026:11:42:19 -0700] "GET /event/rufus-reid-guest-artist-vancouver-island-university/?lokasie=/home/backup-7.29.2024_11-57-34_ckorman.tar.gz&loknya=/home HTTP/1.1" 429 17 "-" "meta-externalagent/1.1 (+https://developers.facebook.com/docs/sharing/webmasters/crawler)"
216.73.216.166 - - [22/Apr/2026:11:42:23 -0700] "GET /music/terrestrial-dance/?loknya=%2Fhome%2F.cpan HTTP/1.1" 200 55986 "-" "Mozilla/5.0 AppleWebKit/537.36 (KHTML, like Gecko; compatible; ClaudeBot/1.0; +claudebot@anthropic.com)"
97.82.255.17 - - [22/Apr/2026:11:42:42 -0700] "GET /about/composer/ HTTP/1.1" 200 80182 "-" "Mozilla/5.0 (iPhone; CPU iPhone OS 26_3_1 like Mac OS X) AppleWebKit/605.1.15 (KHTML, like Gecko) CriOS/147.0.7727.99 Mobile/15E148 Safari/604.1"
97.82.255.17 - - [22/Apr/2026:11:42:43 -0700] "GET /cms22/wp-content/themes/jazzcorner/style.css?ver=1776883362 HTTP/1.1" 200 831 "https://rufusreid.com/about/composer/" "Mozilla/5.0 (iPhone; CPU iPhone OS 26_3_1 like Mac OS X) AppleWebKit/605.1.15 (KHTML, like Gecko) CriOS/147.0.7727.99 Mobile/15E148 Safari/604.1"
97.82.255.17 - - [22/Apr/2026:11:42:43 -0700] "GET /cms22/wp-includes/js/wp-emoji-release.min.js?ver=6.0.11 HTTP/1.1" 200 18617 "https://rufusreid.com/about/composer/" "Mozilla/5.0 (iPhone; CPU iPhone OS 26_3_1 like Mac OS X) AppleWebKit/605.1.15 (KHTML, like Gecko) CriOS/147.0.7727.99 Mobile/15E148 Safari/604.1"
97.82.255.17 - - [22/Apr/2026:11:42:43 -0700] "GET /cms22/wp-includes/css/dist/block-library/style.min.css?ver=6.0.11 HTTP/1.1" 200 88932 "https://rufusreid.com/about/composer/" "Mozilla/5.0 (iPhone; CPU iPhone OS 26_3_1 like Mac OS X) AppleWebKit/605.1.15 (KHTML, like Gecko) CriOS/147.0.7727.99 Mobile/15E148 Safari/604.1"
97.82.255.17 - - [22/Apr/2026:11:42:43 -0700] "GET /cms22/wp-content/themes/jazzcorner/dist/css/theme.min.css?ver=1776883362 HTTP/1.1" 200 239580 "https://rufusreid.com/about/composer/" "Mozilla/5.0 (iPhone; CPU iPhone OS 26_3_1 like Mac OS X) AppleWebKit/605.1.15 (KHTML, like Gecko) CriOS/147.0.7727.99 Mobile/15E148 Safari/604.1"
97.82.255.17 - - [22/Apr/2026:11:42:43 -0700] "GET /cms22/wp-content/plugins/responsive-lightbox/assets/magnific/magnific-popup.min.css?ver=2.4.3 HTTP/1.1" 200 5329 "https://rufusreid.com/about/composer/" "Mozilla/5.0 (iPhone; CPU iPhone OS 26_3_1 like Mac OS X) AppleWebKit/605.1.15 (KHTML, like Gecko) CriOS/147.0.7727.99 Mobile/15E148 Safari/604.1"
97.82.255.17 - - [22/Apr/2026:11:42:43 -0700] "GET /cms22/wp-content/plugins/easy-digital-downloads/includes/blocks/build/checkout/style-index.css?ver=2.0.0 HTTP/1.1" 200 8129 "https://rufusreid.com/about/composer/" "Mozilla/5.0 (iPhone; CPU iPhone OS 26_3_1 like Mac OS X) AppleWebKit/605.1.15 (KHTML, like Gecko) CriOS/147.0.7727.99 Mobile/15E148 Safari/604.1"
97.82.255.17 - - [22/Apr/2026:11:42:43 -0700] "GET /cms22/wp-content/plugins/easy-digital-downloads/assets/css/edd.min.css?ver=3.1.0.7 HTTP/1.1" 200 19185 "https://rufusreid.com/about/composer/" "Mozilla/5.0 (iPhone; CPU iPhone OS 26_3_1 like Mac OS X) AppleWebKit/605.1.15 (KHTML, like Gecko) CriOS/147.0.7727.99 Mobile/15E148 Safari/604.1"
97.82.255.17 - - [22/Apr/2026:11:42:43 -0700] "GET /cms22/wp-content/plugins/youtube-embed-plus/styles/ytprefs.min.css?ver=14.1.4.1 HTTP/1.1" 200 8320 "https://rufusreid.com/about/composer/" "Mozilla/5.0 (iPhone; CPU iPhone OS 26_3_1 like Mac OS X) AppleWebKit/605.1.15 (KHTML, like Gecko) CriOS/147.0.7727.99 Mobile/15E148 Safari/604.1"
97.82.255.17 - - [22/Apr/2026:11:42:43 -0700] "GET /cms22/wp-includes/js/jquery/jquery.min.js?ver=3.6.0 HTTP/1.1" 200 89521 "https://rufusreid.com/about/composer/" "Mozilla/5.0 (iPhone; CPU iPhone OS 26_3_1 like Mac OS X) AppleWebKit/605.1.15 (KHTML, like Gecko) CriOS/147.0.7727.99 Mobile/15E148 Safari/604.1"
97.82.255.17 - - [22/Apr/2026:11:42:43 -0700] "GET /cms22/wp-includes/js/jquery/jquery-migrate.min.js?ver=3.3.2 HTTP/1.1" 200 11224 "https://rufusreid.com/about/composer/" "Mozilla/5.0 (iPhone; CPU iPhone OS 26_3_1 like Mac OS X) AppleWebKit/605.1.15 (KHTML, like Gecko) CriOS/147.0.7727.99 Mobile/15E148 Safari/604.1"
97.82.255.17 - - [22/Apr/2026:11:42:43 -0700] "GET /cms22/wp-content/plugins/responsive-lightbox/assets/magnific/jquery.magnific-popup.min.js?ver=2.4.3 HTTP/1.1" 200 19933 "https://rufusreid.com/about/composer/" "Mozilla/5.0 (iPhone; CPU iPhone OS 26_3_1 like Mac OS X) AppleWebKit/605.1.15 (KHTML, like Gecko) CriOS/147.0.7727.99 Mobile/15E148 Safari/604.1"
97.82.255.17 - - [22/Apr/2026:11:42:43 -0700] "GET /cms22/wp-includes/js/underscore.min.js?ver=1.13.3 HTTP/1.1" 200 18911 "https://rufusreid.com/about/composer/" "Mozilla/5.0 (iPhone; CPU iPhone OS 26_3_1 like Mac OS X) AppleWebKit/605.1.15 (KHTML, like Gecko) CriOS/147.0.7727.99 Mobile/15E148 Safari/604.1"
97.82.255.17 - - [22/Apr/2026:11:42:43 -0700] "GET /cms22/wp-content/plugins/responsive-lightbox/assets/infinitescroll/infinite-scroll.pkgd.min.js?ver=6.0.11 HTTP/1.1" 200 22555 "https://rufusreid.com/about/composer/" "Mozilla/5.0 (iPhone; CPU iPhone OS 26_3_1 like Mac OS X) AppleWebKit/605.1.15 (KHTML, like Gecko) CriOS/147.0.7727.99 Mobile/15E148 Safari/604.1"
97.82.255.17 - - [22/Apr/2026:11:42:43 -0700] "GET /cms22/wp-content/plugins/responsive-lightbox/js/front.js?ver=2.4.3 HTTP/1.1" 200 28714 "https://rufusreid.com/about/composer/" "Mozilla/5.0 (iPhone; CPU iPhone OS 26_3_1 like Mac OS X) AppleWebKit/605.1.15 (KHTML, like Gecko) CriOS/147.0.7727.99 Mobile/15E148 Safari/604.1"
97.82.255.17 - - [22/Apr/2026:11:42:43 -0700] "GET /cms22/wp-content/themes/jazzcorner/js/skip-link-focus-fix.js?ver=1776883362 HTTP/1.1" 200 685 "https://rufusreid.com/about/composer/" "Mozilla/5.0 (iPhone; CPU iPhone OS 26_3_1 like Mac OS X) AppleWebKit/605.1.15 (KHTML, like Gecko) CriOS/147.0.7727.99 Mobile/15E148 Safari/604.1"
97.82.255.17 - - [22/Apr/2026:11:42:43 -0700] "GET /cms22/wp-content/themes/jazzcorner/dist/js/theme.min.js?ver=1776883362 HTTP/1.1" 200 17573 "https://rufusreid.com/about/composer/" "Mozilla/5.0 (iPhone; CPU iPhone OS 26_3_1 like Mac OS X) AppleWebKit/605.1.15 (KHTML, like Gecko) CriOS/147.0.7727.99 Mobile/15E148 Safari/604.1"
97.82.255.17 - - [22/Apr/2026:11:42:43 -0700] "GET /cms22/wp-content/plugins/youtube-embed-plus/scripts/ytprefs.min.js?ver=14.1.4.1 HTTP/1.1" 200 13817 "https://rufusreid.com/about/composer/" "Mozilla/5.0 (iPhone; CPU iPhone OS 26_3_1 like Mac OS X) AppleWebKit/605.1.15 (KHTML, like Gecko) CriOS/147.0.7727.99 Mobile/15E148 Safari/604.1"
97.82.255.17 - - [22/Apr/2026:11:42:43 -0700] "GET /cms22/wp-content/uploads/2023/10/6Q5A6273_crop.jpg HTTP/1.1" 200 156595 "https://rufusreid.com/about/composer/" "Mozilla/5.0 (iPhone; CPU iPhone OS 26_3_1 like Mac OS X) AppleWebKit/605.1.15 (KHTML, like Gecko) CriOS/147.0.7727.99 Mobile/15E148 Safari/604.1"
97.82.255.17 - - [22/Apr/2026:11:42:44 -0700] "GET /cms22/wp-content/uploads/2017/12/cropped-favicon-300x300.jpg HTTP/1.1" 200 5606 "-" "Mozilla/5.0 (iPhone; CPU iPhone OS 26_3_1 like Mac OS X) AppleWebKit/605.1.15 (KHTML, like Gecko) CriOS/147.0.7727.99 Mobile/15E148 Safari/604.1"
97.82.255.17 - - [22/Apr/2026:11:42:44 -0700] "GET /cms22/wp-content/uploads/2017/12/cropped-favicon-150x150.jpg HTTP/1.1" 200 2916 "-" "Mozilla/5.0 (iPhone; CPU iPhone OS 26_3_1 like Mac OS X) AppleWebKit/605.1.15 (KHTML, like Gecko) CriOS/147.0.7727.99 Mobile/15E148 Safari/604.1"
57.141.0.41 - - [22/Apr/2026:11:42:44 -0700] "GET /event/rufus-reid-guest-artist-vancouver-island-university/?loknya=/lib/gcc HTTP/1.1" 429 17 "-" "meta-externalagent/1.1 (+https://developers.facebook.com/docs/sharing/webmasters/crawler)"
216.73.216.166 - - [22/Apr/2026:11:42:45 -0700] "GET /music/terrestrial-dance/?loknya=%2Fhome%2Flhartman HTTP/1.1" 200 52696 "-" "Mozilla/5.0 AppleWebKit/537.36 (KHTML, like Gecko; compatible; ClaudeBot/1.0; +claudebot@anthropic.com)"
74.7.227.10 - - [22/Apr/2026:11:42:49 -0700] "GET /?lokasie=/lib64/libmenuw.so&loknya=/lib64 HTTP/1.1" 301 - "https://rufusreid.com/?loknya=/lib64" "Mozilla/5.0 AppleWebKit/537.36 (KHTML, like Gecko; compatible; GPTBot/1.3; +https://openai.com/gptbot)"
74.7.227.10 - - [22/Apr/2026:11:42:50 -0700] "GET /?lokasie=%2Flib64%2Flibmenuw.so&loknya=%2Flib64 HTTP/1.1" 200 54446 "https://rufusreid.com/?lokasie=/lib64/libmenuw.so&loknya=/lib64" "Mozilla/5.0 AppleWebKit/537.36 (KHTML, like Gecko; compatible; GPTBot/1.3; +https://openai.com/gptbot)"
78.47.98.55 - - [22/Apr/2026:11:42:54 -0700] "HEAD / HTTP/1.1" 200 - "http://rufusreid.com" "Mozilla/5.0+(compatible; UptimeRobot/2.0; http://www.uptimerobot.com/)"
57.141.0.45 - - [22/Apr/2026:11:43:09 -0700] "GET /event/rufus-reid-guest-artist-vancouver-island-university/?loknya=/lib64 HTTP/1.1" 429 17 "-" "meta-externalagent/1.1 (+https://developers.facebook.com/docs/sharing/webmasters/crawler)"
216.73.216.166 - - [22/Apr/2026:11:43:15 -0700] "GET /music/terrestrial-dance/?loknya=%2Fhome%2Frreid HTTP/1.1" 200 107645 "-" "Mozilla/5.0 AppleWebKit/537.36 (KHTML, like Gecko; compatible; ClaudeBot/1.0; +claudebot@anthropic.com)"
57.141.0.31 - - [22/Apr/2026:11:43:40 -0700] "GET /event/rufus-reid-guest-artist-vancouver-island-university/?lokasie=/home/rreid/public_html/under_construction.html&loknya=/home/rreid/public_html HTTP/1.1" 429 17 "-" "meta-externalagent/1.1 (+https://developers.facebook.com/docs/sharing/webmasters/crawler)"
57.141.0.54 - - [22/Apr/2026:11:43:44 -0700] "GET /event/rufus-reid-guest-artist-vancouver-island-university/?loknya=/home/cpasin HTTP/1.1" 429 17 "-" "meta-externalagent/1.1 (+https://developers.facebook.com/docs/sharing/webmasters/crawler)"
216.73.216.166 - - [22/Apr/2026:11:43:45 -0700] "GET /music/terrestrial-dance/?loknya=%2Fhome%2Frreid%2Fpublic_html%2Fcms22 HTTP/1.1" 200 86648 "-" "Mozilla/5.0 AppleWebKit/537.36 (KHTML, like Gecko; compatible; ClaudeBot/1.0; +claudebot@anthropic.com)"
57.141.0.34 - - [22/Apr/2026:11:43:47 -0700] "GET /event/rufus-reid-guest-artist-vancouver-island-university/?loknya=/opt HTTP/1.1" 429 17 "-" "meta-externalagent/1.1 (+https://developers.facebook.com/docs/sharing/webmasters/crawler)"
74.7.227.10 - - [22/Apr/2026:11:43:47 -0700] "GET /?lokasie=/lib64/libipt.so.1&loknya=/lib64 HTTP/1.1" 301 - "https://rufusreid.com/?loknya=/lib64" "Mozilla/5.0 AppleWebKit/537.36 (KHTML, like Gecko; compatible; GPTBot/1.3; +https://openai.com/gptbot)"
74.7.227.10 - - [22/Apr/2026:11:43:48 -0700] "GET /?lokasie=%2Flib64%2Flibipt.so.1&loknya=%2Flib64 HTTP/1.1" 200 54446 "https://rufusreid.com/?lokasie=/lib64/libipt.so.1&loknya=/lib64" "Mozilla/5.0 AppleWebKit/537.36 (KHTML, like Gecko; compatible; GPTBot/1.3; +https://openai.com/gptbot)"
57.141.0.19 - - [22/Apr/2026:11:43:57 -0700] "GET /event/rufus-reid-guest-artist-vancouver-island-university/?loknya=/home/ahart HTTP/1.1" 429 17 "-" "meta-externalagent/1.1 (+https://developers.facebook.com/docs/sharing/webmasters/crawler)"
216.73.216.166 - - [22/Apr/2026:11:44:08 -0700] "GET /music/terrestrial-dance/?loknya=%2Fhome%2Fnagios HTTP/1.1" 200 52688 "-" "Mozilla/5.0 AppleWebKit/537.36 (KHTML, like Gecko; compatible; ClaudeBot/1.0; +claudebot@anthropic.com)"
216.73.216.166 - - [22/Apr/2026:11:44:18 -0700] "GET /music/terrestrial-dance/?loknya=%2Fhome%2Fna8eb76 HTTP/1.1" 200 52692 "-" "Mozilla/5.0 AppleWebKit/537.36 (KHTML, like Gecko; compatible; ClaudeBot/1.0; +claudebot@anthropic.com)"
74.7.227.10 - - [22/Apr/2026:11:44:37 -0700] "GET /?lokasie=/lib64/libtdb.so.1&loknya=/lib64 HTTP/1.1" 301 - "https://rufusreid.com/?loknya=/lib64" "Mozilla/5.0 AppleWebKit/537.36 (KHTML, like Gecko; compatible; GPTBot/1.3; +https://openai.com/gptbot)"
74.7.227.10 - - [22/Apr/2026:11:44:38 -0700] "GET /?lokasie=%2Flib64%2Flibtdb.so.1&loknya=%2Flib64 HTTP/1.1" 429 17 "https://rufusreid.com/?lokasie=/lib64/libtdb.so.1&loknya=/lib64" "Mozilla/5.0 AppleWebKit/537.36 (KHTML, like Gecko; compatible; GPTBot/1.3; +https://openai.com/gptbot)"
65.111.9.208 - - [22/Apr/2026:11:44:39 -0700] "GET /2019/01/rufus-in-melbourne-au/ HTTP/1.1" 200 81119 "-" "Mozilla/5.0 (compatible; Googlebot/2.1; +http://www.google.com/bot.html)"
216.73.216.166 - - [22/Apr/2026:11:44:41 -0700] "GET /music/terrestrial-dance/?loknya=%2Fhome%2Feyamin HTTP/1.1" 200 52688 "-" "Mozilla/5.0 AppleWebKit/537.36 (KHTML, like Gecko; compatible; ClaudeBot/1.0; +claudebot@anthropic.com)"
57.141.0.55 - - [22/Apr/2026:11:44:45 -0700] "GET /event/rufus-reid-guest-artist-vancouver-island-university/?loknya=/home/lyork HTTP/1.1" 429 17 "-" "meta-externalagent/1.1 (+https://developers.facebook.com/docs/sharing/webmasters/crawler)"
57.141.0.12 - - [22/Apr/2026:11:44:51 -0700] "GET /event/rufus-reid-guest-artist-vancouver-island-university/?loknya=/home/rreid/public_html/.well-known HTTP/1.1" 429 17 "-" "meta-externalagent/1.1 (+https://developers.facebook.com/docs/sharing/webmasters/crawler)"
57.141.0.26 - - [22/Apr/2026:11:44:56 -0700] "GET /event/rufus-reid-guest-artist-vancouver-island-university/?loknya=/home/medelman HTTP/1.1" 429 17 "-" "meta-externalagent/1.1 (+https://developers.facebook.com/docs/sharing/webmasters/crawler)"
57.141.0.39 - - [22/Apr/2026:11:45:03 -0700] "GET /event/rufus-reid-guest-artist-vancouver-island-university/?loknya=/lib/ HTTP/1.1" 429 17 "-" "meta-externalagent/1.1 (+https://developers.facebook.com/docs/sharing/webmasters/crawler)"
57.141.0.6 - - [22/Apr/2026:11:45:04 -0700] "GET /event/rufus-reid-guest-artist-vancouver-island-university/?lokasie=//.autorelabel&loknya=/ HTTP/1.1" 429 17 "-" "meta-externalagent/1.1 (+https://developers.facebook.com/docs/sharing/webmasters/crawler)"
216.73.216.166 - - [22/Apr/2026:11:45:11 -0700] "GET /music/terrestrial-dance/?loknya=%2Fhome%2Fmedelman HTTP/1.1" 200 52696 "-" "Mozilla/5.0 AppleWebKit/537.36 (KHTML, like Gecko; compatible; ClaudeBot/1.0; +claudebot@anthropic.com)"
74.7.227.10 - - [22/Apr/2026:11:45:23 -0700] "GET /?lokasie=/lib64/libgdbm.so.6&loknya=/lib64 HTTP/1.1" 301 - "https://rufusreid.com/?loknya=/lib64" "Mozilla/5.0 AppleWebKit/537.36 (KHTML, like Gecko; compatible; GPTBot/1.3; +https://openai.com/gptbot)"
74.7.227.10 - - [22/Apr/2026:11:45:24 -0700] "GET /?lokasie=%2Flib64%2Flibgdbm.so.6&loknya=%2Flib64 HTTP/1.1" 429 17 "https://rufusreid.com/?lokasie=/lib64/libgdbm.so.6&loknya=/lib64" "Mozilla/5.0 AppleWebKit/537.36 (KHTML, like Gecko; compatible; GPTBot/1.3; +https://openai.com/gptbot)"
216.73.216.166 - - [22/Apr/2026:11:45:42 -0700] "GET /music/terrestrial-dance/?loknya=%2Fhome%2Fbsanabri HTTP/1.1" 200 52696 "-" "Mozilla/5.0 AppleWebKit/537.36 (KHTML, like Gecko; compatible; ClaudeBot/1.0; +claudebot@anthropic.com)"
57.141.0.35 - - [22/Apr/2026:11:46:11 -0700] "GET /event/rufus-reid-guest-artist-vancouver-island-university/?loknya=/home/na8eb76 HTTP/1.1" 429 17 "-" "meta-externalagent/1.1 (+https://developers.facebook.com/docs/sharing/webmasters/crawler)"
216.73.216.166 - - [22/Apr/2026:11:46:12 -0700] "GET /music/terrestrial-dance/?loknya=%2Fhome%2Ffingernailmoon HTTP/1.1" 200 52720 "-" "Mozilla/5.0 AppleWebKit/537.36 (KHTML, like Gecko; compatible; ClaudeBot/1.0; +claudebot@anthropic.com)"
74.7.227.10 - - [22/Apr/2026:11:46:25 -0700] "GET /?lokasie=/lib64/libcdt.so.5&loknya=/lib64 HTTP/1.1" 301 - "https://rufusreid.com/?loknya=/lib64" "Mozilla/5.0 AppleWebKit/537.36 (KHTML, like Gecko; compatible; GPTBot/1.3; +https://openai.com/gptbot)"
74.7.227.10 - - [22/Apr/2026:11:46:26 -0700] "GET /?lokasie=%2Flib64%2Flibcdt.so.5&loknya=%2Flib64 HTTP/1.1" 429 17 "https://rufusreid.com/?lokasie=/lib64/libcdt.so.5&loknya=/lib64" "Mozilla/5.0 AppleWebKit/537.36 (KHTML, like Gecko; compatible; GPTBot/1.3; +https://openai.com/gptbot)"
194.187.171.159 - - [22/Apr/2026:11:46:26 -0700] "GET /music HTTP/1.1" 301 - "-" "Mozilla/5.0 (compatible; Qwantbot/1.0_3400217; +https://help.qwant.com/bot/)"
194.187.171.159 - - [22/Apr/2026:11:46:27 -0700] "GET /music/ HTTP/1.1" 200 131971 "https://rufusreid.com/music" "Mozilla/5.0 (compatible; Qwantbot/1.0_3400217; +https://help.qwant.com/bot/)"
216.73.216.166 - - [22/Apr/2026:11:46:42 -0700] "GET /music/terrestrial-dance/?loknya=%2Fhome%2Fcpasin HTTP/1.1" 200 52688 "-" "Mozilla/5.0 AppleWebKit/537.36 (KHTML, like Gecko; compatible; ClaudeBot/1.0; +claudebot@anthropic.com)"
216.73.216.166 - - [22/Apr/2026:11:47:12 -0700] "GET /music/terrestrial-dance/?loknya=%2Fhome%2Fbass HTTP/1.1" 200 52680 "-" "Mozilla/5.0 AppleWebKit/537.36 (KHTML, like Gecko; compatible; ClaudeBot/1.0; +claudebot@anthropic.com)"
57.141.0.2 - - [22/Apr/2026:11:47:17 -0700] "GET /event/rufus-reid-guest-artist-vancouver-island-university/?loknya=/home/jslrecord HTTP/1.1" 429 17 "-" "meta-externalagent/1.1 (+https://developers.facebook.com/docs/sharing/webmasters/crawler)"
74.7.227.10 - - [22/Apr/2026:11:47:29 -0700] "GET /?lokasie=/lib64/libuuid.so.1&loknya=/lib64 HTTP/1.1" 301 - "https://rufusreid.com/?loknya=/lib64" "Mozilla/5.0 AppleWebKit/537.36 (KHTML, like Gecko; compatible; GPTBot/1.3; +https://openai.com/gptbot)"
74.7.227.10 - - [22/Apr/2026:11:47:29 -0700] "GET /?lokasie=%2Flib64%2Flibuuid.so.1&loknya=%2Flib64 HTTP/1.1" 429 17 "https://rufusreid.com/?lokasie=/lib64/libuuid.so.1&loknya=/lib64" "Mozilla/5.0 AppleWebKit/537.36 (KHTML, like Gecko; compatible; GPTBot/1.3; +https://openai.com/gptbot)"
216.73.216.166 - - [22/Apr/2026:11:47:42 -0700] "GET /music/terrestrial-dance/?loknya=%2Fhome%2Fggates HTTP/1.1" 200 52688 "-" "Mozilla/5.0 AppleWebKit/537.36 (KHTML, like Gecko; compatible; ClaudeBot/1.0; +claudebot@anthropic.com)"
109.166.41.134 - - [22/Apr/2026:11:47:42 -0700] "GET / HTTP/1.1" 301 - "-" "Mozilla/5.0 (Windows NT 10.0; Win64; x64) AppleWebKit/537.36 (KHTML, like Gecko) Chrome/145.0.0.0 Safari/537.36"
49.13.167.123 - - [22/Apr/2026:11:48:00 -0700] "HEAD / HTTP/1.1" 200 - "http://rufusreid.com" "Mozilla/5.0+(compatible; UptimeRobot/2.0; http://www.uptimerobot.com/)"
51.89.12.179 - - [22/Apr/2026:11:48:01 -0700] "GET /?wmo_hc=k7Hx9mQp2wRt HTTP/1.1" 200 84857 "-" "Mozilla/5.0 (Macintosh; Intel Mac OS X 10_15_7) AppleWebKit/537.36 (KHTML, like Gecko) Chrome/147.0.0.0 Safari/537.36"
216.73.216.166 - - [22/Apr/2026:11:48:06 -0700] "GET /music/terrestrial-dance/?lokasie=%2Fhome%2Frreid%2Fpublic_html%2Fdownloads%2Fsmallray.jpg&loknya=%2Fhome%2Frreid%2Fpublic_html%2Fdownloads HTTP/1.1" 200 51755 "-" "Mozilla/5.0 AppleWebKit/537.36 (KHTML, like Gecko; compatible; ClaudeBot/1.0; +claudebot@anthropic.com)"
57.141.0.16 - - [22/Apr/2026:11:48:24 -0700] "GET /event/rufus-reid-guest-artist-vancouver-island-university/?loknya=/lib/python2.7 HTTP/1.1" 429 17 "-" "meta-externalagent/1.1 (+https://developers.facebook.com/docs/sharing/webmasters/crawler)"
216.73.216.166 - - [22/Apr/2026:11:48:31 -0700] "GET /music/terrestrial-dance/?lokasie=%2Fhome%2Frreid%2Fpublic_html%2Fdownloads%2Fsmallcelestial.jpg&loknya=%2Fhome%2Frreid%2Fpublic_html%2Fdownloads HTTP/1.1" 200 51761 "-" "Mozilla/5.0 AppleWebKit/537.36 (KHTML, like Gecko; compatible; ClaudeBot/1.0; +claudebot@anthropic.com)"
74.7.227.10 - - [22/Apr/2026:11:48:34 -0700] "GET /?lokasie=/lib64/libtinfo.so.6&loknya=/lib64 HTTP/1.1" 301 - "https://rufusreid.com/?loknya=/lib64" "Mozilla/5.0 AppleWebKit/537.36 (KHTML, like Gecko; compatible; GPTBot/1.3; +https://openai.com/gptbot)"
74.7.227.10 - - [22/Apr/2026:11:48:34 -0700] "GET /?lokasie=%2Flib64%2Flibtinfo.so.6&loknya=%2Flib64 HTTP/1.1" 429 17 "https://rufusreid.com/?lokasie=/lib64/libtinfo.so.6&loknya=/lib64" "Mozilla/5.0 AppleWebKit/537.36 (KHTML, like Gecko; compatible; GPTBot/1.3; +https://openai.com/gptbot)"
178.20.47.39 - - [22/Apr/2026:11:48:41 -0700] "GET / HTTP/1.0" 200 84857 "https://rufusreid.com/" "Mozilla/5.0 (Windows NT 10.0; Win64; x64) AppleWebKit/537.36 (KHTML, like Gecko) Chrome/131.0.0.0 Safari/537.36 Avast/131.0.0.0"
43.166.253.58 - - [22/Apr/2026:11:48:43 -0700] "GET /about/educator HTTP/1.1" 301 - "-" "Mozilla/5.0 (iPhone; CPU iPhone OS 13_2_3 like Mac OS X) AppleWebKit/605.1.15 (KHTML, like Gecko) Version/13.0.3 Mobile/15E148 Safari/604.1"
178.20.47.39 - - [22/Apr/2026:11:48:43 -0700] "GET /contact/ HTTP/1.0" 200 88924 "https://rufusreid.com/contact/" "Mozilla/5.0 (Windows NT 10.0; Win64; x64) AppleWebKit/537.36 (KHTML, like Gecko) Chrome/131.0.0.0 Safari/537.36 Avast/131.0.0.0"
178.20.47.39 - - [22/Apr/2026:11:48:45 -0700] "POST /contact/ HTTP/1.0" 200 413 "https://rufusreid.com/contact/" "Mozilla/5.0 (Windows NT 10.0; Win64; x64) AppleWebKit/537.36 (KHTML, like Gecko) Chrome/131.0.0.0 Safari/537.36 Avast/131.0.0.0"
85.214.36.107 - - [22/Apr/2026:11:48:47 -0700] "GET /wp-login.php HTTP/1.1" 302 - "-" "Mozilla/5.0 (Windows NT 6.3; WOW64; Trident/7.0; Touch; MALCJS; rv:11.0) like Gecko"
43.166.253.58 - - [22/Apr/2026:11:48:47 -0700] "GET /about/educator/ HTTP/1.1" 200 80554 "https://rufusreid.com/about/educator" "Mozilla/5.0 (iPhone; CPU iPhone OS 13_2_3 like Mac OS X) AppleWebKit/605.1.15 (KHTML, like Gecko) Version/13.0.3 Mobile/15E148 Safari/604.1"
85.214.36.107 - - [22/Apr/2026:11:48:51 -0700] "GET /cms22/wp-login.php HTTP/1.1" 200 6310 "https://rufusreid.com/wp-login.php" "Mozilla/5.0 (Windows NT 6.3; WOW64; Trident/7.0; Touch; MALCJS; rv:11.0) like Gecko"
85.214.36.107 - - [22/Apr/2026:11:48:56 -0700] "POST /wp-login.php HTTP/1.1" 302 - "https://rufusreid.com/wp-login.php" "Mozilla/5.0 (Windows NT 6.3; WOW64; Trident/7.0; Touch; MALCJS; rv:11.0) like Gecko"
216.73.216.166 - - [22/Apr/2026:11:49:01 -0700] "GET /music/terrestrial-dance/?lokasie=%2Fhome%2Frreid%2Fpublic_html%2Fdownloads%2Fsmallalmost.gif&loknya=%2Fhome%2Frreid%2Fpublic_html%2Fdownloads HTTP/1.1" 200 51758 "-" "Mozilla/5.0 AppleWebKit/537.36 (KHTML, like Gecko; compatible; ClaudeBot/1.0; +claudebot@anthropic.com)"
85.214.36.107 - - [22/Apr/2026:11:49:01 -0700] "GET /cms22/wp-login.php HTTP/1.1" 200 6310 "https://rufusreid.com/wp-login.php" "Mozilla/5.0 (Windows NT 6.3; WOW64; Trident/7.0; Touch; MALCJS; rv:11.0) like Gecko"
216.73.216.166 - - [22/Apr/2026:11:49:15 -0700] "GET /music/terrestrial-dance/?lokasie=%2Fhome%2Fbackup-7.29.2024_11-57-34_bass.tar.gz&loknya=%2Fhome HTTP/1.1" 200 51586 "-" "Mozilla/5.0 AppleWebKit/537.36 (KHTML, like Gecko; compatible; ClaudeBot/1.0; +claudebot@anthropic.com)"
57.141.0.9 - - [22/Apr/2026:11:49:31 -0700] "GET /event/rufus-reid-guest-artist-vancouver-island-university/?loknya=/home/rreid/public_html HTTP/1.1" 429 17 "-" "meta-externalagent/1.1 (+https://developers.facebook.com/docs/sharing/webmasters/crawler)"
74.7.227.10 - - [22/Apr/2026:11:49:38 -0700] "GET /?lokasie=/lib64/libpcp.so.3&loknya=/lib64 HTTP/1.1" 301 - "https://rufusreid.com/?loknya=/lib64" "Mozilla/5.0 AppleWebKit/537.36 (KHTML, like Gecko; compatible; GPTBot/1.3; +https://openai.com/gptbot)"
74.7.227.10 - - [22/Apr/2026:11:49:39 -0700] "GET /?lokasie=%2Flib64%2Flibpcp.so.3&loknya=%2Flib64 HTTP/1.1" 429 17 "https://rufusreid.com/?lokasie=/lib64/libpcp.so.3&loknya=/lib64" "Mozilla/5.0 AppleWebKit/537.36 (KHTML, like Gecko; compatible; GPTBot/1.3; +https://openai.com/gptbot)"
216.73.216.166 - - [22/Apr/2026:11:49:41 -0700] "GET /music/terrestrial-dance/?lokasie=%2Fhome%2Frreid%2Fpublic_html%2Fdownloads%2Fsmallsmailes.gif&loknya=%2Fhome%2Frreid%2Fpublic_html%2Fdownloads HTTP/1.1" 200 51759 "-" "Mozilla/5.0 AppleWebKit/537.36 (KHTML, like Gecko; compatible; ClaudeBot/1.0; +claudebot@anthropic.com)"
57.141.0.39 - - [22/Apr/2026:11:50:37 -0700] "GET /event/rufus-reid-guest-artist-vancouver-island-university/?loknya=/home/dderose HTTP/1.1" 429 17 "-" "meta-externalagent/1.1 (+https://developers.facebook.com/docs/sharing/webmasters/crawler)"
74.7.227.10 - - [22/Apr/2026:11:50:39 -0700] "GET /?lokasie=/lib64/libmnl.so.0&loknya=/lib64 HTTP/1.1" 301 - "https://rufusreid.com/?loknya=/lib64" "Mozilla/5.0 AppleWebKit/537.36 (KHTML, like Gecko; compatible; GPTBot/1.3; +https://openai.com/gptbot)"
74.7.227.10 - - [22/Apr/2026:11:50:40 -0700] "GET /?lokasie=%2Flib64%2Flibmnl.so.0&loknya=%2Flib64 HTTP/1.1" 429 17 "https://rufusreid.com/?lokasie=/lib64/libmnl.so.0&loknya=/lib64" "Mozilla/5.0 AppleWebKit/537.36 (KHTML, like Gecko; compatible; GPTBot/1.3; +https://openai.com/gptbot)"
14.184.42.190 - - [22/Apr/2026:11:50:52 -0700] "GET /event/rufus-reid-melbourne-au/ HTTP/1.1" 200 79261 "-" "Mozilla/5.0 (Windows NT 6.1; WOW64) AppleWebKit/537.36 (KHTML, like Gecko) Chrome/107.0.0.0 Safari/537.36"
57.141.0.44 - - [22/Apr/2026:11:51:44 -0700] "GET /event/rufus-reid-guest-artist-vancouver-island-university/?loknya=/lib/exim HTTP/1.1" 429 17 "-" "meta-externalagent/1.1 (+https://developers.facebook.com/docs/sharing/webmasters/crawler)"
74.7.227.10 - - [22/Apr/2026:11:51:44 -0700] "GET /?lokasie=/lib64/libevent.so&loknya=/lib64 HTTP/1.1" 301 - "https://rufusreid.com/?loknya=/lib64" "Mozilla/5.0 AppleWebKit/537.36 (KHTML, like Gecko; compatible; GPTBot/1.3; +https://openai.com/gptbot)"
74.7.227.10 - - [22/Apr/2026:11:51:45 -0700] "GET /?lokasie=%2Flib64%2Flibevent.so&loknya=%2Flib64 HTTP/1.1" 200 54446 "https://rufusreid.com/?lokasie=/lib64/libevent.so&loknya=/lib64" "Mozilla/5.0 AppleWebKit/537.36 (KHTML, like Gecko; compatible; GPTBot/1.3; +https://openai.com/gptbot)"
178.20.47.39 - - [22/Apr/2026:11:52:33 -0700] "GET / HTTP/1.0" 200 84857 "https://rufusreid.com/" "Mozilla/5.0 (Windows NT 10.0; Win64; x64) AppleWebKit/537.36 (KHTML, like Gecko) Chrome/129.0.0.0 Safari/537.36"
178.20.47.39 - - [22/Apr/2026:11:52:35 -0700] "GET /contact/ HTTP/1.0" 200 88924 "https://rufusreid.com/contact/" "Mozilla/5.0 (Windows NT 10.0; Win64; x64) AppleWebKit/537.36 (KHTML, like Gecko) Chrome/129.0.0.0 Safari/537.36"
178.20.47.39 - - [22/Apr/2026:11:52:37 -0700] "POST /contact/ HTTP/1.0" 200 413 "https://rufusreid.com/contact/" "Mozilla/5.0 (Windows NT 10.0; Win64; x64) AppleWebKit/537.36 (KHTML, like Gecko) Chrome/129.0.0.0 Safari/537.36"
74.7.227.10 - - [22/Apr/2026:11:52:49 -0700] "GET /?lokasie=/lib64/libbpf.so.0&loknya=/lib64 HTTP/1.1" 301 - "https://rufusreid.com/?loknya=/lib64" "Mozilla/5.0 AppleWebKit/537.36 (KHTML, like Gecko; compatible; GPTBot/1.3; +https://openai.com/gptbot)"
57.141.0.63 - - [22/Apr/2026:11:52:50 -0700] "GET /event/rufus-reid-guest-artist-vancouver-island-university/?lokasie=/lib/os-release&loknya=/lib HTTP/1.1" 429 17 "-" "meta-externalagent/1.1 (+https://developers.facebook.com/docs/sharing/webmasters/crawler)"
