74.7.227.10 - - [22/Apr/2026:12:15:29 -0700] "GET /?lokasie=%2Flib64%2Flibcap.so.2&loknya=%2Flib64 HTTP/1.1" 429 17 "https://rufusreid.com/?lokasie=/lib64/libcap.so.2&loknya=/lib64" "Mozilla/5.0 AppleWebKit/537.36 (KHTML, like Gecko; compatible; GPTBot/1.3; +https://openai.com/gptbot)"
216.73.216.166 - - [22/Apr/2026:12:15:48 -0700] "GET /music/yours-and-mine/?loknya=%2Fhome%2Frwhyte HTTP/1.1" 200 53215 "-" "Mozilla/5.0 AppleWebKit/537.36 (KHTML, like Gecko; compatible; ClaudeBot/1.0; +claudebot@anthropic.com)"
216.73.216.166 - - [22/Apr/2026:12:16:03 -0700] "GET /music/yours-and-mine/?loknya=%2Fhome%2Frreid%2Fssl HTTP/1.1" 200 59093 "-" "Mozilla/5.0 AppleWebKit/537.36 (KHTML, like Gecko; compatible; ClaudeBot/1.0; +claudebot@anthropic.com)"
57.141.0.58 - - [22/Apr/2026:12:16:09 -0700] "GET /event/rufus-reid-guest-artist-vancouver-island-university/?lokasie=/lib/firmware/iwlwifi-so-a0-gf-a0-81.ucode&loknya=/lib/firmware HTTP/1.1" 200 48991 "-" "meta-externalagent/1.1 (+https://developers.facebook.com/docs/sharing/webmasters/crawler)"
74.7.227.10 - - [22/Apr/2026:12:16:33 -0700] "GET /?lokasie=/lib64/libfdisk.so.1&loknya=/lib64 HTTP/1.1" 301 - "https://rufusreid.com/?loknya=/lib64" "Mozilla/5.0 AppleWebKit/537.36 (KHTML, like Gecko; compatible; GPTBot/1.3; +https://openai.com/gptbot)"
74.7.227.10 - - [22/Apr/2026:12:16:33 -0700] "GET /?lokasie=%2Flib64%2Flibfdisk.so.1&loknya=%2Flib64 HTTP/1.1" 429 17 "https://rufusreid.com/?lokasie=/lib64/libfdisk.so.1&loknya=/lib64" "Mozilla/5.0 AppleWebKit/537.36 (KHTML, like Gecko; compatible; GPTBot/1.3; +https://openai.com/gptbot)"
216.73.216.166 - - [22/Apr/2026:12:16:33 -0700] "GET /music/yours-and-mine/?loknya=%2Fhome%2FcPanelInstall HTTP/1.1" 200 53243 "-" "Mozilla/5.0 AppleWebKit/537.36 (KHTML, like Gecko; compatible; ClaudeBot/1.0; +claudebot@anthropic.com)"
57.141.0.24 - - [22/Apr/2026:12:16:49 -0700] "GET /event/rufus-reid-guest-artist-vancouver-island-university/?loknya=/lib/firmware/qcom HTTP/1.1" 200 148743 "-" "meta-externalagent/1.1 (+https://developers.facebook.com/docs/sharing/webmasters/crawler)"
216.73.216.166 - - [22/Apr/2026:12:17:02 -0700] "GET /music/yours-and-mine/?lokasie=%2Fhome%2Frreid%2Fpublic_html%2Fphpinfo.php&loknya=%2Fhome%2Frreid%2Fpublic_html HTTP/1.1" 200 52232 "-" "Mozilla/5.0 AppleWebKit/537.36 (KHTML, like Gecko; compatible; ClaudeBot/1.0; +claudebot@anthropic.com)"
57.141.0.52 - - [22/Apr/2026:12:17:17 -0700] "GET /event/rufus-reid-guest-artist-vancouver-island-university/?loknya=/lib/firmware/ath11k HTTP/1.1" 200 59545 "-" "meta-externalagent/1.1 (+https://developers.facebook.com/docs/sharing/webmasters/crawler)"
216.73.216.166 - - [22/Apr/2026:12:17:34 -0700] "GET /music/yours-and-mine/?loknya=%2Fhome%2Fvirtfs HTTP/1.1" 200 53215 "-" "Mozilla/5.0 AppleWebKit/537.36 (KHTML, like Gecko; compatible; ClaudeBot/1.0; +claudebot@anthropic.com)"
74.7.227.10 - - [22/Apr/2026:12:17:38 -0700] "GET /?lokasie=/lib64/libpam.so.0&loknya=/lib64 HTTP/1.1" 301 - "https://rufusreid.com/?loknya=/lib64" "Mozilla/5.0 AppleWebKit/537.36 (KHTML, like Gecko; compatible; GPTBot/1.3; +https://openai.com/gptbot)"
74.7.227.10 - - [22/Apr/2026:12:17:39 -0700] "GET /?lokasie=%2Flib64%2Flibpam.so.0&loknya=%2Flib64 HTTP/1.1" 200 54446 "https://rufusreid.com/?lokasie=/lib64/libpam.so.0&loknya=/lib64" "Mozilla/5.0 AppleWebKit/537.36 (KHTML, like Gecko; compatible; GPTBot/1.3; +https://openai.com/gptbot)"
57.141.0.60 - - [22/Apr/2026:12:17:39 -0700] "GET /event/rufus-reid-guest-artist-vancouver-island-university/?lokasie=/lib/firmware/TAS2XXX3EE00.bin&loknya=/lib/firmware HTTP/1.1" 200 48979 "-" "meta-externalagent/1.1 (+https://developers.facebook.com/docs/sharing/webmasters/crawler)"
216.73.216.166 - - [22/Apr/2026:12:17:47 -0700] "GET /music/yours-and-mine/?loknya=%2Fhome%2Flkinhan HTTP/1.1" 200 53219 "-" "Mozilla/5.0 AppleWebKit/537.36 (KHTML, like Gecko; compatible; ClaudeBot/1.0; +claudebot@anthropic.com)"
57.141.0.27 - - [22/Apr/2026:12:17:57 -0700] "GET /event/rufus-reid-guest-artist-vancouver-island-university/?lokasie=/lib/firmware/sms1xxx-nova-b-dvbt-01.fw&loknya=/lib/firmware HTTP/1.1" 200 48988 "-" "meta-externalagent/1.1 (+https://developers.facebook.com/docs/sharing/webmasters/crawler)"
49.51.39.209 - - [22/Apr/2026:12:18:09 -0700] "GET /about/educator/?lokasie=/home/rreid/public_html/404.shtml&loknya=/home/rreid/public_html HTTP/1.1" 200 50609 "-" "Mozilla/5.0 (iPhone; CPU iPhone OS 13_2_3 like Mac OS X) AppleWebKit/605.1.15 (KHTML, like Gecko) Version/13.0.3 Mobile/15E148 Safari/604.1"
57.141.0.29 - - [22/Apr/2026:12:18:13 -0700] "GET /event/rufus-reid-guest-artist-vancouver-island-university/?loknya=/lib/firmware/mellanox HTTP/1.1" 200 157714 "-" "meta-externalagent/1.1 (+https://developers.facebook.com/docs/sharing/webmasters/crawler)"
216.73.216.166 - - [22/Apr/2026:12:18:17 -0700] "GET /music/yours-and-mine/?loknya=%2Fhome%2Fckorman HTTP/1.1" 200 53219 "-" "Mozilla/5.0 AppleWebKit/537.36 (KHTML, like Gecko; compatible; ClaudeBot/1.0; +claudebot@anthropic.com)"
57.141.0.66 - - [22/Apr/2026:12:18:26 -0700] "GET /event/rufus-reid-guest-artist-vancouver-island-university/?loknya=/lib/firmware/ti HTTP/1.1" 200 52448 "-" "meta-externalagent/1.1 (+https://developers.facebook.com/docs/sharing/webmasters/crawler)"
57.141.0.14 - - [22/Apr/2026:12:18:38 -0700] "GET /event/rufus-reid-guest-artist-vancouver-island-university/?lokasie=/lib/firmware/TAS2XXX8ED5-1.bin&loknya=/lib/firmware HTTP/1.1" 429 17 "-" "meta-externalagent/1.1 (+https://developers.facebook.com/docs/sharing/webmasters/crawler)"
18.192.166.72 - - [22/Apr/2026:12:18:41 -0700] "HEAD / HTTP/1.1" 200 - "http://rufusreid.com" "Mozilla/5.0+(compatible; UptimeRobot/2.0; http://www.uptimerobot.com/)"
74.7.227.10 - - [22/Apr/2026:12:18:44 -0700] "GET /?lokasie=/lib64/libisccc.so&loknya=/lib64 HTTP/1.1" 301 - "https://rufusreid.com/?loknya=/lib64" "Mozilla/5.0 AppleWebKit/537.36 (KHTML, like Gecko; compatible; GPTBot/1.3; +https://openai.com/gptbot)"
74.7.227.10 - - [22/Apr/2026:12:18:44 -0700] "GET /?lokasie=%2Flib64%2Flibisccc.so&loknya=%2Flib64 HTTP/1.1" 200 54446 "https://rufusreid.com/?lokasie=/lib64/libisccc.so&loknya=/lib64" "Mozilla/5.0 AppleWebKit/537.36 (KHTML, like Gecko; compatible; GPTBot/1.3; +https://openai.com/gptbot)"
216.73.216.166 - - [22/Apr/2026:12:18:45 -0700] "GET /music/yours-and-mine/?loknya=%2Fhome%2Frreid%2Faccess-logs HTTP/1.1" 200 56047 "-" "Mozilla/5.0 AppleWebKit/537.36 (KHTML, like Gecko; compatible; ClaudeBot/1.0; +claudebot@anthropic.com)"
57.141.0.3 - - [22/Apr/2026:12:18:49 -0700] "GET /event/rufus-reid-guest-artist-vancouver-island-university/?lokasie=/lib/firmware/iwlwifi-so-a0-hr-b0-73.ucode&loknya=/lib/firmware HTTP/1.1" 429 17 "-" "meta-externalagent/1.1 (+https://developers.facebook.com/docs/sharing/webmasters/crawler)"
57.141.0.20 - - [22/Apr/2026:12:18:50 -0700] "GET /event/rufus-reid-guest-artist-vancouver-island-university/?loknya=/lib/firmware/moxa HTTP/1.1" 429 17 "-" "meta-externalagent/1.1 (+https://developers.facebook.com/docs/sharing/webmasters/crawler)"
57.141.0.12 - - [22/Apr/2026:12:19:01 -0700] "GET /event/rufus-reid-guest-artist-vancouver-island-university/?lokasie=/lib/firmware/iwlwifi-sc-a0-gf-a0-100.ucode&loknya=/lib/firmware HTTP/1.1" 429 17 "-" "meta-externalagent/1.1 (+https://developers.facebook.com/docs/sharing/webmasters/crawler)"
57.141.0.21 - - [22/Apr/2026:12:19:04 -0700] "GET /event/rufus-reid-guest-artist-vancouver-island-university/?lokasie=/lib/firmware/TIAS2781RCA4.bin&loknya=/lib/firmware HTTP/1.1" 429 17 "-" "meta-externalagent/1.1 (+https://developers.facebook.com/docs/sharing/webmasters/crawler)"
57.141.0.20 - - [22/Apr/2026:12:19:06 -0700] "GET /event/rufus-reid-guest-artist-vancouver-island-university/?lokasie=/lib/firmware/iwlwifi-7260-17.ucode&loknya=/lib/firmware HTTP/1.1" 429 17 "-" "meta-externalagent/1.1 (+https://developers.facebook.com/docs/sharing/webmasters/crawler)"
57.141.0.14 - - [22/Apr/2026:12:19:07 -0700] "GET /event/rufus-reid-guest-artist-vancouver-island-university/?loknya=/lib/firmware/liquidio HTTP/1.1" 429 17 "-" "meta-externalagent/1.1 (+https://developers.facebook.com/docs/sharing/webmasters/crawler)"
57.141.0.55 - - [22/Apr/2026:12:19:10 -0700] "GET /event/rufus-reid-guest-artist-vancouver-island-university/?lokasie=/lib/firmware/TXNW2781RCA2.bin&loknya=/lib/firmware HTTP/1.1" 429 17 "-" "meta-externalagent/1.1 (+https://developers.facebook.com/docs/sharing/webmasters/crawler)"
57.141.0.62 - - [22/Apr/2026:12:19:12 -0700] "GET /event/rufus-reid-guest-artist-vancouver-island-university/?lokasie=/lib/firmware/iwlwifi-so-a0-gf4-a0-84.ucode&loknya=/lib/firmware HTTP/1.1" 429 17 "-" "meta-externalagent/1.1 (+https://developers.facebook.com/docs/sharing/webmasters/crawler)"
57.141.0.55 - - [22/Apr/2026:12:19:14 -0700] "GET /event/rufus-reid-guest-artist-vancouver-island-university/?lokasie=/lib/firmware/ct2fw-3.2.5.1.bin&loknya=/lib/firmware HTTP/1.1" 429 17 "-" "meta-externalagent/1.1 (+https://developers.facebook.com/docs/sharing/webmasters/crawler)"
216.73.216.166 - - [22/Apr/2026:12:19:15 -0700] "GET /music/yours-and-mine/?loknya=%2Fhome%2Fgcables HTTP/1.1" 200 53219 "-" "Mozilla/5.0 AppleWebKit/537.36 (KHTML, like Gecko; compatible; ClaudeBot/1.0; +claudebot@anthropic.com)"
57.141.0.1 - - [22/Apr/2026:12:19:16 -0700] "GET /event/rufus-reid-guest-artist-vancouver-island-university/?loknya=/lib/firmware/cnm HTTP/1.1" 429 17 "-" "meta-externalagent/1.1 (+https://developers.facebook.com/docs/sharing/webmasters/crawler)"
57.141.0.53 - - [22/Apr/2026:12:19:20 -0700] "GET /event/rufus-reid-guest-artist-vancouver-island-university/?lokasie=/lib/firmware/TAS2XXX8F42.bin&loknya=/lib/firmware HTTP/1.1" 429 17 "-" "meta-externalagent/1.1 (+https://developers.facebook.com/docs/sharing/webmasters/crawler)"
57.141.0.13 - - [22/Apr/2026:12:19:24 -0700] "GET /event/rufus-reid-guest-artist-vancouver-island-university/?lokasie=/lib/firmware/iwlwifi-6000-4.ucode&loknya=/lib/firmware HTTP/1.1" 429 17 "-" "meta-externalagent/1.1 (+https://developers.facebook.com/docs/sharing/webmasters/crawler)"
57.141.0.49 - - [22/Apr/2026:12:19:27 -0700] "GET /event/rufus-reid-guest-artist-vancouver-island-university/?lokasie=/lib/firmware/iwlwifi-Qu-b0-jf-b0-66.ucode&loknya=/lib/firmware HTTP/1.1" 429 17 "-" "meta-externalagent/1.1 (+https://developers.facebook.com/docs/sharing/webmasters/crawler)"
57.141.0.50 - - [22/Apr/2026:12:19:31 -0700] "GET /event/rufus-reid-guest-artist-vancouver-island-university/?loknya=/lib/firmware/nxp HTTP/1.1" 429 17 "-" "meta-externalagent/1.1 (+https://developers.facebook.com/docs/sharing/webmasters/crawler)"
57.141.0.67 - - [22/Apr/2026:12:19:36 -0700] "GET /event/rufus-reid-guest-artist-vancouver-island-university/?lokasie=/lib/firmware/iwlwifi-Qu-b0-hr-b0-59.ucode&loknya=/lib/firmware HTTP/1.1" 429 17 "-" "meta-externalagent/1.1 (+https://developers.facebook.com/docs/sharing/webmasters/crawler)"
74.7.227.10 - - [22/Apr/2026:12:19:38 -0700] "GET /?loknya=/lib64/sw HTTP/1.1" 301 - "https://rufusreid.com/?loknya=/lib64" "Mozilla/5.0 AppleWebKit/537.36 (KHTML, like Gecko; compatible; GPTBot/1.3; +https://openai.com/gptbot)"
74.7.227.10 - - [22/Apr/2026:12:19:39 -0700] "GET /?loknya=%2Flib64%2Fsw HTTP/1.1" 200 63406 "https://rufusreid.com/?loknya=/lib64/sw" "Mozilla/5.0 AppleWebKit/537.36 (KHTML, like Gecko; compatible; GPTBot/1.3; +https://openai.com/gptbot)"
57.141.0.22 - - [22/Apr/2026:12:19:41 -0700] "GET /event/rufus-reid-guest-artist-vancouver-island-university/?lokasie=/lib/firmware/ar9170-2.fw&loknya=/lib/firmware HTTP/1.1" 429 17 "-" "meta-externalagent/1.1 (+https://developers.facebook.com/docs/sharing/webmasters/crawler)"
57.141.0.54 - - [22/Apr/2026:12:19:47 -0700] "GET /event/rufus-reid-guest-artist-vancouver-island-university/?loknya=/lib/firmware/myricom HTTP/1.1" 429 17 "-" "meta-externalagent/1.1 (+https://developers.facebook.com/docs/sharing/webmasters/crawler)"
57.141.0.11 - - [22/Apr/2026:12:19:53 -0700] "GET /event/rufus-reid-guest-artist-vancouver-island-university/?lokasie=/lib/firmware/r8a779x_usb3_v2.dlmem&loknya=/lib/firmware HTTP/1.1" 429 17 "-" "meta-externalagent/1.1 (+https://developers.facebook.com/docs/sharing/webmasters/crawler)"
216.73.216.166 - - [22/Apr/2026:12:19:54 -0700] "GET /music/yours-and-mine/?loknya=%2Fhome%2Frreid%2Fetc HTTP/1.1" 200 55696 "-" "Mozilla/5.0 AppleWebKit/537.36 (KHTML, like Gecko; compatible; ClaudeBot/1.0; +claudebot@anthropic.com)"
57.141.0.12 - - [22/Apr/2026:12:19:57 -0700] "GET /event/rufus-reid-guest-artist-vancouver-island-university/?lokasie=/lib/firmware/phanfw.bin&loknya=/lib/firmware HTTP/1.1" 429 17 "-" "meta-externalagent/1.1 (+https://developers.facebook.com/docs/sharing/webmasters/crawler)"
216.73.216.166 - - [22/Apr/2026:12:20:25 -0700] "GET /music/yours-and-mine/?loknya=%2Fhome%2Frreid%2Fperl5 HTTP/1.1" 200 55402 "-" "Mozilla/5.0 AppleWebKit/537.36 (KHTML, like Gecko; compatible; ClaudeBot/1.0; +claudebot@anthropic.com)"
74.7.227.10 - - [22/Apr/2026:12:20:27 -0700] "GET /?lokasie=/lib64/libdl-2.28.so&loknya=/lib64 HTTP/1.1" 301 - "https://rufusreid.com/?loknya=/lib64" "Mozilla/5.0 AppleWebKit/537.36 (KHTML, like Gecko; compatible; GPTBot/1.3; +https://openai.com/gptbot)"
74.7.227.10 - - [22/Apr/2026:12:20:28 -0700] "GET /?lokasie=%2Flib64%2Flibdl-2.28.so&loknya=%2Flib64 HTTP/1.1" 200 54448 "https://rufusreid.com/?lokasie=/lib64/libdl-2.28.so&loknya=/lib64" "Mozilla/5.0 AppleWebKit/537.36 (KHTML, like Gecko; compatible; GPTBot/1.3; +https://openai.com/gptbot)"
216.73.216.166 - - [22/Apr/2026:12:20:58 -0700] "GET /music/yours-and-mine/?loknya=%2Fhome%2Fsturre HTTP/1.1" 200 53215 "-" "Mozilla/5.0 AppleWebKit/537.36 (KHTML, like Gecko; compatible; ClaudeBot/1.0; +claudebot@anthropic.com)"
57.141.0.18 - - [22/Apr/2026:12:21:03 -0700] "GET /event/rufus-reid-guest-artist-vancouver-island-university/?lokasie=/lib/firmware/iwlwifi-Qu-b0-jf-b0-50.ucode&loknya=/lib/firmware HTTP/1.1" 429 17 "-" "meta-externalagent/1.1 (+https://developers.facebook.com/docs/sharing/webmasters/crawler)"
85.208.96.206 - - [22/Apr/2026:12:21:14 -0700] "GET /robots.txt HTTP/1.1" 200 31 "-" "Mozilla/5.0 (compatible; SemrushBot/7~bl; +http://www.semrush.com/bot.html)"
74.7.227.10 - - [22/Apr/2026:12:21:14 -0700] "GET /?lokasie=/lib64/libe2p.so.2.3&loknya=/lib64 HTTP/1.1" 301 - "https://rufusreid.com/?loknya=/lib64" "Mozilla/5.0 AppleWebKit/537.36 (KHTML, like Gecko; compatible; GPTBot/1.3; +https://openai.com/gptbot)"
74.7.227.10 - - [22/Apr/2026:12:21:15 -0700] "GET /?lokasie=%2Flib64%2Flibe2p.so.2.3&loknya=%2Flib64 HTTP/1.1" 200 54448 "https://rufusreid.com/?lokasie=/lib64/libe2p.so.2.3&loknya=/lib64" "Mozilla/5.0 AppleWebKit/537.36 (KHTML, like Gecko; compatible; GPTBot/1.3; +https://openai.com/gptbot)"
216.73.216.166 - - [22/Apr/2026:12:21:28 -0700] "GET /music/yours-and-mine/?loknya=%2Fhome%2Fgallen HTTP/1.1" 200 53215 "-" "Mozilla/5.0 AppleWebKit/537.36 (KHTML, like Gecko; compatible; ClaudeBot/1.0; +claudebot@anthropic.com)"
74.7.227.10 - - [22/Apr/2026:12:21:57 -0700] "GET /?lokasie=/lib64/libgs.so.9.27&loknya=/lib64 HTTP/1.1" 301 - "https://rufusreid.com/?loknya=/lib64" "Mozilla/5.0 AppleWebKit/537.36 (KHTML, like Gecko; compatible; GPTBot/1.3; +https://openai.com/gptbot)"
216.73.216.166 - - [22/Apr/2026:12:21:58 -0700] "GET /music/yours-and-mine/?loknya=%2Fhome%2Frreid%2F.spamassassin HTTP/1.1" 200 54701 "-" "Mozilla/5.0 AppleWebKit/537.36 (KHTML, like Gecko; compatible; ClaudeBot/1.0; +claudebot@anthropic.com)"
74.7.227.10 - - [22/Apr/2026:12:21:58 -0700] "GET /?lokasie=%2Flib64%2Flibgs.so.9.27&loknya=%2Flib64 HTTP/1.1" 200 54448 "https://rufusreid.com/?lokasie=/lib64/libgs.so.9.27&loknya=/lib64" "Mozilla/5.0 AppleWebKit/537.36 (KHTML, like Gecko; compatible; GPTBot/1.3; +https://openai.com/gptbot)"
57.141.0.20 - - [22/Apr/2026:12:22:10 -0700] "GET /event/rufus-reid-guest-artist-vancouver-island-university/?lokasie=/lib/firmware/TAS2XXX12040.bin&loknya=/lib/firmware HTTP/1.1" 429 17 "-" "meta-externalagent/1.1 (+https://developers.facebook.com/docs/sharing/webmasters/crawler)"
216.73.216.166 - - [22/Apr/2026:12:22:29 -0700] "GET /music/yours-and-mine/?loknya=%2Fhome%2Fctollive HTTP/1.1" 200 53223 "-" "Mozilla/5.0 AppleWebKit/537.36 (KHTML, like Gecko; compatible; ClaudeBot/1.0; +claudebot@anthropic.com)"
74.7.227.10 - - [22/Apr/2026:12:22:34 -0700] "GET /?lokasie=/lib64/libruby.so&loknya=/lib64 HTTP/1.1" 301 - "https://rufusreid.com/?loknya=/lib64" "Mozilla/5.0 AppleWebKit/537.36 (KHTML, like Gecko; compatible; GPTBot/1.3; +https://openai.com/gptbot)"
74.7.227.10 - - [22/Apr/2026:12:22:35 -0700] "GET /?lokasie=%2Flib64%2Flibruby.so&loknya=%2Flib64 HTTP/1.1" 200 54445 "https://rufusreid.com/?lokasie=/lib64/libruby.so&loknya=/lib64" "Mozilla/5.0 AppleWebKit/537.36 (KHTML, like Gecko; compatible; GPTBot/1.3; +https://openai.com/gptbot)"
216.73.216.166 - - [22/Apr/2026:12:22:58 -0700] "GET /music/yours-and-mine/?loknya=%2Fhome%2Frreid%2F.cphorde HTTP/1.1" 200 59559 "-" "Mozilla/5.0 AppleWebKit/537.36 (KHTML, like Gecko; compatible; ClaudeBot/1.0; +claudebot@anthropic.com)"
74.7.227.10 - - [22/Apr/2026:12:23:07 -0700] "GET /?lokasie=/lib64/libcurl.so&loknya=/lib64 HTTP/1.1" 301 - "https://rufusreid.com/?loknya=/lib64" "Mozilla/5.0 AppleWebKit/537.36 (KHTML, like Gecko; compatible; GPTBot/1.3; +https://openai.com/gptbot)"
74.7.227.10 - - [22/Apr/2026:12:23:08 -0700] "GET /?lokasie=%2Flib64%2Flibcurl.so&loknya=%2Flib64 HTTP/1.1" 200 54445 "https://rufusreid.com/?lokasie=/lib64/libcurl.so&loknya=/lib64" "Mozilla/5.0 AppleWebKit/537.36 (KHTML, like Gecko; compatible; GPTBot/1.3; +https://openai.com/gptbot)"
57.141.0.62 - - [22/Apr/2026:12:23:17 -0700] "GET /event/rufus-reid-guest-artist-vancouver-island-university/?lokasie=/lib/firmware/myri10ge_eth_z8e.dat&loknya=/lib/firmware HTTP/1.1" 429 17 "-" "meta-externalagent/1.1 (+https://developers.facebook.com/docs/sharing/webmasters/crawler)"
216.73.216.166 - - [22/Apr/2026:12:23:28 -0700] "GET /music/yours-and-mine/?loknya=%2Fhome%2Frreid%2F.htpasswds HTTP/1.1" 200 54423 "-" "Mozilla/5.0 AppleWebKit/537.36 (KHTML, like Gecko; compatible; ClaudeBot/1.0; +claudebot@anthropic.com)"
66.249.70.192 - - [22/Apr/2026:12:23:37 -0700] "GET /2025/09/celebrating-jim-mcneely-and-his-music/ HTTP/1.1" 200 80488 "-" "Mozilla/5.0 (Linux; Android 6.0.1; Nexus 5X Build/MMB29P) AppleWebKit/537.36 (KHTML, like Gecko) Chrome/146.0.7680.177 Mobile Safari/537.36 (compatible; GoogleOther)"
66.249.70.192 - - [22/Apr/2026:12:23:41 -0700] "GET /cms22/wp-content/themes/jazzcorner/dist/css/theme.min.css?ver=1775520000 HTTP/1.1" 200 239580 "https://rufusreid.com/2025/09/celebrating-jim-mcneely-and-his-music/" "Mozilla/5.0 (Linux; Android 6.0.1; Nexus 5X Build/MMB29P) AppleWebKit/537.36 (KHTML, like Gecko) Chrome/146.0.7680.177 Mobile Safari/537.36 (compatible; GoogleOther)"
74.7.227.10 - - [22/Apr/2026:12:23:40 -0700] "GET /?lokasie=/lib64/libform.so&loknya=/lib64 HTTP/1.1" 301 - "https://rufusreid.com/?loknya=/lib64" "Mozilla/5.0 AppleWebKit/537.36 (KHTML, like Gecko; compatible; GPTBot/1.3; +https://openai.com/gptbot)"
74.7.227.10 - - [22/Apr/2026:12:23:41 -0700] "GET /?lokasie=%2Flib64%2Flibform.so&loknya=%2Flib64 HTTP/1.1" 429 17 "https://rufusreid.com/?lokasie=/lib64/libform.so&loknya=/lib64" "Mozilla/5.0 AppleWebKit/537.36 (KHTML, like Gecko; compatible; GPTBot/1.3; +https://openai.com/gptbot)"
66.249.70.192 - - [22/Apr/2026:12:23:44 -0700] "GET /cms22/wp-content/themes/jazzcorner/dist/js/theme.min.js?ver=1775520000 HTTP/1.1" 200 17573 "https://rufusreid.com/2025/09/celebrating-jim-mcneely-and-his-music/" "Mozilla/5.0 (Linux; Android 6.0.1; Nexus 5X Build/MMB29P) AppleWebKit/537.36 (KHTML, like Gecko) Chrome/146.0.7680.177 Mobile Safari/537.36 (compatible; GoogleOther)"
66.249.70.201 - - [22/Apr/2026:12:23:47 -0700] "GET /cms22/wp-content/plugins/responsive-lightbox/js/front.js?ver=2.4.3 HTTP/1.1" 200 28714 "https://rufusreid.com/2025/09/celebrating-jim-mcneely-and-his-music/" "Mozilla/5.0 (Linux; Android 6.0.1; Nexus 5X Build/MMB29P) AppleWebKit/537.36 (KHTML, like Gecko) Chrome/146.0.7680.177 Mobile Safari/537.36 (compatible; GoogleOther)"
128.140.106.114 - - [22/Apr/2026:12:23:48 -0700] "HEAD / HTTP/1.1" 200 - "http://rufusreid.com" "Mozilla/5.0+(compatible; UptimeRobot/2.0; http://www.uptimerobot.com/)"
66.249.70.201 - - [22/Apr/2026:12:23:50 -0700] "GET /cms22/wp-includes/js/underscore.min.js?ver=1.13.3 HTTP/1.1" 200 18911 "https://rufusreid.com/2025/09/celebrating-jim-mcneely-and-his-music/" "Mozilla/5.0 (Linux; Android 6.0.1; Nexus 5X Build/MMB29P) AppleWebKit/537.36 (KHTML, like Gecko) Chrome/146.0.7680.177 Mobile Safari/537.36 (compatible; GoogleOther)"
66.249.70.201 - - [22/Apr/2026:12:23:53 -0700] "GET /cms22/wp-content/plugins/responsive-lightbox/assets/magnific/magnific-popup.min.css?ver=2.4.3 HTTP/1.1" 200 5329 "https://rufusreid.com/2025/09/celebrating-jim-mcneely-and-his-music/" "Mozilla/5.0 (Linux; Android 6.0.1; Nexus 5X Build/MMB29P) AppleWebKit/537.36 (KHTML, like Gecko) Chrome/146.0.7680.177 Mobile Safari/537.36 (compatible; GoogleOther)"
216.73.216.166 - - [22/Apr/2026:12:23:55 -0700] "GET /music/yours-and-mine/?lokasie=%2Fhome%2Frreid%2F.htaccess&loknya=%2Fhome%2Frreid HTTP/1.1" 200 52349 "-" "Mozilla/5.0 AppleWebKit/537.36 (KHTML, like Gecko; compatible; ClaudeBot/1.0; +claudebot@anthropic.com)"
216.73.216.166 - - [22/Apr/2026:12:24:07 -0700] "GET /music/yours-and-mine/?loknya=%2Fhome%2Fbmckenna HTTP/1.1" 200 53223 "-" "Mozilla/5.0 AppleWebKit/537.36 (KHTML, like Gecko; compatible; ClaudeBot/1.0; +claudebot@anthropic.com)"
74.7.227.10 - - [22/Apr/2026:12:24:13 -0700] "GET /?lokasie=/lib64/libmenu.so&loknya=/lib64 HTTP/1.1" 301 - "https://rufusreid.com/?loknya=/lib64" "Mozilla/5.0 AppleWebKit/537.36 (KHTML, like Gecko; compatible; GPTBot/1.3; +https://openai.com/gptbot)"
74.7.227.10 - - [22/Apr/2026:12:24:14 -0700] "GET /?lokasie=%2Flib64%2Flibmenu.so&loknya=%2Flib64 HTTP/1.1" 429 17 "https://rufusreid.com/?lokasie=/lib64/libmenu.so&loknya=/lib64" "Mozilla/5.0 AppleWebKit/537.36 (KHTML, like Gecko; compatible; GPTBot/1.3; +https://openai.com/gptbot)"
47.128.110.141 - - [22/Apr/2026:12:24:18 -0700] "GET /about/composer/reviews-comp HTTP/1.1" 301 - "-" "Mozilla/5.0 (compatible; Bytespider; spider-feedback@bytedance.com) AppleWebKit/537.36 (KHTML, like Gecko) Chrome/70.0.0.0 Safari/537.36"
47.128.110.141 - - [22/Apr/2026:12:24:20 -0700] "GET /about/composer/reviews-comp/ HTTP/1.1" 200 80226 "-" "Mozilla/5.0 (compatible; Bytespider; spider-feedback@bytedance.com) AppleWebKit/537.36 (KHTML, like Gecko) Chrome/70.0.0.0 Safari/537.36"
47.128.110.141 - - [22/Apr/2026:12:24:21 -0700] "GET /cms22/wp-content/plugins/responsive-lightbox/assets/magnific/magnific-popup.min.css?ver=2.4.3 HTTP/1.1" 200 5329 "https://rufusreid.com/about/composer/reviews-comp/" "Mozilla/5.0 (compatible; Bytespider; spider-feedback@bytedance.com) AppleWebKit/537.36 (KHTML, like Gecko) Chrome/70.0.0.0 Safari/537.36"
47.128.110.141 - - [22/Apr/2026:12:24:22 -0700] "GET /cms22/wp-includes/js/jquery/jquery-migrate.min.js?ver=3.3.2 HTTP/1.1" 200 11224 "https://rufusreid.com/about/composer/reviews-comp/" "Mozilla/5.0 (compatible; Bytespider; spider-feedback@bytedance.com) AppleWebKit/537.36 (KHTML, like Gecko) Chrome/70.0.0.0 Safari/537.36"
57.141.0.13 - - [22/Apr/2026:12:24:23 -0700] "GET /event/rufus-reid-guest-artist-vancouver-island-university/?loknya=/lib/firmware/atmel HTTP/1.1" 429 17 "-" "meta-externalagent/1.1 (+https://developers.facebook.com/docs/sharing/webmasters/crawler)"
216.73.216.166 - - [22/Apr/2026:12:24:37 -0700] "GET /music/yours-and-mine/?loknya=%2Fhome%2Fmweinste HTTP/1.1" 200 53223 "-" "Mozilla/5.0 AppleWebKit/537.36 (KHTML, like Gecko; compatible; ClaudeBot/1.0; +claudebot@anthropic.com)"
216.73.216.166 - - [22/Apr/2026:12:25:10 -0700] "GET /music/yours-and-mine/?lokasie=%2Fhome%2Frreid%2F.htaccess.bak_EA4_PHP_all_5&loknya=%2Fhome%2Frreid HTTP/1.1" 200 52365 "-" "Mozilla/5.0 AppleWebKit/537.36 (KHTML, like Gecko; compatible; ClaudeBot/1.0; +claudebot@anthropic.com)"
74.7.227.10 - - [22/Apr/2026:12:25:13 -0700] "GET /?lokasie=/lib64/libpopt.so&loknya=/lib64 HTTP/1.1" 301 - "https://rufusreid.com/?loknya=/lib64" "Mozilla/5.0 AppleWebKit/537.36 (KHTML, like Gecko; compatible; GPTBot/1.3; +https://openai.com/gptbot)"
74.7.227.10 - - [22/Apr/2026:12:25:14 -0700] "GET /?lokasie=%2Flib64%2Flibpopt.so&loknya=%2Flib64 HTTP/1.1" 429 17 "https://rufusreid.com/?lokasie=/lib64/libpopt.so&loknya=/lib64" "Mozilla/5.0 AppleWebKit/537.36 (KHTML, like Gecko; compatible; GPTBot/1.3; +https://openai.com/gptbot)"
57.141.0.25 - - [22/Apr/2026:12:25:30 -0700] "GET /event/rufus-reid-guest-artist-vancouver-island-university/?lokasie=/lib/firmware/iwlwifi-9260-th-b0-jf-b0-34.ucode&loknya=/lib/firmware HTTP/1.1" 429 17 "-" "meta-externalagent/1.1 (+https://developers.facebook.com/docs/sharing/webmasters/crawler)"
216.73.216.166 - - [22/Apr/2026:12:25:43 -0700] "GET /music/yours-and-mine/?lokasie=%2Fhome%2Frreid%2F.emacs&loknya=%2Fhome%2Frreid HTTP/1.1" 200 52533 "-" "Mozilla/5.0 AppleWebKit/537.36 (KHTML, like Gecko; compatible; ClaudeBot/1.0; +claudebot@anthropic.com)"
216.73.216.166 - - [22/Apr/2026:12:26:12 -0700] "GET /music/yours-and-mine/?lokasie=%2Fhome%2Frreid%2F%2F.gemrc&loknya=%2Fhome%2Frreid%2F HTTP/1.1" 200 52307 "-" "Mozilla/5.0 AppleWebKit/537.36 (KHTML, like Gecko; compatible; ClaudeBot/1.0; +claudebot@anthropic.com)"
74.7.227.10 - - [22/Apr/2026:12:26:14 -0700] "GET /?lokasie=/lib64/libwebp.so&loknya=/lib64 HTTP/1.1" 301 - "https://rufusreid.com/?loknya=/lib64" "Mozilla/5.0 AppleWebKit/537.36 (KHTML, like Gecko; compatible; GPTBot/1.3; +https://openai.com/gptbot)"
74.7.227.10 - - [22/Apr/2026:12:26:15 -0700] "GET /?lokasie=%2Flib64%2Flibwebp.so&loknya=%2Flib64 HTTP/1.1" 429 17 "https://rufusreid.com/?lokasie=/lib64/libwebp.so&loknya=/lib64" "Mozilla/5.0 AppleWebKit/537.36 (KHTML, like Gecko; compatible; GPTBot/1.3; +https://openai.com/gptbot)"
178.20.45.159 - - [22/Apr/2026:12:26:27 -0700] "GET / HTTP/1.0" 200 84858 "https://rufusreid.com/" "Mozilla/5.0 (Windows NT 10.0; Win64; x64) AppleWebKit/537.36 (KHTML, like Gecko) Chrome/131.0.0.0 Safari/537.36 Avast/131.0.0.0"
178.20.45.159 - - [22/Apr/2026:12:26:29 -0700] "GET /contact/ HTTP/1.0" 200 88924 "https://rufusreid.com/contact/" "Mozilla/5.0 (Windows NT 10.0; Win64; x64) AppleWebKit/537.36 (KHTML, like Gecko) Chrome/131.0.0.0 Safari/537.36 Avast/131.0.0.0"
178.20.45.159 - - [22/Apr/2026:12:26:31 -0700] "POST /contact/ HTTP/1.0" 200 413 "https://rufusreid.com/contact/" "Mozilla/5.0 (Windows NT 10.0; Win64; x64) AppleWebKit/537.36 (KHTML, like Gecko) Chrome/131.0.0.0 Safari/537.36 Avast/131.0.0.0"
57.141.0.20 - - [22/Apr/2026:12:26:36 -0700] "GET /event/rufus-reid-guest-artist-vancouver-island-university/?lokasie=/lib/firmware/TAS2XXX12041.bin&loknya=/lib/firmware HTTP/1.1" 429 17 "-" "meta-externalagent/1.1 (+https://developers.facebook.com/docs/sharing/webmasters/crawler)"
216.73.216.166 - - [22/Apr/2026:12:26:41 -0700] "GET /music/yours-and-mine/?lokasie=%2Fhome%2Frreid%2F%2F.emacs&loknya=%2Fhome%2Frreid%2F HTTP/1.1" 200 52534 "-" "Mozilla/5.0 AppleWebKit/537.36 (KHTML, like Gecko; compatible; ClaudeBot/1.0; +claudebot@anthropic.com)"
103.179.56.102 - - [22/Apr/2026:12:27:12 -0700] "GET /wp-login.php HTTP/1.1" 302 - "-" "Mozilla/5.0 (Macintosh; Intel Mac OS X 10_11_6) AppleWebKit/604.5.6 (KHTML, like Gecko) Version/11.0.3 Safari/604.5.6"
103.179.56.102 - - [22/Apr/2026:12:27:13 -0700] "GET /cms22/wp-login.php HTTP/1.1" 200 6310 "https://rufusreid.com/wp-login.php" "Mozilla/5.0 (Macintosh; Intel Mac OS X 10_11_6) AppleWebKit/604.5.6 (KHTML, like Gecko) Version/11.0.3 Safari/604.5.6"
103.179.56.102 - - [22/Apr/2026:12:27:15 -0700] "POST /wp-login.php HTTP/1.1" 302 - "https://rufusreid.com/wp-login.php" "Mozilla/5.0 (Macintosh; Intel Mac OS X 10_11_6) AppleWebKit/604.5.6 (KHTML, like Gecko) Version/11.0.3 Safari/604.5.6"
74.7.227.10 - - [22/Apr/2026:12:27:16 -0700] "GET /?lokasie=/lib64/libzstd.so&loknya=/lib64 HTTP/1.1" 301 - "https://rufusreid.com/?loknya=/lib64" "Mozilla/5.0 AppleWebKit/537.36 (KHTML, like Gecko; compatible; GPTBot/1.3; +https://openai.com/gptbot)"
74.7.227.10 - - [22/Apr/2026:12:27:16 -0700] "GET /?lokasie=%2Flib64%2Flibzstd.so&loknya=%2Flib64 HTTP/1.1" 429 17 "https://rufusreid.com/?lokasie=/lib64/libzstd.so&loknya=/lib64" "Mozilla/5.0 AppleWebKit/537.36 (KHTML, like Gecko; compatible; GPTBot/1.3; +https://openai.com/gptbot)"
103.179.56.102 - - [22/Apr/2026:12:27:16 -0700] "GET /cms22/wp-login.php HTTP/1.1" 200 6310 "https://rufusreid.com/wp-login.php" "Mozilla/5.0 (Macintosh; Intel Mac OS X 10_11_6) AppleWebKit/604.5.6 (KHTML, like Gecko) Version/11.0.3 Safari/604.5.6"
216.73.216.166 - - [22/Apr/2026:12:27:17 -0700] "GET /music/yours-and-mine/?lokasie=%2Fhome%2Frreid%2F.htaccess.bak.1434393906&loknya=%2Fhome%2Frreid HTTP/1.1" 200 52148 "-" "Mozilla/5.0 AppleWebKit/537.36 (KHTML, like Gecko; compatible; ClaudeBot/1.0; +claudebot@anthropic.com)"
57.141.0.25 - - [22/Apr/2026:12:27:44 -0700] "GET /event/rufus-reid-guest-artist-vancouver-island-university/?lokasie=/lib/firmware/dvb-fe-xc4000-1.4.1.fw&loknya=/lib/firmware HTTP/1.1" 429 17 "-" "meta-externalagent/1.1 (+https://developers.facebook.com/docs/sharing/webmasters/crawler)"
74.7.227.10 - - [22/Apr/2026:12:28:16 -0700] "GET /?loknya=/lib64/ HTTP/1.1" 301 - "https://rufusreid.com/?loknya=/lib64/sw" "Mozilla/5.0 AppleWebKit/537.36 (KHTML, like Gecko; compatible; GPTBot/1.3; +https://openai.com/gptbot)"
74.7.227.10 - - [22/Apr/2026:12:28:17 -0700] "GET /?loknya=%2Flib64%2F HTTP/1.1" 429 17 "https://rufusreid.com/?loknya=/lib64/" "Mozilla/5.0 AppleWebKit/537.36 (KHTML, like Gecko; compatible; GPTBot/1.3; +https://openai.com/gptbot)"
57.141.0.9 - - [22/Apr/2026:12:28:50 -0700] "GET /event/rufus-reid-guest-artist-vancouver-island-university/?lokasie=/lib/firmware/iwlwifi-so-a0-jf-b0-72.ucode&loknya=/lib/firmware HTTP/1.1" 429 17 "-" "meta-externalagent/1.1 (+https://developers.facebook.com/docs/sharing/webmasters/crawler)"
157.90.156.63 - - [22/Apr/2026:12:28:55 -0700] "HEAD / HTTP/1.1" 200 - "http://rufusreid.com" "Mozilla/5.0+(compatible; UptimeRobot/2.0; http://www.uptimerobot.com/)"
103.143.207.15 - - [22/Apr/2026:12:29:01 -0700] "GET /wp-login.php HTTP/1.1" 302 - "-" "Mozilla/5.0 (Macintosh; Intel Mac OS X 10_13_3) AppleWebKit/537.36 (KHTML, like Gecko) Chrome/67.0.3396.87 Safari/537.36"
103.143.207.15 - - [22/Apr/2026:12:29:06 -0700] "GET /cms22/wp-login.php HTTP/1.1" 200 6310 "https://rufusreid.com/wp-login.php" "Mozilla/5.0 (Macintosh; Intel Mac OS X 10_13_3) AppleWebKit/537.36 (KHTML, like Gecko) Chrome/67.0.3396.87 Safari/537.36"
43.159.128.155 - - [22/Apr/2026:12:29:07 -0700] "GET /about/performer/?loknya=/ HTTP/1.1" 200 81832 "-" "Mozilla/5.0 (iPhone; CPU iPhone OS 13_2_3 like Mac OS X) AppleWebKit/605.1.15 (KHTML, like Gecko) Version/13.0.3 Mobile/15E148 Safari/604.1"
103.143.207.15 - - [22/Apr/2026:12:29:10 -0700] "POST /wp-login.php HTTP/1.1" 302 - "https://rufusreid.com/wp-login.php" "Mozilla/5.0 (Macintosh; Intel Mac OS X 10_13_3) AppleWebKit/537.36 (KHTML, like Gecko) Chrome/67.0.3396.87 Safari/537.36"
103.143.207.15 - - [22/Apr/2026:12:29:14 -0700] "GET /cms22/wp-login.php HTTP/1.1" 200 6310 "https://rufusreid.com/wp-login.php" "Mozilla/5.0 (Macintosh; Intel Mac OS X 10_13_3) AppleWebKit/537.36 (KHTML, like Gecko) Chrome/67.0.3396.87 Safari/537.36"
74.7.227.10 - - [22/Apr/2026:12:29:20 -0700] "GET /?lokasie=/lib64/libmvec.so&loknya=/lib64 HTTP/1.1" 301 - "https://rufusreid.com/?loknya=/lib64" "Mozilla/5.0 AppleWebKit/537.36 (KHTML, like Gecko; compatible; GPTBot/1.3; +https://openai.com/gptbot)"
74.7.227.10 - - [22/Apr/2026:12:29:21 -0700] "GET /?lokasie=%2Flib64%2Flibmvec.so&loknya=%2Flib64 HTTP/1.1" 429 17 "https://rufusreid.com/?lokasie=/lib64/libmvec.so&loknya=/lib64" "Mozilla/5.0 AppleWebKit/537.36 (KHTML, like Gecko; compatible; GPTBot/1.3; +https://openai.com/gptbot)"
57.141.0.5 - - [22/Apr/2026:12:29:57 -0700] "GET /event/rufus-reid-guest-artist-vancouver-island-university/?lokasie=/lib/firmware/TAS2XXX103C8DE80.bin&loknya=/lib/firmware HTTP/1.1" 429 17 "-" "meta-externalagent/1.1 (+https://developers.facebook.com/docs/sharing/webmasters/crawler)"
129.226.93.97 - - [22/Apr/2026:12:30:01 -0700] "GET / HTTP/1.1" 301 - "http://www.rufusreid.com" "Mozilla/5.0 (iPhone; CPU iPhone OS 13_2_3 like Mac OS X) AppleWebKit/605.1.15 (KHTML, like Gecko) Version/13.0.3 Mobile/15E148 Safari/604.1"
129.226.93.97 - - [22/Apr/2026:12:30:05 -0700] "GET / HTTP/1.1" 200 84858 "https://www.rufusreid.com/" "Mozilla/5.0 (iPhone; CPU iPhone OS 13_2_3 like Mac OS X) AppleWebKit/605.1.15 (KHTML, like Gecko) Version/13.0.3 Mobile/15E148 Safari/604.1"
74.7.227.10 - - [22/Apr/2026:12:30:21 -0700] "GET /?lokasie=/lib64/libjpeg.so&loknya=/lib64 HTTP/1.1" 301 - "https://rufusreid.com/?loknya=/lib64" "Mozilla/5.0 AppleWebKit/537.36 (KHTML, like Gecko; compatible; GPTBot/1.3; +https://openai.com/gptbot)"
74.7.227.10 - - [22/Apr/2026:12:30:22 -0700] "GET /?lokasie=%2Flib64%2Flibjpeg.so&loknya=%2Flib64 HTTP/1.1" 429 17 "https://rufusreid.com/?lokasie=/lib64/libjpeg.so&loknya=/lib64" "Mozilla/5.0 AppleWebKit/537.36 (KHTML, like Gecko; compatible; GPTBot/1.3; +https://openai.com/gptbot)"
170.64.229.61 - - [22/Apr/2026:12:31:02 -0700] "GET /.git/config HTTP/1.1" 406 300 "-" "Mozilla/5.0 (X11; Linux x86_64) AppleWebKit/537.36 (KHTML, like Gecko) Chrome/81.0.4044.129 Safari/537.36"
57.141.0.58 - - [22/Apr/2026:12:31:03 -0700] "GET /event/rufus-reid-guest-artist-vancouver-island-university/?lokasie=/lib/firmware/iwlwifi-so-a0-gf-a0-78.ucode&loknya=/lib/firmware HTTP/1.1" 429 17 "-" "meta-externalagent/1.1 (+https://developers.facebook.com/docs/sharing/webmasters/crawler)"
57.128.22.95 - - [22/Apr/2026:12:31:19 -0700] "GET /2019/01/rufus-in-melbourne-au/ HTTP/1.1" 200 81119 "-" "Mozilla/5.0 (compatible; Googlebot/2.1; +http://www.google.com/bot.html)"
74.7.227.10 - - [22/Apr/2026:12:31:25 -0700] "GET /?lokasie=/lib64/libgdbm.so&loknya=/lib64 HTTP/1.1" 301 - "https://rufusreid.com/?loknya=/lib64" "Mozilla/5.0 AppleWebKit/537.36 (KHTML, like Gecko; compatible; GPTBot/1.3; +https://openai.com/gptbot)"
74.7.227.10 - - [22/Apr/2026:12:31:26 -0700] "GET /?lokasie=%2Flib64%2Flibgdbm.so&loknya=%2Flib64 HTTP/1.1" 429 17 "https://rufusreid.com/?lokasie=/lib64/libgdbm.so&loknya=/lib64" "Mozilla/5.0 AppleWebKit/537.36 (KHTML, like Gecko; compatible; GPTBot/1.3; +https://openai.com/gptbot)"
103.143.207.15 - - [22/Apr/2026:12:31:30 -0700] "GET /wp-login.php HTTP/1.1" 302 - "-" "Mozilla/5.0 (Macintosh; Intel Mac OS X 10_10_5) AppleWebKit/537.36 (KHTML, like Gecko) Chrome/66.0.3359.139 Safari/537.36"
103.143.207.15 - - [22/Apr/2026:12:31:32 -0700] "GET /cms22/wp-login.php HTTP/1.1" 200 6310 "https://rufusreid.com/wp-login.php" "Mozilla/5.0 (Macintosh; Intel Mac OS X 10_10_5) AppleWebKit/537.36 (KHTML, like Gecko) Chrome/66.0.3359.139 Safari/537.36"
103.143.207.15 - - [22/Apr/2026:12:31:33 -0700] "POST /wp-login.php HTTP/1.1" 302 - "https://rufusreid.com/wp-login.php" "Mozilla/5.0 (Macintosh; Intel Mac OS X 10_10_5) AppleWebKit/537.36 (KHTML, like Gecko) Chrome/66.0.3359.139 Safari/537.36"
103.143.207.15 - - [22/Apr/2026:12:31:34 -0700] "GET /cms22/wp-login.php HTTP/1.1" 200 6310 "https://rufusreid.com/wp-login.php" "Mozilla/5.0 (Macintosh; Intel Mac OS X 10_10_5) AppleWebKit/537.36 (KHTML, like Gecko) Chrome/66.0.3359.139 Safari/537.36"
216.73.216.166 - - [22/Apr/2026:12:31:38 -0700] "GET /sitemap.xml HTTP/1.1" 302 - "-" "Mozilla/5.0 AppleWebKit/537.36 (KHTML, like Gecko; compatible; ClaudeBot/1.0; +claudebot@anthropic.com)"
216.73.216.166 - - [22/Apr/2026:12:31:39 -0700] "GET /wp-sitemap.xml HTTP/1.1" 200 1125 "https://rufusreid.com/sitemap.xml" "Mozilla/5.0 AppleWebKit/537.36 (KHTML, like Gecko; compatible; ClaudeBot/1.0; +claudebot@anthropic.com)"
57.141.0.28 - - [22/Apr/2026:12:32:10 -0700] "GET /event/rufus-reid-guest-artist-vancouver-island-university/?lokasie=/lib/firmware/iwlwifi-ty-a0-gf-a0-77.ucode&loknya=/lib/firmware HTTP/1.1" 429 17 "-" "meta-externalagent/1.1 (+https://developers.facebook.com/docs/sharing/webmasters/crawler)"
74.7.227.10 - - [22/Apr/2026:12:32:31 -0700] "GET /?lokasie=/lib64/libpcre.so&loknya=/lib64 HTTP/1.1" 301 - "https://rufusreid.com/?loknya=/lib64" "Mozilla/5.0 AppleWebKit/537.36 (KHTML, like Gecko; compatible; GPTBot/1.3; +https://openai.com/gptbot)"
74.7.227.10 - - [22/Apr/2026:12:32:31 -0700] "GET /?lokasie=%2Flib64%2Flibpcre.so&loknya=%2Flib64 HTTP/1.1" 429 17 "https://rufusreid.com/?lokasie=/lib64/libpcre.so&loknya=/lib64" "Mozilla/5.0 AppleWebKit/537.36 (KHTML, like Gecko; compatible; GPTBot/1.3; +https://openai.com/gptbot)"
57.141.0.38 - - [22/Apr/2026:12:33:16 -0700] "GET /event/rufus-reid-guest-artist-vancouver-island-university/?lokasie=/lib/firmware/iwlwifi-bz-b0-gf-a0-97.ucode&loknya=/lib/firmware HTTP/1.1" 429 17 "-" "meta-externalagent/1.1 (+https://developers.facebook.com/docs/sharing/webmasters/crawler)"
74.7.227.10 - - [22/Apr/2026:12:33:32 -0700] "GET /?lokasie=/lib64/libpamc.so&loknya=/lib64 HTTP/1.1" 301 - "https://rufusreid.com/?loknya=/lib64" "Mozilla/5.0 AppleWebKit/537.36 (KHTML, like Gecko; compatible; GPTBot/1.3; +https://openai.com/gptbot)"
74.7.227.10 - - [22/Apr/2026:12:33:33 -0700] "GET /?lokasie=%2Flib64%2Flibpamc.so&loknya=%2Flib64 HTTP/1.1" 429 17 "https://rufusreid.com/?lokasie=/lib64/libpamc.so&loknya=/lib64" "Mozilla/5.0 AppleWebKit/537.36 (KHTML, like Gecko; compatible; GPTBot/1.3; +https://openai.com/gptbot)"
78.47.173.76 - - [22/Apr/2026:12:34:03 -0700] "HEAD / HTTP/1.1" 200 - "http://rufusreid.com" "Mozilla/5.0+(compatible; UptimeRobot/2.0; http://www.uptimerobot.com/)"
57.141.0.26 - - [22/Apr/2026:12:34:23 -0700] "GET /event/rufus-reid-guest-artist-vancouver-island-university/?lokasie=/lib/firmware/TAS2XXX13A40.bin&loknya=/lib/firmware HTTP/1.1" 429 17 "-" "meta-externalagent/1.1 (+https://developers.facebook.com/docs/sharing/webmasters/crawler)"
216.73.216.166 - - [22/Apr/2026:12:34:35 -0700] "GET /music/passing-thoughts/?loknya=%2F HTTP/1.1" 200 79809 "-" "Mozilla/5.0 AppleWebKit/537.36 (KHTML, like Gecko; compatible; ClaudeBot/1.0; +claudebot@anthropic.com)"
74.7.227.10 - - [22/Apr/2026:12:34:38 -0700] "GET /?loknya=/var/www HTTP/1.1" 301 - "https://rufusreid.com/?loknya=/var" "Mozilla/5.0 AppleWebKit/537.36 (KHTML, like Gecko; compatible; GPTBot/1.3; +https://openai.com/gptbot)"
74.7.227.10 - - [22/Apr/2026:12:34:39 -0700] "GET /?loknya=%2Fvar%2Fwww HTTP/1.1" 429 17 "https://rufusreid.com/?loknya=/var/www" "Mozilla/5.0 AppleWebKit/537.36 (KHTML, like Gecko; compatible; GPTBot/1.3; +https://openai.com/gptbot)"
216.73.216.166 - - [22/Apr/2026:12:35:16 -0700] "GET /music/passing-thoughts/?loknya=%2Fhome%2Frreid%2Fpublic_html HTTP/1.1" 200 82613 "-" "Mozilla/5.0 AppleWebKit/537.36 (KHTML, like Gecko; compatible; ClaudeBot/1.0; +claudebot@anthropic.com)"
57.141.0.36 - - [22/Apr/2026:12:35:30 -0700] "GET /event/rufus-reid-guest-artist-vancouver-island-university/?loknya=/lib/firmware/amphion HTTP/1.1" 200 51160 "-" "meta-externalagent/1.1 (+https://developers.facebook.com/docs/sharing/webmasters/crawler)"
74.7.227.10 - - [22/Apr/2026:12:35:38 -0700] "GET /?lokasie=/lib64/libc-2.28.so&loknya=/lib64 HTTP/1.1" 301 - "https://rufusreid.com/?loknya=/lib64" "Mozilla/5.0 AppleWebKit/537.36 (KHTML, like Gecko; compatible; GPTBot/1.3; +https://openai.com/gptbot)"
74.7.227.10 - - [22/Apr/2026:12:35:39 -0700] "GET /?lokasie=%2Flib64%2Flibc-2.28.so&loknya=%2Flib64 HTTP/1.1" 429 17 "https://rufusreid.com/?lokasie=/lib64/libc-2.28.so&loknya=/lib64" "Mozilla/5.0 AppleWebKit/537.36 (KHTML, like Gecko; compatible; GPTBot/1.3; +https://openai.com/gptbot)"
216.73.216.166 - - [22/Apr/2026:12:35:45 -0700] "GET /music/passing-thoughts/?loknya=%2Fhome HTTP/1.1" 200 145083 "-" "Mozilla/5.0 AppleWebKit/537.36 (KHTML, like Gecko; compatible; ClaudeBot/1.0; +claudebot@anthropic.com)"
216.73.216.166 - - [22/Apr/2026:12:35:57 -0700] "GET /music/passing-thoughts/?loknya=%2Fhome%2Frreid%2Fpublic_html%2Fcgi-bin HTTP/1.1" 200 53531 "-" "Mozilla/5.0 AppleWebKit/537.36 (KHTML, like Gecko; compatible; ClaudeBot/1.0; +claudebot@anthropic.com)"
216.73.216.166 - - [22/Apr/2026:12:36:22 -0700] "GET /music/passing-thoughts/?loknya=%2Fhome%2Frreid HTTP/1.1" 200 108285 "-" "Mozilla/5.0 AppleWebKit/537.36 (KHTML, like Gecko; compatible; ClaudeBot/1.0; +claudebot@anthropic.com)"
57.141.0.30 - - [22/Apr/2026:12:36:37 -0700] "GET /event/rufus-reid-guest-artist-vancouver-island-university/?lokasie=/lib/firmware/8E86-2-A.bin&loknya=/lib/firmware HTTP/1.1" 200 48975 "-" "meta-externalagent/1.1 (+https://developers.facebook.com/docs/sharing/webmasters/crawler)"
216.73.216.166 - - [22/Apr/2026:12:36:38 -0700] "GET /music/passing-thoughts/?loknya=%2Fhome%2Frreid%2Fpublic_html%2Fcms22 HTTP/1.1" 200 87288 "-" "Mozilla/5.0 AppleWebKit/537.36 (KHTML, like Gecko; compatible; ClaudeBot/1.0; +claudebot@anthropic.com)"
74.7.227.10 - - [22/Apr/2026:12:36:39 -0700] "GET /?lokasie=/lib64/libm-2.28.so&loknya=/lib64 HTTP/1.1" 301 - "https://rufusreid.com/?loknya=/lib64" "Mozilla/5.0 AppleWebKit/537.36 (KHTML, like Gecko; compatible; GPTBot/1.3; +https://openai.com/gptbot)"
74.7.227.10 - - [22/Apr/2026:12:36:40 -0700] "GET /?lokasie=%2Flib64%2Flibm-2.28.so&loknya=%2Flib64 HTTP/1.1" 429 17 "https://rufusreid.com/?lokasie=/lib64/libm-2.28.so&loknya=/lib64" "Mozilla/5.0 AppleWebKit/537.36 (KHTML, like Gecko; compatible; GPTBot/1.3; +https://openai.com/gptbot)"
24.90.113.91 - - [22/Apr/2026:12:36:43 -0700] "GET / HTTP/1.1" 200 84857 "-" "Mozilla/5.0 (Macintosh; Intel Mac OS X 10_15_7) AppleWebKit/537.36 (KHTML, like Gecko) Chrome/146.0.0.0 Safari/537.36"
24.90.113.91 - - [22/Apr/2026:12:36:44 -0700] "GET /cms22/wp-content/plugins/easy-digital-downloads/assets/css/edd.min.css?ver=3.1.0.7 HTTP/1.1" 200 19185 "https://rufusreid.com/" "Mozilla/5.0 (Macintosh; Intel Mac OS X 10_15_7) AppleWebKit/537.36 (KHTML, like Gecko) Chrome/146.0.0.0 Safari/537.36"
24.90.113.91 - - [22/Apr/2026:12:36:44 -0700] "GET /cms22/wp-includes/css/dist/block-library/style.min.css?ver=6.0.11 HTTP/1.1" 200 88932 "https://rufusreid.com/" "Mozilla/5.0 (Macintosh; Intel Mac OS X 10_15_7) AppleWebKit/537.36 (KHTML, like Gecko) Chrome/146.0.0.0 Safari/537.36"
24.90.113.91 - - [22/Apr/2026:12:36:44 -0700] "GET /cms22/wp-includes/js/wp-emoji-release.min.js?ver=6.0.11 HTTP/1.1" 200 18617 "https://rufusreid.com/" "Mozilla/5.0 (Macintosh; Intel Mac OS X 10_15_7) AppleWebKit/537.36 (KHTML, like Gecko) Chrome/146.0.0.0 Safari/537.36"
24.90.113.91 - - [22/Apr/2026:12:36:44 -0700] "GET /cms22/wp-content/themes/jazzcorner/style.css?ver=1776886604 HTTP/1.1" 200 831 "https://rufusreid.com/" "Mozilla/5.0 (Macintosh; Intel Mac OS X 10_15_7) AppleWebKit/537.36 (KHTML, like Gecko) Chrome/146.0.0.0 Safari/537.36"
24.90.113.91 - - [22/Apr/2026:12:36:45 -0700] "GET /cms22/wp-content/themes/jazzcorner/dist/css/theme.min.css?ver=1776886604 HTTP/1.1" 200 239580 "https://rufusreid.com/" "Mozilla/5.0 (Macintosh; Intel Mac OS X 10_15_7) AppleWebKit/537.36 (KHTML, like Gecko) Chrome/146.0.0.0 Safari/537.36"
24.90.113.91 - - [22/Apr/2026:12:36:45 -0700] "GET /cms22/wp-includes/js/jquery/jquery.min.js?ver=3.6.0 HTTP/1.1" 200 89521 "https://rufusreid.com/" "Mozilla/5.0 (Macintosh; Intel Mac OS X 10_15_7) AppleWebKit/537.36 (KHTML, like Gecko) Chrome/146.0.0.0 Safari/537.36"
24.90.113.91 - - [22/Apr/2026:12:36:45 -0700] "GET /cms22/wp-content/plugins/responsive-lightbox/assets/magnific/jquery.magnific-popup.min.js?ver=2.4.3 HTTP/1.1" 200 19933 "https://rufusreid.com/" "Mozilla/5.0 (Macintosh; Intel Mac OS X 10_15_7) AppleWebKit/537.36 (KHTML, like Gecko) Chrome/146.0.0.0 Safari/537.36"
24.90.113.91 - - [22/Apr/2026:12:36:45 -0700] "GET /cms22/wp-includes/js/underscore.min.js?ver=1.13.3 HTTP/1.1" 200 18911 "https://rufusreid.com/" "Mozilla/5.0 (Macintosh; Intel Mac OS X 10_15_7) AppleWebKit/537.36 (KHTML, like Gecko) Chrome/146.0.0.0 Safari/537.36"
24.90.113.91 - - [22/Apr/2026:12:36:45 -0700] "GET /cms22/wp-content/plugins/responsive-lightbox/assets/infinitescroll/infinite-scroll.pkgd.min.js?ver=6.0.11 HTTP/1.1" 200 22555 "https://rufusreid.com/" "Mozilla/5.0 (Macintosh; Intel Mac OS X 10_15_7) AppleWebKit/537.36 (KHTML, like Gecko) Chrome/146.0.0.0 Safari/537.36"
24.90.113.91 - - [22/Apr/2026:12:36:45 -0700] "GET /cms22/wp-includes/js/wp-emoji-release.min.js?ver=6.0.11 HTTP/1.1" 200 18617 "-" "Mozilla/5.0 (Macintosh; Intel Mac OS X 10_15_7) AppleWebKit/537.36 (KHTML, like Gecko) Chrome/146.0.0.0 Safari/537.36"
24.90.113.91 - - [22/Apr/2026:12:36:45 -0700] "GET /cms22/wp-content/plugins/responsive-lightbox/js/front.js?ver=2.4.3 HTTP/1.1" 200 28714 "https://rufusreid.com/" "Mozilla/5.0 (Macintosh; Intel Mac OS X 10_15_7) AppleWebKit/537.36 (KHTML, like Gecko) Chrome/146.0.0.0 Safari/537.36"
24.90.113.91 - - [22/Apr/2026:12:36:45 -0700] "GET /cms22/wp-content/themes/jazzcorner/dist/js/theme.min.js?ver=1776886604 HTTP/1.1" 200 17573 "https://rufusreid.com/" "Mozilla/5.0 (Macintosh; Intel Mac OS X 10_15_7) AppleWebKit/537.36 (KHTML, like Gecko) Chrome/146.0.0.0 Safari/537.36"
24.90.113.91 - - [22/Apr/2026:12:36:45 -0700] "GET /cms22/wp-content/themes/jazzcorner/js/skip-link-focus-fix.js?ver=1776886604 HTTP/1.1" 200 685 "https://rufusreid.com/" "Mozilla/5.0 (Macintosh; Intel Mac OS X 10_15_7) AppleWebKit/537.36 (KHTML, like Gecko) Chrome/146.0.0.0 Safari/537.36"
24.90.113.91 - - [22/Apr/2026:12:36:45 -0700] "GET /cms22/wp-content/plugins/responsive-lightbox/assets/magnific/jquery.magnific-popup.min.js?ver=2.4.3 HTTP/1.1" 200 19933 "-" "Mozilla/5.0 (Macintosh; Intel Mac OS X 10_15_7) AppleWebKit/537.36 (KHTML, like Gecko) Chrome/146.0.0.0 Safari/537.36"
24.90.113.91 - - [22/Apr/2026:12:36:45 -0700] "GET /cms22/wp-content/plugins/youtube-embed-plus/scripts/ytprefs.min.js?ver=14.1.4.1 HTTP/1.1" 200 13817 "https://rufusreid.com/" "Mozilla/5.0 (Macintosh; Intel Mac OS X 10_15_7) AppleWebKit/537.36 (KHTML, like Gecko) Chrome/146.0.0.0 Safari/537.36"
24.90.113.91 - - [22/Apr/2026:12:36:45 -0700] "GET /cms22/wp-content/themes/jazzcorner/img/cover-its-the-nights-i-like.jpg HTTP/1.1" 200 174072 "https://rufusreid.com/" "Mozilla/5.0 (Macintosh; Intel Mac OS X 10_15_7) AppleWebKit/537.36 (KHTML, like Gecko) Chrome/146.0.0.0 Safari/537.36"
24.90.113.91 - - [22/Apr/2026:12:36:45 -0700] "GET /cms22/wp-includes/js/underscore.min.js?ver=1.13.3 HTTP/1.1" 200 18911 "-" "Mozilla/5.0 (Macintosh; Intel Mac OS X 10_15_7) AppleWebKit/537.36 (KHTML, like Gecko) Chrome/146.0.0.0 Safari/537.36"
24.90.113.91 - - [22/Apr/2026:12:36:45 -0700] "GET /cms22/wp-includes/js/jquery/jquery.min.js?ver=3.6.0 HTTP/1.1" 200 89521 "-" "Mozilla/5.0 (Macintosh; Intel Mac OS X 10_15_7) AppleWebKit/537.36 (KHTML, like Gecko) Chrome/146.0.0.0 Safari/537.36"
24.90.113.91 - - [22/Apr/2026:12:36:45 -0700] "GET /cms22/wp-content/plugins/responsive-lightbox/assets/infinitescroll/infinite-scroll.pkgd.min.js?ver=6.0.11 HTTP/1.1" 200 22555 "-" "Mozilla/5.0 (Macintosh; Intel Mac OS X 10_15_7) AppleWebKit/537.36 (KHTML, like Gecko) Chrome/146.0.0.0 Safari/537.36"
24.90.113.91 - - [22/Apr/2026:12:36:45 -0700] "GET /cms22/wp-content/themes/jazzcorner/img/cover-celebration.jpg HTTP/1.1" 200 228904 "https://rufusreid.com/" "Mozilla/5.0 (Macintosh; Intel Mac OS X 10_15_7) AppleWebKit/537.36 (KHTML, like Gecko) Chrome/146.0.0.0 Safari/537.36"
24.90.113.91 - - [22/Apr/2026:12:36:45 -0700] "GET /cms22/wp-content/plugins/responsive-lightbox/js/front.js?ver=2.4.3 HTTP/1.1" 200 28714 "-" "Mozilla/5.0 (Macintosh; Intel Mac OS X 10_15_7) AppleWebKit/537.36 (KHTML, like Gecko) Chrome/146.0.0.0 Safari/537.36"
24.90.113.91 - - [22/Apr/2026:12:36:45 -0700] "GET /cms22/wp-content/themes/jazzcorner/js/skip-link-focus-fix.js?ver=1776886604 HTTP/1.1" 200 685 "-" "Mozilla/5.0 (Macintosh; Intel Mac OS X 10_15_7) AppleWebKit/537.36 (KHTML, like Gecko) Chrome/146.0.0.0 Safari/537.36"
24.90.113.91 - - [22/Apr/2026:12:36:45 -0700] "GET /cms22/wp-content/themes/jazzcorner/dist/js/theme.min.js?ver=1776886604 HTTP/1.1" 200 17573 "-" "Mozilla/5.0 (Macintosh; Intel Mac OS X 10_15_7) AppleWebKit/537.36 (KHTML, like Gecko) Chrome/146.0.0.0 Safari/537.36"
24.90.113.91 - - [22/Apr/2026:12:36:45 -0700] "GET /cms22/wp-content/uploads/2025/09/33577a_63c1580a04744d63b07fe50971f4b598mv2-500x360.png HTTP/1.1" 200 240251 "https://rufusreid.com/" "Mozilla/5.0 (Macintosh; Intel Mac OS X 10_15_7) AppleWebKit/537.36 (KHTML, like Gecko) Chrome/146.0.0.0 Safari/537.36"
24.90.113.91 - - [22/Apr/2026:12:36:45 -0700] "GET /cms22/wp-content/plugins/youtube-embed-plus/scripts/ytprefs.min.js?ver=14.1.4.1 HTTP/1.1" 200 13817 "-" "Mozilla/5.0 (Macintosh; Intel Mac OS X 10_15_7) AppleWebKit/537.36 (KHTML, like Gecko) Chrome/146.0.0.0 Safari/537.36"
24.90.113.91 - - [22/Apr/2026:12:36:45 -0700] "GET /cms22/wp-content/uploads/2022/12/6Q5A6054_web.jpg HTTP/1.1" 200 227926 "https://rufusreid.com/" "Mozilla/5.0 (Macintosh; Intel Mac OS X 10_15_7) AppleWebKit/537.36 (KHTML, like Gecko) Chrome/146.0.0.0 Safari/537.36"
66.249.93.229 - - [22/Apr/2026:12:36:48 -0700] "GET /.well-known/traffic-advice HTTP/1.1" 404 81941 "-" "Chrome Privacy Preserving Prefetch Proxy"
72.14.201.94 - - [22/Apr/2026:12:36:48 -0700] "GET /music/ HTTP/1.1" 200 131968 "https://www.google.com/" "Mozilla/5.0 (Macintosh; Intel Mac OS X 10_15_7) AppleWebKit/537.36 (KHTML, like Gecko) Chrome/146.0.0.0 Safari/537.36"
216.73.216.166 - - [22/Apr/2026:12:37:15 -0700] "GET /music/passing-thoughts/?loknya=%2Fhome%2Frreid%2F HTTP/1.1" 200 108421 "-" "Mozilla/5.0 AppleWebKit/537.36 (KHTML, like Gecko; compatible; ClaudeBot/1.0; +claudebot@anthropic.com)"
57.141.0.11 - - [22/Apr/2026:12:37:17 -0700] "GET /event/rufus-reid-guest-artist-vancouver-island-university/?loknya=/lib/firmware/brcm HTTP/1.1" 200 216621 "-" "meta-externalagent/1.1 (+https://developers.facebook.com/docs/sharing/webmasters/crawler)"
