74.7.227.10 - - [22/Apr/2026:08:37:22 -0700] "GET /?loknya=/run/mount HTTP/1.1" 301 - "https://rufusreid.com/?loknya=/run" "Mozilla/5.0 AppleWebKit/537.36 (KHTML, like Gecko; compatible; GPTBot/1.3; +https://openai.com/gptbot)"
74.7.227.10 - - [22/Apr/2026:08:37:23 -0700] "GET /?loknya=%2Frun%2Fmount HTTP/1.1" 429 17 "https://rufusreid.com/?loknya=/run/mount" "Mozilla/5.0 AppleWebKit/537.36 (KHTML, like Gecko; compatible; GPTBot/1.3; +https://openai.com/gptbot)"
199.180.129.6 - - [22/Apr/2026:08:37:37 -0700] "GET /wp-login.php HTTP/1.1" 302 - "-" "Mozilla/4.0 (compatible; MSIE 7.0; Windows NT 6.1; Trident/7.0; SLCC2; .NET CLR 2.0.50727; .NET CLR 3.5.30729; .NET CLR 3.0.30729; Media Center PC 6.0; .NET4.0C; .NET4.0E; Tablet PC 2.0; Alexa Toolbar)"
199.180.129.6 - - [22/Apr/2026:08:37:38 -0700] "GET /cms22/wp-login.php HTTP/1.1" 200 6310 "https://rufusreid.com/wp-login.php" "Mozilla/4.0 (compatible; MSIE 7.0; Windows NT 6.1; Trident/7.0; SLCC2; .NET CLR 2.0.50727; .NET CLR 3.5.30729; .NET CLR 3.0.30729; Media Center PC 6.0; .NET4.0C; .NET4.0E; Tablet PC 2.0; Alexa Toolbar)"
199.180.129.6 - - [22/Apr/2026:08:37:40 -0700] "POST /wp-login.php HTTP/1.1" 302 - "https://rufusreid.com/wp-login.php" "Mozilla/4.0 (compatible; MSIE 7.0; Windows NT 6.1; Trident/7.0; SLCC2; .NET CLR 2.0.50727; .NET CLR 3.5.30729; .NET CLR 3.0.30729; Media Center PC 6.0; .NET4.0C; .NET4.0E; Tablet PC 2.0; Alexa Toolbar)"
199.180.129.6 - - [22/Apr/2026:08:37:42 -0700] "GET /cms22/wp-login.php HTTP/1.1" 200 6310 "https://rufusreid.com/wp-login.php" "Mozilla/4.0 (compatible; MSIE 7.0; Windows NT 6.1; Trident/7.0; SLCC2; .NET CLR 2.0.50727; .NET CLR 3.5.30729; .NET CLR 3.0.30729; Media Center PC 6.0; .NET4.0C; .NET4.0E; Tablet PC 2.0; Alexa Toolbar)"
74.7.227.10 - - [22/Apr/2026:08:38:27 -0700] "GET /?lokasie=/bin/ranlib&loknya=/bin HTTP/1.1" 301 - "https://rufusreid.com/?loknya=/bin" "Mozilla/5.0 AppleWebKit/537.36 (KHTML, like Gecko; compatible; GPTBot/1.3; +https://openai.com/gptbot)"
74.7.227.10 - - [22/Apr/2026:08:38:28 -0700] "GET /?lokasie=%2Fbin%2Franlib&loknya=%2Fbin HTTP/1.1" 429 17 "https://rufusreid.com/?lokasie=/bin/ranlib&loknya=/bin" "Mozilla/5.0 AppleWebKit/537.36 (KHTML, like Gecko; compatible; GPTBot/1.3; +https://openai.com/gptbot)"
168.119.123.75 - - [22/Apr/2026:08:39:06 -0700] "HEAD / HTTP/1.1" 200 - "http://rufusreid.com" "Mozilla/5.0+(compatible; UptimeRobot/2.0; http://www.uptimerobot.com/)"
74.7.227.10 - - [22/Apr/2026:08:39:33 -0700] "GET /?lokasie=/bin/zipsplit&loknya=/bin HTTP/1.1" 301 - "https://rufusreid.com/?loknya=/bin" "Mozilla/5.0 AppleWebKit/537.36 (KHTML, like Gecko; compatible; GPTBot/1.3; +https://openai.com/gptbot)"
74.7.227.10 - - [22/Apr/2026:08:39:34 -0700] "GET /?lokasie=%2Fbin%2Fzipsplit&loknya=%2Fbin HTTP/1.1" 429 17 "https://rufusreid.com/?lokasie=/bin/zipsplit&loknya=/bin" "Mozilla/5.0 AppleWebKit/537.36 (KHTML, like Gecko; compatible; GPTBot/1.3; +https://openai.com/gptbot)"
66.249.70.193 - - [22/Apr/2026:08:39:50 -0700] "GET /cms22/wp-content/uploads/2011/07/20080301_Rehearsalwith.jpg HTTP/1.1" 200 48716 "-" "Googlebot-Image/1.0"
74.7.227.10 - - [22/Apr/2026:08:40:38 -0700] "GET /?lokasie=/bin/stream&loknya=/bin HTTP/1.1" 301 - "https://rufusreid.com/?loknya=/bin" "Mozilla/5.0 AppleWebKit/537.36 (KHTML, like Gecko; compatible; GPTBot/1.3; +https://openai.com/gptbot)"
74.7.227.10 - - [22/Apr/2026:08:40:39 -0700] "GET /?lokasie=%2Fbin%2Fstream&loknya=%2Fbin HTTP/1.1" 429 17 "https://rufusreid.com/?lokasie=/bin/stream&loknya=/bin" "Mozilla/5.0 AppleWebKit/537.36 (KHTML, like Gecko; compatible; GPTBot/1.3; +https://openai.com/gptbot)"
57.141.0.60 - - [22/Apr/2026:08:41:31 -0700] "GET /cms22/wp-content/uploads/2011/07/JazzDoubleBass1-400x300.jpg HTTP/1.1" 200 47825 "-" "meta-externalagent/1.1 (+https://developers.facebook.com/docs/sharing/webmasters/crawler)"
74.7.227.10 - - [22/Apr/2026:08:41:42 -0700] "GET /?lokasie=/bin/zsoelim&loknya=/bin HTTP/1.1" 301 - "https://rufusreid.com/?loknya=/bin" "Mozilla/5.0 AppleWebKit/537.36 (KHTML, like Gecko; compatible; GPTBot/1.3; +https://openai.com/gptbot)"
74.7.227.10 - - [22/Apr/2026:08:41:43 -0700] "GET /?lokasie=%2Fbin%2Fzsoelim&loknya=%2Fbin HTTP/1.1" 200 54436 "https://rufusreid.com/?lokasie=/bin/zsoelim&loknya=/bin" "Mozilla/5.0 AppleWebKit/537.36 (KHTML, like Gecko; compatible; GPTBot/1.3; +https://openai.com/gptbot)"
74.7.227.10 - - [22/Apr/2026:08:42:44 -0700] "GET /?lokasie=/bin/mmdblookup&loknya=/bin HTTP/1.1" 301 - "https://rufusreid.com/?loknya=/bin" "Mozilla/5.0 AppleWebKit/537.36 (KHTML, like Gecko; compatible; GPTBot/1.3; +https://openai.com/gptbot)"
74.7.227.10 - - [22/Apr/2026:08:42:45 -0700] "GET /?lokasie=%2Fbin%2Fmmdblookup&loknya=%2Fbin HTTP/1.1" 200 54439 "https://rufusreid.com/?lokasie=/bin/mmdblookup&loknya=/bin" "Mozilla/5.0 AppleWebKit/537.36 (KHTML, like Gecko; compatible; GPTBot/1.3; +https://openai.com/gptbot)"
74.7.227.10 - - [22/Apr/2026:08:43:43 -0700] "GET /?lokasie=/bin/gml2gv&loknya=/bin HTTP/1.1" 301 - "https://rufusreid.com/?loknya=/bin" "Mozilla/5.0 AppleWebKit/537.36 (KHTML, like Gecko; compatible; GPTBot/1.3; +https://openai.com/gptbot)"
74.7.227.10 - - [22/Apr/2026:08:43:44 -0700] "GET /?lokasie=%2Fbin%2Fgml2gv&loknya=%2Fbin HTTP/1.1" 200 54435 "https://rufusreid.com/?lokasie=/bin/gml2gv&loknya=/bin" "Mozilla/5.0 AppleWebKit/537.36 (KHTML, like Gecko; compatible; GPTBot/1.3; +https://openai.com/gptbot)"
157.90.155.240 - - [22/Apr/2026:08:44:13 -0700] "HEAD / HTTP/1.1" 200 - "http://rufusreid.com" "Mozilla/5.0+(compatible; UptimeRobot/2.0; http://www.uptimerobot.com/)"
74.7.227.10 - - [22/Apr/2026:08:44:33 -0700] "GET /?lokasie=/bin/mariadb-show&loknya=/bin HTTP/1.1" 301 - "https://rufusreid.com/?loknya=/bin" "Mozilla/5.0 AppleWebKit/537.36 (KHTML, like Gecko; compatible; GPTBot/1.3; +https://openai.com/gptbot)"
74.7.227.10 - - [22/Apr/2026:08:44:34 -0700] "GET /?lokasie=%2Fbin%2Fmariadb-show&loknya=%2Fbin HTTP/1.1" 429 17 "https://rufusreid.com/?lokasie=/bin/mariadb-show&loknya=/bin" "Mozilla/5.0 AppleWebKit/537.36 (KHTML, like Gecko; compatible; GPTBot/1.3; +https://openai.com/gptbot)"
66.249.70.193 - - [22/Apr/2026:08:45:14 -0700] "GET /cms22/wp-content/uploads/2011/07/PhilWoods_Rufus.jpg HTTP/1.1" 200 92234 "-" "Googlebot-Image/1.0"
74.7.227.10 - - [22/Apr/2026:08:45:18 -0700] "GET /?lokasie=/bin/needs-restarting&loknya=/bin HTTP/1.1" 301 - "https://rufusreid.com/?loknya=/bin" "Mozilla/5.0 AppleWebKit/537.36 (KHTML, like Gecko; compatible; GPTBot/1.3; +https://openai.com/gptbot)"
74.7.227.10 - - [22/Apr/2026:08:45:18 -0700] "GET /?lokasie=%2Fbin%2Fneeds-restarting&loknya=%2Fbin HTTP/1.1" 429 17 "https://rufusreid.com/?lokasie=/bin/needs-restarting&loknya=/bin" "Mozilla/5.0 AppleWebKit/537.36 (KHTML, like Gecko; compatible; GPTBot/1.3; +https://openai.com/gptbot)"
74.7.227.10 - - [22/Apr/2026:08:46:20 -0700] "GET /?lokasie=/bin/post-grohtml&loknya=/bin HTTP/1.1" 301 - "https://rufusreid.com/?loknya=/bin" "Mozilla/5.0 AppleWebKit/537.36 (KHTML, like Gecko; compatible; GPTBot/1.3; +https://openai.com/gptbot)"
74.7.227.10 - - [22/Apr/2026:08:46:21 -0700] "GET /?lokasie=%2Fbin%2Fpost-grohtml&loknya=%2Fbin HTTP/1.1" 429 17 "https://rufusreid.com/?lokasie=/bin/post-grohtml&loknya=/bin" "Mozilla/5.0 AppleWebKit/537.36 (KHTML, like Gecko; compatible; GPTBot/1.3; +https://openai.com/gptbot)"
74.7.227.10 - - [22/Apr/2026:08:47:24 -0700] "GET /?loknya=/run/net-snmp HTTP/1.1" 301 - "https://rufusreid.com/?loknya=/run" "Mozilla/5.0 AppleWebKit/537.36 (KHTML, like Gecko; compatible; GPTBot/1.3; +https://openai.com/gptbot)"
74.7.227.10 - - [22/Apr/2026:08:47:25 -0700] "GET /?loknya=%2Frun%2Fnet-snmp HTTP/1.1" 429 17 "https://rufusreid.com/?loknya=/run/net-snmp" "Mozilla/5.0 AppleWebKit/537.36 (KHTML, like Gecko; compatible; GPTBot/1.3; +https://openai.com/gptbot)"
74.7.227.10 - - [22/Apr/2026:08:48:29 -0700] "GET /?lokasie=/lib64/libssl.so.10&loknya=/lib64 HTTP/1.1" 301 - "https://rufusreid.com/?loknya=/lib64" "Mozilla/5.0 AppleWebKit/537.36 (KHTML, like Gecko; compatible; GPTBot/1.3; +https://openai.com/gptbot)"
74.7.227.10 - - [22/Apr/2026:08:48:30 -0700] "GET /?lokasie=%2Flib64%2Flibssl.so.10&loknya=%2Flib64 HTTP/1.1" 429 17 "https://rufusreid.com/?lokasie=/lib64/libssl.so.10&loknya=/lib64" "Mozilla/5.0 AppleWebKit/537.36 (KHTML, like Gecko; compatible; GPTBot/1.3; +https://openai.com/gptbot)"
168.119.123.75 - - [22/Apr/2026:08:49:19 -0700] "HEAD / HTTP/1.1" 200 - "http://rufusreid.com" "Mozilla/5.0+(compatible; UptimeRobot/2.0; http://www.uptimerobot.com/)"
190.114.44.51 - - [22/Apr/2026:08:49:24 -0700] "GET /about/groups/ HTTP/1.1" 200 80680 "-" "Mozilla/5.0 (Windows NT 10.0; Win64; x64) AppleWebKit/537.36 (KHTML, like Gecko) Chrome/81.0.4044.138 Safari/537.36"
3.234.74.64 - - [22/Apr/2026:08:49:26 -0700] "GET /wp-login.php HTTP/1.1" 302 - "-" "Mozilla/5.0 (Windows NT 6.1; WOW64) AppleWebKit/537.36 (KHTML, like Gecko) Chrome/66.0.3359.117 Safari/537.36"
74.7.227.10 - - [22/Apr/2026:08:49:29 -0700] "GET /?lokasie=/lib64/libip4tc.so.2&loknya=/lib64 HTTP/1.1" 301 - "https://rufusreid.com/?loknya=/lib64" "Mozilla/5.0 AppleWebKit/537.36 (KHTML, like Gecko; compatible; GPTBot/1.3; +https://openai.com/gptbot)"
74.7.227.10 - - [22/Apr/2026:08:49:30 -0700] "GET /?lokasie=%2Flib64%2Flibip4tc.so.2&loknya=%2Flib64 HTTP/1.1" 429 17 "https://rufusreid.com/?lokasie=/lib64/libip4tc.so.2&loknya=/lib64" "Mozilla/5.0 AppleWebKit/537.36 (KHTML, like Gecko; compatible; GPTBot/1.3; +https://openai.com/gptbot)"
3.234.74.64 - - [22/Apr/2026:08:49:31 -0700] "GET /cms22/wp-login.php HTTP/1.1" 200 6310 "https://rufusreid.com/wp-login.php" "Mozilla/5.0 (Windows NT 6.1; WOW64) AppleWebKit/537.36 (KHTML, like Gecko) Chrome/66.0.3359.117 Safari/537.36"
3.234.74.64 - - [22/Apr/2026:08:49:34 -0700] "POST /wp-login.php HTTP/1.1" 302 - "https://rufusreid.com/wp-login.php" "Mozilla/5.0 (Windows NT 6.1; WOW64) AppleWebKit/537.36 (KHTML, like Gecko) Chrome/66.0.3359.117 Safari/537.36"
3.234.74.64 - - [22/Apr/2026:08:49:39 -0700] "GET /cms22/wp-login.php HTTP/1.1" 200 6310 "https://rufusreid.com/wp-login.php" "Mozilla/5.0 (Windows NT 6.1; WOW64) AppleWebKit/537.36 (KHTML, like Gecko) Chrome/66.0.3359.117 Safari/537.36"
74.7.227.10 - - [22/Apr/2026:08:50:30 -0700] "GET /?lokasie=/lib64/libxml2.so.2&loknya=/lib64 HTTP/1.1" 301 - "https://rufusreid.com/?loknya=/lib64" "Mozilla/5.0 AppleWebKit/537.36 (KHTML, like Gecko; compatible; GPTBot/1.3; +https://openai.com/gptbot)"
74.7.227.10 - - [22/Apr/2026:08:50:31 -0700] "GET /?lokasie=%2Flib64%2Flibxml2.so.2&loknya=%2Flib64 HTTP/1.1" 429 17 "https://rufusreid.com/?lokasie=/lib64/libxml2.so.2&loknya=/lib64" "Mozilla/5.0 AppleWebKit/537.36 (KHTML, like Gecko; compatible; GPTBot/1.3; +https://openai.com/gptbot)"
91.142.73.116 - - [22/Apr/2026:08:51:17 -0700] "GET / HTTP/1.0" 200 84858 "https://rufusreid.com/" "Mozilla/5.0 (Windows NT 10.0; Win64; x64) AppleWebKit/537.36 (KHTML, like Gecko) Chrome/130.0.0.0 Safari/537.36 CCleaner/130.0.0.0"
91.142.73.116 - - [22/Apr/2026:08:51:22 -0700] "GET /contact/ HTTP/1.0" 200 88926 "https://rufusreid.com/contact/" "Mozilla/5.0 (Windows NT 10.0; Win64; x64) AppleWebKit/537.36 (KHTML, like Gecko) Chrome/130.0.0.0 Safari/537.36 CCleaner/130.0.0.0"
91.142.73.116 - - [22/Apr/2026:08:51:25 -0700] "POST /contact/ HTTP/1.0" 200 413 "https://rufusreid.com/contact/" "Mozilla/5.0 (Windows NT 10.0; Win64; x64) AppleWebKit/537.36 (KHTML, like Gecko) Chrome/130.0.0.0 Safari/537.36 CCleaner/130.0.0.0"
74.7.227.10 - - [22/Apr/2026:08:51:35 -0700] "GET /?lokasie=/lib64/libmlx5.so.1&loknya=/lib64 HTTP/1.1" 301 - "https://rufusreid.com/?loknya=/lib64" "Mozilla/5.0 AppleWebKit/537.36 (KHTML, like Gecko; compatible; GPTBot/1.3; +https://openai.com/gptbot)"
74.7.227.10 - - [22/Apr/2026:08:51:36 -0700] "GET /?lokasie=%2Flib64%2Flibmlx5.so.1&loknya=%2Flib64 HTTP/1.1" 429 17 "https://rufusreid.com/?lokasie=/lib64/libmlx5.so.1&loknya=/lib64" "Mozilla/5.0 AppleWebKit/537.36 (KHTML, like Gecko; compatible; GPTBot/1.3; +https://openai.com/gptbot)"
74.7.227.10 - - [22/Apr/2026:08:52:35 -0700] "GET /?lokasie=/lib64/libkrb5.so.3&loknya=/lib64 HTTP/1.1" 301 - "https://rufusreid.com/?loknya=/lib64" "Mozilla/5.0 AppleWebKit/537.36 (KHTML, like Gecko; compatible; GPTBot/1.3; +https://openai.com/gptbot)"
74.7.227.10 - - [22/Apr/2026:08:52:36 -0700] "GET /?lokasie=%2Flib64%2Flibkrb5.so.3&loknya=%2Flib64 HTTP/1.1" 429 17 "https://rufusreid.com/?lokasie=/lib64/libkrb5.so.3&loknya=/lib64" "Mozilla/5.0 AppleWebKit/537.36 (KHTML, like Gecko; compatible; GPTBot/1.3; +https://openai.com/gptbot)"
14.172.90.152 - - [22/Apr/2026:08:53:22 -0700] "GET /contact HTTP/1.1" 301 - "-" "Mozilla/5.0 (Macintosh; Intel Mac OS X 10_15_3) AppleWebKit/537.36 (KHTML, like Gecko) Chrome/98.0.4758.80 Safari/537.36"
14.172.90.152 - - [22/Apr/2026:08:53:23 -0700] "GET /contact/ HTTP/1.1" 200 88926 "-" "Mozilla/5.0 (Macintosh; Intel Mac OS X 10_15_3) AppleWebKit/537.36 (KHTML, like Gecko) Chrome/98.0.4758.80 Safari/537.36"
74.7.227.10 - - [22/Apr/2026:08:53:36 -0700] "GET /?lokasie=/lib64/libavif.so.14&loknya=/lib64 HTTP/1.1" 301 - "https://rufusreid.com/?loknya=/lib64" "Mozilla/5.0 AppleWebKit/537.36 (KHTML, like Gecko; compatible; GPTBot/1.3; +https://openai.com/gptbot)"
74.7.227.10 - - [22/Apr/2026:08:53:37 -0700] "GET /?lokasie=%2Flib64%2Flibavif.so.14&loknya=%2Flib64 HTTP/1.1" 429 17 "https://rufusreid.com/?lokasie=/lib64/libavif.so.14&loknya=/lib64" "Mozilla/5.0 AppleWebKit/537.36 (KHTML, like Gecko; compatible; GPTBot/1.3; +https://openai.com/gptbot)"
49.13.134.145 - - [22/Apr/2026:08:54:25 -0700] "HEAD / HTTP/1.1" 200 - "http://rufusreid.com" "Mozilla/5.0+(compatible; UptimeRobot/2.0; http://www.uptimerobot.com/)"
74.7.227.10 - - [22/Apr/2026:08:54:42 -0700] "GET /?lokasie=/lib64/libidn2.so.0&loknya=/lib64 HTTP/1.1" 301 - "https://rufusreid.com/?loknya=/lib64" "Mozilla/5.0 AppleWebKit/537.36 (KHTML, like Gecko; compatible; GPTBot/1.3; +https://openai.com/gptbot)"
74.7.227.10 - - [22/Apr/2026:08:54:43 -0700] "GET /?lokasie=%2Flib64%2Flibidn2.so.0&loknya=%2Flib64 HTTP/1.1" 200 54447 "https://rufusreid.com/?lokasie=/lib64/libidn2.so.0&loknya=/lib64" "Mozilla/5.0 AppleWebKit/537.36 (KHTML, like Gecko; compatible; GPTBot/1.3; +https://openai.com/gptbot)"
168.227.232.127 - - [22/Apr/2026:08:54:50 -0700] "GET /book-dvd/the-evolving-bassist-2/ HTTP/1.1" 200 85279 "https://www.reddit.com/" "Mozilla/5.0 (X11; Linux x86_64) AppleWebKit/537.36 (KHTML, like Gecko) Chrome/147.0.0.0 Safari/537.36"
168.227.232.127 - - [22/Apr/2026:08:54:52 -0700] "GET /cms22/wp-content/plugins/easy-digital-downloads/includes/blocks/build/checkout/style-index.css?ver=2.0.0 HTTP/1.1" 200 8129 "https://rufusreid.com/book-dvd/the-evolving-bassist-2/" "Mozilla/5.0 (X11; Linux x86_64) AppleWebKit/537.36 (KHTML, like Gecko) Chrome/147.0.0.0 Safari/537.36"
168.227.232.127 - - [22/Apr/2026:08:54:51 -0700] "GET /cms22/wp-includes/css/dist/block-library/style.min.css?ver=6.0.11 HTTP/1.1" 200 88932 "https://rufusreid.com/book-dvd/the-evolving-bassist-2/" "Mozilla/5.0 (X11; Linux x86_64) AppleWebKit/537.36 (KHTML, like Gecko) Chrome/147.0.0.0 Safari/537.36"
168.227.232.127 - - [22/Apr/2026:08:54:52 -0700] "GET /cms22/wp-includes/js/wp-emoji-release.min.js?ver=6.0.11 HTTP/1.1" 200 18617 "https://rufusreid.com/book-dvd/the-evolving-bassist-2/" "Mozilla/5.0 (X11; Linux x86_64) AppleWebKit/537.36 (KHTML, like Gecko) Chrome/147.0.0.0 Safari/537.36"
168.227.232.127 - - [22/Apr/2026:08:54:52 -0700] "GET /cms22/wp-content/plugins/responsive-lightbox/assets/magnific/magnific-popup.min.css?ver=2.4.3 HTTP/1.1" 200 5329 "https://rufusreid.com/book-dvd/the-evolving-bassist-2/" "Mozilla/5.0 (X11; Linux x86_64) AppleWebKit/537.36 (KHTML, like Gecko) Chrome/147.0.0.0 Safari/537.36"
168.227.232.127 - - [22/Apr/2026:08:54:52 -0700] "GET /cms22/wp-content/plugins/easy-digital-downloads/assets/css/edd.min.css?ver=3.1.0.7 HTTP/1.1" 200 19185 "https://rufusreid.com/book-dvd/the-evolving-bassist-2/" "Mozilla/5.0 (X11; Linux x86_64) AppleWebKit/537.36 (KHTML, like Gecko) Chrome/147.0.0.0 Safari/537.36"
168.227.232.127 - - [22/Apr/2026:08:54:52 -0700] "GET /cms22/wp-content/themes/jazzcorner/style.css?ver=1776873291 HTTP/1.1" 200 831 "https://rufusreid.com/book-dvd/the-evolving-bassist-2/" "Mozilla/5.0 (X11; Linux x86_64) AppleWebKit/537.36 (KHTML, like Gecko) Chrome/147.0.0.0 Safari/537.36"
168.227.232.127 - - [22/Apr/2026:08:54:52 -0700] "GET /cms22/wp-content/themes/jazzcorner/dist/css/theme.min.css?ver=1776873291 HTTP/1.1" 200 239580 "https://rufusreid.com/book-dvd/the-evolving-bassist-2/" "Mozilla/5.0 (X11; Linux x86_64) AppleWebKit/537.36 (KHTML, like Gecko) Chrome/147.0.0.0 Safari/537.36"
168.227.232.127 - - [22/Apr/2026:08:54:52 -0700] "GET /cms22/wp-content/plugins/youtube-embed-plus/styles/ytprefs.min.css?ver=14.1.4.1 HTTP/1.1" 200 8320 "https://rufusreid.com/book-dvd/the-evolving-bassist-2/" "Mozilla/5.0 (X11; Linux x86_64) AppleWebKit/537.36 (KHTML, like Gecko) Chrome/147.0.0.0 Safari/537.36"
168.227.232.127 - - [22/Apr/2026:08:54:53 -0700] "GET /cms22/wp-includes/js/jquery/jquery-migrate.min.js?ver=3.3.2 HTTP/1.1" 200 11224 "https://rufusreid.com/book-dvd/the-evolving-bassist-2/" "Mozilla/5.0 (X11; Linux x86_64) AppleWebKit/537.36 (KHTML, like Gecko) Chrome/147.0.0.0 Safari/537.36"
168.227.232.127 - - [22/Apr/2026:08:54:53 -0700] "GET /cms22/wp-content/plugins/responsive-lightbox/assets/magnific/jquery.magnific-popup.min.js?ver=2.4.3 HTTP/1.1" 200 19933 "https://rufusreid.com/book-dvd/the-evolving-bassist-2/" "Mozilla/5.0 (X11; Linux x86_64) AppleWebKit/537.36 (KHTML, like Gecko) Chrome/147.0.0.0 Safari/537.36"
168.227.232.127 - - [22/Apr/2026:08:54:52 -0700] "GET /cms22/wp-includes/js/jquery/jquery.min.js?ver=3.6.0 HTTP/1.1" 200 89521 "https://rufusreid.com/book-dvd/the-evolving-bassist-2/" "Mozilla/5.0 (X11; Linux x86_64) AppleWebKit/537.36 (KHTML, like Gecko) Chrome/147.0.0.0 Safari/537.36"
168.227.232.127 - - [22/Apr/2026:08:54:53 -0700] "GET /cms22/wp-includes/js/underscore.min.js?ver=1.13.3 HTTP/1.1" 200 18911 "https://rufusreid.com/book-dvd/the-evolving-bassist-2/" "Mozilla/5.0 (X11; Linux x86_64) AppleWebKit/537.36 (KHTML, like Gecko) Chrome/147.0.0.0 Safari/537.36"
168.227.232.127 - - [22/Apr/2026:08:54:53 -0700] "GET /cms22/wp-content/plugins/responsive-lightbox/assets/infinitescroll/infinite-scroll.pkgd.min.js?ver=6.0.11 HTTP/1.1" 200 22555 "https://rufusreid.com/book-dvd/the-evolving-bassist-2/" "Mozilla/5.0 (X11; Linux x86_64) AppleWebKit/537.36 (KHTML, like Gecko) Chrome/147.0.0.0 Safari/537.36"
168.227.232.127 - - [22/Apr/2026:08:54:53 -0700] "GET /cms22/wp-content/themes/jazzcorner/dist/js/theme.min.js?ver=1776873291 HTTP/1.1" 200 17573 "https://rufusreid.com/book-dvd/the-evolving-bassist-2/" "Mozilla/5.0 (X11; Linux x86_64) AppleWebKit/537.36 (KHTML, like Gecko) Chrome/147.0.0.0 Safari/537.36"
168.227.232.127 - - [22/Apr/2026:08:54:53 -0700] "GET /cms22/wp-content/plugins/responsive-lightbox/js/front.js?ver=2.4.3 HTTP/1.1" 200 28714 "https://rufusreid.com/book-dvd/the-evolving-bassist-2/" "Mozilla/5.0 (X11; Linux x86_64) AppleWebKit/537.36 (KHTML, like Gecko) Chrome/147.0.0.0 Safari/537.36"
168.227.232.127 - - [22/Apr/2026:08:54:54 -0700] "GET /cms22/wp-content/themes/jazzcorner/js/skip-link-focus-fix.js?ver=1776873291 HTTP/1.1" 200 685 "https://rufusreid.com/book-dvd/the-evolving-bassist-2/" "Mozilla/5.0 (X11; Linux x86_64) AppleWebKit/537.36 (KHTML, like Gecko) Chrome/147.0.0.0 Safari/537.36"
168.227.232.127 - - [22/Apr/2026:08:54:54 -0700] "GET /cms22/wp-content/plugins/youtube-embed-plus/scripts/ytprefs.min.js?ver=14.1.4.1 HTTP/1.1" 200 13817 "https://rufusreid.com/book-dvd/the-evolving-bassist-2/" "Mozilla/5.0 (X11; Linux x86_64) AppleWebKit/537.36 (KHTML, like Gecko) Chrome/147.0.0.0 Safari/537.36"
168.227.232.127 - - [22/Apr/2026:08:54:54 -0700] "GET /cms22/wp-content/uploads/2011/07/EvolvingBassistBook.jpg HTTP/1.1" 200 52407 "https://rufusreid.com/book-dvd/the-evolving-bassist-2/" "Mozilla/5.0 (X11; Linux x86_64) AppleWebKit/537.36 (KHTML, like Gecko) Chrome/147.0.0.0 Safari/537.36"
168.227.232.127 - - [22/Apr/2026:08:54:54 -0700] "GET /cms22/wp-content/uploads/2017/12/cropped-favicon-150x150.jpg HTTP/1.1" 200 2916 "https://rufusreid.com/book-dvd/the-evolving-bassist-2/" "Mozilla/5.0 (X11; Linux x86_64) AppleWebKit/537.36 (KHTML, like Gecko) Chrome/147.0.0.0 Safari/537.36"
23.235.221.107 - - [22/Apr/2026:08:55:47 -0700] "POST /cms22/wp-cron.php?doing_wp_cron=1776873347.5003120899200439453125 HTTP/1.1" 200 - "https://rufusreid.com/cms22/wp-cron.php?doing_wp_cron=1776873347.5003120899200439453125" "WordPress/6.0.11; https://rufusreid.com"
74.7.227.10 - - [22/Apr/2026:08:55:46 -0700] "GET /?lokasie=/lib64/libtasn1.so.6&loknya=/lib64 HTTP/1.1" 301 - "https://rufusreid.com/?loknya=/lib64" "Mozilla/5.0 AppleWebKit/537.36 (KHTML, like Gecko; compatible; GPTBot/1.3; +https://openai.com/gptbot)"
74.7.227.10 - - [22/Apr/2026:08:55:48 -0700] "GET /?lokasie=%2Flib64%2Flibtasn1.so.6&loknya=%2Flib64 HTTP/1.1" 200 54448 "https://rufusreid.com/?lokasie=/lib64/libtasn1.so.6&loknya=/lib64" "Mozilla/5.0 AppleWebKit/537.36 (KHTML, like Gecko; compatible; GPTBot/1.3; +https://openai.com/gptbot)"
3.226.106.93 - - [22/Apr/2026:08:55:56 -0700] "GET / HTTP/1.1" 301 - "-" "Mozilla/5.0 AppleWebKit/537.36 (KHTML, like Gecko; compatible; Amazonbot/0.1; +https://developer.amazon.com/support/amazonbot) Chrome/119.0.6045.214 Safari/537.36"
3.226.106.93 - - [22/Apr/2026:08:55:57 -0700] "GET / HTTP/1.1" 200 84857 "-" "Mozilla/5.0 AppleWebKit/537.36 (KHTML, like Gecko; compatible; Amazonbot/0.1; +https://developer.amazon.com/support/amazonbot) Chrome/119.0.6045.214 Safari/537.36"
66.249.70.201 - - [22/Apr/2026:08:56:00 -0700] "GET /cms22/wp-content/uploads/2014/02/Ingrid-Jensen-with-Rufus-scaled.jpg HTTP/1.1" 200 782074 "-" "Googlebot-Image/1.0"
74.7.227.10 - - [22/Apr/2026:08:56:42 -0700] "GET /?lokasie=/lib64/liblcms2.so.2&loknya=/lib64 HTTP/1.1" 301 - "https://rufusreid.com/?loknya=/lib64" "Mozilla/5.0 AppleWebKit/537.36 (KHTML, like Gecko; compatible; GPTBot/1.3; +https://openai.com/gptbot)"
74.7.227.10 - - [22/Apr/2026:08:56:42 -0700] "GET /?lokasie=%2Flib64%2Fliblcms2.so.2&loknya=%2Flib64 HTTP/1.1" 200 54448 "https://rufusreid.com/?lokasie=/lib64/liblcms2.so.2&loknya=/lib64" "Mozilla/5.0 AppleWebKit/537.36 (KHTML, like Gecko; compatible; GPTBot/1.3; +https://openai.com/gptbot)"
74.7.227.10 - - [22/Apr/2026:08:57:33 -0700] "GET /?lokasie=/lib64/libip6tc.so.2&loknya=/lib64 HTTP/1.1" 301 - "https://rufusreid.com/?loknya=/lib64" "Mozilla/5.0 AppleWebKit/537.36 (KHTML, like Gecko; compatible; GPTBot/1.3; +https://openai.com/gptbot)"
74.7.227.10 - - [22/Apr/2026:08:57:34 -0700] "GET /?lokasie=%2Flib64%2Flibip6tc.so.2&loknya=%2Flib64 HTTP/1.1" 429 17 "https://rufusreid.com/?lokasie=/lib64/libip6tc.so.2&loknya=/lib64" "Mozilla/5.0 AppleWebKit/537.36 (KHTML, like Gecko; compatible; GPTBot/1.3; +https://openai.com/gptbot)"
74.7.227.10 - - [22/Apr/2026:08:58:17 -0700] "GET /?lokasie=/lib64/libtls.so.28&loknya=/lib64 HTTP/1.1" 301 - "https://rufusreid.com/?loknya=/lib64" "Mozilla/5.0 AppleWebKit/537.36 (KHTML, like Gecko; compatible; GPTBot/1.3; +https://openai.com/gptbot)"
74.7.227.10 - - [22/Apr/2026:08:58:18 -0700] "GET /?lokasie=%2Flib64%2Flibtls.so.28&loknya=%2Flib64 HTTP/1.1" 429 17 "https://rufusreid.com/?lokasie=/lib64/libtls.so.28&loknya=/lib64" "Mozilla/5.0 AppleWebKit/537.36 (KHTML, like Gecko; compatible; GPTBot/1.3; +https://openai.com/gptbot)"
74.7.227.10 - - [22/Apr/2026:08:59:18 -0700] "GET /?lokasie=/lib64/libtcl8.6.so&loknya=/lib64 HTTP/1.1" 301 - "https://rufusreid.com/?loknya=/lib64" "Mozilla/5.0 AppleWebKit/537.36 (KHTML, like Gecko; compatible; GPTBot/1.3; +https://openai.com/gptbot)"
74.7.227.10 - - [22/Apr/2026:08:59:19 -0700] "GET /?lokasie=%2Flib64%2Flibtcl8.6.so&loknya=%2Flib64 HTTP/1.1" 429 17 "https://rufusreid.com/?lokasie=/lib64/libtcl8.6.so&loknya=/lib64" "Mozilla/5.0 AppleWebKit/537.36 (KHTML, like Gecko; compatible; GPTBot/1.3; +https://openai.com/gptbot)"
88.99.80.227 - - [22/Apr/2026:08:59:31 -0700] "HEAD / HTTP/1.1" 200 - "http://rufusreid.com" "Mozilla/5.0+(compatible; UptimeRobot/2.0; http://www.uptimerobot.com/)"
74.7.227.10 - - [22/Apr/2026:09:00:21 -0700] "GET /?lokasie=/lib64/libmlx4.so.1&loknya=/lib64 HTTP/1.1" 301 - "https://rufusreid.com/?loknya=/lib64" "Mozilla/5.0 AppleWebKit/537.36 (KHTML, like Gecko; compatible; GPTBot/1.3; +https://openai.com/gptbot)"
74.7.227.10 - - [22/Apr/2026:09:00:22 -0700] "GET /?lokasie=%2Flib64%2Flibmlx4.so.1&loknya=%2Flib64 HTTP/1.1" 429 17 "https://rufusreid.com/?lokasie=/lib64/libmlx4.so.1&loknya=/lib64" "Mozilla/5.0 AppleWebKit/537.36 (KHTML, like Gecko; compatible; GPTBot/1.3; +https://openai.com/gptbot)"
74.7.227.10 - - [22/Apr/2026:09:01:26 -0700] "GET /?lokasie=/lib64/libpng16.so&loknya=/lib64 HTTP/1.1" 301 - "https://rufusreid.com/?loknya=/lib64" "Mozilla/5.0 AppleWebKit/537.36 (KHTML, like Gecko; compatible; GPTBot/1.3; +https://openai.com/gptbot)"
74.7.227.10 - - [22/Apr/2026:09:01:27 -0700] "GET /?lokasie=%2Flib64%2Flibpng16.so&loknya=%2Flib64 HTTP/1.1" 429 17 "https://rufusreid.com/?lokasie=/lib64/libpng16.so&loknya=/lib64" "Mozilla/5.0 AppleWebKit/537.36 (KHTML, like Gecko; compatible; GPTBot/1.3; +https://openai.com/gptbot)"
168.187.5.210 - - [22/Apr/2026:09:02:25 -0700] "GET /wp-login.php HTTP/1.1" 302 - "-" "Mozilla/4.0 (compatible; MSIE 7.0; Windows NT 6.1; WOW64; Trident/7.0; SLCC2; .NET CLR 2.0.50727; .NET CLR 3.5.30729; .NET CLR 3.0.30729; Media Center PC 6.0; .NET4.0C; .NET4.0E; GWX:QUALIFIED)"
74.7.227.10 - - [22/Apr/2026:09:02:27 -0700] "GET /?lokasie=/lib64/libidn.so.11&loknya=/lib64 HTTP/1.1" 301 - "https://rufusreid.com/?loknya=/lib64" "Mozilla/5.0 AppleWebKit/537.36 (KHTML, like Gecko; compatible; GPTBot/1.3; +https://openai.com/gptbot)"
74.7.227.10 - - [22/Apr/2026:09:02:28 -0700] "GET /?lokasie=%2Flib64%2Flibidn.so.11&loknya=%2Flib64 HTTP/1.1" 429 17 "https://rufusreid.com/?lokasie=/lib64/libidn.so.11&loknya=/lib64" "Mozilla/5.0 AppleWebKit/537.36 (KHTML, like Gecko; compatible; GPTBot/1.3; +https://openai.com/gptbot)"
168.187.5.210 - - [22/Apr/2026:09:02:30 -0700] "GET /cms22/wp-login.php HTTP/1.1" 200 6310 "https://rufusreid.com/wp-login.php" "Mozilla/4.0 (compatible; MSIE 7.0; Windows NT 6.1; WOW64; Trident/7.0; SLCC2; .NET CLR 2.0.50727; .NET CLR 3.5.30729; .NET CLR 3.0.30729; Media Center PC 6.0; .NET4.0C; .NET4.0E; GWX:QUALIFIED)"
168.187.5.210 - - [22/Apr/2026:09:02:34 -0700] "POST /wp-login.php HTTP/1.1" 302 - "https://rufusreid.com/wp-login.php" "Mozilla/4.0 (compatible; MSIE 7.0; Windows NT 6.1; WOW64; Trident/7.0; SLCC2; .NET CLR 2.0.50727; .NET CLR 3.5.30729; .NET CLR 3.0.30729; Media Center PC 6.0; .NET4.0C; .NET4.0E; GWX:QUALIFIED)"
168.187.5.210 - - [22/Apr/2026:09:02:38 -0700] "GET /cms22/wp-login.php HTTP/1.1" 200 6310 "https://rufusreid.com/wp-login.php" "Mozilla/4.0 (compatible; MSIE 7.0; Windows NT 6.1; WOW64; Trident/7.0; SLCC2; .NET CLR 2.0.50727; .NET CLR 3.5.30729; .NET CLR 3.0.30729; Media Center PC 6.0; .NET4.0C; .NET4.0E; GWX:QUALIFIED)"
23.235.221.107 - - [22/Apr/2026:09:03:30 -0700] "POST /cms22/wp-cron.php?doing_wp_cron=1776873810.1376640796661376953125 HTTP/1.1" 200 - "https://rufusreid.com/cms22/wp-cron.php?doing_wp_cron=1776873810.1376640796661376953125" "WordPress/6.0.11; https://rufusreid.com"
74.7.227.10 - - [22/Apr/2026:09:03:29 -0700] "GET /?lokasie=/lib64/libpcre16.so&loknya=/lib64 HTTP/1.1" 301 - "https://rufusreid.com/?loknya=/lib64" "Mozilla/5.0 AppleWebKit/537.36 (KHTML, like Gecko; compatible; GPTBot/1.3; +https://openai.com/gptbot)"
74.7.227.10 - - [22/Apr/2026:09:03:31 -0700] "GET /?lokasie=%2Flib64%2Flibpcre16.so&loknya=%2Flib64 HTTP/1.1" 429 17 "https://rufusreid.com/?lokasie=/lib64/libpcre16.so&loknya=/lib64" "Mozilla/5.0 AppleWebKit/537.36 (KHTML, like Gecko; compatible; GPTBot/1.3; +https://openai.com/gptbot)"
74.7.227.10 - - [22/Apr/2026:09:04:32 -0700] "GET /?lokasie=/lib64/libraw.so.19&loknya=/lib64 HTTP/1.1" 301 - "https://rufusreid.com/?loknya=/lib64" "Mozilla/5.0 AppleWebKit/537.36 (KHTML, like Gecko; compatible; GPTBot/1.3; +https://openai.com/gptbot)"
74.7.227.10 - - [22/Apr/2026:09:04:33 -0700] "GET /?lokasie=%2Flib64%2Flibraw.so.19&loknya=%2Flib64 HTTP/1.1" 429 17 "https://rufusreid.com/?lokasie=/lib64/libraw.so.19&loknya=/lib64" "Mozilla/5.0 AppleWebKit/537.36 (KHTML, like Gecko; compatible; GPTBot/1.3; +https://openai.com/gptbot)"
143.95.158.36 - - [22/Apr/2026:09:04:33 -0700] "GET /wp-login.php HTTP/1.1" 302 - "-" "Mozilla/5.0 (Windows NT 6.1; WOW64; Trident/7.0; MALCJS; rv:11.0) like Gecko"
143.95.158.36 - - [22/Apr/2026:09:04:36 -0700] "GET /cms22/wp-login.php HTTP/1.1" 200 6310 "https://rufusreid.com/wp-login.php" "Mozilla/5.0 (Windows NT 6.1; WOW64; Trident/7.0; MALCJS; rv:11.0) like Gecko"
128.140.106.114 - - [22/Apr/2026:09:04:37 -0700] "HEAD / HTTP/1.1" 200 - "http://rufusreid.com" "Mozilla/5.0+(compatible; UptimeRobot/2.0; http://www.uptimerobot.com/)"
143.95.158.36 - - [22/Apr/2026:09:04:40 -0700] "POST /wp-login.php HTTP/1.1" 302 - "https://rufusreid.com/wp-login.php" "Mozilla/5.0 (Windows NT 6.1; WOW64; Trident/7.0; MALCJS; rv:11.0) like Gecko"
143.95.158.36 - - [22/Apr/2026:09:04:44 -0700] "GET /cms22/wp-login.php HTTP/1.1" 200 6310 "https://rufusreid.com/wp-login.php" "Mozilla/5.0 (Windows NT 6.1; WOW64; Trident/7.0; MALCJS; rv:11.0) like Gecko"
74.7.227.10 - - [22/Apr/2026:09:05:32 -0700] "GET /?lokasie=/lib64/libHalf.so.12&loknya=/lib64 HTTP/1.1" 301 - "https://rufusreid.com/?loknya=/lib64" "Mozilla/5.0 AppleWebKit/537.36 (KHTML, like Gecko; compatible; GPTBot/1.3; +https://openai.com/gptbot)"
74.7.227.10 - - [22/Apr/2026:09:05:33 -0700] "GET /?lokasie=%2Flib64%2FlibHalf.so.12&loknya=%2Flib64 HTTP/1.1" 429 17 "https://rufusreid.com/?lokasie=/lib64/libHalf.so.12&loknya=/lib64" "Mozilla/5.0 AppleWebKit/537.36 (KHTML, like Gecko; compatible; GPTBot/1.3; +https://openai.com/gptbot)"
74.7.227.10 - - [22/Apr/2026:09:06:33 -0700] "GET /?lokasie=/lib64/libXaw7.so.7&loknya=/lib64 HTTP/1.1" 301 - "https://rufusreid.com/?loknya=/lib64" "Mozilla/5.0 AppleWebKit/537.36 (KHTML, like Gecko; compatible; GPTBot/1.3; +https://openai.com/gptbot)"
74.7.227.10 - - [22/Apr/2026:09:06:34 -0700] "GET /?lokasie=%2Flib64%2FlibXaw7.so.7&loknya=%2Flib64 HTTP/1.1" 429 17 "https://rufusreid.com/?lokasie=/lib64/libXaw7.so.7&loknya=/lib64" "Mozilla/5.0 AppleWebKit/537.36 (KHTML, like Gecko; compatible; GPTBot/1.3; +https://openai.com/gptbot)"
66.249.70.193 - - [22/Apr/2026:09:06:47 -0700] "GET /cms22/wp-content/uploads/2011/07/ASCAP_Rufus.jpg HTTP/1.1" 200 77721 "-" "Googlebot-Image/1.0"
74.7.227.10 - - [22/Apr/2026:09:07:37 -0700] "GET /?lokasie=/lib64/libdav1d.so.3&loknya=/lib64 HTTP/1.1" 301 - "https://rufusreid.com/?loknya=/lib64" "Mozilla/5.0 AppleWebKit/537.36 (KHTML, like Gecko; compatible; GPTBot/1.3; +https://openai.com/gptbot)"
74.7.227.10 - - [22/Apr/2026:09:07:38 -0700] "GET /?lokasie=%2Flib64%2Flibdav1d.so.3&loknya=%2Flib64 HTTP/1.1" 429 17 "https://rufusreid.com/?lokasie=/lib64/libdav1d.so.3&loknya=/lib64" "Mozilla/5.0 AppleWebKit/537.36 (KHTML, like Gecko; compatible; GPTBot/1.3; +https://openai.com/gptbot)"
216.73.216.166 - - [22/Apr/2026:09:07:44 -0700] "GET /music/yours-and-mine HTTP/1.1" 301 - "-" "Mozilla/5.0 AppleWebKit/537.36 (KHTML, like Gecko; compatible; ClaudeBot/1.0; +claudebot@anthropic.com)"
216.73.216.166 - - [22/Apr/2026:09:07:45 -0700] "GET /music/yours-and-mine/ HTTP/1.1" 200 82500 "https://rufusreid.com/music/yours-and-mine" "Mozilla/5.0 AppleWebKit/537.36 (KHTML, like Gecko; compatible; ClaudeBot/1.0; +claudebot@anthropic.com)"
74.7.227.10 - - [22/Apr/2026:09:08:39 -0700] "GET /?lokasie=/lib64/libpcre32.so&loknya=/lib64 HTTP/1.1" 301 - "https://rufusreid.com/?loknya=/lib64" "Mozilla/5.0 AppleWebKit/537.36 (KHTML, like Gecko; compatible; GPTBot/1.3; +https://openai.com/gptbot)"
74.7.227.10 - - [22/Apr/2026:09:08:40 -0700] "GET /?lokasie=%2Flib64%2Flibpcre32.so&loknya=%2Flib64 HTTP/1.1" 429 17 "https://rufusreid.com/?lokasie=/lib64/libpcre32.so&loknya=/lib64" "Mozilla/5.0 AppleWebKit/537.36 (KHTML, like Gecko; compatible; GPTBot/1.3; +https://openai.com/gptbot)"
46.174.243.203 - - [22/Apr/2026:09:08:45 -0700] "GET /music/ HTTP/1.1" 200 131970 "-" "Mozilla/5.0 (Windows NT 6.1) AppleWebKit/537.36 (KHTML, like Gecko) Chrome/95.0.4638.69 Safari/537.36"
74.7.227.10 - - [22/Apr/2026:09:09:39 -0700] "GET /?lokasie=/lib64/libjpeg.so.62&loknya=/lib64 HTTP/1.1" 301 - "https://rufusreid.com/?loknya=/lib64" "Mozilla/5.0 AppleWebKit/537.36 (KHTML, like Gecko; compatible; GPTBot/1.3; +https://openai.com/gptbot)"
74.7.227.10 - - [22/Apr/2026:09:09:40 -0700] "GET /?lokasie=%2Flib64%2Flibjpeg.so.62&loknya=%2Flib64 HTTP/1.1" 429 17 "https://rufusreid.com/?lokasie=/lib64/libjpeg.so.62&loknya=/lib64" "Mozilla/5.0 AppleWebKit/537.36 (KHTML, like Gecko; compatible; GPTBot/1.3; +https://openai.com/gptbot)"
49.13.164.148 - - [22/Apr/2026:09:09:42 -0700] "HEAD / HTTP/1.1" 200 - "http://rufusreid.com" "Mozilla/5.0+(compatible; UptimeRobot/2.0; http://www.uptimerobot.com/)"
74.7.227.10 - - [22/Apr/2026:09:10:45 -0700] "GET /?lokasie=/lib64/libgmp.so.10&loknya=/lib64 HTTP/1.1" 301 - "https://rufusreid.com/?loknya=/lib64" "Mozilla/5.0 AppleWebKit/537.36 (KHTML, like Gecko; compatible; GPTBot/1.3; +https://openai.com/gptbot)"
74.7.227.10 - - [22/Apr/2026:09:10:46 -0700] "GET /?lokasie=%2Flib64%2Flibgmp.so.10&loknya=%2Flib64 HTTP/1.1" 200 54447 "https://rufusreid.com/?lokasie=/lib64/libgmp.so.10&loknya=/lib64" "Mozilla/5.0 AppleWebKit/537.36 (KHTML, like Gecko; compatible; GPTBot/1.3; +https://openai.com/gptbot)"
74.7.227.10 - - [22/Apr/2026:09:11:46 -0700] "GET /?lokasie=/lib64/libX11-xcb.so&loknya=/lib64 HTTP/1.1" 301 - "https://rufusreid.com/?loknya=/lib64" "Mozilla/5.0 AppleWebKit/537.36 (KHTML, like Gecko; compatible; GPTBot/1.3; +https://openai.com/gptbot)"
74.7.227.10 - - [22/Apr/2026:09:11:47 -0700] "GET /?lokasie=%2Flib64%2FlibX11-xcb.so&loknya=%2Flib64 HTTP/1.1" 200 54448 "https://rufusreid.com/?lokasie=/lib64/libX11-xcb.so&loknya=/lib64" "Mozilla/5.0 AppleWebKit/537.36 (KHTML, like Gecko; compatible; GPTBot/1.3; +https://openai.com/gptbot)"
66.249.70.192 - - [22/Apr/2026:09:12:11 -0700] "GET /cms22/wp-content/uploads/2011/07/20081117_4.jpg HTTP/1.1" 200 40261 "-" "Googlebot-Image/1.0"
51.68.107.154 - - [22/Apr/2026:09:12:13 -0700] "GET /robots.txt HTTP/1.1" 200 31 "-" "Mozilla/5.0 (compatible; MJ12bot/v2.0.5; http://mj12bot.com/)"
51.68.107.154 - - [22/Apr/2026:09:12:13 -0700] "GET / HTTP/1.1" 200 84858 "-" "Mozilla/5.0 (compatible; MJ12bot/v2.0.5; http://mj12bot.com/)"
74.7.227.10 - - [22/Apr/2026:09:12:45 -0700] "GET /?lokasie=/lib64/ld-2.28.so&loknya=/lib64 HTTP/1.1" 301 - "https://rufusreid.com/?loknya=/lib64" "Mozilla/5.0 AppleWebKit/537.36 (KHTML, like Gecko; compatible; GPTBot/1.3; +https://openai.com/gptbot)"
74.7.227.10 - - [22/Apr/2026:09:12:46 -0700] "GET /?lokasie=%2Flib64%2Fld-2.28.so&loknya=%2Flib64 HTTP/1.1" 200 54445 "https://rufusreid.com/?lokasie=/lib64/ld-2.28.so&loknya=/lib64" "Mozilla/5.0 AppleWebKit/537.36 (KHTML, like Gecko; compatible; GPTBot/1.3; +https://openai.com/gptbot)"
74.7.227.10 - - [22/Apr/2026:09:13:37 -0700] "GET /?lokasie=/lib64/liblua-5.3.so&loknya=/lib64 HTTP/1.1" 301 - "https://rufusreid.com/?loknya=/lib64" "Mozilla/5.0 AppleWebKit/537.36 (KHTML, like Gecko; compatible; GPTBot/1.3; +https://openai.com/gptbot)"
74.7.227.10 - - [22/Apr/2026:09:13:38 -0700] "GET /?lokasie=%2Flib64%2Fliblua-5.3.so&loknya=%2Flib64 HTTP/1.1" 429 17 "https://rufusreid.com/?lokasie=/lib64/liblua-5.3.so&loknya=/lib64" "Mozilla/5.0 AppleWebKit/537.36 (KHTML, like Gecko; compatible; GPTBot/1.3; +https://openai.com/gptbot)"
51.68.107.151 - - [22/Apr/2026:09:13:44 -0700] "GET /robots.txt HTTP/1.1" 200 31 "-" "Mozilla/5.0 (compatible; MJ12bot/v2.0.5; http://mj12bot.com/)"
51.68.107.151 - - [22/Apr/2026:09:13:45 -0700] "GET / HTTP/1.1" 301 - "-" "Mozilla/5.0 (compatible; MJ12bot/v2.0.5; http://mj12bot.com/)"
51.68.107.151 - - [22/Apr/2026:09:13:46 -0700] "GET / HTTP/1.1" 200 84858 "-" "Mozilla/5.0 (compatible; MJ12bot/v2.0.5; http://mj12bot.com/)"
23.235.221.107 - - [22/Apr/2026:09:14:26 -0700] "POST /cms22/wp-cron.php?doing_wp_cron=1776874466.5642271041870117187500 HTTP/1.1" 200 - "https://rufusreid.com/cms22/wp-cron.php?doing_wp_cron=1776874466.5642271041870117187500" "WordPress/6.0.11; https://rufusreid.com"
74.7.227.10 - - [22/Apr/2026:09:14:25 -0700] "GET /?lokasie=/lib64/libdb-5.3.so&loknya=/lib64 HTTP/1.1" 301 - "https://rufusreid.com/?loknya=/lib64" "Mozilla/5.0 AppleWebKit/537.36 (KHTML, like Gecko; compatible; GPTBot/1.3; +https://openai.com/gptbot)"
74.7.227.10 - - [22/Apr/2026:09:14:27 -0700] "GET /?lokasie=%2Flib64%2Flibdb-5.3.so&loknya=%2Flib64 HTTP/1.1" 429 17 "https://rufusreid.com/?lokasie=/lib64/libdb-5.3.so&loknya=/lib64" "Mozilla/5.0 AppleWebKit/537.36 (KHTML, like Gecko; compatible; GPTBot/1.3; +https://openai.com/gptbot)"
168.119.123.75 - - [22/Apr/2026:09:14:49 -0700] "HEAD / HTTP/1.1" 200 - "http://rufusreid.com" "Mozilla/5.0+(compatible; UptimeRobot/2.0; http://www.uptimerobot.com/)"
116.76.37.16 - - [22/Apr/2026:09:15:04 -0700] "GET /robots.txt HTTP/1.1" 200 31 "-" "Mozilla/5.0 (Windows NT 10.0; WOW64) AppleWebKit/537.36 (KHTML, like Gecko) Chrome/56.0.4399.31 Safari/537.36 QIHU 360SE"
74.7.227.10 - - [22/Apr/2026:09:15:27 -0700] "GET /?lokasie=/lib64/libzip.so.5.0&loknya=/lib64 HTTP/1.1" 301 - "https://rufusreid.com/?loknya=/lib64" "Mozilla/5.0 AppleWebKit/537.36 (KHTML, like Gecko; compatible; GPTBot/1.3; +https://openai.com/gptbot)"
74.7.227.10 - - [22/Apr/2026:09:15:27 -0700] "GET /?lokasie=%2Flib64%2Flibzip.so.5.0&loknya=%2Flib64 HTTP/1.1" 429 17 "https://rufusreid.com/?lokasie=/lib64/libzip.so.5.0&loknya=/lib64" "Mozilla/5.0 AppleWebKit/537.36 (KHTML, like Gecko; compatible; GPTBot/1.3; +https://openai.com/gptbot)"
74.7.227.10 - - [22/Apr/2026:09:16:30 -0700] "GET /?lokasie=/lib64/libtic.so.5.9&loknya=/lib64 HTTP/1.1" 301 - "https://rufusreid.com/?loknya=/lib64" "Mozilla/5.0 AppleWebKit/537.36 (KHTML, like Gecko; compatible; GPTBot/1.3; +https://openai.com/gptbot)"
74.7.227.10 - - [22/Apr/2026:09:16:30 -0700] "GET /?lokasie=%2Flib64%2Flibtic.so.5.9&loknya=%2Flib64 HTTP/1.1" 429 17 "https://rufusreid.com/?lokasie=/lib64/libtic.so.5.9&loknya=/lib64" "Mozilla/5.0 AppleWebKit/537.36 (KHTML, like Gecko; compatible; GPTBot/1.3; +https://openai.com/gptbot)"
47.128.110.125 - - [22/Apr/2026:09:17:07 -0700] "GET /robots.txt HTTP/1.1" 200 31 "-" "Mozilla/5.0 (Linux; Android 5.0) AppleWebKit/537.36 (KHTML, like Gecko) Mobile Safari/537.36 (compatible; Bytespider; spider-feedback@bytedance.com)"
49.234.192.248 - - [22/Apr/2026:09:17:22 -0700] "GET / HTTP/1.1" 200 84859 "http://rufusreid.com" "Mozilla/5.0 (iPhone; CPU iPhone OS 13_2_3 like Mac OS X) AppleWebKit/605.1.15 (KHTML, like Gecko) Version/13.0.3 Mobile/15E148 Safari/604.1"
74.7.227.10 - - [22/Apr/2026:09:17:34 -0700] "GET /?lokasie=/lib64/libX11.so&loknya=/lib64 HTTP/1.1" 301 - "https://rufusreid.com/?loknya=/lib64" "Mozilla/5.0 AppleWebKit/537.36 (KHTML, like Gecko; compatible; GPTBot/1.3; +https://openai.com/gptbot)"
74.7.227.10 - - [22/Apr/2026:09:17:35 -0700] "GET /?lokasie=%2Flib64%2FlibX11.so&loknya=%2Flib64 HTTP/1.1" 429 17 "https://rufusreid.com/?lokasie=/lib64/libX11.so&loknya=/lib64" "Mozilla/5.0 AppleWebKit/537.36 (KHTML, like Gecko; compatible; GPTBot/1.3; +https://openai.com/gptbot)"
74.7.227.10 - - [22/Apr/2026:09:18:39 -0700] "GET /?lokasie=/lib64/liblz4.so.1&loknya=/lib64 HTTP/1.1" 301 - "https://rufusreid.com/?loknya=/lib64" "Mozilla/5.0 AppleWebKit/537.36 (KHTML, like Gecko; compatible; GPTBot/1.3; +https://openai.com/gptbot)"
74.7.227.10 - - [22/Apr/2026:09:18:40 -0700] "GET /?lokasie=%2Flib64%2Fliblz4.so.1&loknya=%2Flib64 HTTP/1.1" 429 17 "https://rufusreid.com/?lokasie=/lib64/liblz4.so.1&loknya=/lib64" "Mozilla/5.0 AppleWebKit/537.36 (KHTML, like Gecko; compatible; GPTBot/1.3; +https://openai.com/gptbot)"
74.7.227.10 - - [22/Apr/2026:09:19:42 -0700] "GET /?lokasie=/lib64/libbz2.so.1&loknya=/lib64 HTTP/1.1" 301 - "https://rufusreid.com/?loknya=/lib64" "Mozilla/5.0 AppleWebKit/537.36 (KHTML, like Gecko; compatible; GPTBot/1.3; +https://openai.com/gptbot)"
74.7.227.10 - - [22/Apr/2026:09:19:43 -0700] "GET /?lokasie=%2Flib64%2Flibbz2.so.1&loknya=%2Flib64 HTTP/1.1" 200 54446 "https://rufusreid.com/?lokasie=/lib64/libbz2.so.1&loknya=/lib64" "Mozilla/5.0 AppleWebKit/537.36 (KHTML, like Gecko; compatible; GPTBot/1.3; +https://openai.com/gptbot)"
168.119.123.75 - - [22/Apr/2026:09:19:55 -0700] "HEAD / HTTP/1.1" 200 - "http://rufusreid.com" "Mozilla/5.0+(compatible; UptimeRobot/2.0; http://www.uptimerobot.com/)"
74.7.227.10 - - [22/Apr/2026:09:20:43 -0700] "GET /?lokasie=/lib64/libtk8.6.so&loknya=/lib64 HTTP/1.1" 301 - "https://rufusreid.com/?loknya=/lib64" "Mozilla/5.0 AppleWebKit/537.36 (KHTML, like Gecko; compatible; GPTBot/1.3; +https://openai.com/gptbot)"
74.7.227.10 - - [22/Apr/2026:09:20:44 -0700] "GET /?lokasie=%2Flib64%2Flibtk8.6.so&loknya=%2Flib64 HTTP/1.1" 200 54446 "https://rufusreid.com/?lokasie=/lib64/libtk8.6.so&loknya=/lib64" "Mozilla/5.0 AppleWebKit/537.36 (KHTML, like Gecko; compatible; GPTBot/1.3; +https://openai.com/gptbot)"
185.244.155.102 - - [22/Apr/2026:09:21:32 -0700] "GET /wp-json/oembed/1.0/embed?url=https%3A%2F%2Frufusreid.com%2F2019%2F08%2Fartist-in-residence-wpu-summer-jazz-camp%2F HTTP/1.1" 200 2750 "-" "Mozilla/5.0 (Windows NT 6.1) AppleWebKit/537.36 (KHTML, like Gecko) Chrome/85.0.4183.121 Safari/537.36"
74.7.227.10 - - [22/Apr/2026:09:21:38 -0700] "GET /?lokasie=/lib64/libe2p.so.2&loknya=/lib64 HTTP/1.1" 301 - "https://rufusreid.com/?loknya=/lib64" "Mozilla/5.0 AppleWebKit/537.36 (KHTML, like Gecko; compatible; GPTBot/1.3; +https://openai.com/gptbot)"
74.7.227.10 - - [22/Apr/2026:09:21:39 -0700] "GET /?lokasie=%2Flib64%2Flibe2p.so.2&loknya=%2Flib64 HTTP/1.1" 429 17 "https://rufusreid.com/?lokasie=/lib64/libe2p.so.2&loknya=/lib64" "Mozilla/5.0 AppleWebKit/537.36 (KHTML, like Gecko; compatible; GPTBot/1.3; +https://openai.com/gptbot)"
74.7.227.10 - - [22/Apr/2026:09:22:31 -0700] "GET /?lokasie=/lib64/libcc1.so.0&loknya=/lib64 HTTP/1.1" 301 - "https://rufusreid.com/?loknya=/lib64" "Mozilla/5.0 AppleWebKit/537.36 (KHTML, like Gecko; compatible; GPTBot/1.3; +https://openai.com/gptbot)"
74.7.227.10 - - [22/Apr/2026:09:22:32 -0700] "GET /?lokasie=%2Flib64%2Flibcc1.so.0&loknya=%2Flib64 HTTP/1.1" 429 17 "https://rufusreid.com/?lokasie=/lib64/libcc1.so.0&loknya=/lib64" "Mozilla/5.0 AppleWebKit/537.36 (KHTML, like Gecko; compatible; GPTBot/1.3; +https://openai.com/gptbot)"
66.249.70.193 - - [22/Apr/2026:09:22:58 -0700] "GET /cms22/wp-content/uploads/2011/07/jazz_rufusnobass.jpg HTTP/1.1" 200 179679 "-" "Googlebot-Image/1.0"
74.7.227.10 - - [22/Apr/2026:09:23:35 -0700] "GET /?lokasie=/lib64/libplc4.so&loknya=/lib64 HTTP/1.1" 301 - "https://rufusreid.com/?loknya=/lib64" "Mozilla/5.0 AppleWebKit/537.36 (KHTML, like Gecko; compatible; GPTBot/1.3; +https://openai.com/gptbot)"
74.7.227.10 - - [22/Apr/2026:09:23:36 -0700] "GET /?lokasie=%2Flib64%2Flibplc4.so&loknya=%2Flib64 HTTP/1.1" 429 17 "https://rufusreid.com/?lokasie=/lib64/libplc4.so&loknya=/lib64" "Mozilla/5.0 AppleWebKit/537.36 (KHTML, like Gecko; compatible; GPTBot/1.3; +https://openai.com/gptbot)"
74.7.227.10 - - [22/Apr/2026:09:24:40 -0700] "GET /?lokasie=/lib64/libkrb5.so&loknya=/lib64 HTTP/1.1" 301 - "https://rufusreid.com/?loknya=/lib64" "Mozilla/5.0 AppleWebKit/537.36 (KHTML, like Gecko; compatible; GPTBot/1.3; +https://openai.com/gptbot)"
74.7.227.10 - - [22/Apr/2026:09:24:41 -0700] "GET /?lokasie=%2Flib64%2Flibkrb5.so&loknya=%2Flib64 HTTP/1.1" 429 17 "https://rufusreid.com/?lokasie=/lib64/libkrb5.so&loknya=/lib64" "Mozilla/5.0 AppleWebKit/537.36 (KHTML, like Gecko; compatible; GPTBot/1.3; +https://openai.com/gptbot)"
78.46.215.1 - - [22/Apr/2026:09:25:02 -0700] "HEAD / HTTP/1.1" 200 - "http://rufusreid.com" "Mozilla/5.0+(compatible; UptimeRobot/2.0; http://www.uptimerobot.com/)"
207.244.217.55 - - [22/Apr/2026:09:25:06 -0700] "GET /about/discography/ HTTP/1.1" 200 104402 "-" "Mozilla/5.0 (X11; Linux x86_64) AppleWebKit/537.36 (KHTML, like Gecko) Chrome/141.0.0.0 Safari/537.36"
207.244.217.55 - - [22/Apr/2026:09:25:07 -0700] "GET /cms22/wp-includes/js/jquery/jquery.min.js?ver=3.6.0 HTTP/1.1" 200 89521 "https://rufusreid.com/about/discography/" "Mozilla/5.0 (X11; Linux x86_64) AppleWebKit/537.36 (KHTML, like Gecko) Chrome/141.0.0.0 Safari/537.36"
198.46.241.73 - - [22/Apr/2026:09:25:07 -0700] "GET /cms22/wp-includes/js/jquery/jquery-migrate.min.js?ver=3.3.2 HTTP/1.1" 200 11224 "https://rufusreid.com/about/discography/" "Mozilla/5.0 (X11; Linux x86_64) AppleWebKit/537.36 (KHTML, like Gecko) Chrome/141.0.0.0 Safari/537.36"
207.244.217.55 - - [22/Apr/2026:09:25:07 -0700] "GET /cms22/wp-content/plugins/responsive-lightbox/assets/magnific/jquery.magnific-popup.min.js?ver=2.4.3 HTTP/1.1" 200 19933 "https://rufusreid.com/about/discography/" "Mozilla/5.0 (X11; Linux x86_64) AppleWebKit/537.36 (KHTML, like Gecko) Chrome/141.0.0.0 Safari/537.36"
198.46.241.73 - - [22/Apr/2026:09:25:08 -0700] "GET /cms22/wp-includes/js/underscore.min.js?ver=1.13.3 HTTP/1.1" 200 18911 "https://rufusreid.com/about/discography/" "Mozilla/5.0 (X11; Linux x86_64) AppleWebKit/537.36 (KHTML, like Gecko) Chrome/141.0.0.0 Safari/537.36"
67.227.36.52 - - [22/Apr/2026:09:25:08 -0700] "GET /cms22/wp-content/plugins/responsive-lightbox/assets/infinitescroll/infinite-scroll.pkgd.min.js?ver=6.0.11 HTTP/1.1" 200 22555 "https://rufusreid.com/about/discography/" "Mozilla/5.0 (X11; Linux x86_64) AppleWebKit/537.36 (KHTML, like Gecko) Chrome/141.0.0.0 Safari/537.36"
104.222.161.23 - - [22/Apr/2026:09:25:08 -0700] "GET /cms22/wp-content/plugins/responsive-lightbox/js/front.js?ver=2.4.3 HTTP/1.1" 200 28714 "https://rufusreid.com/about/discography/" "Mozilla/5.0 (X11; Linux x86_64) AppleWebKit/537.36 (KHTML, like Gecko) Chrome/141.0.0.0 Safari/537.36"
207.244.217.55 - - [22/Apr/2026:09:25:08 -0700] "GET /cms22/wp-content/themes/jazzcorner/dist/js/theme.min.js?ver=1776875106 HTTP/1.1" 200 17573 "https://rufusreid.com/about/discography/" "Mozilla/5.0 (X11; Linux x86_64) AppleWebKit/537.36 (KHTML, like Gecko) Chrome/141.0.0.0 Safari/537.36"
64.137.83.233 - - [22/Apr/2026:09:25:08 -0700] "GET /cms22/wp-content/themes/jazzcorner/js/skip-link-focus-fix.js?ver=1776875106 HTTP/1.1" 200 685 "https://rufusreid.com/about/discography/" "Mozilla/5.0 (X11; Linux x86_64) AppleWebKit/537.36 (KHTML, like Gecko) Chrome/141.0.0.0 Safari/537.36"
64.137.104.243 - - [22/Apr/2026:09:25:08 -0700] "GET /cms22/wp-content/plugins/youtube-embed-plus/scripts/ytprefs.min.js?ver=14.1.4.1 HTTP/1.1" 200 13817 "https://rufusreid.com/about/discography/" "Mozilla/5.0 (X11; Linux x86_64) AppleWebKit/537.36 (KHTML, like Gecko) Chrome/141.0.0.0 Safari/537.36"
198.46.241.73 - - [22/Apr/2026:09:25:08 -0700] "GET /cms22/wp-includes/js/wp-emoji-release.min.js?ver=6.0.11 HTTP/1.1" 200 18617 "https://rufusreid.com/about/discography/" "Mozilla/5.0 (X11; Linux x86_64) AppleWebKit/537.36 (KHTML, like Gecko) Chrome/141.0.0.0 Safari/537.36"
74.7.227.10 - - [22/Apr/2026:09:25:44 -0700] "GET /?lokasie=/lib64/libnss3.so&loknya=/lib64 HTTP/1.1" 301 - "https://rufusreid.com/?loknya=/lib64" "Mozilla/5.0 AppleWebKit/537.36 (KHTML, like Gecko; compatible; GPTBot/1.3; +https://openai.com/gptbot)"
74.7.227.10 - - [22/Apr/2026:09:25:45 -0700] "GET /?lokasie=%2Flib64%2Flibnss3.so&loknya=%2Flib64 HTTP/1.1" 200 54445 "https://rufusreid.com/?lokasie=/lib64/libnss3.so&loknya=/lib64" "Mozilla/5.0 AppleWebKit/537.36 (KHTML, like Gecko; compatible; GPTBot/1.3; +https://openai.com/gptbot)"
74.7.227.10 - - [22/Apr/2026:09:26:46 -0700] "GET /?lokasie=/lib64/libssl3.so&loknya=/lib64 HTTP/1.1" 301 - "https://rufusreid.com/?loknya=/lib64" "Mozilla/5.0 AppleWebKit/537.36 (KHTML, like Gecko; compatible; GPTBot/1.3; +https://openai.com/gptbot)"
74.7.227.10 - - [22/Apr/2026:09:26:47 -0700] "GET /?lokasie=%2Flib64%2Flibssl3.so&loknya=%2Flib64 HTTP/1.1" 200 54445 "https://rufusreid.com/?lokasie=/lib64/libssl3.so&loknya=/lib64" "Mozilla/5.0 AppleWebKit/537.36 (KHTML, like Gecko; compatible; GPTBot/1.3; +https://openai.com/gptbot)"
74.7.227.10 - - [22/Apr/2026:09:27:46 -0700] "GET /?lokasie=/lib64/libkdb5.so&loknya=/lib64 HTTP/1.1" 301 - "https://rufusreid.com/?loknya=/lib64" "Mozilla/5.0 AppleWebKit/537.36 (KHTML, like Gecko; compatible; GPTBot/1.3; +https://openai.com/gptbot)"
74.7.227.10 - - [22/Apr/2026:09:27:47 -0700] "GET /?lokasie=%2Flib64%2Flibkdb5.so&loknya=%2Flib64 HTTP/1.1" 200 54445 "https://rufusreid.com/?lokasie=/lib64/libkdb5.so&loknya=/lib64" "Mozilla/5.0 AppleWebKit/537.36 (KHTML, like Gecko; compatible; GPTBot/1.3; +https://openai.com/gptbot)"
74.7.227.10 - - [22/Apr/2026:09:28:35 -0700] "GET /?lokasie=/lib64/libnssckbi.so&loknya=/lib64 HTTP/1.1" 301 - "https://rufusreid.com/?loknya=/lib64" "Mozilla/5.0 AppleWebKit/537.36 (KHTML, like Gecko; compatible; GPTBot/1.3; +https://openai.com/gptbot)"
74.7.227.10 - - [22/Apr/2026:09:28:36 -0700] "GET /?lokasie=%2Flib64%2Flibnssckbi.so&loknya=%2Flib64 HTTP/1.1" 429 17 "https://rufusreid.com/?lokasie=/lib64/libnssckbi.so&loknya=/lib64" "Mozilla/5.0 AppleWebKit/537.36 (KHTML, like Gecko; compatible; GPTBot/1.3; +https://openai.com/gptbot)"
216.73.216.166 - - [22/Apr/2026:09:29:00 -0700] "GET /robots.txt HTTP/1.1" 200 31 "-" "Mozilla/5.0 AppleWebKit/537.36 (KHTML, like Gecko; compatible; ClaudeBot/1.0; +claudebot@anthropic.com)"
216.73.216.166 - - [22/Apr/2026:09:29:00 -0700] "GET /sitemap.xml HTTP/1.1" 302 - "-" "Mozilla/5.0 AppleWebKit/537.36 (KHTML, like Gecko; compatible; ClaudeBot/1.0; +claudebot@anthropic.com)"
216.73.216.166 - - [22/Apr/2026:09:29:02 -0700] "GET /wp-sitemap.xml HTTP/1.1" 200 1125 "https://rufusreid.com/sitemap.xml" "Mozilla/5.0 AppleWebKit/537.36 (KHTML, like Gecko; compatible; ClaudeBot/1.0; +claudebot@anthropic.com)"
