216.73.216.166 - - [22/Apr/2026:13:17:04 -0700] "GET /music/terrestrial-dance/?lokasie=%2Fhome%2Frreid%2Fpublic_html%2F.htaccess&loknya=%2Fhome%2Frreid%2Fpublic_html HTTP/1.1" 200 54044 "-" "Mozilla/5.0 AppleWebKit/537.36 (KHTML, like Gecko; compatible; ClaudeBot/1.0; +claudebot@anthropic.com)"
217.182.194.45 - - [22/Apr/2026:13:17:17 -0700] "GET /about/awards/?loknya=/home HTTP/1.1" 200 141114 "-" "Mozilla/5.0 (compatible; MJ12bot/v1.4.8; http://mj12bot.com/)"
216.73.216.166 - - [22/Apr/2026:13:17:23 -0700] "GET /music/terrestrial-dance/?lokasie=%2Fhome%2Frreid%2Fpublic_html%2Fdownloads%2FTHE_PEACEFUL_FLAME.pdf&loknya=%2Fhome%2Frreid%2Fpublic_html%2Fdownloads HTTP/1.1" 200 51765 "-" "Mozilla/5.0 AppleWebKit/537.36 (KHTML, like Gecko; compatible; ClaudeBot/1.0; +claudebot@anthropic.com)"
57.141.0.37 - - [22/Apr/2026:13:17:30 -0700] "GET /event/rufus-reid-guest-artist-vancouver-island-university/?lokasie=/home/rreid//.my.cnf&loknya=/home/rreid/ HTTP/1.1" 200 49023 "-" "meta-externalagent/1.1 (+https://developers.facebook.com/docs/sharing/webmasters/crawler)"
74.7.227.10 - - [22/Apr/2026:13:17:36 -0700] "GET /?lokasie=/lib64/libdw.so&loknya=/lib64 HTTP/1.1" 301 - "https://rufusreid.com/?loknya=/lib64" "Mozilla/5.0 AppleWebKit/537.36 (KHTML, like Gecko; compatible; GPTBot/1.3; +https://openai.com/gptbot)"
74.7.227.10 - - [22/Apr/2026:13:17:36 -0700] "GET /?lokasie=%2Flib64%2Flibdw.so&loknya=%2Flib64 HTTP/1.1" 429 17 "https://rufusreid.com/?lokasie=/lib64/libdw.so&loknya=/lib64" "Mozilla/5.0 AppleWebKit/537.36 (KHTML, like Gecko; compatible; GPTBot/1.3; +https://openai.com/gptbot)"
217.182.194.45 - - [22/Apr/2026:13:17:39 -0700] "GET /about/awards/?loknya=/home/rreid HTTP/1.1" 200 104316 "-" "Mozilla/5.0 (compatible; MJ12bot/v1.4.8; http://mj12bot.com/)"
216.73.216.166 - - [22/Apr/2026:13:17:53 -0700] "GET /music/terrestrial-dance/?lokasie=%2F%2FMegaSAS.log&loknya=%2F HTTP/1.1" 200 2903339 "-" "Mozilla/5.0 AppleWebKit/537.36 (KHTML, like Gecko; compatible; ClaudeBot/1.0; +claudebot@anthropic.com)"
5.29.15.207 - - [22/Apr/2026:13:17:57 -0700] "GET /cds/perpetual-stroll/ HTTP/1.1" 301 - "-" "Mozilla/5.0 (Windows NT 10.0; Win64; x64; rv:131.0) Gecko/20100101 Firefox/131.0"
5.29.15.207 - - [22/Apr/2026:13:17:58 -0700] "GET /music/perpetual-stroll/ HTTP/1.1" 200 82331 "-" "Mozilla/5.0 (Windows NT 10.0; Win64; x64; rv:131.0) Gecko/20100101 Firefox/131.0"
217.182.194.45 - - [22/Apr/2026:13:18:01 -0700] "GET /about/awards/?loknya=/home/rreid/ HTTP/1.1" 200 104452 "-" "Mozilla/5.0 (compatible; MJ12bot/v1.4.8; http://mj12bot.com/)"
43.159.132.207 - - [22/Apr/2026:13:18:08 -0700] "GET /about/educator/?loknya=/ HTTP/1.1" 200 77751 "-" "Mozilla/5.0 (iPhone; CPU iPhone OS 13_2_3 like Mac OS X) AppleWebKit/605.1.15 (KHTML, like Gecko) Version/13.0.3 Mobile/15E148 Safari/604.1"
216.73.216.166 - - [22/Apr/2026:13:18:09 -0700] "GET /music/terrestrial-dance/?lokasie=%2F%2Frazor-agent.log&loknya=%2F HTTP/1.1" 200 51637 "-" "Mozilla/5.0 AppleWebKit/537.36 (KHTML, like Gecko; compatible; ClaudeBot/1.0; +claudebot@anthropic.com)"
217.182.194.45 - - [22/Apr/2026:13:18:23 -0700] "GET /about/awards/?loknya=/home/rreid/public_html HTTP/1.1" 200 78644 "-" "Mozilla/5.0 (compatible; MJ12bot/v1.4.8; http://mj12bot.com/)"
74.7.227.10 - - [22/Apr/2026:13:18:26 -0700] "GET /?lokasie=/lib64/libasm.so&loknya=/lib64 HTTP/1.1" 301 - "https://rufusreid.com/?loknya=/lib64" "Mozilla/5.0 AppleWebKit/537.36 (KHTML, like Gecko; compatible; GPTBot/1.3; +https://openai.com/gptbot)"
74.7.227.10 - - [22/Apr/2026:13:18:27 -0700] "GET /?lokasie=%2Flib64%2Flibasm.so&loknya=%2Flib64 HTTP/1.1" 429 17 "https://rufusreid.com/?lokasie=/lib64/libasm.so&loknya=/lib64" "Mozilla/5.0 AppleWebKit/537.36 (KHTML, like Gecko; compatible; GPTBot/1.3; +https://openai.com/gptbot)"
57.141.0.10 - - [22/Apr/2026:13:18:37 -0700] "GET /event/rufus-reid-guest-artist-vancouver-island-university/?loknya=/lib/firmware/i915 HTTP/1.1" 200 224799 "-" "meta-externalagent/1.1 (+https://developers.facebook.com/docs/sharing/webmasters/crawler)"
216.73.216.166 - - [22/Apr/2026:13:18:39 -0700] "GET /music/terrestrial-dance/?lokasie=%2F%2F.autorelabel&loknya=%2F HTTP/1.1" 200 51524 "-" "Mozilla/5.0 AppleWebKit/537.36 (KHTML, like Gecko; compatible; ClaudeBot/1.0; +claudebot@anthropic.com)"
217.182.194.45 - - [22/Apr/2026:13:18:46 -0700] "GET /about/awards/?loknya=/home/rreid/public_html/.well-known HTTP/1.1" 200 51877 "-" "Mozilla/5.0 (compatible; MJ12bot/v1.4.8; http://mj12bot.com/)"
47.128.110.118 - - [22/Apr/2026:13:19:05 -0700] "GET /event/rufus-reid-mentor-arizona-state-university/ HTTP/1.1" 200 79300 "-" "Mozilla/5.0 (Linux; Android 5.0) AppleWebKit/537.36 (KHTML, like Gecko) Mobile Safari/537.36 (compatible; Bytespider; spider-feedback@bytedance.com)"
217.182.194.45 - - [22/Apr/2026:13:19:08 -0700] "GET /about/awards/?loknya=/home/rreid/public_html/cgi-bin HTTP/1.1" 200 49562 "-" "Mozilla/5.0 (compatible; MJ12bot/v1.4.8; http://mj12bot.com/)"
47.128.110.118 - - [22/Apr/2026:13:19:10 -0700] "GET /cms22/wp-includes/js/underscore.min.js?ver=1.13.3 HTTP/1.1" 200 18911 "https://rufusreid.com/event/rufus-reid-mentor-arizona-state-university/" "Mozilla/5.0 (Linux; Android 5.0) AppleWebKit/537.36 (KHTML, like Gecko) Mobile Safari/537.36 (compatible; Bytespider; spider-feedback@bytedance.com)"
47.128.110.118 - - [22/Apr/2026:13:19:10 -0700] "GET /cms22/wp-content/themes/jazzcorner/dist/js/theme.min.js?ver=1776889146 HTTP/1.1" 200 17573 "https://rufusreid.com/event/rufus-reid-mentor-arizona-state-university/" "Mozilla/5.0 (Linux; Android 5.0) AppleWebKit/537.36 (KHTML, like Gecko) Mobile Safari/537.36 (compatible; Bytespider; spider-feedback@bytedance.com)"
47.128.110.118 - - [22/Apr/2026:13:19:11 -0700] "GET /cms22/wp-content/themes/jazzcorner/js/skip-link-focus-fix.js?ver=1776889146 HTTP/1.1" 200 685 "https://rufusreid.com/event/rufus-reid-mentor-arizona-state-university/" "Mozilla/5.0 (Linux; Android 5.0) AppleWebKit/537.36 (KHTML, like Gecko) Mobile Safari/537.36 (compatible; Bytespider; spider-feedback@bytedance.com)"
57.141.0.43 - - [22/Apr/2026:13:19:17 -0700] "GET /event/rufus-reid-guest-artist-vancouver-island-university/?lokasie=/home/rreid//.htaccess.bak.1434393906&loknya=/home/rreid/ HTTP/1.1" 200 48985 "-" "meta-externalagent/1.1 (+https://developers.facebook.com/docs/sharing/webmasters/crawler)"
216.73.216.166 - - [22/Apr/2026:13:19:23 -0700] "GET /music/terrestrial-dance/?lokasie=%2Fhome%2Frreid%2Fpublic_html%2Fdownloads%2FSOME_SLINKIN.pdf&loknya=%2Fhome%2Frreid%2Fpublic_html%2Fdownloads HTTP/1.1" 200 51759 "-" "Mozilla/5.0 AppleWebKit/537.36 (KHTML, like Gecko; compatible; ClaudeBot/1.0; +claudebot@anthropic.com)"
74.7.227.10 - - [22/Apr/2026:13:19:30 -0700] "GET /?lokasie=/lib64/libpsx.so&loknya=/lib64 HTTP/1.1" 301 - "https://rufusreid.com/?loknya=/lib64" "Mozilla/5.0 AppleWebKit/537.36 (KHTML, like Gecko; compatible; GPTBot/1.3; +https://openai.com/gptbot)"
74.7.227.10 - - [22/Apr/2026:13:19:30 -0700] "GET /?lokasie=%2Flib64%2Flibpsx.so&loknya=%2Flib64 HTTP/1.1" 429 17 "https://rufusreid.com/?lokasie=/lib64/libpsx.so&loknya=/lib64" "Mozilla/5.0 AppleWebKit/537.36 (KHTML, like Gecko; compatible; GPTBot/1.3; +https://openai.com/gptbot)"
217.182.194.45 - - [22/Apr/2026:13:19:30 -0700] "GET /about/awards/?loknya=/home/rreid/public_html/cms22 HTTP/1.1" 200 83319 "-" "Mozilla/5.0 (compatible; MJ12bot/v1.4.8; http://mj12bot.com/)"
57.141.0.61 - - [22/Apr/2026:13:19:45 -0700] "GET /event/rufus-reid-guest-artist-vancouver-island-university/?loknya=/lib/systemd HTTP/1.1" 200 125115 "-" "meta-externalagent/1.1 (+https://developers.facebook.com/docs/sharing/webmasters/crawler)"
216.73.216.166 - - [22/Apr/2026:13:19:51 -0700] "GET /music/terrestrial-dance/?lokasie=%2Fhome%2Frreid%2Fpublic_html%2Fdownloads%2FDREAM_GLIDING.pdf&loknya=%2Fhome%2Frreid%2Fpublic_html%2Fdownloads HTTP/1.1" 200 51760 "-" "Mozilla/5.0 AppleWebKit/537.36 (KHTML, like Gecko; compatible; ClaudeBot/1.0; +claudebot@anthropic.com)"
217.182.194.45 - - [22/Apr/2026:13:19:52 -0700] "GET /about/awards/?loknya=/home/rreid/public_html/downloads HTTP/1.1" 200 107460 "-" "Mozilla/5.0 (compatible; MJ12bot/v1.4.8; http://mj12bot.com/)"
63.178.84.147 - - [22/Apr/2026:13:20:00 -0700] "HEAD / HTTP/1.1" 200 - "http://rufusreid.com" "Mozilla/5.0+(compatible; UptimeRobot/2.0; http://www.uptimerobot.com/)"
57.141.0.43 - - [22/Apr/2026:13:20:07 -0700] "GET /event/rufus-reid-guest-artist-vancouver-island-university/?lokasie=/lib/firmware/mt7601u.bin&loknya=/lib/firmware HTTP/1.1" 200 48974 "-" "meta-externalagent/1.1 (+https://developers.facebook.com/docs/sharing/webmasters/crawler)"
216.73.216.166 - - [22/Apr/2026:13:20:14 -0700] "GET /music/terrestrial-dance/?lokasie=%2Fhome%2Frreid%2Fpublic_html%2Fdownloads%2Fsmallstroll.jpg&loknya=%2Fhome%2Frreid%2Fpublic_html%2Fdownloads HTTP/1.1" 200 51758 "-" "Mozilla/5.0 AppleWebKit/537.36 (KHTML, like Gecko; compatible; ClaudeBot/1.0; +claudebot@anthropic.com)"
217.182.194.45 - - [22/Apr/2026:13:20:15 -0700] "GET /about/biography/?lokasie=/home/rreid/public_html/.htaccess&loknya=/home/rreid/public_html HTTP/1.1" 200 50801 "-" "Mozilla/5.0 (compatible; MJ12bot/v1.4.8; http://mj12bot.com/)"
57.141.0.38 - - [22/Apr/2026:13:20:26 -0700] "GET /event/rufus-reid-guest-artist-vancouver-island-university/?lokasie=/lib/firmware/ctfw-3.2.5.1.bin&loknya=/lib/firmware HTTP/1.1" 200 48979 "-" "meta-externalagent/1.1 (+https://developers.facebook.com/docs/sharing/webmasters/crawler)"
216.73.216.166 - - [22/Apr/2026:13:20:26 -0700] "GET /music/terrestrial-dance/?lokasie=%2Fhome%2Frreid%2Fpublic_html%2Fdownloads%2Fsmallreminiscing.gif&loknya=%2Fhome%2Frreid%2Fpublic_html%2Fdownloads HTTP/1.1" 200 51763 "-" "Mozilla/5.0 AppleWebKit/537.36 (KHTML, like Gecko; compatible; ClaudeBot/1.0; +claudebot@anthropic.com)"
74.7.227.10 - - [22/Apr/2026:13:20:34 -0700] "GET /?lokasie=/lib64/libdns.so&loknya=/lib64 HTTP/1.1" 301 - "https://rufusreid.com/?loknya=/lib64" "Mozilla/5.0 AppleWebKit/537.36 (KHTML, like Gecko; compatible; GPTBot/1.3; +https://openai.com/gptbot)"
74.7.227.10 - - [22/Apr/2026:13:20:35 -0700] "GET /?lokasie=%2Flib64%2Flibdns.so&loknya=%2Flib64 HTTP/1.1" 429 17 "https://rufusreid.com/?lokasie=/lib64/libdns.so&loknya=/lib64" "Mozilla/5.0 AppleWebKit/537.36 (KHTML, like Gecko; compatible; GPTBot/1.3; +https://openai.com/gptbot)"
217.182.194.45 - - [22/Apr/2026:13:20:37 -0700] "GET /about/biography/?lokasie=/home/rreid/public_html/.htaccess.bak_EA4_PHP_all_5&loknya=/home/rreid/public_html HTTP/1.1" 200 49084 "-" "Mozilla/5.0 (compatible; MJ12bot/v1.4.8; http://mj12bot.com/)"
57.141.0.42 - - [22/Apr/2026:13:20:41 -0700] "GET /event/rufus-reid-guest-artist-vancouver-island-university/?loknya=/lib/firmware/bnx2 HTTP/1.1" 200 56917 "-" "meta-externalagent/1.1 (+https://developers.facebook.com/docs/sharing/webmasters/crawler)"
216.73.216.166 - - [22/Apr/2026:13:20:41 -0700] "GET /music/terrestrial-dance/?lokasie=%2Fhome%2Frreid%2Fpublic_html%2Fdownloads%2Fsmallseven.gif&loknya=%2Fhome%2Frreid%2Fpublic_html%2Fdownloads HTTP/1.1" 200 51757 "-" "Mozilla/5.0 AppleWebKit/537.36 (KHTML, like Gecko; compatible; ClaudeBot/1.0; +claudebot@anthropic.com)"
57.141.0.12 - - [22/Apr/2026:13:20:55 -0700] "GET /event/rufus-reid-guest-artist-vancouver-island-university/?loknya=/lib/modules-load.d HTTP/1.1" 200 50077 "-" "meta-externalagent/1.1 (+https://developers.facebook.com/docs/sharing/webmasters/crawler)"
217.182.194.45 - - [22/Apr/2026:13:20:59 -0700] "GET /about/biography/?lokasie=/home/rreid/public_html/.user.ini&loknya=/home/rreid/public_html HTTP/1.1" 200 49044 "-" "Mozilla/5.0 (compatible; MJ12bot/v1.4.8; http://mj12bot.com/)"
57.141.0.16 - - [22/Apr/2026:13:21:06 -0700] "GET /event/rufus-reid-guest-artist-vancouver-island-university/?loknya=/home/lhartman HTTP/1.1" 200 50059 "-" "meta-externalagent/1.1 (+https://developers.facebook.com/docs/sharing/webmasters/crawler)"
216.73.216.166 - - [22/Apr/2026:13:21:11 -0700] "GET /music/terrestrial-dance/?lokasie=%2Fhome%2Frreid%2Fpublic_html%2Fdownloads%2Fsmallplay.gif&loknya=%2Fhome%2Frreid%2Fpublic_html%2Fdownloads HTTP/1.1" 200 51756 "-" "Mozilla/5.0 AppleWebKit/537.36 (KHTML, like Gecko; compatible; ClaudeBot/1.0; +claudebot@anthropic.com)"
57.141.0.45 - - [22/Apr/2026:13:21:16 -0700] "GET /event/rufus-reid-guest-artist-vancouver-island-university/?lokasie=/lib/firmware/r8a779x_usb3_v3.dlmem&loknya=/lib/firmware HTTP/1.1" 200 48984 "-" "meta-externalagent/1.1 (+https://developers.facebook.com/docs/sharing/webmasters/crawler)"
66.249.70.193 - - [22/Apr/2026:13:21:19 -0700] "GET /videos/?lokasie=/home/rreid/public_html/.user.ini&loknya=/home/rreid/public_html HTTP/1.1" 200 58469 "-" "Mozilla/5.0 (Linux; Android 6.0.1; Nexus 5X Build/MMB29P) AppleWebKit/537.36 (KHTML, like Gecko) Chrome/146.0.7680.177 Mobile Safari/537.36 (compatible; GoogleOther)"
66.249.70.192 - - [22/Apr/2026:13:21:22 -0700] "GET /cms22/wp-content/themes/jazzcorner/dist/css/theme.min.css?ver=1775520000 HTTP/1.1" 200 239580 "https://rufusreid.com/videos/?lokasie=/home/rreid/public_html/.user.ini&loknya=/home/rreid/public_html" "Mozilla/5.0 (Linux; Android 6.0.1; Nexus 5X Build/MMB29P) AppleWebKit/537.36 (KHTML, like Gecko) Chrome/146.0.7680.177 Mobile Safari/537.36 (compatible; GoogleOther)"
217.182.194.45 - - [22/Apr/2026:13:21:21 -0700] "GET /about/biography/?lokasie=/home/rreid/public_html/404.shtml&loknya=/home/rreid/public_html HTTP/1.1" 200 48786 "-" "Mozilla/5.0 (compatible; MJ12bot/v1.4.8; http://mj12bot.com/)"
66.249.70.201 - - [22/Apr/2026:13:21:26 -0700] "GET /cms22/wp-content/plugins/responsive-lightbox/assets/infinitescroll/infinite-scroll.pkgd.min.js?ver=6.0.11 HTTP/1.1" 200 22555 "https://rufusreid.com/videos/?lokasie=/home/rreid/public_html/.user.ini&loknya=/home/rreid/public_html" "Mozilla/5.0 (Linux; Android 6.0.1; Nexus 5X Build/MMB29P) AppleWebKit/537.36 (KHTML, like Gecko) Chrome/146.0.7680.177 Mobile Safari/537.36 (compatible; GoogleOther)"
216.73.216.166 - - [22/Apr/2026:13:21:26 -0700] "GET /music/terrestrial-dance/?lokasie=%2Fhome%2Frreid%2Fpublic_html%2Fdownloads%2Fsmallpeaceful.gif&loknya=%2Fhome%2Frreid%2Fpublic_html%2Fdownloads HTTP/1.1" 200 51760 "-" "Mozilla/5.0 AppleWebKit/537.36 (KHTML, like Gecko; compatible; ClaudeBot/1.0; +claudebot@anthropic.com)"
57.141.0.52 - - [22/Apr/2026:13:21:27 -0700] "GET /event/rufus-reid-guest-artist-vancouver-island-university/?lokasie=/lib/firmware/iwlwifi-5000-5.ucode&loknya=/lib/firmware HTTP/1.1" 200 48983 "-" "meta-externalagent/1.1 (+https://developers.facebook.com/docs/sharing/webmasters/crawler)"
66.249.70.201 - - [22/Apr/2026:13:21:32 -0700] "GET /cms22/wp-content/plugins/youtube-embed-plus/styles/ytprefs.min.css?ver=14.1.4.1 HTTP/1.1" 200 8320 "https://rufusreid.com/videos/?lokasie=/home/rreid/public_html/.user.ini&loknya=/home/rreid/public_html" "Mozilla/5.0 (Linux; Android 6.0.1; Nexus 5X Build/MMB29P) AppleWebKit/537.36 (KHTML, like Gecko) Chrome/146.0.7680.177 Mobile Safari/537.36 (compatible; GoogleOther)"
57.141.0.69 - - [22/Apr/2026:13:21:35 -0700] "GET /event/rufus-reid-guest-artist-vancouver-island-university/?lokasie=/lib/firmware/TAS2XXX0C95.bin&loknya=/lib/firmware HTTP/1.1" 429 17 "-" "meta-externalagent/1.1 (+https://developers.facebook.com/docs/sharing/webmasters/crawler)"
74.7.227.10 - - [22/Apr/2026:13:21:38 -0700] "GET /?lokasie=/lib64/libpam.so&loknya=/lib64 HTTP/1.1" 301 - "https://rufusreid.com/?loknya=/lib64" "Mozilla/5.0 AppleWebKit/537.36 (KHTML, like Gecko; compatible; GPTBot/1.3; +https://openai.com/gptbot)"
74.7.227.10 - - [22/Apr/2026:13:21:39 -0700] "GET /?lokasie=%2Flib64%2Flibpam.so&loknya=%2Flib64 HTTP/1.1" 429 17 "https://rufusreid.com/?lokasie=/lib64/libpam.so&loknya=/lib64" "Mozilla/5.0 AppleWebKit/537.36 (KHTML, like Gecko; compatible; GPTBot/1.3; +https://openai.com/gptbot)"
216.73.216.166 - - [22/Apr/2026:13:21:38 -0700] "GET /music/terrestrial-dance/?lokasie=%2Fhome%2Frreid%2Fpublic_html%2Fdownloads%2FCARESS_THE_THOUGHT-TRIO_VERSION.gif&loknya=%2Fhome%2Frreid%2Fpublic_html%2Fdownloads HTTP/1.1" 200 51778 "-" "Mozilla/5.0 AppleWebKit/537.36 (KHTML, like Gecko; compatible; ClaudeBot/1.0; +claudebot@anthropic.com)"
57.141.0.58 - - [22/Apr/2026:13:21:43 -0700] "GET /event/rufus-reid-guest-artist-vancouver-island-university/?lokasie=//quota.user&loknya=/ HTTP/1.1" 429 17 "-" "meta-externalagent/1.1 (+https://developers.facebook.com/docs/sharing/webmasters/crawler)"
57.141.0.12 - - [22/Apr/2026:13:21:44 -0700] "GET /event/rufus-reid-guest-artist-vancouver-island-university/?lokasie=/lib/firmware/iwlwifi-gl-c0-fm-c0-97.ucode&loknya=/lib/firmware HTTP/1.1" 429 17 "-" "meta-externalagent/1.1 (+https://developers.facebook.com/docs/sharing/webmasters/crawler)"
217.182.194.45 - - [22/Apr/2026:13:21:43 -0700] "GET /about/biography/?lokasie=/home/rreid/public_html/archived-site-files.zip&loknya=/home/rreid/public_html HTTP/1.1" 500 48743 "-" "Mozilla/5.0 (compatible; MJ12bot/v1.4.8; http://mj12bot.com/)"
57.141.0.43 - - [22/Apr/2026:13:21:53 -0700] "GET /event/rufus-reid-guest-artist-vancouver-island-university/?lokasie=/lib/environment.d/99-environment.conf&loknya=/lib/environment.d HTTP/1.1" 429 17 "-" "meta-externalagent/1.1 (+https://developers.facebook.com/docs/sharing/webmasters/crawler)"
57.141.0.66 - - [22/Apr/2026:13:21:55 -0700] "GET /event/rufus-reid-guest-artist-vancouver-island-university/?lokasie=/home/rreid//.htaccess&loknya=/home/rreid/ HTTP/1.1" 429 17 "-" "meta-externalagent/1.1 (+https://developers.facebook.com/docs/sharing/webmasters/crawler)"
57.141.0.64 - - [22/Apr/2026:13:21:56 -0700] "GET /event/rufus-reid-guest-artist-vancouver-island-university/?lokasie=/lib/firmware/TAS2XXX11540.bin&loknya=/lib/firmware HTTP/1.1" 429 17 "-" "meta-externalagent/1.1 (+https://developers.facebook.com/docs/sharing/webmasters/crawler)"
217.182.194.45 - - [22/Apr/2026:13:22:06 -0700] "GET /about/biography/?lokasie=/home/rreid/public_html/default.htm&loknya=/home/rreid/public_html HTTP/1.1" 200 53544 "-" "Mozilla/5.0 (compatible; MJ12bot/v1.4.8; http://mj12bot.com/)"
57.141.0.4 - - [22/Apr/2026:13:22:08 -0700] "GET /event/rufus-reid-guest-artist-vancouver-island-university/?lokasie=/lib/firmware/TAS2XXX8C72.bin&loknya=/lib/firmware HTTP/1.1" 429 17 "-" "meta-externalagent/1.1 (+https://developers.facebook.com/docs/sharing/webmasters/crawler)"
57.141.0.59 - - [22/Apr/2026:13:22:11 -0700] "GET /event/rufus-reid-guest-artist-vancouver-island-university/?lokasie=/lib/firmware/iwlwifi-ty-a0-gf-a0-78.ucode&loknya=/lib/firmware HTTP/1.1" 429 17 "-" "meta-externalagent/1.1 (+https://developers.facebook.com/docs/sharing/webmasters/crawler)"
57.141.0.44 - - [22/Apr/2026:13:22:13 -0700] "GET /event/rufus-reid-guest-artist-vancouver-island-university/?lokasie=/lib/firmware/iwlwifi-Qu-c0-hr-b0-66.ucode&loknya=/lib/firmware HTTP/1.1" 429 17 "-" "meta-externalagent/1.1 (+https://developers.facebook.com/docs/sharing/webmasters/crawler)"
57.141.0.53 - - [22/Apr/2026:13:22:15 -0700] "GET /event/rufus-reid-guest-artist-vancouver-island-university/?lokasie=/lib/firmware/iwlwifi-QuZ-a0-jf-b0-77.ucode&loknya=/lib/firmware HTTP/1.1" 429 17 "-" "meta-externalagent/1.1 (+https://developers.facebook.com/docs/sharing/webmasters/crawler)"
57.141.0.60 - - [22/Apr/2026:13:22:16 -0700] "GET /event/rufus-reid-guest-artist-vancouver-island-university/?lokasie=/lib/firmware/vntwusb.fw&loknya=/lib/firmware HTTP/1.1" 429 17 "-" "meta-externalagent/1.1 (+https://developers.facebook.com/docs/sharing/webmasters/crawler)"
57.141.0.28 - - [22/Apr/2026:13:22:19 -0700] "GET /event/rufus-reid-guest-artist-vancouver-island-university/?lokasie=/lib/firmware/iwlwifi-ma-b0-gf-a0.pnvm&loknya=/lib/firmware HTTP/1.1" 429 17 "-" "meta-externalagent/1.1 (+https://developers.facebook.com/docs/sharing/webmasters/crawler)"
162.120.188.82 - - [22/Apr/2026:13:22:18 -0700] "GET /score-types/free-sheet-music/ HTTP/1.1" 200 86300 "https://www.google.com/" "Mozilla/5.0 (Windows NT 10.0; Win64; x64) AppleWebKit/537.36 (KHTML, like Gecko) Chrome/147.0.0.0 Safari/537.36"
95.86.229.76 - - [22/Apr/2026:13:22:20 -0700] "GET /cms22/wp-includes/css/dist/block-library/style.min.css?ver=6.0.11 HTTP/1.1" 200 88932 "https://rufusreid.com/score-types/free-sheet-music/" "Mozilla/5.0 (Windows NT 10.0; Win64; x64) AppleWebKit/537.36 (KHTML, like Gecko) Chrome/147.0.0.0 Safari/537.36"
95.86.229.76 - - [22/Apr/2026:13:22:20 -0700] "GET /cms22/wp-includes/js/wp-emoji-release.min.js?ver=6.0.11 HTTP/1.1" 200 18617 "https://rufusreid.com/score-types/free-sheet-music/" "Mozilla/5.0 (Windows NT 10.0; Win64; x64) AppleWebKit/537.36 (KHTML, like Gecko) Chrome/147.0.0.0 Safari/537.36"
95.86.229.76 - - [22/Apr/2026:13:22:20 -0700] "GET /cms22/wp-content/plugins/easy-digital-downloads/includes/blocks/build/checkout/style-index.css?ver=2.0.0 HTTP/1.1" 200 8129 "https://rufusreid.com/score-types/free-sheet-music/" "Mozilla/5.0 (Windows NT 10.0; Win64; x64) AppleWebKit/537.36 (KHTML, like Gecko) Chrome/147.0.0.0 Safari/537.36"
95.86.229.76 - - [22/Apr/2026:13:22:20 -0700] "GET /cms22/wp-content/plugins/responsive-lightbox/assets/magnific/magnific-popup.min.css?ver=2.4.3 HTTP/1.1" 200 5329 "https://rufusreid.com/score-types/free-sheet-music/" "Mozilla/5.0 (Windows NT 10.0; Win64; x64) AppleWebKit/537.36 (KHTML, like Gecko) Chrome/147.0.0.0 Safari/537.36"
95.86.229.76 - - [22/Apr/2026:13:22:20 -0700] "GET /cms22/wp-content/plugins/easy-digital-downloads/assets/css/edd.min.css?ver=3.1.0.7 HTTP/1.1" 200 19185 "https://rufusreid.com/score-types/free-sheet-music/" "Mozilla/5.0 (Windows NT 10.0; Win64; x64) AppleWebKit/537.36 (KHTML, like Gecko) Chrome/147.0.0.0 Safari/537.36"
95.86.229.76 - - [22/Apr/2026:13:22:21 -0700] "GET /cms22/wp-content/themes/jazzcorner/style.css?ver=1776889339 HTTP/1.1" 200 831 "https://rufusreid.com/score-types/free-sheet-music/" "Mozilla/5.0 (Windows NT 10.0; Win64; x64) AppleWebKit/537.36 (KHTML, like Gecko) Chrome/147.0.0.0 Safari/537.36"
95.86.229.76 - - [22/Apr/2026:13:22:21 -0700] "GET /cms22/wp-includes/js/jquery/jquery-migrate.min.js?ver=3.3.2 HTTP/1.1" 200 11224 "https://rufusreid.com/score-types/free-sheet-music/" "Mozilla/5.0 (Windows NT 10.0; Win64; x64) AppleWebKit/537.36 (KHTML, like Gecko) Chrome/147.0.0.0 Safari/537.36"
95.86.229.76 - - [22/Apr/2026:13:22:21 -0700] "GET /cms22/wp-content/plugins/youtube-embed-plus/styles/ytprefs.min.css?ver=14.1.4.1 HTTP/1.1" 200 8320 "https://rufusreid.com/score-types/free-sheet-music/" "Mozilla/5.0 (Windows NT 10.0; Win64; x64) AppleWebKit/537.36 (KHTML, like Gecko) Chrome/147.0.0.0 Safari/537.36"
95.86.229.76 - - [22/Apr/2026:13:22:21 -0700] "GET /cms22/wp-content/plugins/responsive-lightbox/assets/magnific/jquery.magnific-popup.min.js?ver=2.4.3 HTTP/1.1" 200 19933 "https://rufusreid.com/score-types/free-sheet-music/" "Mozilla/5.0 (Windows NT 10.0; Win64; x64) AppleWebKit/537.36 (KHTML, like Gecko) Chrome/147.0.0.0 Safari/537.36"
95.86.229.76 - - [22/Apr/2026:13:22:21 -0700] "GET /cms22/wp-includes/js/underscore.min.js?ver=1.13.3 HTTP/1.1" 200 18911 "https://rufusreid.com/score-types/free-sheet-music/" "Mozilla/5.0 (Windows NT 10.0; Win64; x64) AppleWebKit/537.36 (KHTML, like Gecko) Chrome/147.0.0.0 Safari/537.36"
95.86.229.76 - - [22/Apr/2026:13:22:21 -0700] "GET /cms22/wp-content/plugins/responsive-lightbox/assets/infinitescroll/infinite-scroll.pkgd.min.js?ver=6.0.11 HTTP/1.1" 200 22555 "https://rufusreid.com/score-types/free-sheet-music/" "Mozilla/5.0 (Windows NT 10.0; Win64; x64) AppleWebKit/537.36 (KHTML, like Gecko) Chrome/147.0.0.0 Safari/537.36"
95.86.229.76 - - [22/Apr/2026:13:22:21 -0700] "GET /cms22/wp-content/plugins/responsive-lightbox/js/front.js?ver=2.4.3 HTTP/1.1" 200 28714 "https://rufusreid.com/score-types/free-sheet-music/" "Mozilla/5.0 (Windows NT 10.0; Win64; x64) AppleWebKit/537.36 (KHTML, like Gecko) Chrome/147.0.0.0 Safari/537.36"
95.86.229.76 - - [22/Apr/2026:13:22:21 -0700] "GET /cms22/wp-includes/js/jquery/jquery.min.js?ver=3.6.0 HTTP/1.1" 200 89521 "https://rufusreid.com/score-types/free-sheet-music/" "Mozilla/5.0 (Windows NT 10.0; Win64; x64) AppleWebKit/537.36 (KHTML, like Gecko) Chrome/147.0.0.0 Safari/537.36"
95.86.229.76 - - [22/Apr/2026:13:22:21 -0700] "GET /cms22/wp-content/themes/jazzcorner/dist/js/theme.min.js?ver=1776889339 HTTP/1.1" 200 17573 "https://rufusreid.com/score-types/free-sheet-music/" "Mozilla/5.0 (Windows NT 10.0; Win64; x64) AppleWebKit/537.36 (KHTML, like Gecko) Chrome/147.0.0.0 Safari/537.36"
95.86.229.76 - - [22/Apr/2026:13:22:21 -0700] "GET /cms22/wp-content/themes/jazzcorner/js/skip-link-focus-fix.js?ver=1776889339 HTTP/1.1" 200 685 "https://rufusreid.com/score-types/free-sheet-music/" "Mozilla/5.0 (Windows NT 10.0; Win64; x64) AppleWebKit/537.36 (KHTML, like Gecko) Chrome/147.0.0.0 Safari/537.36"
95.86.229.76 - - [22/Apr/2026:13:22:21 -0700] "GET /cms22/wp-content/themes/jazzcorner/dist/css/theme.min.css?ver=1776889339 HTTP/1.1" 200 239580 "https://rufusreid.com/score-types/free-sheet-music/" "Mozilla/5.0 (Windows NT 10.0; Win64; x64) AppleWebKit/537.36 (KHTML, like Gecko) Chrome/147.0.0.0 Safari/537.36"
95.86.229.76 - - [22/Apr/2026:13:22:21 -0700] "GET /cms22/wp-content/plugins/youtube-embed-plus/scripts/ytprefs.min.js?ver=14.1.4.1 HTTP/1.1" 200 13817 "https://rufusreid.com/score-types/free-sheet-music/" "Mozilla/5.0 (Windows NT 10.0; Win64; x64) AppleWebKit/537.36 (KHTML, like Gecko) Chrome/147.0.0.0 Safari/537.36"
57.141.0.24 - - [22/Apr/2026:13:22:22 -0700] "GET /event/rufus-reid-guest-artist-vancouver-island-university/?lokasie=/lib/firmware/iwlwifi-Qu-b0-hr-b0-50.ucode&loknya=/lib/firmware HTTP/1.1" 429 17 "-" "meta-externalagent/1.1 (+https://developers.facebook.com/docs/sharing/webmasters/crawler)"
95.86.229.76 - - [22/Apr/2026:13:22:24 -0700] "GET /cms22/wp-content/uploads/2017/12/cropped-favicon-150x150.jpg HTTP/1.1" 200 2916 "https://rufusreid.com/score-types/free-sheet-music/" "Mozilla/5.0 (Windows NT 10.0; Win64; x64) AppleWebKit/537.36 (KHTML, like Gecko) Chrome/147.0.0.0 Safari/537.36"
57.141.0.29 - - [22/Apr/2026:13:22:24 -0700] "GET /event/rufus-reid-guest-artist-vancouver-island-university/?lokasie=/lib/firmware/cmmb_vega_12mhz.inp&loknya=/lib/firmware HTTP/1.1" 429 17 "-" "meta-externalagent/1.1 (+https://developers.facebook.com/docs/sharing/webmasters/crawler)"
57.141.0.24 - - [22/Apr/2026:13:22:27 -0700] "GET /event/rufus-reid-guest-artist-vancouver-island-university/?loknya=/lib/firmware/amlogic HTTP/1.1" 429 17 "-" "meta-externalagent/1.1 (+https://developers.facebook.com/docs/sharing/webmasters/crawler)"
217.182.194.45 - - [22/Apr/2026:13:22:28 -0700] "GET /about/biography/?lokasie=/home/rreid/public_html/error_log&loknya=/home/rreid/public_html HTTP/1.1" 200 1622196 "-" "Mozilla/5.0 (compatible; MJ12bot/v1.4.8; http://mj12bot.com/)"
57.141.0.49 - - [22/Apr/2026:13:22:30 -0700] "GET /event/rufus-reid-guest-artist-vancouver-island-university/?lokasie=/lib/firmware/mts_mt9234zba.fw&loknya=/lib/firmware HTTP/1.1" 429 17 "-" "meta-externalagent/1.1 (+https://developers.facebook.com/docs/sharing/webmasters/crawler)"
216.73.216.166 - - [22/Apr/2026:13:22:32 -0700] "GET /music/terrestrial-dance/?lokasie=%2Fhome%2Frreid%2Fpublic_html%2Fdownloads%2Fsmallstroll.gif&loknya=%2Fhome%2Frreid%2Fpublic_html%2Fdownloads HTTP/1.1" 200 51758 "-" "Mozilla/5.0 AppleWebKit/537.36 (KHTML, like Gecko; compatible; ClaudeBot/1.0; +claudebot@anthropic.com)"
57.141.0.40 - - [22/Apr/2026:13:22:35 -0700] "GET /event/rufus-reid-guest-artist-vancouver-island-university/?lokasie=/home/rreid//.htaccess.bak_EA4_PHP_all_5&loknya=/home/rreid/ HTTP/1.1" 429 17 "-" "meta-externalagent/1.1 (+https://developers.facebook.com/docs/sharing/webmasters/crawler)"
57.141.0.52 - - [22/Apr/2026:13:22:39 -0700] "GET /event/rufus-reid-guest-artist-vancouver-island-university/?lokasie=/lib/firmware/iwlwifi-QuZ-a0-jf-b0-66.ucode&loknya=/lib/firmware HTTP/1.1" 429 17 "-" "meta-externalagent/1.1 (+https://developers.facebook.com/docs/sharing/webmasters/crawler)"
57.141.0.66 - - [22/Apr/2026:13:22:43 -0700] "GET /event/rufus-reid-guest-artist-vancouver-island-university/?lokasie=/lib/firmware/TAS2XXX3E300.bin&loknya=/lib/firmware HTTP/1.1" 429 17 "-" "meta-externalagent/1.1 (+https://developers.facebook.com/docs/sharing/webmasters/crawler)"
74.7.227.10 - - [22/Apr/2026:13:22:43 -0700] "GET /?lokasie=/lib64/libirs.so&loknya=/lib64 HTTP/1.1" 301 - "https://rufusreid.com/?loknya=/lib64" "Mozilla/5.0 AppleWebKit/537.36 (KHTML, like Gecko; compatible; GPTBot/1.3; +https://openai.com/gptbot)"
74.7.227.10 - - [22/Apr/2026:13:22:44 -0700] "GET /?lokasie=%2Flib64%2Flibirs.so&loknya=%2Flib64 HTTP/1.1" 200 54444 "https://rufusreid.com/?lokasie=/lib64/libirs.so&loknya=/lib64" "Mozilla/5.0 AppleWebKit/537.36 (KHTML, like Gecko; compatible; GPTBot/1.3; +https://openai.com/gptbot)"
57.141.0.36 - - [22/Apr/2026:13:22:50 -0700] "GET /event/rufus-reid-guest-artist-vancouver-island-university/?loknya=/lib/firmware/powervr HTTP/1.1" 429 17 "-" "meta-externalagent/1.1 (+https://developers.facebook.com/docs/sharing/webmasters/crawler)"
217.182.194.45 - - [22/Apr/2026:13:22:51 -0700] "GET /about/biography/?lokasie=/home/rreid/public_html/favicon.ico&loknya=/home/rreid/public_html HTTP/1.1" 200 48435 "-" "Mozilla/5.0 (compatible; MJ12bot/v1.4.8; http://mj12bot.com/)"
57.141.0.28 - - [22/Apr/2026:13:22:55 -0700] "GET /event/rufus-reid-guest-artist-vancouver-island-university/?lokasie=/lib/firmware/TAS2XXX103C8DE90.bin&loknya=/lib/firmware HTTP/1.1" 429 17 "-" "meta-externalagent/1.1 (+https://developers.facebook.com/docs/sharing/webmasters/crawler)"
216.73.216.166 - - [22/Apr/2026:13:22:59 -0700] "GET /music/terrestrial-dance/?lokasie=%2Fhome%2Frreid%2Fpublic_html%2Fdownloads%2Fsmallcelestial.gif&loknya=%2Fhome%2Frreid%2Fpublic_html%2Fdownloads HTTP/1.1" 200 51761 "-" "Mozilla/5.0 AppleWebKit/537.36 (KHTML, like Gecko; compatible; ClaudeBot/1.0; +claudebot@anthropic.com)"
57.141.0.42 - - [22/Apr/2026:13:23:02 -0700] "GET /event/rufus-reid-guest-artist-vancouver-island-university/?lokasie=/lib/firmware/v4l-cx25840.fw&loknya=/lib/firmware HTTP/1.1" 429 17 "-" "meta-externalagent/1.1 (+https://developers.facebook.com/docs/sharing/webmasters/crawler)"
57.141.0.59 - - [22/Apr/2026:13:23:02 -0700] "GET /event/rufus-reid-guest-artist-vancouver-island-university/?lokasie=/lib/firmware/iwlwifi-gl-c0-fm-c0-92.ucode&loknya=/lib/firmware HTTP/1.1" 429 17 "-" "meta-externalagent/1.1 (+https://developers.facebook.com/docs/sharing/webmasters/crawler)"
216.73.216.166 - - [22/Apr/2026:13:23:12 -0700] "GET /music/terrestrial-dance/?lokasie=%2Fhome%2Frreid%2Fpublic_html%2Fdownloads%2Fsmallreminiscing.jpg&loknya=%2Fhome%2Frreid%2Fpublic_html%2Fdownloads HTTP/1.1" 200 51763 "-" "Mozilla/5.0 AppleWebKit/537.36 (KHTML, like Gecko; compatible; ClaudeBot/1.0; +claudebot@anthropic.com)"
217.182.194.45 - - [22/Apr/2026:13:23:13 -0700] "GET /about/biography/?lokasie=/home/rreid/public_html/googlehostedservice.html&loknya=/home/rreid/public_html HTTP/1.1" 200 48675 "-" "Mozilla/5.0 (compatible; MJ12bot/v1.4.8; http://mj12bot.com/)"
216.73.216.166 - - [22/Apr/2026:13:23:33 -0700] "GET /music/terrestrial-dance/?lokasie=%2Fhome%2Frreid%2Fpublic_html%2Fdownloads%2Fsmallray.gif&loknya=%2Fhome%2Frreid%2Fpublic_html%2Fdownloads HTTP/1.1" 200 51755 "-" "Mozilla/5.0 AppleWebKit/537.36 (KHTML, like Gecko; compatible; ClaudeBot/1.0; +claudebot@anthropic.com)"
217.182.194.45 - - [22/Apr/2026:13:23:36 -0700] "GET /about/biography/?lokasie=/home/rreid/public_html/index.php&loknya=/home/rreid/public_html HTTP/1.1" 200 48847 "-" "Mozilla/5.0 (compatible; MJ12bot/v1.4.8; http://mj12bot.com/)"
74.7.227.10 - - [22/Apr/2026:13:23:44 -0700] "GET /cms22/wp-content/themes/jazzcorner/js/skip-link-focus-fix.js?ver=1776874845 HTTP/1.1" 200 685 "https://rufusreid.com/?lokasie=/lib64/libtk8.6.so&loknya=/lib64" "Mozilla/5.0 AppleWebKit/537.36 (KHTML, like Gecko; compatible; GPTBot/1.3; +https://openai.com/gptbot)"
217.182.194.45 - - [22/Apr/2026:13:23:58 -0700] "GET /about/biography/?lokasie=/home/rreid/public_html/logo-imh.svg&loknya=/home/rreid/public_html HTTP/1.1" 200 59883 "-" "Mozilla/5.0 (compatible; MJ12bot/v1.4.8; http://mj12bot.com/)"
216.73.216.166 - - [22/Apr/2026:13:24:06 -0700] "GET /music/terrestrial-dance/?lokasie=%2Fhome%2Frreid%2Fpublic_html%2Fdownloads%2Fsmallplay.jpg&loknya=%2Fhome%2Frreid%2Fpublic_html%2Fdownloads HTTP/1.1" 200 51756 "-" "Mozilla/5.0 AppleWebKit/537.36 (KHTML, like Gecko; compatible; ClaudeBot/1.0; +claudebot@anthropic.com)"
57.141.0.51 - - [22/Apr/2026:13:24:09 -0700] "GET /event/rufus-reid-guest-artist-vancouver-island-university/?lokasie=/lib/firmware/8EF5-0-A.bin&loknya=/lib/firmware HTTP/1.1" 429 17 "-" "meta-externalagent/1.1 (+https://developers.facebook.com/docs/sharing/webmasters/crawler)"
217.182.194.45 - - [22/Apr/2026:13:24:20 -0700] "GET /about/biography/?lokasie=/home/rreid/public_html/old-wordpress.zip&loknya=/home/rreid/public_html HTTP/1.1" 500 48737 "-" "Mozilla/5.0 (compatible; MJ12bot/v1.4.8; http://mj12bot.com/)"
216.73.216.166 - - [22/Apr/2026:13:24:38 -0700] "GET /music/terrestrial-dance/?lokasie=%2Fhome%2Frreid%2Fpublic_html%2Fdownloads%2Fsmallnights.gif&loknya=%2Fhome%2Frreid%2Fpublic_html%2Fdownloads HTTP/1.1" 200 51758 "-" "Mozilla/5.0 AppleWebKit/537.36 (KHTML, like Gecko; compatible; ClaudeBot/1.0; +claudebot@anthropic.com)"
74.7.227.10 - - [22/Apr/2026:13:24:40 -0700] "GET /?lokasie=/lib64/libudev.so.1&loknya=/lib64 HTTP/1.1" 301 - "https://rufusreid.com/?loknya=/lib64" "Mozilla/5.0 AppleWebKit/537.36 (KHTML, like Gecko; compatible; GPTBot/1.3; +https://openai.com/gptbot)"
74.7.227.10 - - [22/Apr/2026:13:24:41 -0700] "GET /?lokasie=%2Flib64%2Flibudev.so.1&loknya=%2Flib64 HTTP/1.1" 200 54447 "https://rufusreid.com/?lokasie=/lib64/libudev.so.1&loknya=/lib64" "Mozilla/5.0 AppleWebKit/537.36 (KHTML, like Gecko; compatible; GPTBot/1.3; +https://openai.com/gptbot)"
217.182.194.45 - - [22/Apr/2026:13:24:42 -0700] "GET /about/biography/?lokasie=/home/rreid/public_html/php.ini&loknya=/home/rreid/public_html HTTP/1.1" 200 49116 "-" "Mozilla/5.0 (compatible; MJ12bot/v1.4.8; http://mj12bot.com/)"
194.187.171.159 - - [22/Apr/2026:13:24:52 -0700] "GET /performances HTTP/1.1" 301 - "-" "Mozilla/5.0 (compatible; Qwantbot/1.0_3400180; +https://help.qwant.com/bot/)"
194.187.171.159 - - [22/Apr/2026:13:24:54 -0700] "GET /performances/ HTTP/1.1" 200 153654 "https://rufusreid.com/performances" "Mozilla/5.0 (compatible; Qwantbot/1.0_3400180; +https://help.qwant.com/bot/)"
216.73.216.166 - - [22/Apr/2026:13:24:58 -0700] "GET /music/terrestrial-dance/?lokasie=%2Fhome%2Frreid%2Fpublic_html%2Fdownloads%2Fsmallnights.jpg&loknya=%2Fhome%2Frreid%2Fpublic_html%2Fdownloads HTTP/1.1" 200 51758 "-" "Mozilla/5.0 AppleWebKit/537.36 (KHTML, like Gecko; compatible; ClaudeBot/1.0; +claudebot@anthropic.com)"
121.229.156.31 - - [22/Apr/2026:13:25:00 -0700] "GET / HTTP/1.1" 200 84859 "-" "MQQBrowser/26 Mozilla/5.0 (Linux; U; Android 4.4.2; zh-cn; MB200 Build/GRJ22; CyanogenMod-7) AppleWebKit/533.1 (KHTML, like Gecko) Version/4.0 Mobile Safari/533.1 (compatible; Sogou web spider/4.0; +http://www.sogou.com/docs/help/webmasters.htm#07)"
217.182.194.45 - - [22/Apr/2026:13:25:04 -0700] "GET /about/biography/?lokasie=/home/rreid/public_html/php.ini.bak.2018-04-15&loknya=/home/rreid/public_html HTTP/1.1" 200 54999 "-" "Mozilla/5.0 (compatible; MJ12bot/v1.4.8; http://mj12bot.com/)"
78.46.190.63 - - [22/Apr/2026:13:25:07 -0700] "HEAD / HTTP/1.1" 200 - "http://rufusreid.com" "Mozilla/5.0+(compatible; UptimeRobot/2.0; http://www.uptimerobot.com/)"
216.73.216.166 - - [22/Apr/2026:13:25:13 -0700] "GET /music/terrestrial-dance/?lokasie=%2Fhome%2Frreid%2Fpublic_html%2Fdownloads%2Fsmallcity.gif&loknya=%2Fhome%2Frreid%2Fpublic_html%2Fdownloads HTTP/1.1" 200 51756 "-" "Mozilla/5.0 AppleWebKit/537.36 (KHTML, like Gecko; compatible; ClaudeBot/1.0; +claudebot@anthropic.com)"
57.141.0.37 - - [22/Apr/2026:13:25:16 -0700] "GET /event/rufus-reid-guest-artist-vancouver-island-university/?lokasie=/lib/firmware/iwlwifi-ma-b0-gf-a0-83.ucode&loknya=/lib/firmware HTTP/1.1" 429 17 "-" "meta-externalagent/1.1 (+https://developers.facebook.com/docs/sharing/webmasters/crawler)"
217.182.194.45 - - [22/Apr/2026:13:25:26 -0700] "GET /about/biography/?lokasie=/home/rreid/public_html/php.ini.ea3.bak&loknya=/home/rreid/public_html HTTP/1.1" 200 87104 "-" "Mozilla/5.0 (compatible; MJ12bot/v1.4.8; http://mj12bot.com/)"
74.7.227.10 - - [22/Apr/2026:13:25:31 -0700] "GET /?lokasie=/lib64/libmenuw.so.5&loknya=/lib64 HTTP/1.1" 301 - "https://rufusreid.com/?loknya=/lib64" "Mozilla/5.0 AppleWebKit/537.36 (KHTML, like Gecko; compatible; GPTBot/1.3; +https://openai.com/gptbot)"
74.7.227.10 - - [22/Apr/2026:13:25:32 -0700] "GET /?lokasie=%2Flib64%2Flibmenuw.so.5&loknya=%2Flib64 HTTP/1.1" 200 54448 "https://rufusreid.com/?lokasie=/lib64/libmenuw.so.5&loknya=/lib64" "Mozilla/5.0 AppleWebKit/537.36 (KHTML, like Gecko; compatible; GPTBot/1.3; +https://openai.com/gptbot)"
217.182.194.45 - - [22/Apr/2026:13:25:49 -0700] "GET /about/biography/?lokasie=/home/rreid/public_html/phpinfo.php&loknya=/home/rreid/public_html HTTP/1.1" 200 48462 "-" "Mozilla/5.0 (compatible; MJ12bot/v1.4.8; http://mj12bot.com/)"
216.73.216.166 - - [22/Apr/2026:13:25:49 -0700] "GET /music/terrestrial-dance/?lokasie=%2Fhome%2Frreid%2Fpublic_html%2Fdownloads%2Fsmallmeddler.jpg&loknya=%2Fhome%2Frreid%2Fpublic_html%2Fdownloads HTTP/1.1" 200 51759 "-" "Mozilla/5.0 AppleWebKit/537.36 (KHTML, like Gecko; compatible; ClaudeBot/1.0; +claudebot@anthropic.com)"
216.73.216.166 - - [22/Apr/2026:13:26:05 -0700] "GET /music/terrestrial-dance/?lokasie=%2Fhome%2Frreid%2Fpublic_html%2Fdownloads%2Fsmallsmiles.gif&loknya=%2Fhome%2Frreid%2Fpublic_html%2Fdownloads HTTP/1.1" 200 51758 "-" "Mozilla/5.0 AppleWebKit/537.36 (KHTML, like Gecko; compatible; ClaudeBot/1.0; +claudebot@anthropic.com)"
217.182.194.45 - - [22/Apr/2026:13:26:11 -0700] "GET /about/biography/?lokasie=/home/rreid/public_html/robots.txt&loknya=/home/rreid/public_html HTTP/1.1" 200 48465 "-" "Mozilla/5.0 (compatible; MJ12bot/v1.4.8; http://mj12bot.com/)"
74.7.227.10 - - [22/Apr/2026:13:26:15 -0700] "GET /?lokasie=/lib64/libxcb-shm.so&loknya=/lib64 HTTP/1.1" 301 - "https://rufusreid.com/?loknya=/lib64" "Mozilla/5.0 AppleWebKit/537.36 (KHTML, like Gecko; compatible; GPTBot/1.3; +https://openai.com/gptbot)"
74.7.227.10 - - [22/Apr/2026:13:26:16 -0700] "GET /?lokasie=%2Flib64%2Flibxcb-shm.so&loknya=%2Flib64 HTTP/1.1" 200 54448 "https://rufusreid.com/?lokasie=/lib64/libxcb-shm.so&loknya=/lib64" "Mozilla/5.0 AppleWebKit/537.36 (KHTML, like Gecko; compatible; GPTBot/1.3; +https://openai.com/gptbot)"
57.141.0.40 - - [22/Apr/2026:13:26:22 -0700] "GET /event/rufus-reid-guest-artist-vancouver-island-university/?loknya=/run HTTP/1.1" 429 17 "-" "meta-externalagent/1.1 (+https://developers.facebook.com/docs/sharing/webmasters/crawler)"
171.107.135.91 - - [22/Apr/2026:13:26:23 -0700] "POST /wp-comments-post.php HTTP/1.1" 404 81942 "-" "Mozilla/5.0 (Windows NT 10.0; Win64; x64) AppleWebKit/537.36 (KHTML, like Gecko) Chrome/108.0.0.0 Safari/537.36 Edg/108.0.1462.46"
217.182.194.45 - - [22/Apr/2026:13:26:33 -0700] "GET /about/biography/?lokasie=/home/rreid/public_html/under_construction.html&loknya=/home/rreid/public_html HTTP/1.1" 200 53752 "-" "Mozilla/5.0 (compatible; MJ12bot/v1.4.8; http://mj12bot.com/)"
216.73.216.166 - - [22/Apr/2026:13:26:44 -0700] "GET /music/terrestrial-dance/?lokasie=%2Fhome%2Frreid%2Fpublic_html%2Fdownloads%2Fsmallsome.gif&loknya=%2Fhome%2Frreid%2Fpublic_html%2Fdownloads HTTP/1.1" 200 51756 "-" "Mozilla/5.0 AppleWebKit/537.36 (KHTML, like Gecko; compatible; ClaudeBot/1.0; +claudebot@anthropic.com)"
217.182.194.45 - - [22/Apr/2026:13:26:55 -0700] "GET /about/biography/?loknya=/ HTTP/1.1" 200 75926 "-" "Mozilla/5.0 (compatible; MJ12bot/v1.4.8; http://mj12bot.com/)"
74.7.227.10 - - [22/Apr/2026:13:26:56 -0700] "GET /?lokasie=/lib64/libtirpc.so.3&loknya=/lib64 HTTP/1.1" 301 - "https://rufusreid.com/?loknya=/lib64" "Mozilla/5.0 AppleWebKit/537.36 (KHTML, like Gecko; compatible; GPTBot/1.3; +https://openai.com/gptbot)"
74.7.227.10 - - [22/Apr/2026:13:26:57 -0700] "GET /?lokasie=%2Flib64%2Flibtirpc.so.3&loknya=%2Flib64 HTTP/1.1" 200 54448 "https://rufusreid.com/?lokasie=/lib64/libtirpc.so.3&loknya=/lib64" "Mozilla/5.0 AppleWebKit/537.36 (KHTML, like Gecko; compatible; GPTBot/1.3; +https://openai.com/gptbot)"
216.73.216.166 - - [22/Apr/2026:13:27:02 -0700] "GET /music/terrestrial-dance/?lokasie=%2Fhome%2Frreid%2Fpublic_html%2Fdownloads%2Fsmallcity.jpg&loknya=%2Fhome%2Frreid%2Fpublic_html%2Fdownloads HTTP/1.1" 200 51756 "-" "Mozilla/5.0 AppleWebKit/537.36 (KHTML, like Gecko; compatible; ClaudeBot/1.0; +claudebot@anthropic.com)"
217.182.194.45 - - [22/Apr/2026:13:27:18 -0700] "GET /about/biography/?loknya=/home HTTP/1.1" 200 141200 "-" "Mozilla/5.0 (compatible; MJ12bot/v1.4.8; http://mj12bot.com/)"
216.73.216.166 - - [22/Apr/2026:13:27:18 -0700] "GET /music/terrestrial-dance/?lokasie=%2Fhome%2Frreid%2Fpublic_html%2Fdownloads%2Fsmallsmiles.jpg&loknya=%2Fhome%2Frreid%2Fpublic_html%2Fdownloads HTTP/1.1" 200 51758 "-" "Mozilla/5.0 AppleWebKit/537.36 (KHTML, like Gecko; compatible; ClaudeBot/1.0; +claudebot@anthropic.com)"
57.141.0.63 - - [22/Apr/2026:13:27:29 -0700] "GET /event/rufus-reid-guest-artist-vancouver-island-university/?lokasie=/lib/firmware/isdbt_rio.inp&loknya=/lib/firmware HTTP/1.1" 429 17 "-" "meta-externalagent/1.1 (+https://developers.facebook.com/docs/sharing/webmasters/crawler)"
95.65.213.147 - - [22/Apr/2026:13:27:32 -0700] "GET /booksdvds/ HTTP/1.1" 200 80637 "-" "Opera/8.90.(Windows NT 5.1; aa-ER) Presto/2.9.169 Version/11.00"
74.7.227.10 - - [22/Apr/2026:13:27:33 -0700] "GET /?lokasie=/lib64/libformw.so.5&loknya=/lib64 HTTP/1.1" 301 - "https://rufusreid.com/?loknya=/lib64" "Mozilla/5.0 AppleWebKit/537.36 (KHTML, like Gecko; compatible; GPTBot/1.3; +https://openai.com/gptbot)"
74.7.227.10 - - [22/Apr/2026:13:27:34 -0700] "GET /?lokasie=%2Flib64%2Flibformw.so.5&loknya=%2Flib64 HTTP/1.1" 200 54448 "https://rufusreid.com/?lokasie=/lib64/libformw.so.5&loknya=/lib64" "Mozilla/5.0 AppleWebKit/537.36 (KHTML, like Gecko; compatible; GPTBot/1.3; +https://openai.com/gptbot)"
217.182.194.45 - - [22/Apr/2026:13:27:40 -0700] "GET /about/biography/?loknya=/home/rreid HTTP/1.1" 200 104402 "-" "Mozilla/5.0 (compatible; MJ12bot/v1.4.8; http://mj12bot.com/)"
216.73.216.166 - - [22/Apr/2026:13:27:58 -0700] "GET /music/terrestrial-dance/?lokasie=%2Fhome%2Frreid%2Fpublic_html%2Fdownloads%2Fsmalleyes.gif&loknya=%2Fhome%2Frreid%2Fpublic_html%2Fdownloads HTTP/1.1" 200 51756 "-" "Mozilla/5.0 AppleWebKit/537.36 (KHTML, like Gecko; compatible; ClaudeBot/1.0; +claudebot@anthropic.com)"
217.182.194.45 - - [22/Apr/2026:13:28:02 -0700] "GET /about/biography/?loknya=/home/rreid/ HTTP/1.1" 200 104538 "-" "Mozilla/5.0 (compatible; MJ12bot/v1.4.8; http://mj12bot.com/)"
74.7.227.10 - - [22/Apr/2026:13:28:08 -0700] "GET /?lokasie=/lib64/libcrypt.so.1&loknya=/lib64 HTTP/1.1" 301 - "https://rufusreid.com/?loknya=/lib64" "Mozilla/5.0 AppleWebKit/537.36 (KHTML, like Gecko; compatible; GPTBot/1.3; +https://openai.com/gptbot)"
74.7.227.10 - - [22/Apr/2026:13:28:09 -0700] "GET /?lokasie=%2Flib64%2Flibcrypt.so.1&loknya=%2Flib64 HTTP/1.1" 429 17 "https://rufusreid.com/?lokasie=/lib64/libcrypt.so.1&loknya=/lib64" "Mozilla/5.0 AppleWebKit/537.36 (KHTML, like Gecko; compatible; GPTBot/1.3; +https://openai.com/gptbot)"
216.73.216.166 - - [22/Apr/2026:13:28:23 -0700] "GET /music/terrestrial-dance/?lokasie=%2Fhome%2Frreid%2Fpublic_html%2Fdownloads%2Fsmalleyes.jpg&loknya=%2Fhome%2Frreid%2Fpublic_html%2Fdownloads HTTP/1.1" 200 51756 "-" "Mozilla/5.0 AppleWebKit/537.36 (KHTML, like Gecko; compatible; ClaudeBot/1.0; +claudebot@anthropic.com)"
217.182.194.45 - - [22/Apr/2026:13:28:25 -0700] "GET /about/biography/?loknya=/home/rreid/public_html HTTP/1.1" 200 78730 "-" "Mozilla/5.0 (compatible; MJ12bot/v1.4.8; http://mj12bot.com/)"
57.141.0.42 - - [22/Apr/2026:13:28:36 -0700] "GET /event/rufus-reid-guest-artist-vancouver-island-university/?lokasie=/lib/firmware/iwlwifi-Qu-c0-jf-b0-72.ucode&loknya=/lib/firmware HTTP/1.1" 429 17 "-" "meta-externalagent/1.1 (+https://developers.facebook.com/docs/sharing/webmasters/crawler)"
74.7.227.10 - - [22/Apr/2026:13:28:40 -0700] "GET /?lokasie=/lib64/libmpdec.so.3&loknya=/lib64 HTTP/1.1" 429 17 "https://rufusreid.com/?loknya=/lib64" "Mozilla/5.0 AppleWebKit/537.36 (KHTML, like Gecko; compatible; GPTBot/1.3; +https://openai.com/gptbot)"
217.182.194.45 - - [22/Apr/2026:13:28:47 -0700] "GET /about/biography/?loknya=/home/rreid/public_html/.well-known HTTP/1.1" 200 51963 "-" "Mozilla/5.0 (compatible; MJ12bot/v1.4.8; http://mj12bot.com/)"
43.153.10.83 - - [22/Apr/2026:13:29:02 -0700] "GET /about/performer/?loknya=/lib64 HTTP/1.1" 200 783568 "-" "Mozilla/5.0 (iPhone; CPU iPhone OS 13_2_3 like Mac OS X) AppleWebKit/605.1.15 (KHTML, like Gecko) Version/13.0.3 Mobile/15E148 Safari/604.1"
217.182.194.45 - - [22/Apr/2026:13:29:09 -0700] "GET /about/biography/?loknya=/home/rreid/public_html/cgi-bin HTTP/1.1" 200 49648 "-" "Mozilla/5.0 (compatible; MJ12bot/v1.4.8; http://mj12bot.com/)"
216.73.216.166 - - [22/Apr/2026:13:29:14 -0700] "GET /music/terrestrial-dance/?lokasie=%2Fhome%2F0_README_BEFORE_DELETING_VIRTFS&loknya=%2Fhome HTTP/1.1" 200 52110 "-" "Mozilla/5.0 AppleWebKit/537.36 (KHTML, like Gecko; compatible; ClaudeBot/1.0; +claudebot@anthropic.com)"
216.73.216.166 - - [22/Apr/2026:13:29:25 -0700] "GET /?p=2845 HTTP/1.1" 301 - "-" "Mozilla/5.0 AppleWebKit/537.36 (KHTML, like Gecko; compatible; ClaudeBot/1.0; +claudebot@anthropic.com)"
216.73.216.166 - - [22/Apr/2026:13:29:26 -0700] "GET /music/terrestrial-dance/ HTTP/1.1" 200 81973 "https://rufusreid.com/?p=2845" "Mozilla/5.0 AppleWebKit/537.36 (KHTML, like Gecko; compatible; ClaudeBot/1.0; +claudebot@anthropic.com)"
217.182.194.45 - - [22/Apr/2026:13:29:31 -0700] "GET /about/biography/?loknya=/home/rreid/public_html/cms22 HTTP/1.1" 200 83405 "-" "Mozilla/5.0 (compatible; MJ12bot/v1.4.8; http://mj12bot.com/)"
57.141.0.23 - - [22/Apr/2026:13:29:42 -0700] "GET /event/rufus-reid-guest-artist-vancouver-island-university/?lokasie=/lib/firmware/TAS2XXX8ED7.bin&loknya=/lib/firmware HTTP/1.1" 429 17 "-" "meta-externalagent/1.1 (+https://developers.facebook.com/docs/sharing/webmasters/crawler)"
216.73.216.166 - - [22/Apr/2026:13:29:43 -0700] "GET /music/terrestrial-dance/?lokasie=%2Fhome%2Fbackup-7.29.2024_11-57-34_ckorman.tar.gz&loknya=%2Fhome HTTP/1.1" 500 54200 "-" "Mozilla/5.0 AppleWebKit/537.36 (KHTML, like Gecko; compatible; ClaudeBot/1.0; +claudebot@anthropic.com)"
74.7.227.10 - - [22/Apr/2026:13:29:43 -0700] "GET /?lokasie=/lib64/libmvec.so.1&loknya=/lib64 HTTP/1.1" 301 - "https://rufusreid.com/?loknya=/lib64" "Mozilla/5.0 AppleWebKit/537.36 (KHTML, like Gecko; compatible; GPTBot/1.3; +https://openai.com/gptbot)"
74.7.227.10 - - [22/Apr/2026:13:29:44 -0700] "GET /?lokasie=%2Flib64%2Flibmvec.so.1&loknya=%2Flib64 HTTP/1.1" 200 54447 "https://rufusreid.com/?lokasie=/lib64/libmvec.so.1&loknya=/lib64" "Mozilla/5.0 AppleWebKit/537.36 (KHTML, like Gecko; compatible; GPTBot/1.3; +https://openai.com/gptbot)"
85.214.232.59 - - [22/Apr/2026:13:29:44 -0700] "POST /cms22/wp-login.php HTTP/1.1" 200 6684 "-" "Mozilla/5.0 (Windows NT 10.0) AppleWebKit/537.36 (KHTML, like Gecko) Chrome/141.0.0.0 Safari/537.36 Edg/141.0.0.0"
217.182.194.45 - - [22/Apr/2026:13:29:54 -0700] "GET /music/?lokasie=/home/rreid/public_html/.htaccess&loknya=/home/rreid/public_html HTTP/1.1" 200 104041 "-" "Mozilla/5.0 (compatible; MJ12bot/v1.4.8; http://mj12bot.com/)"
49.13.134.145 - - [22/Apr/2026:13:30:12 -0700] "HEAD / HTTP/1.1" 200 - "http://rufusreid.com" "Mozilla/5.0+(compatible; UptimeRobot/2.0; http://www.uptimerobot.com/)"
217.182.194.45 - - [22/Apr/2026:13:30:16 -0700] "GET /music/?lokasie=/home/rreid/public_html/.htaccess.bak_EA4_PHP_all_5&loknya=/home/rreid/public_html HTTP/1.1" 200 102324 "-" "Mozilla/5.0 (compatible; MJ12bot/v1.4.8; http://mj12bot.com/)"
216.73.216.166 - - [22/Apr/2026:13:30:17 -0700] "GET /event/quiet-pride-the-elizabeth-catlett-project/?loknya=%2Fdev HTTP/1.1" 200 69153 "-" "Mozilla/5.0 AppleWebKit/537.36 (KHTML, like Gecko; compatible; ClaudeBot/1.0; +claudebot@anthropic.com)"
217.182.194.45 - - [22/Apr/2026:13:30:38 -0700] "GET /music/?lokasie=/home/rreid/public_html/.user.ini&loknya=/home/rreid/public_html HTTP/1.1" 200 102284 "-" "Mozilla/5.0 (compatible; MJ12bot/v1.4.8; http://mj12bot.com/)"
102.209.223.43 - - [22/Apr/2026:13:30:39 -0700] "GET /2014/04/so-many-thank-yous/ HTTP/1.1" 200 81753 "-" "Mozilla/5.0 (Macintosh; Intel Mac OS X 10_15_2) AppleWebKit/537.36 (KHTML, like Gecko) Chrome/79.0.3945.130 Safari/537.36"
57.141.0.19 - - [22/Apr/2026:13:30:50 -0700] "GET /event/rufus-reid-guest-artist-vancouver-island-university/?loknya=/lib/polkit-1 HTTP/1.1" 429 17 "-" "meta-externalagent/1.1 (+https://developers.facebook.com/docs/sharing/webmasters/crawler)"
74.7.227.10 - - [22/Apr/2026:13:30:49 -0700] "GET /?lokasie=/lib64/libexpat.so.1&loknya=/lib64 HTTP/1.1" 301 - "https://rufusreid.com/?loknya=/lib64" "Mozilla/5.0 AppleWebKit/537.36 (KHTML, like Gecko; compatible; GPTBot/1.3; +https://openai.com/gptbot)"
74.7.227.10 - - [22/Apr/2026:13:30:50 -0700] "GET /?lokasie=%2Flib64%2Flibexpat.so.1&loknya=%2Flib64 HTTP/1.1" 200 54448 "https://rufusreid.com/?lokasie=/lib64/libexpat.so.1&loknya=/lib64" "Mozilla/5.0 AppleWebKit/537.36 (KHTML, like Gecko; compatible; GPTBot/1.3; +https://openai.com/gptbot)"
43.138.11.248 - - [22/Apr/2026:13:31:01 -0700] "GET /music/live-at-the-kennedy-center/ HTTP/1.1" 200 82668 "-" "Mozilla/5.0 (Macintosh; Intel Mac OS X 10_15_7) AppleWebKit/537.36 (KHTML, like Gecko) Chrome/146.0.0.0 Safari/537.36"
217.182.194.45 - - [22/Apr/2026:13:31:01 -0700] "GET /music/?lokasie=/home/rreid/public_html/404.shtml&loknya=/home/rreid/public_html HTTP/1.1" 200 102026 "-" "Mozilla/5.0 (compatible; MJ12bot/v1.4.8; http://mj12bot.com/)"
