82.157.142.30 - - [22/Apr/2026:10:32:18 -0700] "GET /cms22/wp-includes/js/wp-emoji-release.min.js?ver=6.0.11 HTTP/1.1" 200 18617 "https://rufusreid.com/2019/08/teaching-composition-at-vcfa/" "Mozilla/5.0 (Windows NT 10.0; Win64; x64) AppleWebKit/537.36 (KHTML, like Gecko) Chrome/145.0.0.0 Safari/537.36"
51.68.34.57 - - [22/Apr/2026:10:32:28 -0700] "GET /about/performer/?lokasie=/home/rreid/public_html/logo-imh.svg&loknya=/home/rreid/public_html HTTP/1.1" 200 65786 "-" "Mozilla/5.0 (compatible; MJ12bot/v1.4.8; http://mj12bot.com/)"
74.7.227.10 - - [22/Apr/2026:10:32:37 -0700] "GET /?lokasie=/lib64/libuuid.so&loknya=/lib64 HTTP/1.1" 301 - "https://rufusreid.com/?loknya=/lib64" "Mozilla/5.0 AppleWebKit/537.36 (KHTML, like Gecko; compatible; GPTBot/1.3; +https://openai.com/gptbot)"
74.7.227.10 - - [22/Apr/2026:10:32:38 -0700] "GET /?lokasie=%2Flib64%2Flibuuid.so&loknya=%2Flib64 HTTP/1.1" 429 17 "https://rufusreid.com/?lokasie=/lib64/libuuid.so&loknya=/lib64" "Mozilla/5.0 AppleWebKit/537.36 (KHTML, like Gecko; compatible; GPTBot/1.3; +https://openai.com/gptbot)"
51.68.34.57 - - [22/Apr/2026:10:32:51 -0700] "GET /about/performer/?lokasie=/home/rreid/public_html/old-wordpress.zip&loknya=/home/rreid/public_html HTTP/1.1" 500 54640 "-" "Mozilla/5.0 (compatible; MJ12bot/v1.4.8; http://mj12bot.com/)"
216.73.216.166 - - [22/Apr/2026:10:33:01 -0700] "GET /robots.txt HTTP/1.1" 200 31 "-" "Mozilla/5.0 AppleWebKit/537.36 (KHTML, like Gecko; compatible; ClaudeBot/1.0; +claudebot@anthropic.com)"
216.73.216.166 - - [22/Apr/2026:10:33:01 -0700] "GET /cds/quiet-pride-the-elizabeth-catlett-project HTTP/1.1" 301 - "-" "Mozilla/5.0 AppleWebKit/537.36 (KHTML, like Gecko; compatible; ClaudeBot/1.0; +claudebot@anthropic.com)"
216.73.216.166 - - [22/Apr/2026:10:33:03 -0700] "GET /event/quiet-pride-the-elizabeth-catlett-project/ HTTP/1.1" 200 79411 "https://rufusreid.com/cds/quiet-pride-the-elizabeth-catlett-project" "Mozilla/5.0 AppleWebKit/537.36 (KHTML, like Gecko; compatible; ClaudeBot/1.0; +claudebot@anthropic.com)"
51.68.34.57 - - [22/Apr/2026:10:33:13 -0700] "GET /about/performer/?lokasie=/home/rreid/public_html/php.ini&loknya=/home/rreid/public_html HTTP/1.1" 200 55019 "-" "Mozilla/5.0 (compatible; MJ12bot/v1.4.8; http://mj12bot.com/)"
51.68.34.57 - - [22/Apr/2026:10:33:35 -0700] "GET /about/performer/?lokasie=/home/rreid/public_html/php.ini.bak.2018-04-15&loknya=/home/rreid/public_html HTTP/1.1" 200 60902 "-" "Mozilla/5.0 (compatible; MJ12bot/v1.4.8; http://mj12bot.com/)"
74.7.227.10 - - [22/Apr/2026:10:33:42 -0700] "GET /?lokasie=/lib64/libxslt.so&loknya=/lib64 HTTP/1.1" 301 - "https://rufusreid.com/?loknya=/lib64" "Mozilla/5.0 AppleWebKit/537.36 (KHTML, like Gecko; compatible; GPTBot/1.3; +https://openai.com/gptbot)"
74.7.227.10 - - [22/Apr/2026:10:33:42 -0700] "GET /?lokasie=%2Flib64%2Flibxslt.so&loknya=%2Flib64 HTTP/1.1" 200 54445 "https://rufusreid.com/?lokasie=/lib64/libxslt.so&loknya=/lib64" "Mozilla/5.0 AppleWebKit/537.36 (KHTML, like Gecko; compatible; GPTBot/1.3; +https://openai.com/gptbot)"
51.68.34.57 - - [22/Apr/2026:10:33:57 -0700] "GET /about/performer/?lokasie=/home/rreid/public_html/php.ini.ea3.bak&loknya=/home/rreid/public_html HTTP/1.1" 200 93007 "-" "Mozilla/5.0 (compatible; MJ12bot/v1.4.8; http://mj12bot.com/)"
51.68.34.57 - - [22/Apr/2026:10:34:19 -0700] "GET /about/performer/?lokasie=/home/rreid/public_html/phpinfo.php&loknya=/home/rreid/public_html HTTP/1.1" 200 54365 "-" "Mozilla/5.0 (compatible; MJ12bot/v1.4.8; http://mj12bot.com/)"
51.68.34.57 - - [22/Apr/2026:10:34:42 -0700] "GET /about/performer/?lokasie=/home/rreid/public_html/robots.txt&loknya=/home/rreid/public_html HTTP/1.1" 200 54368 "-" "Mozilla/5.0 (compatible; MJ12bot/v1.4.8; http://mj12bot.com/)"
74.7.227.10 - - [22/Apr/2026:10:34:43 -0700] "GET /?lokasie=/lib64/libltdl.so&loknya=/lib64 HTTP/1.1" 301 - "https://rufusreid.com/?loknya=/lib64" "Mozilla/5.0 AppleWebKit/537.36 (KHTML, like Gecko; compatible; GPTBot/1.3; +https://openai.com/gptbot)"
74.7.227.10 - - [22/Apr/2026:10:34:44 -0700] "GET /?lokasie=%2Flib64%2Flibltdl.so&loknya=%2Flib64 HTTP/1.1" 200 54445 "https://rufusreid.com/?lokasie=/lib64/libltdl.so&loknya=/lib64" "Mozilla/5.0 AppleWebKit/537.36 (KHTML, like Gecko; compatible; GPTBot/1.3; +https://openai.com/gptbot)"
51.68.34.57 - - [22/Apr/2026:10:35:04 -0700] "GET /about/performer/?lokasie=/home/rreid/public_html/under_construction.html&loknya=/home/rreid/public_html HTTP/1.1" 200 59655 "-" "Mozilla/5.0 (compatible; MJ12bot/v1.4.8; http://mj12bot.com/)"
51.68.34.57 - - [22/Apr/2026:10:35:26 -0700] "GET /about/performer/?loknya=/ HTTP/1.1" 200 81829 "-" "Mozilla/5.0 (compatible; MJ12bot/v1.4.8; http://mj12bot.com/)"
74.7.227.10 - - [22/Apr/2026:10:35:42 -0700] "GET /?lokasie=/lib64/libbsd.so.0&loknya=/lib64 HTTP/1.1" 301 - "https://rufusreid.com/?loknya=/lib64" "Mozilla/5.0 AppleWebKit/537.36 (KHTML, like Gecko; compatible; GPTBot/1.3; +https://openai.com/gptbot)"
74.7.227.10 - - [22/Apr/2026:10:35:43 -0700] "GET /?lokasie=%2Flib64%2Flibbsd.so.0&loknya=%2Flib64 HTTP/1.1" 200 54446 "https://rufusreid.com/?lokasie=/lib64/libbsd.so.0&loknya=/lib64" "Mozilla/5.0 AppleWebKit/537.36 (KHTML, like Gecko; compatible; GPTBot/1.3; +https://openai.com/gptbot)"
51.68.34.57 - - [22/Apr/2026:10:35:48 -0700] "GET /about/performer/?loknya=/home HTTP/1.1" 200 147103 "-" "Mozilla/5.0 (compatible; MJ12bot/v1.4.8; http://mj12bot.com/)"
51.68.34.57 - - [22/Apr/2026:10:36:11 -0700] "GET /about/performer/?loknya=/home/rreid HTTP/1.1" 200 110305 "-" "Mozilla/5.0 (compatible; MJ12bot/v1.4.8; http://mj12bot.com/)"
49.13.24.81 - - [22/Apr/2026:10:36:30 -0700] "HEAD / HTTP/1.1" 200 - "http://rufusreid.com" "Mozilla/5.0+(compatible; UptimeRobot/2.0; http://www.uptimerobot.com/)"
74.7.227.10 - - [22/Apr/2026:10:36:32 -0700] "GET /?lokasie=/lib64/liburcu.so.6&loknya=/lib64 HTTP/1.1" 301 - "https://rufusreid.com/?loknya=/lib64" "Mozilla/5.0 AppleWebKit/537.36 (KHTML, like Gecko; compatible; GPTBot/1.3; +https://openai.com/gptbot)"
74.7.227.10 - - [22/Apr/2026:10:36:32 -0700] "GET /?lokasie=%2Flib64%2Fliburcu.so.6&loknya=%2Flib64 HTTP/1.1" 429 17 "https://rufusreid.com/?lokasie=/lib64/liburcu.so.6&loknya=/lib64" "Mozilla/5.0 AppleWebKit/537.36 (KHTML, like Gecko; compatible; GPTBot/1.3; +https://openai.com/gptbot)"
51.68.34.57 - - [22/Apr/2026:10:36:33 -0700] "GET /about/performer/?loknya=/home/rreid/ HTTP/1.1" 200 110441 "-" "Mozilla/5.0 (compatible; MJ12bot/v1.4.8; http://mj12bot.com/)"
51.68.34.57 - - [22/Apr/2026:10:36:56 -0700] "GET /about/performer/?loknya=/home/rreid/public_html HTTP/1.1" 200 84633 "-" "Mozilla/5.0 (compatible; MJ12bot/v1.4.8; http://mj12bot.com/)"
51.68.34.57 - - [22/Apr/2026:10:37:18 -0700] "GET /about/performer/?loknya=/home/rreid/public_html/.well-known HTTP/1.1" 200 57866 "-" "Mozilla/5.0 (compatible; MJ12bot/v1.4.8; http://mj12bot.com/)"
74.7.227.10 - - [22/Apr/2026:10:37:19 -0700] "GET /?lokasie=/lib64/libaps.so.1&loknya=/lib64 HTTP/1.1" 301 - "https://rufusreid.com/?loknya=/lib64" "Mozilla/5.0 AppleWebKit/537.36 (KHTML, like Gecko; compatible; GPTBot/1.3; +https://openai.com/gptbot)"
74.7.227.10 - - [22/Apr/2026:10:37:20 -0700] "GET /?lokasie=%2Flib64%2Flibaps.so.1&loknya=%2Flib64 HTTP/1.1" 429 17 "https://rufusreid.com/?lokasie=/lib64/libaps.so.1&loknya=/lib64" "Mozilla/5.0 AppleWebKit/537.36 (KHTML, like Gecko; compatible; GPTBot/1.3; +https://openai.com/gptbot)"
51.68.34.57 - - [22/Apr/2026:10:37:40 -0700] "GET /about/performer/?loknya=/home/rreid/public_html/cgi-bin HTTP/1.1" 200 55551 "-" "Mozilla/5.0 (compatible; MJ12bot/v1.4.8; http://mj12bot.com/)"
51.68.34.57 - - [22/Apr/2026:10:38:03 -0700] "GET /about/performer/?loknya=/home/rreid/public_html/cms22 HTTP/1.1" 200 89308 "-" "Mozilla/5.0 (compatible; MJ12bot/v1.4.8; http://mj12bot.com/)"
74.7.227.10 - - [22/Apr/2026:10:38:21 -0700] "GET /?lokasie=/lib64/libsysfs.so.2&loknya=/lib64 HTTP/1.1" 301 - "https://rufusreid.com/?loknya=/lib64" "Mozilla/5.0 AppleWebKit/537.36 (KHTML, like Gecko; compatible; GPTBot/1.3; +https://openai.com/gptbot)"
74.7.227.10 - - [22/Apr/2026:10:38:22 -0700] "GET /?lokasie=%2Flib64%2Flibsysfs.so.2&loknya=%2Flib64 HTTP/1.1" 429 17 "https://rufusreid.com/?lokasie=/lib64/libsysfs.so.2&loknya=/lib64" "Mozilla/5.0 AppleWebKit/537.36 (KHTML, like Gecko; compatible; GPTBot/1.3; +https://openai.com/gptbot)"
51.68.34.57 - - [22/Apr/2026:10:38:25 -0700] "GET /about/performer/?loknya=/home/rreid/public_html/downloads HTTP/1.1" 200 113449 "-" "Mozilla/5.0 (compatible; MJ12bot/v1.4.8; http://mj12bot.com/)"
51.68.34.57 - - [22/Apr/2026:10:38:47 -0700] "GET /about/press-kit/?lokasie=/home/rreid/public_html/.htaccess&loknya=/home/rreid/public_html HTTP/1.1" 200 67324 "-" "Mozilla/5.0 (compatible; MJ12bot/v1.4.8; http://mj12bot.com/)"
142.93.83.180 - - [22/Apr/2026:10:38:49 -0700] "GET /wp-login.php HTTP/1.1" 302 - "-" "Mozilla/5.0 (Macintosh; Intel Mac OS X 10_12_1) AppleWebKit/602.2.14 (KHTML, like Gecko) Version/10.0.1 Safari/602.2.14"
142.93.83.180 - - [22/Apr/2026:10:38:50 -0700] "GET /cms22/wp-login.php HTTP/1.1" 200 6310 "https://rufusreid.com/wp-login.php" "Mozilla/5.0 (Macintosh; Intel Mac OS X 10_12_1) AppleWebKit/602.2.14 (KHTML, like Gecko) Version/10.0.1 Safari/602.2.14"
142.93.83.180 - - [22/Apr/2026:10:38:51 -0700] "POST /wp-login.php HTTP/1.1" 302 - "https://rufusreid.com/wp-login.php" "Mozilla/5.0 (Macintosh; Intel Mac OS X 10_12_1) AppleWebKit/602.2.14 (KHTML, like Gecko) Version/10.0.1 Safari/602.2.14"
142.93.83.180 - - [22/Apr/2026:10:38:53 -0700] "GET /cms22/wp-login.php HTTP/1.1" 200 6310 "https://rufusreid.com/wp-login.php" "Mozilla/5.0 (Macintosh; Intel Mac OS X 10_12_1) AppleWebKit/602.2.14 (KHTML, like Gecko) Version/10.0.1 Safari/602.2.14"
51.68.34.57 - - [22/Apr/2026:10:39:09 -0700] "GET /about/press-kit/?lokasie=/home/rreid/public_html/.htaccess.bak_EA4_PHP_all_5&loknya=/home/rreid/public_html HTTP/1.1" 200 65607 "-" "Mozilla/5.0 (compatible; MJ12bot/v1.4.8; http://mj12bot.com/)"
74.7.227.10 - - [22/Apr/2026:10:39:23 -0700] "GET /?lokasie=/lib64/libxcb.so.1&loknya=/lib64 HTTP/1.1" 301 - "https://rufusreid.com/?loknya=/lib64" "Mozilla/5.0 AppleWebKit/537.36 (KHTML, like Gecko; compatible; GPTBot/1.3; +https://openai.com/gptbot)"
74.7.227.10 - - [22/Apr/2026:10:39:24 -0700] "GET /?lokasie=%2Flib64%2Flibxcb.so.1&loknya=%2Flib64 HTTP/1.1" 429 17 "https://rufusreid.com/?lokasie=/lib64/libxcb.so.1&loknya=/lib64" "Mozilla/5.0 AppleWebKit/537.36 (KHTML, like Gecko; compatible; GPTBot/1.3; +https://openai.com/gptbot)"
51.68.34.57 - - [22/Apr/2026:10:39:32 -0700] "GET /about/press-kit/?lokasie=/home/rreid/public_html/.user.ini&loknya=/home/rreid/public_html HTTP/1.1" 200 65567 "-" "Mozilla/5.0 (compatible; MJ12bot/v1.4.8; http://mj12bot.com/)"
51.68.34.57 - - [22/Apr/2026:10:39:54 -0700] "GET /about/press-kit/?lokasie=/home/rreid/public_html/404.shtml&loknya=/home/rreid/public_html HTTP/1.1" 200 65309 "-" "Mozilla/5.0 (compatible; MJ12bot/v1.4.8; http://mj12bot.com/)"
51.68.34.57 - - [22/Apr/2026:10:40:16 -0700] "GET /about/press-kit/?lokasie=/home/rreid/public_html/archived-site-files.zip&loknya=/home/rreid/public_html HTTP/1.1" 500 65266 "-" "Mozilla/5.0 (compatible; MJ12bot/v1.4.8; http://mj12bot.com/)"
57.129.135.175 - - [22/Apr/2026:10:40:26 -0700] "GET /performance.php HTTP/1.1" 301 - "-" "Mozilla/5.0 (Windows NT 10.0; Win64; x64) AppleWebKit/537.36 (KHTML, like Gecko) Chrome/139.0.0.0 Safari/537.36"
74.7.227.10 - - [22/Apr/2026:10:40:27 -0700] "GET /?lokasie=/lib64/libaudit.so.1&loknya=/lib64 HTTP/1.1" 301 - "https://rufusreid.com/?loknya=/lib64" "Mozilla/5.0 AppleWebKit/537.36 (KHTML, like Gecko; compatible; GPTBot/1.3; +https://openai.com/gptbot)"
74.7.227.10 - - [22/Apr/2026:10:40:28 -0700] "GET /?lokasie=%2Flib64%2Flibaudit.so.1&loknya=%2Flib64 HTTP/1.1" 429 17 "https://rufusreid.com/?lokasie=/lib64/libaudit.so.1&loknya=/lib64" "Mozilla/5.0 AppleWebKit/537.36 (KHTML, like Gecko; compatible; GPTBot/1.3; +https://openai.com/gptbot)"
51.68.34.57 - - [22/Apr/2026:10:40:38 -0700] "GET /about/press-kit/?lokasie=/home/rreid/public_html/default.htm&loknya=/home/rreid/public_html HTTP/1.1" 200 70067 "-" "Mozilla/5.0 (compatible; MJ12bot/v1.4.8; http://mj12bot.com/)"
185.191.171.11 - - [22/Apr/2026:10:40:48 -0700] "GET /robots.txt HTTP/1.1" 200 31 "-" "Mozilla/5.0 (compatible; SemrushBot/7~bl; +http://www.semrush.com/bot.html)"
85.208.96.210 - - [22/Apr/2026:10:40:49 -0700] "GET /event/rufus-reid-guest-artist-vancouver-island-university/ HTTP/1.1" 200 79338 "-" "Mozilla/5.0 (compatible; SemrushBot/7~bl; +http://www.semrush.com/bot.html)"
51.68.34.57 - - [22/Apr/2026:10:41:01 -0700] "GET /about/press-kit/?lokasie=/home/rreid/public_html/error_log&loknya=/home/rreid/public_html HTTP/1.1" 200 1638719 "-" "Mozilla/5.0 (compatible; MJ12bot/v1.4.8; http://mj12bot.com/)"
79.127.171.213 - - [22/Apr/2026:10:41:13 -0700] "GET / HTTP/1.1" 401 53 "-" "Mozilla/5.0 (Windows NT 10.0; Win64; x64; rv:109.0) Gecko/20100101 Firefox/117.0"
84.54.44.19 - - [22/Apr/2026:10:41:12 -0700] "GET / HTTP/1.0" 200 84856 "https://rufusreid.com/" "Mozilla/5.0 (Windows NT 10.0; Win64; x64) AppleWebKit/537.36 (KHTML, like Gecko) Chrome/130.0.0.0 Safari/537.36"
84.54.44.19 - - [22/Apr/2026:10:41:14 -0700] "GET /contact/ HTTP/1.0" 200 88924 "https://rufusreid.com/contact/" "Mozilla/5.0 (Windows NT 10.0; Win64; x64) AppleWebKit/537.36 (KHTML, like Gecko) Chrome/130.0.0.0 Safari/537.36"
84.54.44.19 - - [22/Apr/2026:10:41:16 -0700] "POST /contact/ HTTP/1.0" 200 413 "https://rufusreid.com/contact/" "Mozilla/5.0 (Windows NT 10.0; Win64; x64) AppleWebKit/537.36 (KHTML, like Gecko) Chrome/130.0.0.0 Safari/537.36"
51.68.34.57 - - [22/Apr/2026:10:41:24 -0700] "GET /about/press-kit/?lokasie=/home/rreid/public_html/favicon.ico&loknya=/home/rreid/public_html HTTP/1.1" 200 64958 "-" "Mozilla/5.0 (compatible; MJ12bot/v1.4.8; http://mj12bot.com/)"
74.7.227.10 - - [22/Apr/2026:10:41:28 -0700] "GET /?lokasie=/lib64/liblzma.so.5&loknya=/lib64 HTTP/1.1" 301 - "https://rufusreid.com/?loknya=/lib64" "Mozilla/5.0 AppleWebKit/537.36 (KHTML, like Gecko; compatible; GPTBot/1.3; +https://openai.com/gptbot)"
74.7.227.10 - - [22/Apr/2026:10:41:29 -0700] "GET /?lokasie=%2Flib64%2Fliblzma.so.5&loknya=%2Flib64 HTTP/1.1" 429 17 "https://rufusreid.com/?lokasie=/lib64/liblzma.so.5&loknya=/lib64" "Mozilla/5.0 AppleWebKit/537.36 (KHTML, like Gecko; compatible; GPTBot/1.3; +https://openai.com/gptbot)"
168.119.123.75 - - [22/Apr/2026:10:41:37 -0700] "HEAD / HTTP/1.1" 200 - "http://rufusreid.com" "Mozilla/5.0+(compatible; UptimeRobot/2.0; http://www.uptimerobot.com/)"
51.68.34.57 - - [22/Apr/2026:10:41:46 -0700] "GET /about/press-kit/?lokasie=/home/rreid/public_html/googlehostedservice.html&loknya=/home/rreid/public_html HTTP/1.1" 200 65198 "-" "Mozilla/5.0 (compatible; MJ12bot/v1.4.8; http://mj12bot.com/)"
51.68.34.57 - - [22/Apr/2026:10:42:08 -0700] "GET /about/press-kit/?lokasie=/home/rreid/public_html/index.php&loknya=/home/rreid/public_html HTTP/1.1" 200 65370 "-" "Mozilla/5.0 (compatible; MJ12bot/v1.4.8; http://mj12bot.com/)"
74.7.227.10 - - [22/Apr/2026:10:42:29 -0700] "GET /?lokasie=/lib64/libdnf.so.2&loknya=/lib64 HTTP/1.1" 301 - "https://rufusreid.com/?loknya=/lib64" "Mozilla/5.0 AppleWebKit/537.36 (KHTML, like Gecko; compatible; GPTBot/1.3; +https://openai.com/gptbot)"
74.7.227.10 - - [22/Apr/2026:10:42:30 -0700] "GET /?lokasie=%2Flib64%2Flibdnf.so.2&loknya=%2Flib64 HTTP/1.1" 429 17 "https://rufusreid.com/?lokasie=/lib64/libdnf.so.2&loknya=/lib64" "Mozilla/5.0 AppleWebKit/537.36 (KHTML, like Gecko; compatible; GPTBot/1.3; +https://openai.com/gptbot)"
51.68.34.57 - - [22/Apr/2026:10:42:30 -0700] "GET /about/press-kit/?lokasie=/home/rreid/public_html/logo-imh.svg&loknya=/home/rreid/public_html HTTP/1.1" 200 76406 "-" "Mozilla/5.0 (compatible; MJ12bot/v1.4.8; http://mj12bot.com/)"
51.68.34.57 - - [22/Apr/2026:10:42:52 -0700] "GET /about/press-kit/?lokasie=/home/rreid/public_html/old-wordpress.zip&loknya=/home/rreid/public_html HTTP/1.1" 500 65260 "-" "Mozilla/5.0 (compatible; MJ12bot/v1.4.8; http://mj12bot.com/)"
216.73.216.166 - - [22/Apr/2026:10:43:01 -0700] "GET /music/yours-and-mine/?loknya=%2Fhome%2Frreid%2Fpublic_html%2Fcgi-bin HTTP/1.1" 200 53418 "-" "Mozilla/5.0 AppleWebKit/537.36 (KHTML, like Gecko; compatible; ClaudeBot/1.0; +claudebot@anthropic.com)"
51.68.34.57 - - [22/Apr/2026:10:43:15 -0700] "GET /about/press-kit/?lokasie=/home/rreid/public_html/php.ini&loknya=/home/rreid/public_html HTTP/1.1" 200 65639 "-" "Mozilla/5.0 (compatible; MJ12bot/v1.4.8; http://mj12bot.com/)"
18.97.9.101 - - [22/Apr/2026:10:43:28 -0700] "GET /robots.txt HTTP/1.1" 200 31 "-" "Mozilla/5.0 AppleWebKit/537.36 (KHTML, like Gecko; compatible; PerplexityBot/1.0; +https://perplexity.ai/perplexitybot)"
18.97.9.100 - - [22/Apr/2026:10:43:28 -0700] "GET /2014/11/great-night-at-the-david-rubenstein-atrium-at-lincoln-center/ HTTP/1.1" 200 83844 "-" "Mozilla/5.0 AppleWebKit/537.36 (KHTML, like Gecko; compatible; PerplexityBot/1.0; +https://perplexity.ai/perplexitybot)"
74.7.227.10 - - [22/Apr/2026:10:43:30 -0700] "GET /?lokasie=/lib64/libpaper.so.1&loknya=/lib64 HTTP/1.1" 301 - "https://rufusreid.com/?loknya=/lib64" "Mozilla/5.0 AppleWebKit/537.36 (KHTML, like Gecko; compatible; GPTBot/1.3; +https://openai.com/gptbot)"
74.7.227.10 - - [22/Apr/2026:10:43:31 -0700] "GET /?lokasie=%2Flib64%2Flibpaper.so.1&loknya=%2Flib64 HTTP/1.1" 429 17 "https://rufusreid.com/?lokasie=/lib64/libpaper.so.1&loknya=/lib64" "Mozilla/5.0 AppleWebKit/537.36 (KHTML, like Gecko; compatible; GPTBot/1.3; +https://openai.com/gptbot)"
216.73.216.166 - - [22/Apr/2026:10:43:35 -0700] "GET /music/yours-and-mine/?loknya=%2Fhome%2Frreid%2Fpublic_html HTTP/1.1" 200 82500 "-" "Mozilla/5.0 AppleWebKit/537.36 (KHTML, like Gecko; compatible; ClaudeBot/1.0; +claudebot@anthropic.com)"
51.68.34.57 - - [22/Apr/2026:10:43:37 -0700] "GET /about/press-kit/?lokasie=/home/rreid/public_html/php.ini.bak.2018-04-15&loknya=/home/rreid/public_html HTTP/1.1" 200 71522 "-" "Mozilla/5.0 (compatible; MJ12bot/v1.4.8; http://mj12bot.com/)"
51.68.34.57 - - [22/Apr/2026:10:43:59 -0700] "GET /about/press-kit/?lokasie=/home/rreid/public_html/php.ini.ea3.bak&loknya=/home/rreid/public_html HTTP/1.1" 200 103627 "-" "Mozilla/5.0 (compatible; MJ12bot/v1.4.8; http://mj12bot.com/)"
45.159.228.113 - - [22/Apr/2026:10:44:00 -0700] "GET /wp-login.php HTTP/1.1" 302 - "-" "Mozilla/4.0 (compatible; MSIE 7.0; Windows NT 6.3; WOW64; Trident/7.0; .NET4.0E; .NET4.0C; .NET CLR 3.5.30729; .NET CLR 2.0.50727; .NET CLR 3.0.30729)"
216.73.216.166 - - [22/Apr/2026:10:44:04 -0700] "GET /music/yours-and-mine/?loknya=%2Fhome HTTP/1.1" 200 144970 "-" "Mozilla/5.0 AppleWebKit/537.36 (KHTML, like Gecko; compatible; ClaudeBot/1.0; +claudebot@anthropic.com)"
216.73.216.166 - - [22/Apr/2026:10:44:19 -0700] "GET /music/yours-and-mine/?loknya=%2Fhome%2Frreid%2F HTTP/1.1" 200 108308 "-" "Mozilla/5.0 AppleWebKit/537.36 (KHTML, like Gecko; compatible; ClaudeBot/1.0; +claudebot@anthropic.com)"
51.68.34.57 - - [22/Apr/2026:10:44:21 -0700] "GET /about/press-kit/?lokasie=/home/rreid/public_html/phpinfo.php&loknya=/home/rreid/public_html HTTP/1.1" 200 64985 "-" "Mozilla/5.0 (compatible; MJ12bot/v1.4.8; http://mj12bot.com/)"
74.7.227.10 - - [22/Apr/2026:10:44:35 -0700] "GET /?lokasie=/lib64/libelf.so.1&loknya=/lib64 HTTP/1.1" 301 - "https://rufusreid.com/?loknya=/lib64" "Mozilla/5.0 AppleWebKit/537.36 (KHTML, like Gecko; compatible; GPTBot/1.3; +https://openai.com/gptbot)"
74.7.227.10 - - [22/Apr/2026:10:44:36 -0700] "GET /?lokasie=%2Flib64%2Flibelf.so.1&loknya=%2Flib64 HTTP/1.1" 429 17 "https://rufusreid.com/?lokasie=/lib64/libelf.so.1&loknya=/lib64" "Mozilla/5.0 AppleWebKit/537.36 (KHTML, like Gecko; compatible; GPTBot/1.3; +https://openai.com/gptbot)"
51.68.34.57 - - [22/Apr/2026:10:44:44 -0700] "GET /about/press-kit/?lokasie=/home/rreid/public_html/robots.txt&loknya=/home/rreid/public_html HTTP/1.1" 200 64988 "-" "Mozilla/5.0 (compatible; MJ12bot/v1.4.8; http://mj12bot.com/)"
216.73.216.166 - - [22/Apr/2026:10:44:48 -0700] "GET /music/yours-and-mine/?loknya=%2Fhome%2Frreid HTTP/1.1" 200 108172 "-" "Mozilla/5.0 AppleWebKit/537.36 (KHTML, like Gecko; compatible; ClaudeBot/1.0; +claudebot@anthropic.com)"
51.68.34.57 - - [22/Apr/2026:10:45:06 -0700] "GET /about/press-kit/?lokasie=/home/rreid/public_html/under_construction.html&loknya=/home/rreid/public_html HTTP/1.1" 200 70275 "-" "Mozilla/5.0 (compatible; MJ12bot/v1.4.8; http://mj12bot.com/)"
51.68.34.57 - - [22/Apr/2026:10:45:28 -0700] "GET /about/press-kit/?loknya=/ HTTP/1.1" 200 92449 "-" "Mozilla/5.0 (compatible; MJ12bot/v1.4.8; http://mj12bot.com/)"
216.73.216.166 - - [22/Apr/2026:10:45:31 -0700] "GET /music/yours-and-mine/?loknya=%2Fhome%2Frreid%2Fpublic_html%2F.well-known HTTP/1.1" 200 55733 "-" "Mozilla/5.0 AppleWebKit/537.36 (KHTML, like Gecko; compatible; ClaudeBot/1.0; +claudebot@anthropic.com)"
74.7.227.10 - - [22/Apr/2026:10:45:40 -0700] "GET /?lokasie=/lib64/librpmio.so.8&loknya=/lib64 HTTP/1.1" 301 - "https://rufusreid.com/?loknya=/lib64" "Mozilla/5.0 AppleWebKit/537.36 (KHTML, like Gecko; compatible; GPTBot/1.3; +https://openai.com/gptbot)"
74.7.227.10 - - [22/Apr/2026:10:45:41 -0700] "GET /?lokasie=%2Flib64%2Flibrpmio.so.8&loknya=%2Flib64 HTTP/1.1" 429 17 "https://rufusreid.com/?lokasie=/lib64/librpmio.so.8&loknya=/lib64" "Mozilla/5.0 AppleWebKit/537.36 (KHTML, like Gecko; compatible; GPTBot/1.3; +https://openai.com/gptbot)"
47.128.119.184 - - [22/Apr/2026:10:45:41 -0700] "GET /event/the-music-of-rufus-reid-4/ HTTP/1.1" 200 79062 "-" "Mozilla/5.0 (Linux; Android 5.0) AppleWebKit/537.36 (KHTML, like Gecko) Mobile Safari/537.36 (compatible; TikTokSpider; ttspider-feedback@tiktok.com)"
51.68.34.57 - - [22/Apr/2026:10:45:51 -0700] "GET /about/press-kit/?loknya=/home HTTP/1.1" 200 157723 "-" "Mozilla/5.0 (compatible; MJ12bot/v1.4.8; http://mj12bot.com/)"
216.73.216.166 - - [22/Apr/2026:10:46:04 -0700] "GET /music/yours-and-mine/?lokasie=%2Fhome%2Frreid%2Fpublic_html%2Funder_construction.html&loknya=%2Fhome%2Frreid%2Fpublic_html HTTP/1.1" 200 57522 "-" "Mozilla/5.0 AppleWebKit/537.36 (KHTML, like Gecko; compatible; ClaudeBot/1.0; +claudebot@anthropic.com)"
51.68.34.57 - - [22/Apr/2026:10:46:13 -0700] "GET /about/press-kit/?loknya=/home/rreid HTTP/1.1" 200 120925 "-" "Mozilla/5.0 (compatible; MJ12bot/v1.4.8; http://mj12bot.com/)"
216.73.216.166 - - [22/Apr/2026:10:46:22 -0700] "GET /music/yours-and-mine/?lokasie=%2Fhome%2Frreid%2Fpublic_html%2Fgooglehostedservice.html&loknya=%2Fhome%2Frreid%2Fpublic_html HTTP/1.1" 200 52445 "-" "Mozilla/5.0 AppleWebKit/537.36 (KHTML, like Gecko; compatible; ClaudeBot/1.0; +claudebot@anthropic.com)"
216.73.216.166 - - [22/Apr/2026:10:46:34 -0700] "GET /music/yours-and-mine/?lokasie=%2Fhome%2Frreid%2Fpublic_html%2Fphp.ini&loknya=%2Fhome%2Frreid%2Fpublic_html HTTP/1.1" 200 52886 "-" "Mozilla/5.0 AppleWebKit/537.36 (KHTML, like Gecko; compatible; ClaudeBot/1.0; +claudebot@anthropic.com)"
51.68.34.57 - - [22/Apr/2026:10:46:36 -0700] "GET /about/press-kit/?loknya=/home/rreid/ HTTP/1.1" 200 121061 "-" "Mozilla/5.0 (compatible; MJ12bot/v1.4.8; http://mj12bot.com/)"
74.7.227.10 - - [22/Apr/2026:10:46:40 -0700] "GET /?lokasie=/lib64/libxcb-xkb.so&loknya=/lib64 HTTP/1.1" 301 - "https://rufusreid.com/?loknya=/lib64" "Mozilla/5.0 AppleWebKit/537.36 (KHTML, like Gecko; compatible; GPTBot/1.3; +https://openai.com/gptbot)"
74.7.227.10 - - [22/Apr/2026:10:46:41 -0700] "GET /?lokasie=%2Flib64%2Flibxcb-xkb.so&loknya=%2Flib64 HTTP/1.1" 429 17 "https://rufusreid.com/?lokasie=/lib64/libxcb-xkb.so&loknya=/lib64" "Mozilla/5.0 AppleWebKit/537.36 (KHTML, like Gecko; compatible; GPTBot/1.3; +https://openai.com/gptbot)"
168.119.96.239 - - [22/Apr/2026:10:46:43 -0700] "HEAD / HTTP/1.1" 200 - "http://rufusreid.com" "Mozilla/5.0+(compatible; UptimeRobot/2.0; http://www.uptimerobot.com/)"
51.68.34.57 - - [22/Apr/2026:10:46:58 -0700] "GET /about/press-kit/?loknya=/home/rreid/public_html HTTP/1.1" 200 95253 "-" "Mozilla/5.0 (compatible; MJ12bot/v1.4.8; http://mj12bot.com/)"
216.73.216.166 - - [22/Apr/2026:10:47:15 -0700] "GET /music/yours-and-mine/?lokasie=%2Fhome%2Frreid%2Fpublic_html%2Findex.php&loknya=%2Fhome%2Frreid%2Fpublic_html HTTP/1.1" 200 52617 "-" "Mozilla/5.0 AppleWebKit/537.36 (KHTML, like Gecko; compatible; ClaudeBot/1.0; +claudebot@anthropic.com)"
51.68.34.57 - - [22/Apr/2026:10:47:20 -0700] "GET /about/press-kit/?loknya=/home/rreid/public_html/.well-known HTTP/1.1" 200 68486 "-" "Mozilla/5.0 (compatible; MJ12bot/v1.4.8; http://mj12bot.com/)"
74.7.227.10 - - [22/Apr/2026:10:47:42 -0700] "GET /?lokasie=/lib64/libaom.so.3&loknya=/lib64 HTTP/1.1" 301 - "https://rufusreid.com/?loknya=/lib64" "Mozilla/5.0 AppleWebKit/537.36 (KHTML, like Gecko; compatible; GPTBot/1.3; +https://openai.com/gptbot)"
74.7.227.10 - - [22/Apr/2026:10:47:42 -0700] "GET /?lokasie=%2Flib64%2Flibaom.so.3&loknya=%2Flib64 HTTP/1.1" 200 54446 "https://rufusreid.com/?lokasie=/lib64/libaom.so.3&loknya=/lib64" "Mozilla/5.0 AppleWebKit/537.36 (KHTML, like Gecko; compatible; GPTBot/1.3; +https://openai.com/gptbot)"
51.68.34.57 - - [22/Apr/2026:10:47:43 -0700] "GET /about/press-kit/?loknya=/home/rreid/public_html/cgi-bin HTTP/1.1" 200 66171 "-" "Mozilla/5.0 (compatible; MJ12bot/v1.4.8; http://mj12bot.com/)"
216.73.216.166 - - [22/Apr/2026:10:47:51 -0700] "GET /music/yours-and-mine/?lokasie=%2Fhome%2Frreid%2Fpublic_html%2Fphp.ini.ea3.bak&loknya=%2Fhome%2Frreid%2Fpublic_html HTTP/1.1" 200 90874 "-" "Mozilla/5.0 AppleWebKit/537.36 (KHTML, like Gecko; compatible; ClaudeBot/1.0; +claudebot@anthropic.com)"
51.68.34.57 - - [22/Apr/2026:10:48:05 -0700] "GET /about/press-kit/?loknya=/home/rreid/public_html/cms22 HTTP/1.1" 200 99928 "-" "Mozilla/5.0 (compatible; MJ12bot/v1.4.8; http://mj12bot.com/)"
216.73.216.166 - - [22/Apr/2026:10:48:07 -0700] "GET /music/yours-and-mine/?lokasie=%2Fhome%2Frreid%2Fpublic_html%2Fdefault.htm&loknya=%2Fhome%2Frreid%2Fpublic_html HTTP/1.1" 200 57314 "-" "Mozilla/5.0 AppleWebKit/537.36 (KHTML, like Gecko; compatible; ClaudeBot/1.0; +claudebot@anthropic.com)"
51.68.34.57 - - [22/Apr/2026:10:48:27 -0700] "GET /about/press-kit/?loknya=/home/rreid/public_html/downloads HTTP/1.1" 200 124069 "-" "Mozilla/5.0 (compatible; MJ12bot/v1.4.8; http://mj12bot.com/)"
57.129.81.225 - - [22/Apr/2026:10:48:31 -0700] "GET /performance.php HTTP/1.1" 404 81941 "-" "Mozilla/5.0 (Windows NT 10.0; Win64; x64) AppleWebKit/537.36 (KHTML, like Gecko) Chrome/139.0.0.0 Safari/537.36"
151.80.133.55 - - [22/Apr/2026:10:48:32 -0700] "GET /performance.php HTTP/1.1" 404 81941 "-" "Mozilla/5.0 (Windows NT 10.0; Win64; x64) AppleWebKit/537.36 (KHTML, like Gecko) Chrome/139.0.0.0 Safari/537.36"
216.73.216.166 - - [22/Apr/2026:10:48:44 -0700] "GET /music/yours-and-mine/?lokasie=%2Fhome%2Frreid%2Fpublic_html%2Ferror_log&loknya=%2Fhome%2Frreid%2Fpublic_html HTTP/1.1" 200 1625966 "-" "Mozilla/5.0 AppleWebKit/537.36 (KHTML, like Gecko; compatible; ClaudeBot/1.0; +claudebot@anthropic.com)"
74.7.227.10 - - [22/Apr/2026:10:48:47 -0700] "GET /?lokasie=/lib64/libcups.so.2&loknya=/lib64 HTTP/1.1" 301 - "https://rufusreid.com/?loknya=/lib64" "Mozilla/5.0 AppleWebKit/537.36 (KHTML, like Gecko; compatible; GPTBot/1.3; +https://openai.com/gptbot)"
74.7.227.10 - - [22/Apr/2026:10:48:48 -0700] "GET /?lokasie=%2Flib64%2Flibcups.so.2&loknya=%2Flib64 HTTP/1.1" 200 54447 "https://rufusreid.com/?lokasie=/lib64/libcups.so.2&loknya=/lib64" "Mozilla/5.0 AppleWebKit/537.36 (KHTML, like Gecko; compatible; GPTBot/1.3; +https://openai.com/gptbot)"
51.68.34.57 - - [22/Apr/2026:10:48:50 -0700] "GET /booksdvds/?lokasie=/home/rreid/public_html/.htaccess&loknya=/home/rreid/public_html HTTP/1.1" 200 52706 "-" "Mozilla/5.0 (compatible; MJ12bot/v1.4.8; http://mj12bot.com/)"
51.68.34.57 - - [22/Apr/2026:10:49:12 -0700] "GET /booksdvds/?lokasie=/home/rreid/public_html/.htaccess.bak_EA4_PHP_all_5&loknya=/home/rreid/public_html HTTP/1.1" 200 50989 "-" "Mozilla/5.0 (compatible; MJ12bot/v1.4.8; http://mj12bot.com/)"
216.73.216.166 - - [22/Apr/2026:10:49:14 -0700] "GET /music/yours-and-mine/?lokasie=%2Fhome%2Frreid%2Fpublic_html%2F.htaccess&loknya=%2Fhome%2Frreid%2Fpublic_html HTTP/1.1" 200 54571 "-" "Mozilla/5.0 AppleWebKit/537.36 (KHTML, like Gecko; compatible; ClaudeBot/1.0; +claudebot@anthropic.com)"
51.68.34.57 - - [22/Apr/2026:10:49:34 -0700] "GET /booksdvds/?lokasie=/home/rreid/public_html/.user.ini&loknya=/home/rreid/public_html HTTP/1.1" 200 50949 "-" "Mozilla/5.0 (compatible; MJ12bot/v1.4.8; http://mj12bot.com/)"
74.7.227.10 - - [22/Apr/2026:10:49:46 -0700] "GET /?lokasie=/lib64/libcrack.so.2&loknya=/lib64 HTTP/1.1" 301 - "https://rufusreid.com/?loknya=/lib64" "Mozilla/5.0 AppleWebKit/537.36 (KHTML, like Gecko; compatible; GPTBot/1.3; +https://openai.com/gptbot)"
74.7.227.10 - - [22/Apr/2026:10:49:47 -0700] "GET /?lokasie=%2Flib64%2Flibcrack.so.2&loknya=%2Flib64 HTTP/1.1" 200 54448 "https://rufusreid.com/?lokasie=/lib64/libcrack.so.2&loknya=/lib64" "Mozilla/5.0 AppleWebKit/537.36 (KHTML, like Gecko; compatible; GPTBot/1.3; +https://openai.com/gptbot)"
51.68.34.57 - - [22/Apr/2026:10:49:57 -0700] "GET /booksdvds/?lokasie=/home/rreid/public_html/404.shtml&loknya=/home/rreid/public_html HTTP/1.1" 200 50691 "-" "Mozilla/5.0 (compatible; MJ12bot/v1.4.8; http://mj12bot.com/)"
216.73.216.166 - - [22/Apr/2026:10:50:11 -0700] "GET /music/yours-and-mine/?lokasie=%2Fhome%2Frreid%2Fpublic_html%2Fold-wordpress.zip&loknya=%2Fhome%2Frreid%2Fpublic_html HTTP/1.1" 500 54822 "-" "Mozilla/5.0 AppleWebKit/537.36 (KHTML, like Gecko; compatible; ClaudeBot/1.0; +claudebot@anthropic.com)"
51.68.34.57 - - [22/Apr/2026:10:50:20 -0700] "GET /booksdvds/?lokasie=/home/rreid/public_html/archived-site-files.zip&loknya=/home/rreid/public_html HTTP/1.1" 500 50648 "-" "Mozilla/5.0 (compatible; MJ12bot/v1.4.8; http://mj12bot.com/)"
216.73.216.166 - - [22/Apr/2026:10:50:23 -0700] "GET /music/yours-and-mine/?lokasie=%2Fhome%2Frreid%2Fpublic_html%2F.user.ini&loknya=%2Fhome%2Frreid%2Fpublic_html HTTP/1.1" 200 52814 "-" "Mozilla/5.0 AppleWebKit/537.36 (KHTML, like Gecko; compatible; ClaudeBot/1.0; +claudebot@anthropic.com)"
74.7.227.10 - - [22/Apr/2026:10:50:36 -0700] "GET /?lokasie=/lib64/libmenu.so.5&loknya=/lib64 HTTP/1.1" 301 - "https://rufusreid.com/?loknya=/lib64" "Mozilla/5.0 AppleWebKit/537.36 (KHTML, like Gecko; compatible; GPTBot/1.3; +https://openai.com/gptbot)"
74.7.227.10 - - [22/Apr/2026:10:50:37 -0700] "GET /?lokasie=%2Flib64%2Flibmenu.so.5&loknya=%2Flib64 HTTP/1.1" 429 17 "https://rufusreid.com/?lokasie=/lib64/libmenu.so.5&loknya=/lib64" "Mozilla/5.0 AppleWebKit/537.36 (KHTML, like Gecko; compatible; GPTBot/1.3; +https://openai.com/gptbot)"
216.73.216.166 - - [22/Apr/2026:10:50:37 -0700] "GET /music/yours-and-mine/?lokasie=%2Fhome%2Frreid%2Fpublic_html%2Fphp.ini.bak.2018-04-15&loknya=%2Fhome%2Frreid%2Fpublic_html HTTP/1.1" 200 58769 "-" "Mozilla/5.0 AppleWebKit/537.36 (KHTML, like Gecko; compatible; ClaudeBot/1.0; +claudebot@anthropic.com)"
51.68.34.57 - - [22/Apr/2026:10:50:44 -0700] "GET /booksdvds/?lokasie=/home/rreid/public_html/default.htm&loknya=/home/rreid/public_html HTTP/1.1" 200 55449 "-" "Mozilla/5.0 (compatible; MJ12bot/v1.4.8; http://mj12bot.com/)"
216.73.216.166 - - [22/Apr/2026:10:51:00 -0700] "GET /music/yours-and-mine/?lokasie=%2Fhome%2Frreid%2Fpublic_html%2F404.shtml&loknya=%2Fhome%2Frreid%2Fpublic_html HTTP/1.1" 200 52556 "-" "Mozilla/5.0 AppleWebKit/537.36 (KHTML, like Gecko; compatible; ClaudeBot/1.0; +claudebot@anthropic.com)"
51.68.34.57 - - [22/Apr/2026:10:51:08 -0700] "GET /booksdvds/?lokasie=/home/rreid/public_html/error_log&loknya=/home/rreid/public_html HTTP/1.1" 200 1624101 "-" "Mozilla/5.0 (compatible; MJ12bot/v1.4.8; http://mj12bot.com/)"
74.7.227.10 - - [22/Apr/2026:10:51:21 -0700] "GET /?lokasie=/lib64/libpsx.so.2&loknya=/lib64 HTTP/1.1" 301 - "https://rufusreid.com/?loknya=/lib64" "Mozilla/5.0 AppleWebKit/537.36 (KHTML, like Gecko; compatible; GPTBot/1.3; +https://openai.com/gptbot)"
74.7.227.10 - - [22/Apr/2026:10:51:22 -0700] "GET /?lokasie=%2Flib64%2Flibpsx.so.2&loknya=%2Flib64 HTTP/1.1" 429 17 "https://rufusreid.com/?lokasie=/lib64/libpsx.so.2&loknya=/lib64" "Mozilla/5.0 AppleWebKit/537.36 (KHTML, like Gecko; compatible; GPTBot/1.3; +https://openai.com/gptbot)"
51.68.34.57 - - [22/Apr/2026:10:51:34 -0700] "GET /booksdvds/?lokasie=/home/rreid/public_html/favicon.ico&loknya=/home/rreid/public_html HTTP/1.1" 200 50340 "-" "Mozilla/5.0 (compatible; MJ12bot/v1.4.8; http://mj12bot.com/)"
216.73.216.166 - - [22/Apr/2026:10:51:41 -0700] "GET /music/yours-and-mine/?lokasie=%2Fhome%2Frreid%2Fpublic_html%2Ffavicon.ico&loknya=%2Fhome%2Frreid%2Fpublic_html HTTP/1.1" 200 52205 "-" "Mozilla/5.0 AppleWebKit/537.36 (KHTML, like Gecko; compatible; ClaudeBot/1.0; +claudebot@anthropic.com)"
3.77.67.4 - - [22/Apr/2026:10:51:49 -0700] "HEAD / HTTP/1.1" 200 - "http://rufusreid.com" "Mozilla/5.0+(compatible; UptimeRobot/2.0; http://www.uptimerobot.com/)"
51.68.34.57 - - [22/Apr/2026:10:51:57 -0700] "GET /booksdvds/?lokasie=/home/rreid/public_html/googlehostedservice.html&loknya=/home/rreid/public_html HTTP/1.1" 200 50580 "-" "Mozilla/5.0 (compatible; MJ12bot/v1.4.8; http://mj12bot.com/)"
216.73.216.166 - - [22/Apr/2026:10:52:08 -0700] "GET /music/yours-and-mine/?lokasie=%2Fhome%2Frreid%2Fpublic_html%2F.htaccess.bak_EA4_PHP_all_5&loknya=%2Fhome%2Frreid%2Fpublic_html HTTP/1.1" 200 52854 "-" "Mozilla/5.0 AppleWebKit/537.36 (KHTML, like Gecko; compatible; ClaudeBot/1.0; +claudebot@anthropic.com)"
51.68.34.57 - - [22/Apr/2026:10:52:19 -0700] "GET /booksdvds/?lokasie=/home/rreid/public_html/index.php&loknya=/home/rreid/public_html HTTP/1.1" 200 50752 "-" "Mozilla/5.0 (compatible; MJ12bot/v1.4.8; http://mj12bot.com/)"
216.73.216.166 - - [22/Apr/2026:10:52:23 -0700] "GET /music/yours-and-mine/?lokasie=%2Fhome%2Frreid%2Fpublic_html%2Farchived-site-files.zip&loknya=%2Fhome%2Frreid%2Fpublic_html HTTP/1.1" 500 54828 "-" "Mozilla/5.0 AppleWebKit/537.36 (KHTML, like Gecko; compatible; ClaudeBot/1.0; +claudebot@anthropic.com)"
74.7.227.10 - - [22/Apr/2026:10:52:25 -0700] "GET /?lokasie=/lib64/libonig.so.5&loknya=/lib64 HTTP/1.1" 301 - "https://rufusreid.com/?loknya=/lib64" "Mozilla/5.0 AppleWebKit/537.36 (KHTML, like Gecko; compatible; GPTBot/1.3; +https://openai.com/gptbot)"
74.7.227.10 - - [22/Apr/2026:10:52:26 -0700] "GET /?lokasie=%2Flib64%2Flibonig.so.5&loknya=%2Flib64 HTTP/1.1" 429 17 "https://rufusreid.com/?lokasie=/lib64/libonig.so.5&loknya=/lib64" "Mozilla/5.0 AppleWebKit/537.36 (KHTML, like Gecko; compatible; GPTBot/1.3; +https://openai.com/gptbot)"
51.68.34.57 - - [22/Apr/2026:10:52:42 -0700] "GET /booksdvds/?lokasie=/home/rreid/public_html/logo-imh.svg&loknya=/home/rreid/public_html HTTP/1.1" 200 61788 "-" "Mozilla/5.0 (compatible; MJ12bot/v1.4.8; http://mj12bot.com/)"
51.68.34.57 - - [22/Apr/2026:10:53:05 -0700] "GET /booksdvds/?lokasie=/home/rreid/public_html/old-wordpress.zip&loknya=/home/rreid/public_html HTTP/1.1" 500 50642 "-" "Mozilla/5.0 (compatible; MJ12bot/v1.4.8; http://mj12bot.com/)"
216.73.216.166 - - [22/Apr/2026:10:53:09 -0700] "GET /music/yours-and-mine/?lokasie=%2Fhome%2Frreid%2Fpublic_html%2Flogo-imh.svg&loknya=%2Fhome%2Frreid%2Fpublic_html HTTP/1.1" 200 63653 "-" "Mozilla/5.0 AppleWebKit/537.36 (KHTML, like Gecko; compatible; ClaudeBot/1.0; +claudebot@anthropic.com)"
74.7.227.10 - - [22/Apr/2026:10:53:26 -0700] "GET /?lokasie=/lib64/libltdl.so.7&loknya=/lib64 HTTP/1.1" 301 - "https://rufusreid.com/?loknya=/lib64" "Mozilla/5.0 AppleWebKit/537.36 (KHTML, like Gecko; compatible; GPTBot/1.3; +https://openai.com/gptbot)"
74.7.227.10 - - [22/Apr/2026:10:53:27 -0700] "GET /?lokasie=%2Flib64%2Flibltdl.so.7&loknya=%2Flib64 HTTP/1.1" 429 17 "https://rufusreid.com/?lokasie=/lib64/libltdl.so.7&loknya=/lib64" "Mozilla/5.0 AppleWebKit/537.36 (KHTML, like Gecko; compatible; GPTBot/1.3; +https://openai.com/gptbot)"
51.68.34.57 - - [22/Apr/2026:10:53:27 -0700] "GET /booksdvds/?lokasie=/home/rreid/public_html/php.ini&loknya=/home/rreid/public_html HTTP/1.1" 200 51021 "-" "Mozilla/5.0 (compatible; MJ12bot/v1.4.8; http://mj12bot.com/)"
216.73.216.166 - - [22/Apr/2026:10:53:30 -0700] "GET /music/yours-and-mine/?lokasie=%2Fhome%2Frreid%2Fpublic_html%2Frobots.txt&loknya=%2Fhome%2Frreid%2Fpublic_html HTTP/1.1" 200 52235 "-" "Mozilla/5.0 AppleWebKit/537.36 (KHTML, like Gecko; compatible; ClaudeBot/1.0; +claudebot@anthropic.com)"
1.53.5.5 - - [22/Apr/2026:10:53:45 -0700] "GET /wp-login.php HTTP/1.1" 302 - "-" "Mozilla/5.0 (Macintosh; Intel Mac OS X 10_13_3) AppleWebKit/537.36 (KHTML, like Gecko) Chrome/65.0.3325.146 Safari/537.36"
216.73.216.166 - - [22/Apr/2026:10:53:45 -0700] "GET /music/passing-thoughts/ HTTP/1.1" 200 82613 "-" "Mozilla/5.0 AppleWebKit/537.36 (KHTML, like Gecko; compatible; ClaudeBot/1.0; +claudebot@anthropic.com)"
51.68.34.57 - - [22/Apr/2026:10:53:50 -0700] "GET /booksdvds/?lokasie=/home/rreid/public_html/php.ini.bak.2018-04-15&loknya=/home/rreid/public_html HTTP/1.1" 200 56904 "-" "Mozilla/5.0 (compatible; MJ12bot/v1.4.8; http://mj12bot.com/)"
51.68.34.57 - - [22/Apr/2026:10:54:13 -0700] "GET /booksdvds/?lokasie=/home/rreid/public_html/php.ini.ea3.bak&loknya=/home/rreid/public_html HTTP/1.1" 200 89009 "-" "Mozilla/5.0 (compatible; MJ12bot/v1.4.8; http://mj12bot.com/)"
74.7.227.10 - - [22/Apr/2026:10:54:30 -0700] "GET /?lokasie=/lib64/libform.so.6&loknya=/lib64 HTTP/1.1" 301 - "https://rufusreid.com/?loknya=/lib64" "Mozilla/5.0 AppleWebKit/537.36 (KHTML, like Gecko; compatible; GPTBot/1.3; +https://openai.com/gptbot)"
74.7.227.10 - - [22/Apr/2026:10:54:31 -0700] "GET /?lokasie=%2Flib64%2Flibform.so.6&loknya=%2Flib64 HTTP/1.1" 429 17 "https://rufusreid.com/?lokasie=/lib64/libform.so.6&loknya=/lib64" "Mozilla/5.0 AppleWebKit/537.36 (KHTML, like Gecko; compatible; GPTBot/1.3; +https://openai.com/gptbot)"
51.68.34.57 - - [22/Apr/2026:10:54:35 -0700] "GET /booksdvds/?lokasie=/home/rreid/public_html/phpinfo.php&loknya=/home/rreid/public_html HTTP/1.1" 200 50367 "-" "Mozilla/5.0 (compatible; MJ12bot/v1.4.8; http://mj12bot.com/)"
23.235.221.107 - - [22/Apr/2026:10:54:59 -0700] "POST /cms22/wp-cron.php?doing_wp_cron=1776880499.5661098957061767578125 HTTP/1.1" 200 - "https://rufusreid.com/cms22/wp-cron.php?doing_wp_cron=1776880499.5661098957061767578125" "WordPress/6.0.11; https://rufusreid.com"
51.68.34.57 - - [22/Apr/2026:10:54:58 -0700] "GET /booksdvds/?lokasie=/home/rreid/public_html/robots.txt&loknya=/home/rreid/public_html HTTP/1.1" 200 50370 "-" "Mozilla/5.0 (compatible; MJ12bot/v1.4.8; http://mj12bot.com/)"
51.68.34.57 - - [22/Apr/2026:10:55:21 -0700] "GET /booksdvds/?lokasie=/home/rreid/public_html/under_construction.html&loknya=/home/rreid/public_html HTTP/1.1" 200 55657 "-" "Mozilla/5.0 (compatible; MJ12bot/v1.4.8; http://mj12bot.com/)"
51.83.6.41 - - [22/Apr/2026:10:55:28 -0700] "GET /2019/01/rufus-in-melbourne-au/ HTTP/1.1" 200 81117 "https://rufusreid.com/" "Mozilla/5.0 (Windows NT 10.0; Win64; x64) AppleWebKit/537.36 (KHTML, like Gecko) Chrome/147.0.0.0 Safari/537.36"
74.7.227.10 - - [22/Apr/2026:10:55:33 -0700] "GET /?lokasie=/lib64/libmenuw.so.6&loknya=/lib64 HTTP/1.1" 301 - "https://rufusreid.com/?loknya=/lib64" "Mozilla/5.0 AppleWebKit/537.36 (KHTML, like Gecko; compatible; GPTBot/1.3; +https://openai.com/gptbot)"
74.7.227.10 - - [22/Apr/2026:10:55:34 -0700] "GET /?lokasie=%2Flib64%2Flibmenuw.so.6&loknya=%2Flib64 HTTP/1.1" 429 17 "https://rufusreid.com/?lokasie=/lib64/libmenuw.so.6&loknya=/lib64" "Mozilla/5.0 AppleWebKit/537.36 (KHTML, like Gecko; compatible; GPTBot/1.3; +https://openai.com/gptbot)"
104.207.38.241 - - [22/Apr/2026:10:55:35 -0700] "GET /wp-login.php?action=register HTTP/1.1" 404 81942 "https://rufusreid.com/2019/01/rufus-in-melbourne-au/" "Mozilla/5.0 (Windows NT 6.3; Win64; x64) AppleWebKit/537.36 (KHTML, like Gecko) Chrome/103.0.0.0 Safari/537.36"
104.207.38.241 - - [22/Apr/2026:10:55:37 -0700] "GET /wp-login.php?action=register HTTP/1.1" 404 81942 "https://rufusreid.com/wp-login.php?action=register" "Mozilla/5.0 (Windows NT 6.3; Win64; x64) AppleWebKit/537.36 (KHTML, like Gecko) Chrome/103.0.0.0 Safari/537.36"
51.68.34.57 - - [22/Apr/2026:10:55:44 -0700] "GET /booksdvds/?loknya=/ HTTP/1.1" 200 77831 "-" "Mozilla/5.0 (compatible; MJ12bot/v1.4.8; http://mj12bot.com/)"
85.137.49.10 - - [22/Apr/2026:10:56:01 -0700] "GET / HTTP/1.1" 200 37649 "-" "Mozilla/5.0 (Macintosh; Intel Mac OS X 10_15_7) AppleWebKit/537.36 (KHTML, like Gecko) Chrome/124.0.0.0 Safari/537.36"
51.68.34.57 - - [22/Apr/2026:10:56:06 -0700] "GET /booksdvds/?loknya=/home HTTP/1.1" 200 143105 "-" "Mozilla/5.0 (compatible; MJ12bot/v1.4.8; http://mj12bot.com/)"
186.49.234.46 - - [22/Apr/2026:10:56:28 -0700] "GET /about/composer/published/ HTTP/1.1" 200 85176 "-" "Mozilla/5.0 (Macintosh; Intel Mac OS X 10_12_6) AppleWebKit/537.36 (KHTML, like Gecko) Chrome/89.0.4389.90 Safari/537.36"
51.68.34.57 - - [22/Apr/2026:10:56:28 -0700] "GET /booksdvds/?loknya=/home/rreid HTTP/1.1" 200 106307 "-" "Mozilla/5.0 (compatible; MJ12bot/v1.4.8; http://mj12bot.com/)"
74.7.227.10 - - [22/Apr/2026:10:56:36 -0700] "GET /?lokasie=/lib64/libmount.so.1&loknya=/lib64 HTTP/1.1" 301 - "https://rufusreid.com/?loknya=/lib64" "Mozilla/5.0 AppleWebKit/537.36 (KHTML, like Gecko; compatible; GPTBot/1.3; +https://openai.com/gptbot)"
74.7.227.10 - - [22/Apr/2026:10:56:36 -0700] "GET /?lokasie=%2Flib64%2Flibmount.so.1&loknya=%2Flib64 HTTP/1.1" 429 17 "https://rufusreid.com/?lokasie=/lib64/libmount.so.1&loknya=/lib64" "Mozilla/5.0 AppleWebKit/537.36 (KHTML, like Gecko; compatible; GPTBot/1.3; +https://openai.com/gptbot)"
51.68.34.57 - - [22/Apr/2026:10:56:51 -0700] "GET /booksdvds/?loknya=/home/rreid/ HTTP/1.1" 200 106443 "-" "Mozilla/5.0 (compatible; MJ12bot/v1.4.8; http://mj12bot.com/)"
168.119.96.239 - - [22/Apr/2026:10:56:55 -0700] "HEAD / HTTP/1.1" 200 - "http://rufusreid.com" "Mozilla/5.0+(compatible; UptimeRobot/2.0; http://www.uptimerobot.com/)"
57.141.0.23 - - [22/Apr/2026:10:57:03 -0700] "GET /event/rufus-reid-guest-artist-vancouver-island-university/?lokasie=/home/rreid/public_html/default.htm&loknya=/home/rreid/public_html HTTP/1.1" 200 54150 "-" "meta-externalagent/1.1 (+https://developers.facebook.com/docs/sharing/webmasters/crawler)"
51.68.34.57 - - [22/Apr/2026:10:57:13 -0700] "GET /booksdvds/?loknya=/home/rreid/public_html HTTP/1.1" 200 80635 "-" "Mozilla/5.0 (compatible; MJ12bot/v1.4.8; http://mj12bot.com/)"
51.68.34.57 - - [22/Apr/2026:10:57:36 -0700] "GET /booksdvds/?loknya=/home/rreid/public_html/.well-known HTTP/1.1" 200 53868 "-" "Mozilla/5.0 (compatible; MJ12bot/v1.4.8; http://mj12bot.com/)"
77.75.78.162 - - [22/Apr/2026:10:57:36 -0700] "GET /event/rufus-reid-at-the-jazz-for-teens-concert-njpac/ HTTP/1.1" 200 79516 "-" "Mozilla/5.0 (compatible; SeznamBot/4.0; +https://o-seznam.cz/napoveda/vyhledavani/en/seznambot-crawler/)"
74.7.227.10 - - [22/Apr/2026:10:57:39 -0700] "GET /?lokasie=/lib64/libmagic.so.1&loknya=/lib64 HTTP/1.1" 301 - "https://rufusreid.com/?loknya=/lib64" "Mozilla/5.0 AppleWebKit/537.36 (KHTML, like Gecko; compatible; GPTBot/1.3; +https://openai.com/gptbot)"
74.7.227.10 - - [22/Apr/2026:10:57:40 -0700] "GET /?lokasie=%2Flib64%2Flibmagic.so.1&loknya=%2Flib64 HTTP/1.1" 429 17 "https://rufusreid.com/?lokasie=/lib64/libmagic.so.1&loknya=/lib64" "Mozilla/5.0 AppleWebKit/537.36 (KHTML, like Gecko; compatible; GPTBot/1.3; +https://openai.com/gptbot)"
51.68.34.57 - - [22/Apr/2026:10:57:58 -0700] "GET /booksdvds/?loknya=/home/rreid/public_html/cgi-bin HTTP/1.1" 200 51553 "-" "Mozilla/5.0 (compatible; MJ12bot/v1.4.8; http://mj12bot.com/)"
51.68.34.57 - - [22/Apr/2026:10:58:20 -0700] "GET /booksdvds/?loknya=/home/rreid/public_html/cms22 HTTP/1.1" 200 85310 "-" "Mozilla/5.0 (compatible; MJ12bot/v1.4.8; http://mj12bot.com/)"
74.7.227.10 - - [22/Apr/2026:10:58:41 -0700] "GET /?lokasie=/lib64/libcares.so.2&loknya=/lib64 HTTP/1.1" 301 - "https://rufusreid.com/?loknya=/lib64" "Mozilla/5.0 AppleWebKit/537.36 (KHTML, like Gecko; compatible; GPTBot/1.3; +https://openai.com/gptbot)"
74.7.227.10 - - [22/Apr/2026:10:58:42 -0700] "GET /?lokasie=%2Flib64%2Flibcares.so.2&loknya=%2Flib64 HTTP/1.1" 200 54448 "https://rufusreid.com/?lokasie=/lib64/libcares.so.2&loknya=/lib64" "Mozilla/5.0 AppleWebKit/537.36 (KHTML, like Gecko; compatible; GPTBot/1.3; +https://openai.com/gptbot)"
51.68.34.57 - - [22/Apr/2026:10:58:43 -0700] "GET /booksdvds/?loknya=/home/rreid/public_html/downloads HTTP/1.1" 200 109451 "-" "Mozilla/5.0 (compatible; MJ12bot/v1.4.8; http://mj12bot.com/)"
51.68.34.57 - - [22/Apr/2026:10:59:06 -0700] "GET /contact/?lokasie=/home/rreid/public_html/.htaccess&loknya=/home/rreid/public_html HTTP/1.1" 200 61088 "-" "Mozilla/5.0 (compatible; MJ12bot/v1.4.8; http://mj12bot.com/)"
51.68.34.57 - - [22/Apr/2026:10:59:28 -0700] "GET /contact/?lokasie=/home/rreid/public_html/.htaccess.bak_EA4_PHP_all_5&loknya=/home/rreid/public_html HTTP/1.1" 200 59388 "-" "Mozilla/5.0 (compatible; MJ12bot/v1.4.8; http://mj12bot.com/)"
74.7.227.10 - - [22/Apr/2026:10:59:43 -0700] "GET /?lokasie=/lib64/libyajl.so.2&loknya=/lib64 HTTP/1.1" 301 - "https://rufusreid.com/?loknya=/lib64" "Mozilla/5.0 AppleWebKit/537.36 (KHTML, like Gecko; compatible; GPTBot/1.3; +https://openai.com/gptbot)"
74.7.227.10 - - [22/Apr/2026:10:59:44 -0700] "GET /?lokasie=%2Flib64%2Flibyajl.so.2&loknya=%2Flib64 HTTP/1.1" 200 54447 "https://rufusreid.com/?lokasie=/lib64/libyajl.so.2&loknya=/lib64" "Mozilla/5.0 AppleWebKit/537.36 (KHTML, like Gecko; compatible; GPTBot/1.3; +https://openai.com/gptbot)"
51.68.34.57 - - [22/Apr/2026:10:59:50 -0700] "GET /contact/?lokasie=/home/rreid/public_html/.user.ini&loknya=/home/rreid/public_html HTTP/1.1" 200 59331 "-" "Mozilla/5.0 (compatible; MJ12bot/v1.4.8; http://mj12bot.com/)"
3.216.13.10 - - [22/Apr/2026:10:59:52 -0700] "GET /event/skidmore-jazz-institute/ HTTP/1.1" 200 79330 "-" "Mozilla/5.0 AppleWebKit/537.36 (KHTML, like Gecko; compatible; Amazonbot/0.1; +https://developer.amazon.com/support/amazonbot) Chrome/119.0.6045.214 Safari/537.36"
18.213.102.186 - - [22/Apr/2026:10:59:57 -0700] "GET /event/the-big-band-sound-of-rufus-reid-with-the-ndr-band/ HTTP/1.1" 200 79363 "-" "Mozilla/5.0 AppleWebKit/537.36 (KHTML, like Gecko; compatible; Amazonbot/0.1; +https://developer.amazon.com/support/amazonbot) Chrome/119.0.6045.214 Safari/537.36"
35.174.253.85 - - [22/Apr/2026:11:00:01 -0700] "GET /2020/07/legacy-of-milt-hinton-panel/ HTTP/1.1" 200 80302 "-" "Mozilla/5.0 AppleWebKit/537.36 (KHTML, like Gecko; compatible; Amazonbot/0.1; +https://developer.amazon.com/support/amazonbot) Chrome/119.0.6045.214 Safari/537.36"
3.218.103.254 - - [22/Apr/2026:11:00:04 -0700] "GET /2014/05/philadelphia-orchestra-playin-for-double-bass/sam_0836/ HTTP/1.1" 200 79762 "-" "Mozilla/5.0 AppleWebKit/537.36 (KHTML, like Gecko; compatible; Amazonbot/0.1; +https://developer.amazon.com/support/amazonbot) Chrome/119.0.6045.214 Safari/537.36"
52.6.232.201 - - [22/Apr/2026:11:00:08 -0700] "GET /event/the-big-band-sound-of-rufus-reid-dizzys-club-coca-cola-nyc-2/ HTTP/1.1" 200 80546 "-" "Mozilla/5.0 AppleWebKit/537.36 (KHTML, like Gecko; compatible; Amazonbot/0.1; +https://developer.amazon.com/support/amazonbot) Chrome/119.0.6045.214 Safari/537.36"
34.204.150.196 - - [22/Apr/2026:11:00:12 -0700] "GET /event/rufus-reid-at-arizona-state-university/ HTTP/1.1" 200 79382 "-" "Mozilla/5.0 AppleWebKit/537.36 (KHTML, like Gecko; compatible; Amazonbot/0.1; +https://developer.amazon.com/support/amazonbot) Chrome/119.0.6045.214 Safari/537.36"
51.68.34.57 - - [22/Apr/2026:11:00:13 -0700] "GET /contact/?lokasie=/home/rreid/public_html/404.shtml&loknya=/home/rreid/public_html HTTP/1.1" 200 59072 "-" "Mozilla/5.0 (compatible; MJ12bot/v1.4.8; http://mj12bot.com/)"
52.71.218.25 - - [22/Apr/2026:11:00:16 -0700] "GET /event/rufus-reid-at-the-50th-anniversary-of-the-stanford-jazz-workshop/ HTTP/1.1" 200 80450 "-" "Mozilla/5.0 AppleWebKit/537.36 (KHTML, like Gecko; compatible; Amazonbot/0.1; +https://developer.amazon.com/support/amazonbot) Chrome/119.0.6045.214 Safari/537.36"
44.223.116.180 - - [22/Apr/2026:11:00:20 -0700] "GET /2013/05/hello-its-2013/ HTTP/1.1" 200 88841 "-" "Mozilla/5.0 AppleWebKit/537.36 (KHTML, like Gecko; compatible; Amazonbot/0.1; +https://developer.amazon.com/support/amazonbot) Chrome/119.0.6045.214 Safari/537.36"
51.79.151.214 - - [22/Apr/2026:11:00:20 -0700] "GET / HTTP/1.1" 301 - "-" "Mozilla/5.0 (Linux; Android 11; CPH2185) AppleWebKit/537.36 (KHTML, like Gecko) Chrome/91.0.4472.101 Mobile Safari/537.36"
51.79.151.214 - - [22/Apr/2026:11:00:23 -0700] "GET / HTTP/1.1" 200 84858 "-" "Mozilla/5.0 (Linux; Android 11; CPH2185) AppleWebKit/537.36 (KHTML, like Gecko) Chrome/91.0.4472.101 Mobile Safari/537.36"
51.68.34.57 - - [22/Apr/2026:11:00:36 -0700] "GET /contact/?lokasie=/home/rreid/public_html/archived-site-files.zip&loknya=/home/rreid/public_html HTTP/1.1" 500 59044 "-" "Mozilla/5.0 (compatible; MJ12bot/v1.4.8; http://mj12bot.com/)"
74.7.227.10 - - [22/Apr/2026:11:00:39 -0700] "GET /?lokasie=/lib64/libtic.so.5&loknya=/lib64 HTTP/1.1" 301 - "https://rufusreid.com/?loknya=/lib64" "Mozilla/5.0 AppleWebKit/537.36 (KHTML, like Gecko; compatible; GPTBot/1.3; +https://openai.com/gptbot)"
74.7.227.10 - - [22/Apr/2026:11:00:40 -0700] "GET /?lokasie=%2Flib64%2Flibtic.so.5&loknya=%2Flib64 HTTP/1.1" 429 17 "https://rufusreid.com/?lokasie=/lib64/libtic.so.5&loknya=/lib64" "Mozilla/5.0 AppleWebKit/537.36 (KHTML, like Gecko; compatible; GPTBot/1.3; +https://openai.com/gptbot)"
114.119.158.126 - - [22/Apr/2026:11:00:41 -0700] "GET /robots.txt HTTP/1.1" 200 31 "-" "Mozilla/5.0 (compatible;PetalBot;+https://webmaster.petalsearch.com/site/petalbot)"
51.68.34.57 - - [22/Apr/2026:11:00:59 -0700] "GET /contact/?lokasie=/home/rreid/public_html/default.htm&loknya=/home/rreid/public_html HTTP/1.1" 200 63832 "-" "Mozilla/5.0 (compatible; MJ12bot/v1.4.8; http://mj12bot.com/)"
51.68.34.57 - - [22/Apr/2026:11:01:22 -0700] "GET /contact/?lokasie=/home/rreid/public_html/error_log&loknya=/home/rreid/public_html HTTP/1.1" 200 1632483 "-" "Mozilla/5.0 (compatible; MJ12bot/v1.4.8; http://mj12bot.com/)"
