74.7.227.10 - - [22/Apr/2026:11:52:50 -0700] "GET /?lokasie=%2Flib64%2Flibbpf.so.0&loknya=%2Flib64 HTTP/1.1" 200 54446 "https://rufusreid.com/?lokasie=/lib64/libbpf.so.0&loknya=/lib64" "Mozilla/5.0 AppleWebKit/537.36 (KHTML, like Gecko; compatible; GPTBot/1.3; +https://openai.com/gptbot)"
135.84.213.18 - - [22/Apr/2026:11:53:02 -0700] "GET / HTTP/1.1" 200 84858 "-" "Mozilla/5.0 (Windows NT 10.0; Win64; x64; rv:109.0) Gecko/20100101 Firefox/111.0"
135.84.213.18 - - [22/Apr/2026:11:53:04 -0700] "GET /about/awards HTTP/1.1" 301 - "-" "Mozilla/5.0 (Windows NT 10.0; Win64; x64; rv:109.0) Gecko/20100101 Firefox/111.0"
135.84.213.18 - - [22/Apr/2026:11:53:04 -0700] "GET /about/biography HTTP/1.1" 301 - "-" "Mozilla/5.0 (Windows NT 10.0; Win64; x64; rv:109.0) Gecko/20100101 Firefox/111.0"
135.84.213.18 - - [22/Apr/2026:11:53:04 -0700] "GET /about/educator HTTP/1.1" 301 - "-" "Mozilla/5.0 (Windows NT 10.0; Win64; x64; rv:109.0) Gecko/20100101 Firefox/111.0"
135.84.213.18 - - [22/Apr/2026:11:53:04 -0700] "GET /contact HTTP/1.1" 301 - "-" "Mozilla/5.0 (Windows NT 10.0; Win64; x64; rv:109.0) Gecko/20100101 Firefox/111.0"
135.84.213.18 - - [22/Apr/2026:11:53:04 -0700] "GET /about/performer HTTP/1.1" 301 - "-" "Mozilla/5.0 (Windows NT 10.0; Win64; x64; rv:109.0) Gecko/20100101 Firefox/111.0"
135.84.213.18 - - [22/Apr/2026:11:53:04 -0700] "GET /about/composer HTTP/1.1" 301 - "-" "Mozilla/5.0 (Windows NT 10.0; Win64; x64; rv:109.0) Gecko/20100101 Firefox/111.0"
135.84.213.18 - - [22/Apr/2026:11:53:05 -0700] "GET /about/awards/ HTTP/1.1" 200 78643 "-" "Mozilla/5.0 (Windows NT 10.0; Win64; x64; rv:109.0) Gecko/20100101 Firefox/111.0"
135.84.213.18 - - [22/Apr/2026:11:53:05 -0700] "GET /about/biography/ HTTP/1.1" 200 78729 "-" "Mozilla/5.0 (Windows NT 10.0; Win64; x64; rv:109.0) Gecko/20100101 Firefox/111.0"
135.84.213.18 - - [22/Apr/2026:11:53:05 -0700] "GET /about/performer/ HTTP/1.1" 200 84635 "-" "Mozilla/5.0 (Windows NT 10.0; Win64; x64; rv:109.0) Gecko/20100101 Firefox/111.0"
135.84.213.18 - - [22/Apr/2026:11:53:05 -0700] "GET /about/composer/ HTTP/1.1" 200 80183 "-" "Mozilla/5.0 (Windows NT 10.0; Win64; x64; rv:109.0) Gecko/20100101 Firefox/111.0"
135.84.213.18 - - [22/Apr/2026:11:53:05 -0700] "GET /contact/ HTTP/1.1" 200 88924 "-" "Mozilla/5.0 (Windows NT 10.0; Win64; x64; rv:109.0) Gecko/20100101 Firefox/111.0"
135.84.213.18 - - [22/Apr/2026:11:53:05 -0700] "GET /about/educator/ HTTP/1.1" 200 80554 "-" "Mozilla/5.0 (Windows NT 10.0; Win64; x64; rv:109.0) Gecko/20100101 Firefox/111.0"
157.90.156.63 - - [22/Apr/2026:11:53:07 -0700] "HEAD / HTTP/1.1" 200 - "http://rufusreid.com" "Mozilla/5.0+(compatible; UptimeRobot/2.0; http://www.uptimerobot.com/)"
74.7.227.10 - - [22/Apr/2026:11:53:44 -0700] "GET /?lokasie=/lib64/libasm.so.1&loknya=/lib64 HTTP/1.1" 301 - "https://rufusreid.com/?loknya=/lib64" "Mozilla/5.0 AppleWebKit/537.36 (KHTML, like Gecko; compatible; GPTBot/1.3; +https://openai.com/gptbot)"
74.7.227.10 - - [22/Apr/2026:11:53:45 -0700] "GET /?lokasie=%2Flib64%2Flibasm.so.1&loknya=%2Flib64 HTTP/1.1" 200 54446 "https://rufusreid.com/?lokasie=/lib64/libasm.so.1&loknya=/lib64" "Mozilla/5.0 AppleWebKit/537.36 (KHTML, like Gecko; compatible; GPTBot/1.3; +https://openai.com/gptbot)"
57.141.0.11 - - [22/Apr/2026:11:53:57 -0700] "GET /event/rufus-reid-guest-artist-vancouver-island-university/?loknya=/home/.rapid-scan-db HTTP/1.1" 200 50083 "-" "meta-externalagent/1.1 (+https://developers.facebook.com/docs/sharing/webmasters/crawler)"
74.7.227.10 - - [22/Apr/2026:11:54:34 -0700] "GET /?lokasie=/lib64/libgpm.so.2&loknya=/lib64 HTTP/1.1" 301 - "https://rufusreid.com/?loknya=/lib64" "Mozilla/5.0 AppleWebKit/537.36 (KHTML, like Gecko; compatible; GPTBot/1.3; +https://openai.com/gptbot)"
74.7.227.10 - - [22/Apr/2026:11:54:35 -0700] "GET /?lokasie=%2Flib64%2Flibgpm.so.2&loknya=%2Flib64 HTTP/1.1" 429 17 "https://rufusreid.com/?lokasie=/lib64/libgpm.so.2&loknya=/lib64" "Mozilla/5.0 AppleWebKit/537.36 (KHTML, like Gecko; compatible; GPTBot/1.3; +https://openai.com/gptbot)"
23.235.221.107 - - [22/Apr/2026:11:55:05 -0700] "POST /cms22/wp-cron.php?doing_wp_cron=1776884105.5961170196533203125000 HTTP/1.1" 200 - "https://rufusreid.com/cms22/wp-cron.php?doing_wp_cron=1776884105.5961170196533203125000" "WordPress/6.0.11; https://rufusreid.com"
57.141.0.52 - - [22/Apr/2026:11:55:04 -0700] "GET /event/rufus-reid-guest-artist-vancouver-island-university/?loknya=/home/rreid HTTP/1.1" 200 105008 "-" "meta-externalagent/1.1 (+https://developers.facebook.com/docs/sharing/webmasters/crawler)"
121.229.156.23 - - [22/Apr/2026:11:55:14 -0700] "GET / HTTP/1.1" 200 84859 "-" "Sogou web spider/4.0(+http://www.sogou.com/docs/help/webmasters.htm#07)"
74.7.227.10 - - [22/Apr/2026:11:55:20 -0700] "GET /?lokasie=/lib64/libwebp.so.7&loknya=/lib64 HTTP/1.1" 301 - "https://rufusreid.com/?loknya=/lib64" "Mozilla/5.0 AppleWebKit/537.36 (KHTML, like Gecko; compatible; GPTBot/1.3; +https://openai.com/gptbot)"
74.7.227.10 - - [22/Apr/2026:11:55:21 -0700] "GET /?lokasie=%2Flib64%2Flibwebp.so.7&loknya=%2Flib64 HTTP/1.1" 429 17 "https://rufusreid.com/?lokasie=/lib64/libwebp.so.7&loknya=/lib64" "Mozilla/5.0 AppleWebKit/537.36 (KHTML, like Gecko; compatible; GPTBot/1.3; +https://openai.com/gptbot)"
57.141.0.7 - - [22/Apr/2026:11:55:45 -0700] "GET /event/rufus-reid-guest-artist-vancouver-island-university/?loknya=/home/ckorman HTTP/1.1" 200 50054 "-" "meta-externalagent/1.1 (+https://developers.facebook.com/docs/sharing/webmasters/crawler)"
195.178.110.48 - - [22/Apr/2026:11:55:49 -0700] "GET / HTTP/1.1" 301 - "-" "Mozilla/5.0 (Windows NT 10.0; Win64; x64) AppleWebKit/537.36 Chrome/122.0.0.0 Safari/537.36"
57.141.0.9 - - [22/Apr/2026:11:56:13 -0700] "GET /event/rufus-reid-guest-artist-vancouver-island-university/?loknya=/home/nharrow HTTP/1.1" 200 50054 "-" "meta-externalagent/1.1 (+https://developers.facebook.com/docs/sharing/webmasters/crawler)"
74.7.227.10 - - [22/Apr/2026:11:56:25 -0700] "GET /?lokasie=/lib64/libodbc.so.2&loknya=/lib64 HTTP/1.1" 301 - "https://rufusreid.com/?loknya=/lib64" "Mozilla/5.0 AppleWebKit/537.36 (KHTML, like Gecko; compatible; GPTBot/1.3; +https://openai.com/gptbot)"
74.7.227.10 - - [22/Apr/2026:11:56:26 -0700] "GET /?lokasie=%2Flib64%2Flibodbc.so.2&loknya=%2Flib64 HTTP/1.1" 429 17 "https://rufusreid.com/?lokasie=/lib64/libodbc.so.2&loknya=/lib64" "Mozilla/5.0 AppleWebKit/537.36 (KHTML, like Gecko; compatible; GPTBot/1.3; +https://openai.com/gptbot)"
57.141.0.60 - - [22/Apr/2026:11:56:35 -0700] "GET /event/rufus-reid-guest-artist-vancouver-island-university/?loknya=/home/gcables HTTP/1.1" 200 50055 "-" "meta-externalagent/1.1 (+https://developers.facebook.com/docs/sharing/webmasters/crawler)"
113.173.33.181 - - [22/Apr/2026:11:56:46 -0700] "GET /2013/05/hello-its-2013/ HTTP/1.1" 200 88841 "-" "Mozilla/5.0 (Macintosh; Intel Mac OS X 11_0_1) AppleWebKit/537.36 (KHTML, like Gecko) Brave Chrome/88.0.4324.96 Safari/537.36"
57.141.0.49 - - [22/Apr/2026:11:56:53 -0700] "GET /event/rufus-reid-guest-artist-vancouver-island-university/?lokasie=/home/rreid/public_html/.htaccess&loknya=/home/rreid/public_html HTTP/1.1" 200 51407 "-" "meta-externalagent/1.1 (+https://developers.facebook.com/docs/sharing/webmasters/crawler)"
57.141.0.59 - - [22/Apr/2026:11:57:09 -0700] "GET /event/rufus-reid-guest-artist-vancouver-island-university/?loknya=/home/rreid/ HTTP/1.1" 200 105144 "-" "meta-externalagent/1.1 (+https://developers.facebook.com/docs/sharing/webmasters/crawler)"
57.141.0.6 - - [22/Apr/2026:11:57:22 -0700] "GET /event/rufus-reid-guest-artist-vancouver-island-university/?loknya=/lib/firmware HTTP/1.1" 200 767279 "-" "meta-externalagent/1.1 (+https://developers.facebook.com/docs/sharing/webmasters/crawler)"
74.7.227.10 - - [22/Apr/2026:11:57:28 -0700] "GET /?lokasie=/lib64/libestr.so.0&loknya=/lib64 HTTP/1.1" 301 - "https://rufusreid.com/?loknya=/lib64" "Mozilla/5.0 AppleWebKit/537.36 (KHTML, like Gecko; compatible; GPTBot/1.3; +https://openai.com/gptbot)"
74.7.227.10 - - [22/Apr/2026:11:57:29 -0700] "GET /?lokasie=%2Flib64%2Flibestr.so.0&loknya=%2Flib64 HTTP/1.1" 429 17 "https://rufusreid.com/?lokasie=/lib64/libestr.so.0&loknya=/lib64" "Mozilla/5.0 AppleWebKit/537.36 (KHTML, like Gecko; compatible; GPTBot/1.3; +https://openai.com/gptbot)"
57.141.0.56 - - [22/Apr/2026:11:57:34 -0700] "GET /event/rufus-reid-guest-artist-vancouver-island-university/?lokasie=/home/rreid/public_html/old-wordpress.zip&loknya=/home/rreid/public_html HTTP/1.1" 500 51658 "-" "meta-externalagent/1.1 (+https://developers.facebook.com/docs/sharing/webmasters/crawler)"
57.141.0.61 - - [22/Apr/2026:11:57:44 -0700] "GET /event/rufus-reid-guest-artist-vancouver-island-university/?lokasie=/home/rreid/public_html/phpinfo.php&loknya=/home/rreid/public_html HTTP/1.1" 200 49068 "-" "meta-externalagent/1.1 (+https://developers.facebook.com/docs/sharing/webmasters/crawler)"
57.141.0.23 - - [22/Apr/2026:11:57:45 -0700] "GET /event/rufus-reid-guest-artist-vancouver-island-university/?loknya=/home/virtfs HTTP/1.1" 200 50051 "-" "meta-externalagent/1.1 (+https://developers.facebook.com/docs/sharing/webmasters/crawler)"
57.141.0.52 - - [22/Apr/2026:11:57:57 -0700] "GET /event/rufus-reid-guest-artist-vancouver-island-university/?lokasie=/home//backup-7.29.2024_11-57-34_bass.tar.gz&loknya=/home/ HTTP/1.1" 429 17 "-" "meta-externalagent/1.1 (+https://developers.facebook.com/docs/sharing/webmasters/crawler)"
57.141.0.59 - - [22/Apr/2026:11:58:06 -0700] "GET /event/rufus-reid-guest-artist-vancouver-island-university/?lokasie=/home/backup-7.29.2024_11-57-34_bass.tar.gz&loknya=/home HTTP/1.1" 429 17 "-" "meta-externalagent/1.1 (+https://developers.facebook.com/docs/sharing/webmasters/crawler)"
57.141.0.38 - - [22/Apr/2026:11:58:08 -0700] "GET /event/rufus-reid-guest-artist-vancouver-island-university/?lokasie=/lib/modprobe.d/dist-blacklist.conf&loknya=/lib/modprobe.d HTTP/1.1" 429 17 "-" "meta-externalagent/1.1 (+https://developers.facebook.com/docs/sharing/webmasters/crawler)"
49.13.164.148 - - [22/Apr/2026:11:58:13 -0700] "HEAD / HTTP/1.1" 200 - "http://rufusreid.com" "Mozilla/5.0+(compatible; UptimeRobot/2.0; http://www.uptimerobot.com/)"
57.141.0.30 - - [22/Apr/2026:11:58:17 -0700] "GET /event/rufus-reid-guest-artist-vancouver-island-university/?loknya=/home/jrichmon HTTP/1.1" 429 17 "-" "meta-externalagent/1.1 (+https://developers.facebook.com/docs/sharing/webmasters/crawler)"
57.141.0.59 - - [22/Apr/2026:11:58:21 -0700] "GET /event/rufus-reid-guest-artist-vancouver-island-university/?loknya=/home/alogan HTTP/1.1" 429 17 "-" "meta-externalagent/1.1 (+https://developers.facebook.com/docs/sharing/webmasters/crawler)"
57.141.0.47 - - [22/Apr/2026:11:58:22 -0700] "GET /event/rufus-reid-guest-artist-vancouver-island-university/?lokasie=/home/rreid/public_html/.user.ini&loknya=/home/rreid/public_html HTTP/1.1" 429 17 "-" "meta-externalagent/1.1 (+https://developers.facebook.com/docs/sharing/webmasters/crawler)"
51.68.111.212 - - [22/Apr/2026:11:58:33 -0700] "GET /robots.txt HTTP/1.1" 200 31 "-" "Mozilla/5.0 (compatible; MJ12bot/v2.0.5; http://mj12bot.com/)"
74.7.227.10 - - [22/Apr/2026:11:58:32 -0700] "GET /?lokasie=/lib64/libformw.so.6&loknya=/lib64 HTTP/1.1" 301 - "https://rufusreid.com/?loknya=/lib64" "Mozilla/5.0 AppleWebKit/537.36 (KHTML, like Gecko; compatible; GPTBot/1.3; +https://openai.com/gptbot)"
74.7.227.10 - - [22/Apr/2026:11:58:33 -0700] "GET /?lokasie=%2Flib64%2Flibformw.so.6&loknya=%2Flib64 HTTP/1.1" 429 17 "https://rufusreid.com/?lokasie=/lib64/libformw.so.6&loknya=/lib64" "Mozilla/5.0 AppleWebKit/537.36 (KHTML, like Gecko; compatible; GPTBot/1.3; +https://openai.com/gptbot)"
51.68.111.212 - - [22/Apr/2026:11:58:33 -0700] "GET / HTTP/1.1" 301 - "-" "Mozilla/5.0 (compatible; MJ12bot/v2.0.5; http://mj12bot.com/)"
51.68.111.212 - - [22/Apr/2026:11:58:35 -0700] "GET /robots.txt HTTP/1.1" 200 31 "-" "Mozilla/5.0 (compatible; MJ12bot/v2.0.5; http://mj12bot.com/)"
51.68.111.212 - - [22/Apr/2026:11:58:35 -0700] "GET / HTTP/1.1" 200 84858 "-" "Mozilla/5.0 (compatible; MJ12bot/v2.0.5; http://mj12bot.com/)"
57.141.0.45 - - [22/Apr/2026:11:58:37 -0700] "GET /event/new-jersey-premier-of-wind-sail/ HTTP/1.1" 429 17 "-" "meta-externalagent/1.1 (+https://developers.facebook.com/docs/sharing/webmasters/crawler)"
57.141.0.58 - - [22/Apr/2026:11:58:40 -0700] "GET /event/rufus-reid-guest-artist-vancouver-island-university/?loknya=/var HTTP/1.1" 429 17 "-" "meta-externalagent/1.1 (+https://developers.facebook.com/docs/sharing/webmasters/crawler)"
57.141.0.39 - - [22/Apr/2026:11:58:42 -0700] "GET /event/rufus-reid-guest-artist-vancouver-island-university/?loknya=/home/swilson HTTP/1.1" 429 17 "-" "meta-externalagent/1.1 (+https://developers.facebook.com/docs/sharing/webmasters/crawler)"
57.141.0.31 - - [22/Apr/2026:11:58:44 -0700] "GET /event/rufus-reid-guest-artist-vancouver-island-university/?loknya=/home/steved HTTP/1.1" 429 17 "-" "meta-externalagent/1.1 (+https://developers.facebook.com/docs/sharing/webmasters/crawler)"
57.141.0.15 - - [22/Apr/2026:11:58:47 -0700] "GET /event/rufus-reid-guest-artist-vancouver-island-university/?lokasie=/home/rreid/public_html/error_log&loknya=/home/rreid/public_html HTTP/1.1" 429 17 "-" "meta-externalagent/1.1 (+https://developers.facebook.com/docs/sharing/webmasters/crawler)"
57.141.0.26 - - [22/Apr/2026:11:58:49 -0700] "GET /event/rufus-reid-guest-artist-vancouver-island-university/?loknya=/home/msherman HTTP/1.1" 429 17 "-" "meta-externalagent/1.1 (+https://developers.facebook.com/docs/sharing/webmasters/crawler)"
57.141.0.50 - - [22/Apr/2026:11:58:52 -0700] "GET /event/rufus-reid-guest-artist-vancouver-island-university/?loknya=/home/jking HTTP/1.1" 429 17 "-" "meta-externalagent/1.1 (+https://developers.facebook.com/docs/sharing/webmasters/crawler)"
57.141.0.25 - - [22/Apr/2026:11:58:55 -0700] "GET /event/rufus-reid-guest-artist-vancouver-island-university/?loknya=/lib/tmpfiles.d HTTP/1.1" 429 17 "-" "meta-externalagent/1.1 (+https://developers.facebook.com/docs/sharing/webmasters/crawler)"
57.141.0.22 - - [22/Apr/2026:11:58:59 -0700] "GET /event/rufus-reid-guest-artist-vancouver-island-university/?lokasie=/home/rreid/.contactemail&loknya=/home/rreid HTTP/1.1" 429 17 "-" "meta-externalagent/1.1 (+https://developers.facebook.com/docs/sharing/webmasters/crawler)"
57.141.0.23 - - [22/Apr/2026:11:59:04 -0700] "GET /event/rufus-reid-guest-artist-vancouver-island-university/?loknya=/home/rschneid HTTP/1.1" 429 17 "-" "meta-externalagent/1.1 (+https://developers.facebook.com/docs/sharing/webmasters/crawler)"
57.141.0.36 - - [22/Apr/2026:11:59:08 -0700] "GET /event/rufus-reid-guest-artist-vancouver-island-university/?loknya=/mnt HTTP/1.1" 429 17 "-" "meta-externalagent/1.1 (+https://developers.facebook.com/docs/sharing/webmasters/crawler)"
170.106.37.134 - - [22/Apr/2026:11:59:12 -0700] "GET /?loknya=/home/rreid/public_html/.well-known HTTP/1.1" 301 - "-" "Mozilla/5.0 (iPhone; CPU iPhone OS 13_2_3 like Mac OS X) AppleWebKit/605.1.15 (KHTML, like Gecko) Version/13.0.3 Mobile/15E148 Safari/604.1"
57.141.0.56 - - [22/Apr/2026:11:59:13 -0700] "GET /event/rufus-reid-guest-artist-vancouver-island-university/?lokasie=/home/rreid/public_html/php.ini.bak.2018-04-15&loknya=/home/rreid/public_html HTTP/1.1" 429 17 "-" "meta-externalagent/1.1 (+https://developers.facebook.com/docs/sharing/webmasters/crawler)"
170.106.37.134 - - [22/Apr/2026:11:59:17 -0700] "GET /?loknya=%2Fhome%2Frreid%2Fpublic_html%2F.well-known HTTP/1.1" 200 58092 "https://rufusreid.com/?loknya=/home/rreid/public_html/.well-known" "Mozilla/5.0 (iPhone; CPU iPhone OS 13_2_3 like Mac OS X) AppleWebKit/605.1.15 (KHTML, like Gecko) Version/13.0.3 Mobile/15E148 Safari/604.1"
57.141.0.37 - - [22/Apr/2026:11:59:19 -0700] "GET /event/rufus-reid-guest-artist-vancouver-island-university/?loknya=/home/mhavilan HTTP/1.1" 429 17 "-" "meta-externalagent/1.1 (+https://developers.facebook.com/docs/sharing/webmasters/crawler)"
57.141.0.31 - - [22/Apr/2026:11:59:25 -0700] "GET /event/rufus-reid-guest-artist-vancouver-island-university/?loknya=/home/eyamin HTTP/1.1" 429 17 "-" "meta-externalagent/1.1 (+https://developers.facebook.com/docs/sharing/webmasters/crawler)"
57.141.0.69 - - [22/Apr/2026:11:59:28 -0700] "GET /event/rufus-reid-guest-artist-vancouver-island-university/?loknya=/home/rlalama HTTP/1.1" 429 17 "-" "meta-externalagent/1.1 (+https://developers.facebook.com/docs/sharing/webmasters/crawler)"
74.7.227.10 - - [22/Apr/2026:11:59:32 -0700] "GET /?lokasie=/lib64/libedit.so.0&loknya=/lib64 HTTP/1.1" 301 - "https://rufusreid.com/?loknya=/lib64" "Mozilla/5.0 AppleWebKit/537.36 (KHTML, like Gecko; compatible; GPTBot/1.3; +https://openai.com/gptbot)"
74.7.227.10 - - [22/Apr/2026:11:59:33 -0700] "GET /?lokasie=%2Flib64%2Flibedit.so.0&loknya=%2Flib64 HTTP/1.1" 429 17 "https://rufusreid.com/?lokasie=/lib64/libedit.so.0&loknya=/lib64" "Mozilla/5.0 AppleWebKit/537.36 (KHTML, like Gecko; compatible; GPTBot/1.3; +https://openai.com/gptbot)"
3.226.106.93 - - [22/Apr/2026:11:59:45 -0700] "GET /event/rr-quintet-at-the-baltimore-chamber-jazz-society/ HTTP/1.1" 200 79381 "-" "Mozilla/5.0 AppleWebKit/537.36 (KHTML, like Gecko; compatible; Amazonbot/0.1; +https://developer.amazon.com/support/amazonbot) Chrome/119.0.6045.214 Safari/537.36"
74.7.227.10 - - [22/Apr/2026:12:00:32 -0700] "GET /?lokasie=/lib64/libfstrm.so&loknya=/lib64 HTTP/1.1" 301 - "https://rufusreid.com/?loknya=/lib64" "Mozilla/5.0 AppleWebKit/537.36 (KHTML, like Gecko; compatible; GPTBot/1.3; +https://openai.com/gptbot)"
74.7.227.10 - - [22/Apr/2026:12:00:33 -0700] "GET /?lokasie=%2Flib64%2Flibfstrm.so&loknya=%2Flib64 HTTP/1.1" 429 17 "https://rufusreid.com/?lokasie=/lib64/libfstrm.so&loknya=/lib64" "Mozilla/5.0 AppleWebKit/537.36 (KHTML, like Gecko; compatible; GPTBot/1.3; +https://openai.com/gptbot)"
57.141.0.69 - - [22/Apr/2026:12:00:35 -0700] "GET /event/rufus-reid-guest-artist-vancouver-island-university/?loknya=/home/smeissne HTTP/1.1" 429 17 "-" "meta-externalagent/1.1 (+https://developers.facebook.com/docs/sharing/webmasters/crawler)"
74.7.227.10 - - [22/Apr/2026:12:01:34 -0700] "GET /?lokasie=/lib64/libmenu.so.6&loknya=/lib64 HTTP/1.1" 301 - "https://rufusreid.com/?loknya=/lib64" "Mozilla/5.0 AppleWebKit/537.36 (KHTML, like Gecko; compatible; GPTBot/1.3; +https://openai.com/gptbot)"
74.7.227.10 - - [22/Apr/2026:12:01:35 -0700] "GET /?lokasie=%2Flib64%2Flibmenu.so.6&loknya=%2Flib64 HTTP/1.1" 429 17 "https://rufusreid.com/?lokasie=/lib64/libmenu.so.6&loknya=/lib64" "Mozilla/5.0 AppleWebKit/537.36 (KHTML, like Gecko; compatible; GPTBot/1.3; +https://openai.com/gptbot)"
57.141.0.57 - - [22/Apr/2026:12:01:41 -0700] "GET /event/rufus-reid-guest-artist-vancouver-island-university/?loknya=/home/cterry HTTP/1.1" 429 17 "-" "meta-externalagent/1.1 (+https://developers.facebook.com/docs/sharing/webmasters/crawler)"
46.184.188.168 - - [22/Apr/2026:12:01:43 -0700] "GET /2017/04/winard-harper-presents-rufus-reid/ HTTP/1.1" 200 80408 "-" "Mozilla/5.0 (Windows NT 10.0; Win64; x64) AppleWebKit/537.36 (KHTML, like Gecko) Chrome/80.0.3987.132 Safari/537.36"
62.234.212.139 - - [22/Apr/2026:12:02:23 -0700] "GET /2019/08/recording-for-newvelle-again/ HTTP/1.1" 200 80941 "-" "Mozilla/5.0 (Macintosh; Intel Mac OS X 10_15_7) AppleWebKit/537.36 (KHTML, like Gecko) Chrome/144.0.0.0 Safari/537.36"
62.234.212.139 - - [22/Apr/2026:12:02:24 -0700] "GET /cms22/wp-includes/css/dist/block-library/style.min.css?ver=6.0.11 HTTP/1.1" 200 88932 "https://rufusreid.com/2019/08/recording-for-newvelle-again/" "Mozilla/5.0 (Macintosh; Intel Mac OS X 10_15_7) AppleWebKit/537.36 (KHTML, like Gecko) Chrome/144.0.0.0 Safari/537.36"
62.234.212.139 - - [22/Apr/2026:12:02:25 -0700] "GET /cms22/wp-content/plugins/easy-digital-downloads/includes/blocks/build/checkout/style-index.css?ver=2.0.0 HTTP/1.1" 200 8129 "https://rufusreid.com/2019/08/recording-for-newvelle-again/" "Mozilla/5.0 (Macintosh; Intel Mac OS X 10_15_7) AppleWebKit/537.36 (KHTML, like Gecko) Chrome/144.0.0.0 Safari/537.36"
62.234.212.139 - - [22/Apr/2026:12:02:25 -0700] "GET /cms22/wp-content/plugins/responsive-lightbox/assets/magnific/magnific-popup.min.css?ver=2.4.3 HTTP/1.1" 200 5329 "https://rufusreid.com/2019/08/recording-for-newvelle-again/" "Mozilla/5.0 (Macintosh; Intel Mac OS X 10_15_7) AppleWebKit/537.36 (KHTML, like Gecko) Chrome/144.0.0.0 Safari/537.36"
62.234.212.139 - - [22/Apr/2026:12:02:25 -0700] "GET /cms22/wp-content/themes/jazzcorner/style.css?ver=1776884544 HTTP/1.1" 200 831 "https://rufusreid.com/2019/08/recording-for-newvelle-again/" "Mozilla/5.0 (Macintosh; Intel Mac OS X 10_15_7) AppleWebKit/537.36 (KHTML, like Gecko) Chrome/144.0.0.0 Safari/537.36"
62.234.212.139 - - [22/Apr/2026:12:02:25 -0700] "GET /cms22/wp-content/plugins/easy-digital-downloads/assets/css/edd.min.css?ver=3.1.0.7 HTTP/1.1" 200 19185 "https://rufusreid.com/2019/08/recording-for-newvelle-again/" "Mozilla/5.0 (Macintosh; Intel Mac OS X 10_15_7) AppleWebKit/537.36 (KHTML, like Gecko) Chrome/144.0.0.0 Safari/537.36"
62.234.212.139 - - [22/Apr/2026:12:02:25 -0700] "GET /cms22/wp-content/plugins/youtube-embed-plus/styles/ytprefs.min.css?ver=14.1.4.1 HTTP/1.1" 200 8320 "https://rufusreid.com/2019/08/recording-for-newvelle-again/" "Mozilla/5.0 (Macintosh; Intel Mac OS X 10_15_7) AppleWebKit/537.36 (KHTML, like Gecko) Chrome/144.0.0.0 Safari/537.36"
62.234.212.139 - - [22/Apr/2026:12:02:25 -0700] "GET /cms22/wp-content/themes/jazzcorner/dist/css/theme.min.css?ver=1776884544 HTTP/1.1" 200 239580 "https://rufusreid.com/2019/08/recording-for-newvelle-again/" "Mozilla/5.0 (Macintosh; Intel Mac OS X 10_15_7) AppleWebKit/537.36 (KHTML, like Gecko) Chrome/144.0.0.0 Safari/537.36"
62.234.212.139 - - [22/Apr/2026:12:02:25 -0700] "GET /cms22/wp-content/plugins/responsive-lightbox/js/front.js?ver=2.4.3 HTTP/1.1" 200 28714 "https://rufusreid.com/2019/08/recording-for-newvelle-again/" "Mozilla/5.0 (Macintosh; Intel Mac OS X 10_15_7) AppleWebKit/537.36 (KHTML, like Gecko) Chrome/144.0.0.0 Safari/537.36"
62.234.212.139 - - [22/Apr/2026:12:02:25 -0700] "GET /cms22/wp-content/themes/jazzcorner/js/skip-link-focus-fix.js?ver=1776884544 HTTP/1.1" 200 685 "https://rufusreid.com/2019/08/recording-for-newvelle-again/" "Mozilla/5.0 (Macintosh; Intel Mac OS X 10_15_7) AppleWebKit/537.36 (KHTML, like Gecko) Chrome/144.0.0.0 Safari/537.36"
62.234.212.139 - - [22/Apr/2026:12:02:25 -0700] "GET /cms22/wp-includes/js/underscore.min.js?ver=1.13.3 HTTP/1.1" 200 18911 "https://rufusreid.com/2019/08/recording-for-newvelle-again/" "Mozilla/5.0 (Macintosh; Intel Mac OS X 10_15_7) AppleWebKit/537.36 (KHTML, like Gecko) Chrome/144.0.0.0 Safari/537.36"
62.234.212.139 - - [22/Apr/2026:12:02:25 -0700] "GET /cms22/wp-content/plugins/responsive-lightbox/assets/magnific/jquery.magnific-popup.min.js?ver=2.4.3 HTTP/1.1" 200 19933 "https://rufusreid.com/2019/08/recording-for-newvelle-again/" "Mozilla/5.0 (Macintosh; Intel Mac OS X 10_15_7) AppleWebKit/537.36 (KHTML, like Gecko) Chrome/144.0.0.0 Safari/537.36"
62.234.212.139 - - [22/Apr/2026:12:02:25 -0700] "GET /cms22/wp-content/plugins/youtube-embed-plus/scripts/ytprefs.min.js?ver=14.1.4.1 HTTP/1.1" 200 13817 "https://rufusreid.com/2019/08/recording-for-newvelle-again/" "Mozilla/5.0 (Macintosh; Intel Mac OS X 10_15_7) AppleWebKit/537.36 (KHTML, like Gecko) Chrome/144.0.0.0 Safari/537.36"
62.234.212.139 - - [22/Apr/2026:12:02:25 -0700] "GET /cms22/wp-content/plugins/responsive-lightbox/assets/infinitescroll/infinite-scroll.pkgd.min.js?ver=6.0.11 HTTP/1.1" 200 22555 "https://rufusreid.com/2019/08/recording-for-newvelle-again/" "Mozilla/5.0 (Macintosh; Intel Mac OS X 10_15_7) AppleWebKit/537.36 (KHTML, like Gecko) Chrome/144.0.0.0 Safari/537.36"
62.234.212.139 - - [22/Apr/2026:12:02:25 -0700] "GET /cms22/wp-content/themes/jazzcorner/dist/js/theme.min.js?ver=1776884544 HTTP/1.1" 200 17573 "https://rufusreid.com/2019/08/recording-for-newvelle-again/" "Mozilla/5.0 (Macintosh; Intel Mac OS X 10_15_7) AppleWebKit/537.36 (KHTML, like Gecko) Chrome/144.0.0.0 Safari/537.36"
62.234.212.139 - - [22/Apr/2026:12:02:25 -0700] "GET /cms22/wp-includes/js/jquery/jquery-migrate.min.js?ver=3.3.2 HTTP/1.1" 200 11224 "https://rufusreid.com/2019/08/recording-for-newvelle-again/" "Mozilla/5.0 (Macintosh; Intel Mac OS X 10_15_7) AppleWebKit/537.36 (KHTML, like Gecko) Chrome/144.0.0.0 Safari/537.36"
62.234.212.139 - - [22/Apr/2026:12:02:25 -0700] "GET /cms22/wp-includes/js/jquery/jquery.min.js?ver=3.6.0 HTTP/1.1" 200 89521 "https://rufusreid.com/2019/08/recording-for-newvelle-again/" "Mozilla/5.0 (Macintosh; Intel Mac OS X 10_15_7) AppleWebKit/537.36 (KHTML, like Gecko) Chrome/144.0.0.0 Safari/537.36"
62.234.212.139 - - [22/Apr/2026:12:02:25 -0700] "GET /cms22/wp-includes/js/wp-emoji-release.min.js?ver=6.0.11 HTTP/1.1" 200 18617 "https://rufusreid.com/2019/08/recording-for-newvelle-again/" "Mozilla/5.0 (Macintosh; Intel Mac OS X 10_15_7) AppleWebKit/537.36 (KHTML, like Gecko) Chrome/144.0.0.0 Safari/537.36"
74.7.227.10 - - [22/Apr/2026:12:02:35 -0700] "GET /?lokasie=/lib64/libcurl.so.4&loknya=/lib64 HTTP/1.1" 301 - "https://rufusreid.com/?loknya=/lib64" "Mozilla/5.0 AppleWebKit/537.36 (KHTML, like Gecko; compatible; GPTBot/1.3; +https://openai.com/gptbot)"
74.7.227.10 - - [22/Apr/2026:12:02:36 -0700] "GET /?lokasie=%2Flib64%2Flibcurl.so.4&loknya=%2Flib64 HTTP/1.1" 429 17 "https://rufusreid.com/?lokasie=/lib64/libcurl.so.4&loknya=/lib64" "Mozilla/5.0 AppleWebKit/537.36 (KHTML, like Gecko; compatible; GPTBot/1.3; +https://openai.com/gptbot)"
57.141.0.45 - - [22/Apr/2026:12:02:48 -0700] "GET /event/rufus-reid-guest-artist-vancouver-island-university/?loknya=/home/ltabacki HTTP/1.1" 429 17 "-" "meta-externalagent/1.1 (+https://developers.facebook.com/docs/sharing/webmasters/crawler)"
23.235.221.107 - - [22/Apr/2026:12:03:22 -0700] "POST /cms22/wp-cron.php?doing_wp_cron=1776884602.2063519954681396484375 HTTP/1.1" 200 - "https://rufusreid.com/cms22/wp-cron.php?doing_wp_cron=1776884602.2063519954681396484375" "WordPress/6.0.11; https://rufusreid.com"
157.90.156.63 - - [22/Apr/2026:12:03:21 -0700] "HEAD / HTTP/1.1" 200 - "http://rufusreid.com" "Mozilla/5.0+(compatible; UptimeRobot/2.0; http://www.uptimerobot.com/)"
74.7.227.10 - - [22/Apr/2026:12:03:40 -0700] "GET /?lokasie=/lib64/libkmod.so.2&loknya=/lib64 HTTP/1.1" 301 - "https://rufusreid.com/?loknya=/lib64" "Mozilla/5.0 AppleWebKit/537.36 (KHTML, like Gecko; compatible; GPTBot/1.3; +https://openai.com/gptbot)"
74.7.227.10 - - [22/Apr/2026:12:03:41 -0700] "GET /?lokasie=%2Flib64%2Flibkmod.so.2&loknya=%2Flib64 HTTP/1.1" 429 17 "https://rufusreid.com/?lokasie=/lib64/libkmod.so.2&loknya=/lib64" "Mozilla/5.0 AppleWebKit/537.36 (KHTML, like Gecko; compatible; GPTBot/1.3; +https://openai.com/gptbot)"
57.141.0.46 - - [22/Apr/2026:12:03:55 -0700] "GET /event/rufus-reid-guest-artist-vancouver-island-university/?loknya=/home/mrosewom HTTP/1.1" 429 17 "-" "meta-externalagent/1.1 (+https://developers.facebook.com/docs/sharing/webmasters/crawler)"
74.7.227.10 - - [22/Apr/2026:12:04:42 -0700] "GET /?lokasie=/lib64/libtinfo.so.5&loknya=/lib64 HTTP/1.1" 301 - "https://rufusreid.com/?loknya=/lib64" "Mozilla/5.0 AppleWebKit/537.36 (KHTML, like Gecko; compatible; GPTBot/1.3; +https://openai.com/gptbot)"
74.7.227.10 - - [22/Apr/2026:12:04:43 -0700] "GET /?lokasie=%2Flib64%2Flibtinfo.so.5&loknya=%2Flib64 HTTP/1.1" 200 54448 "https://rufusreid.com/?lokasie=/lib64/libtinfo.so.5&loknya=/lib64" "Mozilla/5.0 AppleWebKit/537.36 (KHTML, like Gecko; compatible; GPTBot/1.3; +https://openai.com/gptbot)"
57.141.0.11 - - [22/Apr/2026:12:05:04 -0700] "GET /event/rufus-reid-guest-artist-vancouver-island-university/?loknya=/home/wjenkins HTTP/1.1" 429 17 "-" "meta-externalagent/1.1 (+https://developers.facebook.com/docs/sharing/webmasters/crawler)"
84.54.44.19 - - [22/Apr/2026:12:05:22 -0700] "GET / HTTP/1.0" 200 84856 "https://rufusreid.com/" "Mozilla/5.0 (Windows NT 10.0; Win64; x64) AppleWebKit/537.36 (KHTML, like Gecko) Chrome/131.0.0.0 Safari/537.36 Avast/131.0.0.0"
118.179.116.241 - - [22/Apr/2026:12:05:22 -0700] "GET /event/rufus-reid-honors-harold-mabern-at-sopac/ HTTP/1.1" 200 79596 "-" "Mozilla/5.0 (Macintosh; Intel Mac OS X 10_12_6) AppleWebKit/537.36 (KHTML, like Gecko) Chrome/99.0.4844.84 Safari/537.36"
84.54.44.19 - - [22/Apr/2026:12:05:24 -0700] "GET /contact/ HTTP/1.0" 200 88924 "https://rufusreid.com/contact/" "Mozilla/5.0 (Windows NT 10.0; Win64; x64) AppleWebKit/537.36 (KHTML, like Gecko) Chrome/131.0.0.0 Safari/537.36 Avast/131.0.0.0"
84.54.44.19 - - [22/Apr/2026:12:05:26 -0700] "POST /contact/ HTTP/1.0" 200 413 "https://rufusreid.com/contact/" "Mozilla/5.0 (Windows NT 10.0; Win64; x64) AppleWebKit/537.36 (KHTML, like Gecko) Chrome/131.0.0.0 Safari/537.36 Avast/131.0.0.0"
216.73.216.166 - - [22/Apr/2026:12:05:38 -0700] "GET /event/quiet-pride-the-elizabeth-catlett-project/?loknya=%2F HTTP/1.1" 200 76607 "-" "Mozilla/5.0 AppleWebKit/537.36 (KHTML, like Gecko; compatible; ClaudeBot/1.0; +claudebot@anthropic.com)"
74.7.227.10 - - [22/Apr/2026:12:05:43 -0700] "GET /?lokasie=/lib64/libcrypt.so&loknya=/lib64 HTTP/1.1" 301 - "https://rufusreid.com/?loknya=/lib64" "Mozilla/5.0 AppleWebKit/537.36 (KHTML, like Gecko; compatible; GPTBot/1.3; +https://openai.com/gptbot)"
74.7.227.10 - - [22/Apr/2026:12:05:43 -0700] "GET /?lokasie=%2Flib64%2Flibcrypt.so&loknya=%2Flib64 HTTP/1.1" 200 54446 "https://rufusreid.com/?lokasie=/lib64/libcrypt.so&loknya=/lib64" "Mozilla/5.0 AppleWebKit/537.36 (KHTML, like Gecko; compatible; GPTBot/1.3; +https://openai.com/gptbot)"
57.141.0.6 - - [22/Apr/2026:12:06:09 -0700] "GET /event/rufus-reid-guest-artist-vancouver-island-university/?loknya=/home/.cpan HTTP/1.1" 429 17 "-" "meta-externalagent/1.1 (+https://developers.facebook.com/docs/sharing/webmasters/crawler)"
216.73.216.166 - - [22/Apr/2026:12:06:08 -0700] "GET /event/quiet-pride-the-elizabeth-catlett-project/?lokasie=%2Fhome%2Frreid%2Fpublic_html%2Fphpinfo.php&loknya=%2Fhome%2Frreid%2Fpublic_html HTTP/1.1" 200 49143 "-" "Mozilla/5.0 AppleWebKit/537.36 (KHTML, like Gecko; compatible; ClaudeBot/1.0; +claudebot@anthropic.com)"
216.73.216.166 - - [22/Apr/2026:12:06:26 -0700] "GET /event/quiet-pride-the-elizabeth-catlett-project/?loknya=%2Fhome%2Frreid%2Fpublic_html HTTP/1.1" 200 79411 "-" "Mozilla/5.0 AppleWebKit/537.36 (KHTML, like Gecko; compatible; ClaudeBot/1.0; +claudebot@anthropic.com)"
66.249.70.201 - - [22/Apr/2026:12:06:28 -0700] "GET /?loknya=/home/rreid/public_html/downloads HTTP/1.1" 301 - "-" "Mozilla/5.0 (Linux; Android 6.0.1; Nexus 5X Build/MMB29P) AppleWebKit/537.36 (KHTML, like Gecko) Chrome/146.0.7680.177 Mobile Safari/537.36 (compatible; GoogleOther)"
66.249.70.192 - - [22/Apr/2026:12:06:35 -0700] "GET /?loknya=/home/rreid/public_html/.well-known HTTP/1.1" 301 - "-" "Mozilla/5.0 (Linux; Android 6.0.1; Nexus 5X Build/MMB29P) AppleWebKit/537.36 (KHTML, like Gecko) Chrome/146.0.7680.177 Mobile Safari/537.36 (compatible; GoogleOther)"
66.249.70.201 - - [22/Apr/2026:12:06:38 -0700] "GET /?loknya=%2Fhome%2Frreid%2Fpublic_html%2Fdownloads HTTP/1.1" 200 113674 "-" "Mozilla/5.0 (Linux; Android 6.0.1; Nexus 5X Build/MMB29P) AppleWebKit/537.36 (KHTML, like Gecko) Chrome/146.0.7680.177 Mobile Safari/537.36 (compatible; GoogleOther)"
74.7.227.10 - - [22/Apr/2026:12:06:39 -0700] "GET /?lokasie=/lib64/librepo.so.0&loknya=/lib64 HTTP/1.1" 301 - "https://rufusreid.com/?loknya=/lib64" "Mozilla/5.0 AppleWebKit/537.36 (KHTML, like Gecko; compatible; GPTBot/1.3; +https://openai.com/gptbot)"
74.7.227.10 - - [22/Apr/2026:12:06:40 -0700] "GET /?lokasie=%2Flib64%2Flibrepo.so.0&loknya=%2Flib64 HTTP/1.1" 429 17 "https://rufusreid.com/?lokasie=/lib64/librepo.so.0&loknya=/lib64" "Mozilla/5.0 AppleWebKit/537.36 (KHTML, like Gecko; compatible; GPTBot/1.3; +https://openai.com/gptbot)"
66.249.70.201 - - [22/Apr/2026:12:06:42 -0700] "GET /?loknya=%2Fhome%2Frreid%2Fpublic_html%2F.well-known HTTP/1.1" 200 58091 "-" "Mozilla/5.0 (Linux; Android 6.0.1; Nexus 5X Build/MMB29P) AppleWebKit/537.36 (KHTML, like Gecko) Chrome/146.0.7680.177 Mobile Safari/537.36 (compatible; GoogleOther)"
66.249.70.201 - - [22/Apr/2026:12:06:50 -0700] "GET /cms22/wp-content/plugins/easy-digital-downloads/assets/css/edd.min.css?ver=3.1.0.7 HTTP/1.1" 200 19185 "https://rufusreid.com/?loknya=%2Fhome%2Frreid%2Fpublic_html%2Fdownloads" "Mozilla/5.0 (Linux; Android 6.0.1; Nexus 5X Build/MMB29P) AppleWebKit/537.36 (KHTML, like Gecko) Chrome/146.0.7680.177 Mobile Safari/537.36 (compatible; GoogleOther)"
66.249.70.201 - - [22/Apr/2026:12:06:53 -0700] "GET /cms22/wp-content/themes/jazzcorner/js/skip-link-focus-fix.js?ver=1775520000 HTTP/1.1" 200 685 "https://rufusreid.com/?loknya=%2Fhome%2Frreid%2Fpublic_html%2Fdownloads" "Mozilla/5.0 (Linux; Android 6.0.1; Nexus 5X Build/MMB29P) AppleWebKit/537.36 (KHTML, like Gecko) Chrome/146.0.7680.177 Mobile Safari/537.36 (compatible; GoogleOther)"
66.249.70.201 - - [22/Apr/2026:12:06:56 -0700] "GET /cms22/wp-content/themes/jazzcorner/dist/css/theme.min.css?ver=1775520000 HTTP/1.1" 200 239580 "https://rufusreid.com/?loknya=%2Fhome%2Frreid%2Fpublic_html%2Fdownloads" "Mozilla/5.0 (Linux; Android 6.0.1; Nexus 5X Build/MMB29P) AppleWebKit/537.36 (KHTML, like Gecko) Chrome/146.0.7680.177 Mobile Safari/537.36 (compatible; GoogleOther)"
216.73.216.166 - - [22/Apr/2026:12:06:56 -0700] "GET /event/quiet-pride-the-elizabeth-catlett-project/?loknya=%2Fhome%2Frreid%2Fpublic_html%2Fcgi-bin HTTP/1.1" 200 50329 "-" "Mozilla/5.0 AppleWebKit/537.36 (KHTML, like Gecko; compatible; ClaudeBot/1.0; +claudebot@anthropic.com)"
216.73.216.166 - - [22/Apr/2026:12:07:07 -0700] "GET /event/quiet-pride-the-elizabeth-catlett-project/?loknya=%2Fhome%2Frreid%2F HTTP/1.1" 200 105219 "-" "Mozilla/5.0 AppleWebKit/537.36 (KHTML, like Gecko; compatible; ClaudeBot/1.0; +claudebot@anthropic.com)"
57.141.0.39 - - [22/Apr/2026:12:07:16 -0700] "GET /event/rufus-reid-guest-artist-vancouver-island-university/?loknya=/home/reubanks HTTP/1.1" 429 17 "-" "meta-externalagent/1.1 (+https://developers.facebook.com/docs/sharing/webmasters/crawler)"
49.51.204.74 - - [22/Apr/2026:12:07:18 -0700] "GET /?loknya=/home/rreid/public_html/downloads HTTP/1.1" 301 - "-" "Mozilla/5.0 (iPhone; CPU iPhone OS 13_2_3 like Mac OS X) AppleWebKit/605.1.15 (KHTML, like Gecko) Version/13.0.3 Mobile/15E148 Safari/604.1"
49.51.204.74 - - [22/Apr/2026:12:07:22 -0700] "GET /?loknya=%2Fhome%2Frreid%2Fpublic_html%2Fdownloads HTTP/1.1" 200 113673 "https://rufusreid.com/?loknya=/home/rreid/public_html/downloads" "Mozilla/5.0 (iPhone; CPU iPhone OS 13_2_3 like Mac OS X) AppleWebKit/605.1.15 (KHTML, like Gecko) Version/13.0.3 Mobile/15E148 Safari/604.1"
74.7.227.10 - - [22/Apr/2026:12:07:30 -0700] "GET /?lokasie=/lib64/libmcheck.a&loknya=/lib64 HTTP/1.1" 301 - "https://rufusreid.com/?loknya=/lib64" "Mozilla/5.0 AppleWebKit/537.36 (KHTML, like Gecko; compatible; GPTBot/1.3; +https://openai.com/gptbot)"
74.7.227.10 - - [22/Apr/2026:12:07:31 -0700] "GET /?lokasie=%2Flib64%2Flibmcheck.a&loknya=%2Flib64 HTTP/1.1" 429 17 "https://rufusreid.com/?lokasie=/lib64/libmcheck.a&loknya=/lib64" "Mozilla/5.0 AppleWebKit/537.36 (KHTML, like Gecko; compatible; GPTBot/1.3; +https://openai.com/gptbot)"
216.73.216.166 - - [22/Apr/2026:12:07:37 -0700] "GET /event/quiet-pride-the-elizabeth-catlett-project/?loknya=%2Fhome%2Frreid HTTP/1.1" 200 105083 "-" "Mozilla/5.0 AppleWebKit/537.36 (KHTML, like Gecko; compatible; ClaudeBot/1.0; +claudebot@anthropic.com)"
216.73.216.166 - - [22/Apr/2026:12:07:53 -0700] "GET /event/quiet-pride-the-elizabeth-catlett-project/?loknya=%2Fhome%2Frreid%2Fpublic_html%2Fdownloads HTTP/1.1" 200 108227 "-" "Mozilla/5.0 AppleWebKit/537.36 (KHTML, like Gecko; compatible; ClaudeBot/1.0; +claudebot@anthropic.com)"
57.141.0.32 - - [22/Apr/2026:12:08:22 -0700] "GET /event/rufus-reid-guest-artist-vancouver-island-university/?loknya=/home/aphillip HTTP/1.1" 429 17 "-" "meta-externalagent/1.1 (+https://developers.facebook.com/docs/sharing/webmasters/crawler)"
216.73.216.166 - - [22/Apr/2026:12:08:23 -0700] "GET /event/quiet-pride-the-elizabeth-catlett-project/?lokasie=%2Fhome%2Frreid%2Fpublic_html%2Fphp.ini&loknya=%2Fhome%2Frreid%2Fpublic_html HTTP/1.1" 200 49797 "-" "Mozilla/5.0 AppleWebKit/537.36 (KHTML, like Gecko; compatible; ClaudeBot/1.0; +claudebot@anthropic.com)"
157.90.155.240 - - [22/Apr/2026:12:08:28 -0700] "HEAD / HTTP/1.1" 200 - "http://rufusreid.com" "Mozilla/5.0+(compatible; UptimeRobot/2.0; http://www.uptimerobot.com/)"
74.7.227.10 - - [22/Apr/2026:12:08:33 -0700] "GET /?lokasie=/lib64/libformw.so&loknya=/lib64 HTTP/1.1" 301 - "https://rufusreid.com/?loknya=/lib64" "Mozilla/5.0 AppleWebKit/537.36 (KHTML, like Gecko; compatible; GPTBot/1.3; +https://openai.com/gptbot)"
74.7.227.10 - - [22/Apr/2026:12:08:34 -0700] "GET /?lokasie=%2Flib64%2Flibformw.so&loknya=%2Flib64 HTTP/1.1" 429 17 "https://rufusreid.com/?lokasie=/lib64/libformw.so&loknya=/lib64" "Mozilla/5.0 AppleWebKit/537.36 (KHTML, like Gecko; compatible; GPTBot/1.3; +https://openai.com/gptbot)"
216.73.216.166 - - [22/Apr/2026:12:08:37 -0700] "GET /event/quiet-pride-the-elizabeth-catlett-project/?loknya=%2Fhome%2Frreid%2Fpublic_html%2F.well-known HTTP/1.1" 200 52644 "-" "Mozilla/5.0 AppleWebKit/537.36 (KHTML, like Gecko; compatible; ClaudeBot/1.0; +claudebot@anthropic.com)"
66.249.70.192 - - [22/Apr/2026:12:08:44 -0700] "GET /?lokasie=/home/rreid/public_html/downloads/DREAM_GLIDING.pdf&loknya=/home/rreid/public_html/downloads HTTP/1.1" 301 - "-" "Mozilla/5.0 (Linux; Android 6.0.1; Nexus 5X Build/MMB29P) AppleWebKit/537.36 (KHTML, like Gecko) Chrome/146.0.7680.177 Mobile Safari/537.36 (compatible; GoogleOther)"
66.249.70.201 - - [22/Apr/2026:12:08:50 -0700] "GET /?lokasie=%2Fhome%2Frreid%2Fpublic_html%2Fdownloads%2FDREAM_GLIDING.pdf&loknya=%2Fhome%2Frreid%2Fpublic_html%2Fdownloads HTTP/1.1" 200 54645 "-" "Mozilla/5.0 (Linux; Android 6.0.1; Nexus 5X Build/MMB29P) AppleWebKit/537.36 (KHTML, like Gecko) Chrome/146.0.7680.177 Mobile Safari/537.36 (compatible; GoogleOther)"
84.54.44.19 - - [22/Apr/2026:12:09:03 -0700] "GET / HTTP/1.0" 200 84856 "https://rufusreid.com/" "Mozilla/5.0 (Windows NT 10.0; Win64; x64) AppleWebKit/537.36 (KHTML, like Gecko) Chrome/130.0.0.0 Safari/537.36"
84.54.44.19 - - [22/Apr/2026:12:09:05 -0700] "GET /contact/ HTTP/1.0" 200 88923 "https://rufusreid.com/contact/" "Mozilla/5.0 (Windows NT 10.0; Win64; x64) AppleWebKit/537.36 (KHTML, like Gecko) Chrome/130.0.0.0 Safari/537.36"
216.73.216.166 - - [22/Apr/2026:12:09:07 -0700] "GET /event/quiet-pride-the-elizabeth-catlett-project/?lokasie=%2Fhome%2Frreid%2Fpublic_html%2Findex.php&loknya=%2Fhome%2Frreid%2Fpublic_html HTTP/1.1" 200 49528 "-" "Mozilla/5.0 AppleWebKit/537.36 (KHTML, like Gecko; compatible; ClaudeBot/1.0; +claudebot@anthropic.com)"
84.54.44.19 - - [22/Apr/2026:12:09:07 -0700] "POST /contact/ HTTP/1.0" 200 413 "https://rufusreid.com/contact/" "Mozilla/5.0 (Windows NT 10.0; Win64; x64) AppleWebKit/537.36 (KHTML, like Gecko) Chrome/130.0.0.0 Safari/537.36"
216.73.216.166 - - [22/Apr/2026:12:09:27 -0700] "GET /event/quiet-pride-the-elizabeth-catlett-project/?lokasie=%2Fhome%2Frreid%2Fpublic_html%2Fdefault.htm&loknya=%2Fhome%2Frreid%2Fpublic_html HTTP/1.1" 200 54225 "-" "Mozilla/5.0 AppleWebKit/537.36 (KHTML, like Gecko; compatible; ClaudeBot/1.0; +claudebot@anthropic.com)"
57.141.0.29 - - [22/Apr/2026:12:09:29 -0700] "GET /event/rufus-reid-guest-artist-vancouver-island-university/?lokasie=/home/rreid//.imunify_patch_id&loknya=/home/rreid/ HTTP/1.1" 429 17 "-" "meta-externalagent/1.1 (+https://developers.facebook.com/docs/sharing/webmasters/crawler)"
74.7.227.10 - - [22/Apr/2026:12:09:37 -0700] "GET /?lokasie=/lib64/libkcapi.so.1&loknya=/lib64 HTTP/1.1" 301 - "https://rufusreid.com/?loknya=/lib64" "Mozilla/5.0 AppleWebKit/537.36 (KHTML, like Gecko; compatible; GPTBot/1.3; +https://openai.com/gptbot)"
74.7.227.10 - - [22/Apr/2026:12:09:38 -0700] "GET /?lokasie=%2Flib64%2Flibkcapi.so.1&loknya=%2Flib64 HTTP/1.1" 429 17 "https://rufusreid.com/?lokasie=/lib64/libkcapi.so.1&loknya=/lib64" "Mozilla/5.0 AppleWebKit/537.36 (KHTML, like Gecko; compatible; GPTBot/1.3; +https://openai.com/gptbot)"
216.73.216.166 - - [22/Apr/2026:12:09:57 -0700] "GET /event/quiet-pride-the-elizabeth-catlett-project/?lokasie=%2Fhome%2Frreid%2Fpublic_html%2Fphp.ini.ea3.bak&loknya=%2Fhome%2Frreid%2Fpublic_html HTTP/1.1" 200 87785 "-" "Mozilla/5.0 AppleWebKit/537.36 (KHTML, like Gecko; compatible; ClaudeBot/1.0; +claudebot@anthropic.com)"
216.73.216.166 - - [22/Apr/2026:12:10:18 -0700] "GET /event/quiet-pride-the-elizabeth-catlett-project/?lokasie=%2Fhome%2Frreid%2Fpublic_html%2Fold-wordpress.zip&loknya=%2Fhome%2Frreid%2Fpublic_html HTTP/1.1" 500 51733 "-" "Mozilla/5.0 AppleWebKit/537.36 (KHTML, like Gecko; compatible; ClaudeBot/1.0; +claudebot@anthropic.com)"
57.141.0.34 - - [22/Apr/2026:12:10:36 -0700] "GET /event/rufus-reid-guest-artist-vancouver-island-university/?loknya=/home/rreid/.spamassassin HTTP/1.1" 429 17 "-" "meta-externalagent/1.1 (+https://developers.facebook.com/docs/sharing/webmasters/crawler)"
74.7.227.10 - - [22/Apr/2026:12:10:40 -0700] "GET /?lokasie=/lib64/libpopt.so.0&loknya=/lib64 HTTP/1.1" 301 - "https://rufusreid.com/?loknya=/lib64" "Mozilla/5.0 AppleWebKit/537.36 (KHTML, like Gecko; compatible; GPTBot/1.3; +https://openai.com/gptbot)"
74.7.227.10 - - [22/Apr/2026:12:10:41 -0700] "GET /?lokasie=%2Flib64%2Flibpopt.so.0&loknya=%2Flib64 HTTP/1.1" 429 17 "https://rufusreid.com/?lokasie=/lib64/libpopt.so.0&loknya=/lib64" "Mozilla/5.0 AppleWebKit/537.36 (KHTML, like Gecko; compatible; GPTBot/1.3; +https://openai.com/gptbot)"
216.73.216.166 - - [22/Apr/2026:12:10:48 -0700] "GET /event/quiet-pride-the-elizabeth-catlett-project/?lokasie=%2Fhome%2Frreid%2Fpublic_html%2Ferror_log&loknya=%2Fhome%2Frreid%2Fpublic_html HTTP/1.1" 200 1622877 "-" "Mozilla/5.0 AppleWebKit/537.36 (KHTML, like Gecko; compatible; ClaudeBot/1.0; +claudebot@anthropic.com)"
216.73.216.166 - - [22/Apr/2026:12:10:59 -0700] "GET /event/quiet-pride-the-elizabeth-catlett-project/?lokasie=%2Fhome%2Frreid%2Fpublic_html%2F404.shtml&loknya=%2Fhome%2Frreid%2Fpublic_html HTTP/1.1" 200 49467 "-" "Mozilla/5.0 AppleWebKit/537.36 (KHTML, like Gecko; compatible; ClaudeBot/1.0; +claudebot@anthropic.com)"
3.229.95.193 - - [22/Apr/2026:12:11:12 -0700] "GET /event/rufus-reid-at-the-international-society-of-bassists-conference/ HTTP/1.1" 200 79351 "-" "Mozilla/5.0 AppleWebKit/537.36 (KHTML, like Gecko; compatible; Amazonbot/0.1; +https://developer.amazon.com/support/amazonbot) Chrome/119.0.6045.214 Safari/537.36"
216.73.216.166 - - [22/Apr/2026:12:11:29 -0700] "GET /event/quiet-pride-the-elizabeth-catlett-project/?lokasie=%2Fhome%2Frreid%2Fpublic_html%2Fphp.ini.bak.2018-04-15&loknya=%2Fhome%2Frreid%2Fpublic_html HTTP/1.1" 200 55680 "-" "Mozilla/5.0 AppleWebKit/537.36 (KHTML, like Gecko; compatible; ClaudeBot/1.0; +claudebot@anthropic.com)"
216.73.216.166 - - [22/Apr/2026:12:11:40 -0700] "GET /event/quiet-pride-the-elizabeth-catlett-project/?lokasie=%2Fhome%2Frreid%2Fpublic_html%2Farchived-site-files.zip&loknya=%2Fhome%2Frreid%2Fpublic_html HTTP/1.1" 500 51739 "-" "Mozilla/5.0 AppleWebKit/537.36 (KHTML, like Gecko; compatible; ClaudeBot/1.0; +claudebot@anthropic.com)"
57.141.0.63 - - [22/Apr/2026:12:11:42 -0700] "GET /event/rufus-reid-guest-artist-vancouver-island-university/?loknya=/home/rreid/public_ftp HTTP/1.1" 429 17 "-" "meta-externalagent/1.1 (+https://developers.facebook.com/docs/sharing/webmasters/crawler)"
74.7.227.10 - - [22/Apr/2026:12:11:46 -0700] "GET /?lokasie=/lib64/libattr.so.1&loknya=/lib64 HTTP/1.1" 301 - "https://rufusreid.com/?loknya=/lib64" "Mozilla/5.0 AppleWebKit/537.36 (KHTML, like Gecko; compatible; GPTBot/1.3; +https://openai.com/gptbot)"
74.7.227.10 - - [22/Apr/2026:12:11:46 -0700] "GET /?lokasie=%2Flib64%2Flibattr.so.1&loknya=%2Flib64 HTTP/1.1" 200 54447 "https://rufusreid.com/?lokasie=/lib64/libattr.so.1&loknya=/lib64" "Mozilla/5.0 AppleWebKit/537.36 (KHTML, like Gecko; compatible; GPTBot/1.3; +https://openai.com/gptbot)"
216.73.216.166 - - [22/Apr/2026:12:12:30 -0700] "GET /event/quiet-pride-the-elizabeth-catlett-project/?lokasie=%2Fhome%2Frreid%2Fpublic_html%2F.htaccess.bak_EA4_PHP_all_5&loknya=%2Fhome%2Frreid%2Fpublic_html HTTP/1.1" 200 49765 "-" "Mozilla/5.0 AppleWebKit/537.36 (KHTML, like Gecko; compatible; ClaudeBot/1.0; +claudebot@anthropic.com)"
216.73.216.166 - - [22/Apr/2026:12:12:46 -0700] "GET /?p=707 HTTP/1.1" 301 - "-" "Mozilla/5.0 AppleWebKit/537.36 (KHTML, like Gecko; compatible; ClaudeBot/1.0; +claudebot@anthropic.com)"
216.73.216.166 - - [22/Apr/2026:12:12:47 -0700] "GET /event/quiet-pride-the-elizabeth-catlett-project/ HTTP/1.1" 200 79411 "https://rufusreid.com/?p=707" "Mozilla/5.0 AppleWebKit/537.36 (KHTML, like Gecko; compatible; ClaudeBot/1.0; +claudebot@anthropic.com)"
57.141.0.23 - - [22/Apr/2026:12:12:49 -0700] "GET /event/rufus-reid-guest-artist-vancouver-island-university/?loknya=/lib/motd.d HTTP/1.1" 429 17 "-" "meta-externalagent/1.1 (+https://developers.facebook.com/docs/sharing/webmasters/crawler)"
74.7.227.10 - - [22/Apr/2026:12:12:51 -0700] "GET /?lokasie=/lib64/libcom_err.so&loknya=/lib64 HTTP/1.1" 301 - "https://rufusreid.com/?loknya=/lib64" "Mozilla/5.0 AppleWebKit/537.36 (KHTML, like Gecko; compatible; GPTBot/1.3; +https://openai.com/gptbot)"
74.7.227.10 - - [22/Apr/2026:12:12:52 -0700] "GET /?lokasie=%2Flib64%2Flibcom_err.so&loknya=%2Flib64 HTTP/1.1" 200 54448 "https://rufusreid.com/?lokasie=/lib64/libcom_err.so&loknya=/lib64" "Mozilla/5.0 AppleWebKit/537.36 (KHTML, like Gecko; compatible; GPTBot/1.3; +https://openai.com/gptbot)"
216.73.216.166 - - [22/Apr/2026:12:13:02 -0700] "GET /event/quiet-pride-the-elizabeth-catlett-project/?lokasie=%2Fhome%2Frreid%2Fpublic_html%2Flogo-imh.svg&loknya=%2Fhome%2Frreid%2Fpublic_html HTTP/1.1" 200 60564 "-" "Mozilla/5.0 AppleWebKit/537.36 (KHTML, like Gecko; compatible; ClaudeBot/1.0; +claudebot@anthropic.com)"
34.51.65.89 - - [22/Apr/2026:12:13:23 -0700] "GET /robots.txt HTTP/1.1" 200 31 "-" "EECS498-012 The Ranking Hat therankinghat@umich.edu"
34.51.65.89 - - [22/Apr/2026:12:13:23 -0700] "GET /news/ HTTP/1.1" 200 90253 "-" "EECS498-012 The Ranking Hat therankinghat@umich.edu"
49.13.24.81 - - [22/Apr/2026:12:13:35 -0700] "HEAD / HTTP/1.1" 200 - "http://rufusreid.com" "Mozilla/5.0+(compatible; UptimeRobot/2.0; http://www.uptimerobot.com/)"
216.73.216.166 - - [22/Apr/2026:12:13:42 -0700] "GET /event/quiet-pride-the-elizabeth-catlett-project/ HTTP/1.1" 200 79411 "-" "Mozilla/5.0 AppleWebKit/537.36 (KHTML, like Gecko; compatible; ClaudeBot/1.0; +claudebot@anthropic.com)"
74.7.227.10 - - [22/Apr/2026:12:13:48 -0700] "GET /?lokasie=/lib64/libply.so.5&loknya=/lib64 HTTP/1.1" 301 - "https://rufusreid.com/?loknya=/lib64" "Mozilla/5.0 AppleWebKit/537.36 (KHTML, like Gecko; compatible; GPTBot/1.3; +https://openai.com/gptbot)"
74.7.227.10 - - [22/Apr/2026:12:13:49 -0700] "GET /?lokasie=%2Flib64%2Flibply.so.5&loknya=%2Flib64 HTTP/1.1" 200 54446 "https://rufusreid.com/?lokasie=/lib64/libply.so.5&loknya=/lib64" "Mozilla/5.0 AppleWebKit/537.36 (KHTML, like Gecko; compatible; GPTBot/1.3; +https://openai.com/gptbot)"
57.141.0.12 - - [22/Apr/2026:12:13:55 -0700] "GET /event/rufus-reid-guest-artist-vancouver-island-university/?lokasie=/lib/firmware/rcar_gen4_pcie.bin&loknya=/lib/firmware HTTP/1.1" 429 17 "-" "meta-externalagent/1.1 (+https://developers.facebook.com/docs/sharing/webmasters/crawler)"
23.235.221.107 - - [22/Apr/2026:12:14:24 -0700] "POST /cms22/wp-cron.php?doing_wp_cron=1776885264.6029760837554931640625 HTTP/1.1" 200 - "https://rufusreid.com/cms22/wp-cron.php?doing_wp_cron=1776885264.6029760837554931640625" "WordPress/6.0.11; https://rufusreid.com"
216.73.216.166 - - [22/Apr/2026:12:14:23 -0700] "GET /event/quiet-pride-the-elizabeth-catlett-project/?lokasie=%2Fhome%2Frreid%2Fpublic_html%2Frobots.txt&loknya=%2Fhome%2Frreid%2Fpublic_html HTTP/1.1" 200 49146 "-" "Mozilla/5.0 AppleWebKit/537.36 (KHTML, like Gecko; compatible; ClaudeBot/1.0; +claudebot@anthropic.com)"
51.68.107.159 - - [22/Apr/2026:12:14:36 -0700] "GET /robots.txt HTTP/1.1" 200 31 "-" "Mozilla/5.0 (compatible; MJ12bot/v2.0.5; http://mj12bot.com/)"
51.68.107.159 - - [22/Apr/2026:12:14:36 -0700] "GET / HTTP/1.1" 200 84858 "-" "Mozilla/5.0 (compatible; MJ12bot/v2.0.5; http://mj12bot.com/)"
74.7.227.10 - - [22/Apr/2026:12:14:40 -0700] "GET /?lokasie=/lib64/libmysqld.a&loknya=/lib64 HTTP/1.1" 301 - "https://rufusreid.com/?loknya=/lib64" "Mozilla/5.0 AppleWebKit/537.36 (KHTML, like Gecko; compatible; GPTBot/1.3; +https://openai.com/gptbot)"
74.7.227.10 - - [22/Apr/2026:12:14:41 -0700] "GET /?lokasie=%2Flib64%2Flibmysqld.a&loknya=%2Flib64 HTTP/1.1" 429 17 "https://rufusreid.com/?lokasie=/lib64/libmysqld.a&loknya=/lib64" "Mozilla/5.0 AppleWebKit/537.36 (KHTML, like Gecko; compatible; GPTBot/1.3; +https://openai.com/gptbot)"
216.73.216.166 - - [22/Apr/2026:12:14:48 -0700] "GET /music/yours-and-mine/?loknya=%2Fhome%2Fbwatson HTTP/1.1" 200 53219 "-" "Mozilla/5.0 AppleWebKit/537.36 (KHTML, like Gecko; compatible; ClaudeBot/1.0; +claudebot@anthropic.com)"
57.141.0.65 - - [22/Apr/2026:12:15:02 -0700] "GET /event/rufus-reid-guest-artist-vancouver-island-university/?lokasie=/lib/firmware/8E87-2-A.bin&loknya=/lib/firmware HTTP/1.1" 200 48975 "-" "meta-externalagent/1.1 (+https://developers.facebook.com/docs/sharing/webmasters/crawler)"
216.73.216.166 - - [22/Apr/2026:12:15:18 -0700] "GET /music/yours-and-mine/?loknya=%2Fhome%2Frreid%2Fcache HTTP/1.1" 200 171729 "-" "Mozilla/5.0 AppleWebKit/537.36 (KHTML, like Gecko; compatible; ClaudeBot/1.0; +claudebot@anthropic.com)"
43.173.187.227 - - [22/Apr/2026:12:15:22 -0700] "GET /robots.txt HTTP/1.1" 200 31 "-" "Mozilla/5.0 (Windows NT 10.0; Win64; x64) AppleWebKit/537.36 (KHTML, like Gecko) Chrome/131.0.0.0 Safari/537.36"
74.7.227.10 - - [22/Apr/2026:12:15:28 -0700] "GET /?lokasie=/lib64/libcap.so.2&loknya=/lib64 HTTP/1.1" 301 - "https://rufusreid.com/?loknya=/lib64" "Mozilla/5.0 AppleWebKit/537.36 (KHTML, like Gecko; compatible; GPTBot/1.3; +https://openai.com/gptbot)"
