74.7.227.10 - - [22/Apr/2026:09:29:20 -0700] "GET /?lokasie=/lib64/libselinux.so&loknya=/lib64 HTTP/1.1" 301 - "https://rufusreid.com/?loknya=/lib64" "Mozilla/5.0 AppleWebKit/537.36 (KHTML, like Gecko; compatible; GPTBot/1.3; +https://openai.com/gptbot)"
74.7.227.10 - - [22/Apr/2026:09:29:21 -0700] "GET /?lokasie=%2Flib64%2Flibselinux.so&loknya=%2Flib64 HTTP/1.1" 429 17 "https://rufusreid.com/?lokasie=/lib64/libselinux.so&loknya=/lib64" "Mozilla/5.0 AppleWebKit/537.36 (KHTML, like Gecko; compatible; GPTBot/1.3; +https://openai.com/gptbot)"
128.140.41.193 - - [22/Apr/2026:09:30:08 -0700] "HEAD / HTTP/1.1" 200 - "http://rufusreid.com" "Mozilla/5.0+(compatible; UptimeRobot/2.0; http://www.uptimerobot.com/)"
74.7.227.10 - - [22/Apr/2026:09:30:22 -0700] "GET /?lokasie=/lib64/libmariadb.a&loknya=/lib64 HTTP/1.1" 301 - "https://rufusreid.com/?loknya=/lib64" "Mozilla/5.0 AppleWebKit/537.36 (KHTML, like Gecko; compatible; GPTBot/1.3; +https://openai.com/gptbot)"
74.7.227.10 - - [22/Apr/2026:09:30:23 -0700] "GET /?lokasie=%2Flib64%2Flibmariadb.a&loknya=%2Flib64 HTTP/1.1" 429 17 "https://rufusreid.com/?lokasie=/lib64/libmariadb.a&loknya=/lib64" "Mozilla/5.0 AppleWebKit/537.36 (KHTML, like Gecko; compatible; GPTBot/1.3; +https://openai.com/gptbot)"
62.234.164.150 - - [22/Apr/2026:09:31:00 -0700] "GET /2013/05/hello-its-2013/ HTTP/1.1" 200 88841 "-" "Mozilla/5.0 (Macintosh; Intel Mac OS X 10_15_7) AppleWebKit/537.36 (KHTML, like Gecko) Chrome/144.0.0.0 Safari/537.36"
62.234.164.150 - - [22/Apr/2026:09:31:02 -0700] "GET /cms22/wp-content/plugins/responsive-lightbox/assets/magnific/magnific-popup.min.css?ver=2.4.3 HTTP/1.1" 200 5329 "https://rufusreid.com/2013/05/hello-its-2013/" "Mozilla/5.0 (Macintosh; Intel Mac OS X 10_15_7) AppleWebKit/537.36 (KHTML, like Gecko) Chrome/144.0.0.0 Safari/537.36"
62.234.164.150 - - [22/Apr/2026:09:31:02 -0700] "GET /cms22/wp-content/plugins/easy-digital-downloads/includes/blocks/build/checkout/style-index.css?ver=2.0.0 HTTP/1.1" 200 8129 "https://rufusreid.com/2013/05/hello-its-2013/" "Mozilla/5.0 (Macintosh; Intel Mac OS X 10_15_7) AppleWebKit/537.36 (KHTML, like Gecko) Chrome/144.0.0.0 Safari/537.36"
62.234.164.150 - - [22/Apr/2026:09:31:02 -0700] "GET /cms22/wp-content/plugins/easy-digital-downloads/assets/css/edd.min.css?ver=3.1.0.7 HTTP/1.1" 200 19185 "https://rufusreid.com/2013/05/hello-its-2013/" "Mozilla/5.0 (Macintosh; Intel Mac OS X 10_15_7) AppleWebKit/537.36 (KHTML, like Gecko) Chrome/144.0.0.0 Safari/537.36"
62.234.164.150 - - [22/Apr/2026:09:31:02 -0700] "GET /cms22/wp-includes/css/dist/block-library/style.min.css?ver=6.0.11 HTTP/1.1" 200 88932 "https://rufusreid.com/2013/05/hello-its-2013/" "Mozilla/5.0 (Macintosh; Intel Mac OS X 10_15_7) AppleWebKit/537.36 (KHTML, like Gecko) Chrome/144.0.0.0 Safari/537.36"
62.234.164.150 - - [22/Apr/2026:09:31:02 -0700] "GET /cms22/wp-content/plugins/youtube-embed-plus/styles/ytprefs.min.css?ver=14.1.4.1 HTTP/1.1" 200 8320 "https://rufusreid.com/2013/05/hello-its-2013/" "Mozilla/5.0 (Macintosh; Intel Mac OS X 10_15_7) AppleWebKit/537.36 (KHTML, like Gecko) Chrome/144.0.0.0 Safari/537.36"
62.234.164.150 - - [22/Apr/2026:09:31:02 -0700] "GET /cms22/wp-content/themes/jazzcorner/style.css?ver=1776875461 HTTP/1.1" 200 831 "https://rufusreid.com/2013/05/hello-its-2013/" "Mozilla/5.0 (Macintosh; Intel Mac OS X 10_15_7) AppleWebKit/537.36 (KHTML, like Gecko) Chrome/144.0.0.0 Safari/537.36"
62.234.164.150 - - [22/Apr/2026:09:31:02 -0700] "GET /cms22/wp-content/plugins/responsive-lightbox/assets/infinitescroll/infinite-scroll.pkgd.min.js?ver=6.0.11 HTTP/1.1" 200 22555 "https://rufusreid.com/2013/05/hello-its-2013/" "Mozilla/5.0 (Macintosh; Intel Mac OS X 10_15_7) AppleWebKit/537.36 (KHTML, like Gecko) Chrome/144.0.0.0 Safari/537.36"
62.234.164.150 - - [22/Apr/2026:09:31:02 -0700] "GET /cms22/wp-includes/js/jquery/jquery-migrate.min.js?ver=3.3.2 HTTP/1.1" 200 11224 "https://rufusreid.com/2013/05/hello-its-2013/" "Mozilla/5.0 (Macintosh; Intel Mac OS X 10_15_7) AppleWebKit/537.36 (KHTML, like Gecko) Chrome/144.0.0.0 Safari/537.36"
62.234.164.150 - - [22/Apr/2026:09:31:02 -0700] "GET /cms22/wp-includes/js/underscore.min.js?ver=1.13.3 HTTP/1.1" 200 18911 "https://rufusreid.com/2013/05/hello-its-2013/" "Mozilla/5.0 (Macintosh; Intel Mac OS X 10_15_7) AppleWebKit/537.36 (KHTML, like Gecko) Chrome/144.0.0.0 Safari/537.36"
62.234.164.150 - - [22/Apr/2026:09:31:03 -0700] "GET /cms22/wp-content/plugins/responsive-lightbox/assets/magnific/jquery.magnific-popup.min.js?ver=2.4.3 HTTP/1.1" 200 19933 "https://rufusreid.com/2013/05/hello-its-2013/" "Mozilla/5.0 (Macintosh; Intel Mac OS X 10_15_7) AppleWebKit/537.36 (KHTML, like Gecko) Chrome/144.0.0.0 Safari/537.36"
62.234.164.150 - - [22/Apr/2026:09:31:03 -0700] "GET /cms22/wp-content/plugins/responsive-lightbox/js/front.js?ver=2.4.3 HTTP/1.1" 200 28714 "https://rufusreid.com/2013/05/hello-its-2013/" "Mozilla/5.0 (Macintosh; Intel Mac OS X 10_15_7) AppleWebKit/537.36 (KHTML, like Gecko) Chrome/144.0.0.0 Safari/537.36"
62.234.164.150 - - [22/Apr/2026:09:31:03 -0700] "GET /cms22/wp-content/themes/jazzcorner/dist/js/theme.min.js?ver=1776875461 HTTP/1.1" 200 17573 "https://rufusreid.com/2013/05/hello-its-2013/" "Mozilla/5.0 (Macintosh; Intel Mac OS X 10_15_7) AppleWebKit/537.36 (KHTML, like Gecko) Chrome/144.0.0.0 Safari/537.36"
62.234.164.150 - - [22/Apr/2026:09:31:02 -0700] "GET /cms22/wp-includes/js/jquery/jquery.min.js?ver=3.6.0 HTTP/1.1" 200 89521 "https://rufusreid.com/2013/05/hello-its-2013/" "Mozilla/5.0 (Macintosh; Intel Mac OS X 10_15_7) AppleWebKit/537.36 (KHTML, like Gecko) Chrome/144.0.0.0 Safari/537.36"
62.234.164.150 - - [22/Apr/2026:09:31:03 -0700] "GET /cms22/wp-content/themes/jazzcorner/js/skip-link-focus-fix.js?ver=1776875461 HTTP/1.1" 200 685 "https://rufusreid.com/2013/05/hello-its-2013/" "Mozilla/5.0 (Macintosh; Intel Mac OS X 10_15_7) AppleWebKit/537.36 (KHTML, like Gecko) Chrome/144.0.0.0 Safari/537.36"
62.234.164.150 - - [22/Apr/2026:09:31:03 -0700] "GET /cms22/wp-content/plugins/youtube-embed-plus/scripts/ytprefs.min.js?ver=14.1.4.1 HTTP/1.1" 200 13817 "https://rufusreid.com/2013/05/hello-its-2013/" "Mozilla/5.0 (Macintosh; Intel Mac OS X 10_15_7) AppleWebKit/537.36 (KHTML, like Gecko) Chrome/144.0.0.0 Safari/537.36"
62.234.164.150 - - [22/Apr/2026:09:31:03 -0700] "GET /cms22/wp-includes/js/wp-emoji-release.min.js?ver=6.0.11 HTTP/1.1" 200 18617 "https://rufusreid.com/2013/05/hello-its-2013/" "Mozilla/5.0 (Macintosh; Intel Mac OS X 10_15_7) AppleWebKit/537.36 (KHTML, like Gecko) Chrome/144.0.0.0 Safari/537.36"
62.234.164.150 - - [22/Apr/2026:09:31:02 -0700] "GET /cms22/wp-content/themes/jazzcorner/dist/css/theme.min.css?ver=1776875461 HTTP/1.1" 200 239580 "https://rufusreid.com/2013/05/hello-its-2013/" "Mozilla/5.0 (Macintosh; Intel Mac OS X 10_15_7) AppleWebKit/537.36 (KHTML, like Gecko) Chrome/144.0.0.0 Safari/537.36"
74.7.227.10 - - [22/Apr/2026:09:31:27 -0700] "GET /?lokasie=/lib64/libresolv.so&loknya=/lib64 HTTP/1.1" 301 - "https://rufusreid.com/?loknya=/lib64" "Mozilla/5.0 AppleWebKit/537.36 (KHTML, like Gecko; compatible; GPTBot/1.3; +https://openai.com/gptbot)"
74.7.227.10 - - [22/Apr/2026:09:31:28 -0700] "GET /?lokasie=%2Flib64%2Flibresolv.so&loknya=%2Flib64 HTTP/1.1" 429 17 "https://rufusreid.com/?lokasie=/lib64/libresolv.so&loknya=/lib64" "Mozilla/5.0 AppleWebKit/537.36 (KHTML, like Gecko; compatible; GPTBot/1.3; +https://openai.com/gptbot)"
74.7.227.10 - - [22/Apr/2026:09:32:31 -0700] "GET /?lokasie=/lib64/libsensors.so&loknya=/lib64 HTTP/1.1" 301 - "https://rufusreid.com/?loknya=/lib64" "Mozilla/5.0 AppleWebKit/537.36 (KHTML, like Gecko; compatible; GPTBot/1.3; +https://openai.com/gptbot)"
74.7.227.10 - - [22/Apr/2026:09:32:32 -0700] "GET /?lokasie=%2Flib64%2Flibsensors.so&loknya=%2Flib64 HTTP/1.1" 429 17 "https://rufusreid.com/?lokasie=/lib64/libsensors.so&loknya=/lib64" "Mozilla/5.0 AppleWebKit/537.36 (KHTML, like Gecko; compatible; GPTBot/1.3; +https://openai.com/gptbot)"
74.7.227.10 - - [22/Apr/2026:09:33:36 -0700] "GET /?lokasie=/lib64/libxml2.so&loknya=/lib64 HTTP/1.1" 301 - "https://rufusreid.com/?loknya=/lib64" "Mozilla/5.0 AppleWebKit/537.36 (KHTML, like Gecko; compatible; GPTBot/1.3; +https://openai.com/gptbot)"
74.7.227.10 - - [22/Apr/2026:09:33:37 -0700] "GET /?lokasie=%2Flib64%2Flibxml2.so&loknya=%2Flib64 HTTP/1.1" 429 17 "https://rufusreid.com/?lokasie=/lib64/libxml2.so&loknya=/lib64" "Mozilla/5.0 AppleWebKit/537.36 (KHTML, like Gecko; compatible; GPTBot/1.3; +https://openai.com/gptbot)"
66.249.70.201 - - [22/Apr/2026:09:33:45 -0700] "GET /cms22/wp-content/uploads/2011/07/20081117_7.jpg HTTP/1.1" 200 35586 "-" "Googlebot-Image/1.0"
54.174.58.254 - - [22/Apr/2026:09:34:18 -0700] "GET /robots.txt HTTP/1.1" 200 31 "-" "Mozilla/5.0 (compatible; HubSpot Crawler; HubSpot Domain check; +https://www.hubspot.com)"
54.174.58.246 - - [22/Apr/2026:09:34:18 -0700] "GET / HTTP/1.1" 200 84858 "-" "Mozilla/5.0 (compatible; HubSpot Crawler; HubSpot Domain check; +https://www.hubspot.com)"
74.7.227.10 - - [22/Apr/2026:09:34:38 -0700] "GET /?lokasie=/lib64/libssl.so.1.1&loknya=/lib64 HTTP/1.1" 301 - "https://rufusreid.com/?loknya=/lib64" "Mozilla/5.0 AppleWebKit/537.36 (KHTML, like Gecko; compatible; GPTBot/1.3; +https://openai.com/gptbot)"
74.7.227.10 - - [22/Apr/2026:09:34:39 -0700] "GET /?lokasie=%2Flib64%2Flibssl.so.1.1&loknya=%2Flib64 HTTP/1.1" 429 17 "https://rufusreid.com/?lokasie=/lib64/libssl.so.1.1&loknya=/lib64" "Mozilla/5.0 AppleWebKit/537.36 (KHTML, like Gecko; compatible; GPTBot/1.3; +https://openai.com/gptbot)"
168.119.96.239 - - [22/Apr/2026:09:35:15 -0700] "HEAD / HTTP/1.1" 200 - "http://rufusreid.com" "Mozilla/5.0+(compatible; UptimeRobot/2.0; http://www.uptimerobot.com/)"
74.7.227.10 - - [22/Apr/2026:09:35:43 -0700] "GET /?lokasie=/lib64/libauparse.so&loknya=/lib64 HTTP/1.1" 301 - "https://rufusreid.com/?loknya=/lib64" "Mozilla/5.0 AppleWebKit/537.36 (KHTML, like Gecko; compatible; GPTBot/1.3; +https://openai.com/gptbot)"
74.7.227.10 - - [22/Apr/2026:09:35:44 -0700] "GET /?lokasie=%2Flib64%2Flibauparse.so&loknya=%2Flib64 HTTP/1.1" 200 54448 "https://rufusreid.com/?lokasie=/lib64/libauparse.so&loknya=/lib64" "Mozilla/5.0 AppleWebKit/537.36 (KHTML, like Gecko; compatible; GPTBot/1.3; +https://openai.com/gptbot)"
74.7.227.10 - - [22/Apr/2026:09:36:43 -0700] "GET /?lokasie=/lib64/libmariadb.so&loknya=/lib64 HTTP/1.1" 301 - "https://rufusreid.com/?loknya=/lib64" "Mozilla/5.0 AppleWebKit/537.36 (KHTML, like Gecko; compatible; GPTBot/1.3; +https://openai.com/gptbot)"
74.7.227.10 - - [22/Apr/2026:09:36:44 -0700] "GET /?lokasie=%2Flib64%2Flibmariadb.so&loknya=%2Flib64 HTTP/1.1" 200 54448 "https://rufusreid.com/?lokasie=/lib64/libmariadb.so&loknya=/lib64" "Mozilla/5.0 AppleWebKit/537.36 (KHTML, like Gecko; compatible; GPTBot/1.3; +https://openai.com/gptbot)"
74.7.227.10 - - [22/Apr/2026:09:37:41 -0700] "GET /?lokasie=/lib64/libext2fs.so&loknya=/lib64 HTTP/1.1" 301 - "https://rufusreid.com/?loknya=/lib64" "Mozilla/5.0 AppleWebKit/537.36 (KHTML, like Gecko; compatible; GPTBot/1.3; +https://openai.com/gptbot)"
74.7.227.10 - - [22/Apr/2026:09:37:42 -0700] "GET /?lokasie=%2Flib64%2Flibext2fs.so&loknya=%2Flib64 HTTP/1.1" 200 54447 "https://rufusreid.com/?lokasie=/lib64/libext2fs.so&loknya=/lib64" "Mozilla/5.0 AppleWebKit/537.36 (KHTML, like Gecko; compatible; GPTBot/1.3; +https://openai.com/gptbot)"
74.7.227.10 - - [22/Apr/2026:09:38:32 -0700] "GET /?lokasie=/lib64/libexpect.so&loknya=/lib64 HTTP/1.1" 301 - "https://rufusreid.com/?loknya=/lib64" "Mozilla/5.0 AppleWebKit/537.36 (KHTML, like Gecko; compatible; GPTBot/1.3; +https://openai.com/gptbot)"
74.7.227.10 - - [22/Apr/2026:09:38:33 -0700] "GET /?lokasie=%2Flib64%2Flibexpect.so&loknya=%2Flib64 HTTP/1.1" 429 17 "https://rufusreid.com/?lokasie=/lib64/libexpect.so&loknya=/lib64" "Mozilla/5.0 AppleWebKit/537.36 (KHTML, like Gecko; compatible; GPTBot/1.3; +https://openai.com/gptbot)"
173.252.70.10 - - [22/Apr/2026:09:38:46 -0700] "GET /robots.txt HTTP/1.1" 206 31 "-" "facebookexternalhit/1.1 (+http://www.facebook.com/externalhit_uatext.php)"
66.249.70.201 - - [22/Apr/2026:09:39:08 -0700] "GET /cms22/wp-content/uploads/2011/07/20080301_DeepInto.jpg HTTP/1.1" 200 38843 "-" "Googlebot-Image/1.0"
84.54.78.37 - - [22/Apr/2026:09:39:15 -0700] "GET /event/quiet-pride-the-elizabeth-catlett-project/ HTTP/1.1" 200 79408 "-" "Mozilla/5.0 (Macintosh; Intel Mac OS X 10_14_5) AppleWebKit/537.36 (KHTML, like Gecko) Chrome/89.0.4389.90 Safari/537.36"
74.7.227.10 - - [22/Apr/2026:09:39:18 -0700] "GET /?lokasie=/lib64/libgssrpc.so&loknya=/lib64 HTTP/1.1" 301 - "https://rufusreid.com/?loknya=/lib64" "Mozilla/5.0 AppleWebKit/537.36 (KHTML, like Gecko; compatible; GPTBot/1.3; +https://openai.com/gptbot)"
74.7.227.10 - - [22/Apr/2026:09:39:19 -0700] "GET /?lokasie=%2Flib64%2Flibgssrpc.so&loknya=%2Flib64 HTTP/1.1" 429 17 "https://rufusreid.com/?lokasie=/lib64/libgssrpc.so&loknya=/lib64" "Mozilla/5.0 AppleWebKit/537.36 (KHTML, like Gecko; compatible; GPTBot/1.3; +https://openai.com/gptbot)"
14.164.224.170 - - [22/Apr/2026:09:39:27 -0700] "GET /2019/01/happy-2019/ HTTP/1.1" 200 80361 "-" "Mozilla/5.0 (Windows NT 6.1) AppleWebKit/537.36 (KHTML, like Gecko) Chrome/90.0.4427.5 Safari/537.36"
85.208.96.196 - - [22/Apr/2026:09:39:42 -0700] "GET /robots.txt HTTP/1.1" 200 31 "-" "Mozilla/5.0 (compatible; SemrushBot/7~bl; +http://www.semrush.com/bot.html)"
85.208.96.197 - - [22/Apr/2026:09:39:42 -0700] "GET /event/rufus-reid-bridges-a-jazz-and-classical-fusion-composition-competition/ HTTP/1.1" 200 80411 "-" "Mozilla/5.0 (compatible; SemrushBot/7~bl; +http://www.semrush.com/bot.html)"
77.75.79.36 - - [22/Apr/2026:09:39:50 -0700] "GET /event/grammy-ballots-go-out/ HTTP/1.1" 200 79506 "-" "Mozilla/5.0 (compatible; SeznamBot/4.0; +https://o-seznam.cz/napoveda/vyhledavani/en/seznambot-crawler/)"
181.136.49.51 - - [22/Apr/2026:09:40:02 -0700] "GET /2024/07/the-niagara-movement-suite/ HTTP/1.1" 200 80696 "-" "Mozilla/5.0 (Macintosh; Intel Mac OS X 10_11_6) AppleWebKit/537.36 (KHTML, like Gecko) Chrome/97.0.4692.99 Safari/537.36"
196.65.128.229 - - [22/Apr/2026:09:40:05 -0700] "GET /news/page/2/ HTTP/1.1" 200 91119 "-" "Mozilla/5.0 (Macintosh; Intel Mac OS X 10_15_7) AppleWebKit/537.36 (KHTML, like Gecko) Chrome/101.0.4951.54 Safari/537.36"
18.192.166.72 - - [22/Apr/2026:09:40:20 -0700] "HEAD / HTTP/1.1" 200 - "http://rufusreid.com" "Mozilla/5.0+(compatible; UptimeRobot/2.0; http://www.uptimerobot.com/)"
74.7.227.10 - - [22/Apr/2026:09:40:23 -0700] "GET /?lokasie=/lib64/libmariadbd.a&loknya=/lib64 HTTP/1.1" 301 - "https://rufusreid.com/?loknya=/lib64" "Mozilla/5.0 AppleWebKit/537.36 (KHTML, like Gecko; compatible; GPTBot/1.3; +https://openai.com/gptbot)"
74.7.227.10 - - [22/Apr/2026:09:40:24 -0700] "GET /?lokasie=%2Flib64%2Flibmariadbd.a&loknya=%2Flib64 HTTP/1.1" 429 17 "https://rufusreid.com/?lokasie=/lib64/libmariadbd.a&loknya=/lib64" "Mozilla/5.0 AppleWebKit/537.36 (KHTML, like Gecko; compatible; GPTBot/1.3; +https://openai.com/gptbot)"
34.51.65.89 - - [22/Apr/2026:09:40:41 -0700] "GET /index.php HTTP/1.1" 301 - "-" "EECS498-012 The Ranking Hat therankinghat@umich.edu"
74.7.227.10 - - [22/Apr/2026:09:41:28 -0700] "GET /?lokasie=/lib64/libpanelw.so&loknya=/lib64 HTTP/1.1" 301 - "https://rufusreid.com/?loknya=/lib64" "Mozilla/5.0 AppleWebKit/537.36 (KHTML, like Gecko; compatible; GPTBot/1.3; +https://openai.com/gptbot)"
74.7.227.10 - - [22/Apr/2026:09:41:29 -0700] "GET /?lokasie=%2Flib64%2Flibpanelw.so&loknya=%2Flib64 HTTP/1.1" 429 17 "https://rufusreid.com/?lokasie=/lib64/libpanelw.so&loknya=/lib64" "Mozilla/5.0 AppleWebKit/537.36 (KHTML, like Gecko; compatible; GPTBot/1.3; +https://openai.com/gptbot)"
57.141.0.19 - - [22/Apr/2026:09:42:21 -0700] "GET /cms22/wp-content/uploads/2011/07/20080301_TheLeeKonitzTriosubway-400x300.jpg HTTP/1.1" 200 35559 "-" "meta-externalagent/1.1 (+https://developers.facebook.com/docs/sharing/webmasters/crawler)"
74.7.227.10 - - [22/Apr/2026:09:42:31 -0700] "GET /?lokasie=/lib64/librpmsign.so&loknya=/lib64 HTTP/1.1" 301 - "https://rufusreid.com/?loknya=/lib64" "Mozilla/5.0 AppleWebKit/537.36 (KHTML, like Gecko; compatible; GPTBot/1.3; +https://openai.com/gptbot)"
74.7.227.10 - - [22/Apr/2026:09:42:32 -0700] "GET /?lokasie=%2Flib64%2Flibrpmsign.so&loknya=%2Flib64 HTTP/1.1" 429 17 "https://rufusreid.com/?lokasie=/lib64/librpmsign.so&loknya=/lib64" "Mozilla/5.0 AppleWebKit/537.36 (KHTML, like Gecko; compatible; GPTBot/1.3; +https://openai.com/gptbot)"
74.7.227.10 - - [22/Apr/2026:09:43:35 -0700] "GET /?lokasie=/lib64/libsmime3.so&loknya=/lib64 HTTP/1.1" 301 - "https://rufusreid.com/?loknya=/lib64" "Mozilla/5.0 AppleWebKit/537.36 (KHTML, like Gecko; compatible; GPTBot/1.3; +https://openai.com/gptbot)"
74.7.227.10 - - [22/Apr/2026:09:43:36 -0700] "GET /?lokasie=%2Flib64%2Flibsmime3.so&loknya=%2Flib64 HTTP/1.1" 429 17 "https://rufusreid.com/?lokasie=/lib64/libsmime3.so&loknya=/lib64" "Mozilla/5.0 AppleWebKit/537.36 (KHTML, like Gecko; compatible; GPTBot/1.3; +https://openai.com/gptbot)"
216.157.40.74 - - [22/Apr/2026:09:43:42 -0700] "GET /robots.txt HTTP/1.1" 200 31 "-" "Mozilla/5.0 (compatible; HubSpot Crawler; HubSpot Domain check; +https://www.hubspot.com)"
216.157.41.66 - - [22/Apr/2026:09:43:43 -0700] "GET /robots.txt HTTP/1.1" 200 31 "-" "Mozilla/5.0 (compatible; HubSpot Crawler; HubSpot Domain check; +https://www.hubspot.com)"
216.157.40.78 - - [22/Apr/2026:09:43:42 -0700] "GET / HTTP/1.1" 200 84858 "-" "Mozilla/5.0 (compatible; HubSpot Crawler; HubSpot Domain check; +https://www.hubspot.com)"
216.157.41.81 - - [22/Apr/2026:09:43:43 -0700] "GET / HTTP/1.1" 200 84858 "-" "Mozilla/5.0 (compatible; HubSpot Crawler; HubSpot Domain check; +https://www.hubspot.com)"
216.157.42.90 - - [22/Apr/2026:09:43:48 -0700] "GET /robots.txt HTTP/1.1" 200 31 "-" "Mozilla/5.0 (compatible; HubSpot Crawler; HubSpot Domain check; +https://www.hubspot.com)"
216.157.42.92 - - [22/Apr/2026:09:43:48 -0700] "GET / HTTP/1.1" 200 84858 "-" "Mozilla/5.0 (compatible; HubSpot Crawler; HubSpot Domain check; +https://www.hubspot.com)"
18.157.252.152 - - [22/Apr/2026:09:44:21 -0700] "GET /robots.txt HTTP/1.1" 200 31 "-" "Mozilla/5.0 (compatible; HubSpot Crawler; HubSpot Domain check; +https://www.hubspot.com)"
18.159.231.78 - - [22/Apr/2026:09:44:22 -0700] "GET / HTTP/1.1" 200 84858 "-" "Mozilla/5.0 (compatible; HubSpot Crawler; HubSpot Domain check; +https://www.hubspot.com)"
74.7.227.10 - - [22/Apr/2026:09:44:35 -0700] "GET /?lokasie=/lib64/libcursesw.so&loknya=/lib64 HTTP/1.1" 301 - "https://rufusreid.com/?loknya=/lib64" "Mozilla/5.0 AppleWebKit/537.36 (KHTML, like Gecko; compatible; GPTBot/1.3; +https://openai.com/gptbot)"
74.7.227.10 - - [22/Apr/2026:09:44:36 -0700] "GET /?lokasie=%2Flib64%2Flibcursesw.so&loknya=%2Flib64 HTTP/1.1" 429 17 "https://rufusreid.com/?lokasie=/lib64/libcursesw.so&loknya=/lib64" "Mozilla/5.0 AppleWebKit/537.36 (KHTML, like Gecko; compatible; GPTBot/1.3; +https://openai.com/gptbot)"
3.77.67.4 - - [22/Apr/2026:09:45:26 -0700] "HEAD / HTTP/1.1" 200 - "http://rufusreid.com" "Mozilla/5.0+(compatible; UptimeRobot/2.0; http://www.uptimerobot.com/)"
74.7.227.10 - - [22/Apr/2026:09:45:40 -0700] "GET /?lokasie=/lib64/libpython3.so&loknya=/lib64 HTTP/1.1" 301 - "https://rufusreid.com/?loknya=/lib64" "Mozilla/5.0 AppleWebKit/537.36 (KHTML, like Gecko; compatible; GPTBot/1.3; +https://openai.com/gptbot)"
74.7.227.10 - - [22/Apr/2026:09:45:41 -0700] "GET /?lokasie=%2Flib64%2Flibpython3.so&loknya=%2Flib64 HTTP/1.1" 429 17 "https://rufusreid.com/?lokasie=/lib64/libpython3.so&loknya=/lib64" "Mozilla/5.0 AppleWebKit/537.36 (KHTML, like Gecko; compatible; GPTBot/1.3; +https://openai.com/gptbot)"
100.23.80.113 - - [22/Apr/2026:09:46:21 -0700] "GET /robots.txt HTTP/1.1" 401 53 "-" "Mozilla/5.0 (compatible; wpbot/1.4; +https://forms.gle/ajBaxygz9jSR8p8G9)"
100.23.80.113 - - [22/Apr/2026:09:46:21 -0700] "GET /enhancecp HTTP/1.1" 401 53 "-" "Mozilla/5.0 (compatible; wpbot/1.4; +https://forms.gle/ajBaxygz9jSR8p8G9)"
74.7.227.10 - - [22/Apr/2026:09:46:45 -0700] "GET /?lokasie=/lib64/libjasper.so&loknya=/lib64 HTTP/1.1" 301 - "https://rufusreid.com/?loknya=/lib64" "Mozilla/5.0 AppleWebKit/537.36 (KHTML, like Gecko; compatible; GPTBot/1.3; +https://openai.com/gptbot)"
74.7.227.10 - - [22/Apr/2026:09:46:46 -0700] "GET /?lokasie=%2Flib64%2Flibjasper.so&loknya=%2Flib64 HTTP/1.1" 200 54447 "https://rufusreid.com/?lokasie=/lib64/libjasper.so&loknya=/lib64" "Mozilla/5.0 AppleWebKit/537.36 (KHTML, like Gecko; compatible; GPTBot/1.3; +https://openai.com/gptbot)"
74.7.227.10 - - [22/Apr/2026:09:47:47 -0700] "GET /?lokasie=/lib64/libisccfg.so&loknya=/lib64 HTTP/1.1" 301 - "https://rufusreid.com/?loknya=/lib64" "Mozilla/5.0 AppleWebKit/537.36 (KHTML, like Gecko; compatible; GPTBot/1.3; +https://openai.com/gptbot)"
74.7.227.10 - - [22/Apr/2026:09:47:48 -0700] "GET /?lokasie=%2Flib64%2Flibisccfg.so&loknya=%2Flib64 HTTP/1.1" 200 54447 "https://rufusreid.com/?lokasie=/lib64/libisccfg.so&loknya=/lib64" "Mozilla/5.0 AppleWebKit/537.36 (KHTML, like Gecko; compatible; GPTBot/1.3; +https://openai.com/gptbot)"
14.233.171.187 - - [22/Apr/2026:09:48:30 -0700] "GET /author/dorisreid/ HTTP/1.1" 200 90450 "-" "Mozilla/5.0 (Windows NT 10.0; Win64; x64) AppleWebKit/537.36 (KHTML, like Gecko) Chrome/80.0.3987.132 Safari/537.36"
47.128.110.125 - - [22/Apr/2026:09:48:34 -0700] "GET /2023/02/rufus-bringing-his-music-to-queens-college/ HTTP/1.1" 200 80338 "-" "Mozilla/5.0 (Linux; Android 5.0) AppleWebKit/537.36 (KHTML, like Gecko) Mobile Safari/537.36 (compatible; Bytespider; spider-feedback@bytedance.com)"
47.128.110.125 - - [22/Apr/2026:09:48:36 -0700] "GET /cms22/wp-content/themes/jazzcorner/dist/js/theme.min.js?ver=1776876515 HTTP/1.1" 200 17573 "https://rufusreid.com/2023/02/rufus-bringing-his-music-to-queens-college/" "Mozilla/5.0 (Linux; Android 5.0) AppleWebKit/537.36 (KHTML, like Gecko) Mobile Safari/537.36 (compatible; Bytespider; spider-feedback@bytedance.com)"
47.128.110.125 - - [22/Apr/2026:09:48:37 -0700] "GET /cms22/wp-content/uploads/2023/02/Rufus-Reid-scaled.jpg HTTP/1.1" 206 500 "https://rufusreid.com/2023/02/rufus-bringing-his-music-to-queens-college/" "Mozilla/5.0 (Linux; Android 5.0) AppleWebKit/537.36 (KHTML, like Gecko) Mobile Safari/537.36 (compatible; Bytespider; spider-feedback@bytedance.com)"
47.128.110.125 - - [22/Apr/2026:09:48:37 -0700] "GET /cms22/wp-content/uploads/2023/02/Rufus-Reid-scaled.jpg HTTP/1.1" 304 - "https://rufusreid.com/2023/02/rufus-bringing-his-music-to-queens-college/" "Mozilla/5.0 (Linux; Android 5.0) AppleWebKit/537.36 (KHTML, like Gecko) Mobile Safari/537.36 (compatible; Bytespider; spider-feedback@bytedance.com)"
47.128.110.125 - - [22/Apr/2026:09:48:38 -0700] "GET /cms22/wp-content/uploads/2023/02/Rufus-Reid-scaled.jpg HTTP/1.1" 206 295673 "https://rufusreid.com/2023/02/rufus-bringing-his-music-to-queens-college/" "Mozilla/5.0 (Linux; Android 5.0) AppleWebKit/537.36 (KHTML, like Gecko) Mobile Safari/537.36 (compatible; Bytespider; spider-feedback@bytedance.com)"
74.7.227.10 - - [22/Apr/2026:09:48:42 -0700] "GET /?lokasie=/lib64/libncurses.so&loknya=/lib64 HTTP/1.1" 301 - "https://rufusreid.com/?loknya=/lib64" "Mozilla/5.0 AppleWebKit/537.36 (KHTML, like Gecko; compatible; GPTBot/1.3; +https://openai.com/gptbot)"
74.7.227.10 - - [22/Apr/2026:09:48:43 -0700] "GET /?lokasie=%2Flib64%2Flibncurses.so&loknya=%2Flib64 HTTP/1.1" 200 54479 "https://rufusreid.com/?lokasie=/lib64/libncurses.so&loknya=/lib64" "Mozilla/5.0 AppleWebKit/537.36 (KHTML, like Gecko; compatible; GPTBot/1.3; +https://openai.com/gptbot)"
74.7.227.10 - - [22/Apr/2026:09:49:34 -0700] "GET /?lokasie=/lib64/libcrypto.so&loknya=/lib64 HTTP/1.1" 301 - "https://rufusreid.com/?loknya=/lib64" "Mozilla/5.0 AppleWebKit/537.36 (KHTML, like Gecko; compatible; GPTBot/1.3; +https://openai.com/gptbot)"
74.7.227.10 - - [22/Apr/2026:09:49:35 -0700] "GET /?lokasie=%2Flib64%2Flibcrypto.so&loknya=%2Flib64 HTTP/1.1" 429 17 "https://rufusreid.com/?lokasie=/lib64/libcrypto.so&loknya=/lib64" "Mozilla/5.0 AppleWebKit/537.36 (KHTML, like Gecko; compatible; GPTBot/1.3; +https://openai.com/gptbot)"
66.249.70.192 - - [22/Apr/2026:09:49:55 -0700] "GET /cms22/wp-content/uploads/2011/07/20080318_tx.jpg HTTP/1.1" 200 51021 "-" "Googlebot-Image/1.0"
74.7.227.10 - - [22/Apr/2026:09:50:20 -0700] "GET /?lokasie=/lib64/libnetsnmp.so&loknya=/lib64 HTTP/1.1" 301 - "https://rufusreid.com/?loknya=/lib64" "Mozilla/5.0 AppleWebKit/537.36 (KHTML, like Gecko; compatible; GPTBot/1.3; +https://openai.com/gptbot)"
74.7.227.10 - - [22/Apr/2026:09:50:21 -0700] "GET /?lokasie=%2Flib64%2Flibnetsnmp.so&loknya=%2Flib64 HTTP/1.1" 429 17 "https://rufusreid.com/?lokasie=/lib64/libnetsnmp.so&loknya=/lib64" "Mozilla/5.0 AppleWebKit/537.36 (KHTML, like Gecko; compatible; GPTBot/1.3; +https://openai.com/gptbot)"
52.28.162.93 - - [22/Apr/2026:09:50:32 -0700] "HEAD / HTTP/1.1" 200 - "http://rufusreid.com" "Mozilla/5.0+(compatible; UptimeRobot/2.0; http://www.uptimerobot.com/)"
197.93.118.187 - - [22/Apr/2026:09:50:49 -0700] "GET /music/perpetual-stroll/ HTTP/1.1" 200 82334 "-" "Mozilla/5.0 (Macintosh; Intel Mac OS X 11_1_0) AppleWebKit/537.36 (KHTML, like Gecko) Chrome/87.0.4280.88 Safari/537.36 FS"
74.7.227.10 - - [22/Apr/2026:09:51:23 -0700] "GET /?lokasie=/lib64/libpcrecpp.so&loknya=/lib64 HTTP/1.1" 301 - "https://rufusreid.com/?loknya=/lib64" "Mozilla/5.0 AppleWebKit/537.36 (KHTML, like Gecko; compatible; GPTBot/1.3; +https://openai.com/gptbot)"
74.7.227.10 - - [22/Apr/2026:09:51:24 -0700] "GET /?lokasie=%2Flib64%2Flibpcrecpp.so&loknya=%2Flib64 HTTP/1.1" 429 17 "https://rufusreid.com/?lokasie=/lib64/libpcrecpp.so&loknya=/lib64" "Mozilla/5.0 AppleWebKit/537.36 (KHTML, like Gecko; compatible; GPTBot/1.3; +https://openai.com/gptbot)"
74.7.227.10 - - [22/Apr/2026:09:52:24 -0700] "GET /?lokasie=/lib64/libtiffxx.so&loknya=/lib64 HTTP/1.1" 301 - "https://rufusreid.com/?loknya=/lib64" "Mozilla/5.0 AppleWebKit/537.36 (KHTML, like Gecko; compatible; GPTBot/1.3; +https://openai.com/gptbot)"
74.7.227.10 - - [22/Apr/2026:09:52:25 -0700] "GET /?lokasie=%2Flib64%2Flibtiffxx.so&loknya=%2Flib64 HTTP/1.1" 429 17 "https://rufusreid.com/?lokasie=/lib64/libtiffxx.so&loknya=/lib64" "Mozilla/5.0 AppleWebKit/537.36 (KHTML, like Gecko; compatible; GPTBot/1.3; +https://openai.com/gptbot)"
74.7.227.10 - - [22/Apr/2026:09:53:27 -0700] "GET /?lokasie=/lib64/libcurses.so&loknya=/lib64 HTTP/1.1" 301 - "https://rufusreid.com/?loknya=/lib64" "Mozilla/5.0 AppleWebKit/537.36 (KHTML, like Gecko; compatible; GPTBot/1.3; +https://openai.com/gptbot)"
74.7.227.10 - - [22/Apr/2026:09:53:28 -0700] "GET /?lokasie=%2Flib64%2Flibcurses.so&loknya=%2Flib64 HTTP/1.1" 429 17 "https://rufusreid.com/?lokasie=/lib64/libcurses.so&loknya=/lib64" "Mozilla/5.0 AppleWebKit/537.36 (KHTML, like Gecko; compatible; GPTBot/1.3; +https://openai.com/gptbot)"
74.7.227.10 - - [22/Apr/2026:09:54:29 -0700] "GET /?lokasie=/lib64/libnssdbm3.so&loknya=/lib64 HTTP/1.1" 301 - "https://rufusreid.com/?loknya=/lib64" "Mozilla/5.0 AppleWebKit/537.36 (KHTML, like Gecko; compatible; GPTBot/1.3; +https://openai.com/gptbot)"
74.7.227.10 - - [22/Apr/2026:09:54:30 -0700] "GET /?lokasie=%2Flib64%2Flibnssdbm3.so&loknya=%2Flib64 HTTP/1.1" 429 17 "https://rufusreid.com/?lokasie=/lib64/libnssdbm3.so&loknya=/lib64" "Mozilla/5.0 AppleWebKit/537.36 (KHTML, like Gecko; compatible; GPTBot/1.3; +https://openai.com/gptbot)"
23.235.221.107 - - [22/Apr/2026:09:55:34 -0700] "POST /cms22/wp-cron.php?doing_wp_cron=1776876934.7736101150512695312500 HTTP/1.1" 200 - "https://rufusreid.com/cms22/wp-cron.php?doing_wp_cron=1776876934.7736101150512695312500" "WordPress/6.0.11; https://rufusreid.com"
74.7.227.10 - - [22/Apr/2026:09:55:33 -0700] "GET /?lokasie=/lib64/libmysqld.so&loknya=/lib64 HTTP/1.1" 301 - "https://rufusreid.com/?loknya=/lib64" "Mozilla/5.0 AppleWebKit/537.36 (KHTML, like Gecko; compatible; GPTBot/1.3; +https://openai.com/gptbot)"
74.7.227.10 - - [22/Apr/2026:09:55:35 -0700] "GET /?lokasie=%2Flib64%2Flibmysqld.so&loknya=%2Flib64 HTTP/1.1" 429 17 "https://rufusreid.com/?lokasie=/lib64/libmysqld.so&loknya=/lib64" "Mozilla/5.0 AppleWebKit/537.36 (KHTML, like Gecko; compatible; GPTBot/1.3; +https://openai.com/gptbot)"
159.69.158.189 - - [22/Apr/2026:09:55:39 -0700] "HEAD / HTTP/1.1" 200 - "http://rufusreid.com" "Mozilla/5.0+(compatible; UptimeRobot/2.0; http://www.uptimerobot.com/)"
69.171.231.9 - - [22/Apr/2026:09:56:18 -0700] "GET /news/ HTTP/1.1" 200 90254 "-" "meta-webindexer/1.1 (+https://developers.facebook.com/docs/sharing/webmasters/crawler)"
69.171.231.112 - - [22/Apr/2026:09:56:30 -0700] "GET /cms22/wp-content/uploads/2017/12/cropped-favicon-300x300.jpg HTTP/1.1" 200 5606 "-" "facebookexternalhit/1.1 (+http://www.facebook.com/externalhit_uatext.php)"
74.7.227.10 - - [22/Apr/2026:09:56:39 -0700] "GET /?lokasie=/lib64/libfreebl3.so&loknya=/lib64 HTTP/1.1" 301 - "https://rufusreid.com/?loknya=/lib64" "Mozilla/5.0 AppleWebKit/537.36 (KHTML, like Gecko; compatible; GPTBot/1.3; +https://openai.com/gptbot)"
74.7.227.10 - - [22/Apr/2026:09:56:40 -0700] "GET /?lokasie=%2Flib64%2Flibfreebl3.so&loknya=%2Flib64 HTTP/1.1" 429 17 "https://rufusreid.com/?lokasie=/lib64/libfreebl3.so&loknya=/lib64" "Mozilla/5.0 AppleWebKit/537.36 (KHTML, like Gecko; compatible; GPTBot/1.3; +https://openai.com/gptbot)"
74.7.227.10 - - [22/Apr/2026:09:57:40 -0700] "GET /?lokasie=/lib64/rcrt1.o&loknya=/lib64 HTTP/1.1" 301 - "https://rufusreid.com/?loknya=/lib64" "Mozilla/5.0 AppleWebKit/537.36 (KHTML, like Gecko; compatible; GPTBot/1.3; +https://openai.com/gptbot)"
74.7.227.10 - - [22/Apr/2026:09:57:41 -0700] "GET /?lokasie=%2Flib64%2Frcrt1.o&loknya=%2Flib64 HTTP/1.1" 429 17 "https://rufusreid.com/?lokasie=/lib64/rcrt1.o&loknya=/lib64" "Mozilla/5.0 AppleWebKit/537.36 (KHTML, like Gecko; compatible; GPTBot/1.3; +https://openai.com/gptbot)"
14.191.163.121 - - [22/Apr/2026:09:58:11 -0700] "GET /author/dorisreid/page/8/ HTTP/1.1" 200 91563 "-" "Mozilla/5.0 (Windows NT 6.1; WOW64) AppleWebKit/537.36 (KHTML, like Gecko) Chrome/90.0.4430.93 Safari/537.36"
74.7.227.10 - - [22/Apr/2026:09:58:43 -0700] "GET /?lokasie=/lib64/libtic.so.6.1&loknya=/lib64 HTTP/1.1" 301 - "https://rufusreid.com/?loknya=/lib64" "Mozilla/5.0 AppleWebKit/537.36 (KHTML, like Gecko; compatible; GPTBot/1.3; +https://openai.com/gptbot)"
74.7.227.10 - - [22/Apr/2026:09:58:44 -0700] "GET /?lokasie=%2Flib64%2Flibtic.so.6.1&loknya=%2Flib64 HTTP/1.1" 200 54448 "https://rufusreid.com/?lokasie=/lib64/libtic.so.6.1&loknya=/lib64" "Mozilla/5.0 AppleWebKit/537.36 (KHTML, like Gecko; compatible; GPTBot/1.3; +https://openai.com/gptbot)"
216.73.216.166 - - [22/Apr/2026:09:59:08 -0700] "GET /music/terrestrial-dance/?loknya=%2Fhome HTTP/1.1" 200 144443 "-" "Mozilla/5.0 AppleWebKit/537.36 (KHTML, like Gecko; compatible; ClaudeBot/1.0; +claudebot@anthropic.com)"
216.73.216.166 - - [22/Apr/2026:09:59:38 -0700] "GET /music/terrestrial-dance/?loknya=%2F HTTP/1.1" 200 79169 "-" "Mozilla/5.0 AppleWebKit/537.36 (KHTML, like Gecko; compatible; ClaudeBot/1.0; +claudebot@anthropic.com)"
74.7.227.10 - - [22/Apr/2026:09:59:47 -0700] "GET /?lokasie=/lib64/libss.so.2.0&loknya=/lib64 HTTP/1.1" 301 - "https://rufusreid.com/?loknya=/lib64" "Mozilla/5.0 AppleWebKit/537.36 (KHTML, like Gecko; compatible; GPTBot/1.3; +https://openai.com/gptbot)"
74.7.227.10 - - [22/Apr/2026:09:59:48 -0700] "GET /?lokasie=%2Flib64%2Flibss.so.2.0&loknya=%2Flib64 HTTP/1.1" 200 54447 "https://rufusreid.com/?lokasie=/lib64/libss.so.2.0&loknya=/lib64" "Mozilla/5.0 AppleWebKit/537.36 (KHTML, like Gecko; compatible; GPTBot/1.3; +https://openai.com/gptbot)"
216.73.216.166 - - [22/Apr/2026:10:00:05 -0700] "GET /music/terrestrial-dance/?loknya=%2Fhome%2Frreid%2Fpublic_html HTTP/1.1" 200 81973 "-" "Mozilla/5.0 AppleWebKit/537.36 (KHTML, like Gecko; compatible; ClaudeBot/1.0; +claudebot@anthropic.com)"
216.73.216.166 - - [22/Apr/2026:10:00:35 -0700] "GET /music/terrestrial-dance/?loknya=%2Fhome%2Frreid%2Fpublic_html%2Fcgi-bin HTTP/1.1" 200 52891 "-" "Mozilla/5.0 AppleWebKit/537.36 (KHTML, like Gecko; compatible; ClaudeBot/1.0; +claudebot@anthropic.com)"
74.7.227.10 - - [22/Apr/2026:10:00:41 -0700] "GET /?lokasie=/lib64/libaps.so.1.0&loknya=/lib64 HTTP/1.1" 301 - "https://rufusreid.com/?loknya=/lib64" "Mozilla/5.0 AppleWebKit/537.36 (KHTML, like Gecko; compatible; GPTBot/1.3; +https://openai.com/gptbot)"
74.7.227.10 - - [22/Apr/2026:10:00:42 -0700] "GET /?lokasie=%2Flib64%2Flibaps.so.1.0&loknya=%2Flib64 HTTP/1.1" 200 54448 "https://rufusreid.com/?lokasie=/lib64/libaps.so.1.0&loknya=/lib64" "Mozilla/5.0 AppleWebKit/537.36 (KHTML, like Gecko; compatible; GPTBot/1.3; +https://openai.com/gptbot)"
49.13.134.145 - - [22/Apr/2026:10:00:46 -0700] "HEAD / HTTP/1.1" 200 - "http://rufusreid.com" "Mozilla/5.0+(compatible; UptimeRobot/2.0; http://www.uptimerobot.com/)"
216.73.216.166 - - [22/Apr/2026:10:00:47 -0700] "GET /music/terrestrial-dance/?loknya=%2Fhome%2Frreid%2Fpublic_html%2Fdownloads HTTP/1.1" 200 110789 "-" "Mozilla/5.0 AppleWebKit/537.36 (KHTML, like Gecko; compatible; ClaudeBot/1.0; +claudebot@anthropic.com)"
216.73.216.166 - - [22/Apr/2026:10:01:03 -0700] "GET /music/terrestrial-dance/?lokasie=%2Fhome%2Frreid%2Fpublic_html%2Fgooglehostedservice.html&loknya=%2Fhome%2Frreid%2Fpublic_html HTTP/1.1" 200 51918 "-" "Mozilla/5.0 AppleWebKit/537.36 (KHTML, like Gecko; compatible; ClaudeBot/1.0; +claudebot@anthropic.com)"
74.7.227.10 - - [22/Apr/2026:10:01:30 -0700] "GET /?lokasie=/lib64/libodbcmyS.so&loknya=/lib64 HTTP/1.1" 301 - "https://rufusreid.com/?loknya=/lib64" "Mozilla/5.0 AppleWebKit/537.36 (KHTML, like Gecko; compatible; GPTBot/1.3; +https://openai.com/gptbot)"
74.7.227.10 - - [22/Apr/2026:10:01:31 -0700] "GET /?lokasie=%2Flib64%2FlibodbcmyS.so&loknya=%2Flib64 HTTP/1.1" 429 17 "https://rufusreid.com/?lokasie=/lib64/libodbcmyS.so&loknya=/lib64" "Mozilla/5.0 AppleWebKit/537.36 (KHTML, like Gecko; compatible; GPTBot/1.3; +https://openai.com/gptbot)"
216.73.216.166 - - [22/Apr/2026:10:01:32 -0700] "GET /music/terrestrial-dance/?loknya=%2Fhome%2Frreid%2Fpublic_html%2F.well-known HTTP/1.1" 200 55206 "-" "Mozilla/5.0 AppleWebKit/537.36 (KHTML, like Gecko; compatible; ClaudeBot/1.0; +claudebot@anthropic.com)"
216.73.216.166 - - [22/Apr/2026:10:01:53 -0700] "GET /music/terrestrial-dance/?lokasie=%2Fhome%2Frreid%2Fpublic_html%2Fphp.ini.ea3.bak&loknya=%2Fhome%2Frreid%2Fpublic_html HTTP/1.1" 200 90347 "-" "Mozilla/5.0 AppleWebKit/537.36 (KHTML, like Gecko; compatible; ClaudeBot/1.0; +claudebot@anthropic.com)"
74.7.227.10 - - [22/Apr/2026:10:02:17 -0700] "GET /?lokasie=/bin/nisdomainname&loknya=/bin HTTP/1.1" 301 - "https://rufusreid.com/?loknya=/bin" "Mozilla/5.0 AppleWebKit/537.36 (KHTML, like Gecko; compatible; GPTBot/1.3; +https://openai.com/gptbot)"
74.7.227.10 - - [22/Apr/2026:10:02:18 -0700] "GET /?lokasie=%2Fbin%2Fnisdomainname&loknya=%2Fbin HTTP/1.1" 429 17 "https://rufusreid.com/?lokasie=/bin/nisdomainname&loknya=/bin" "Mozilla/5.0 AppleWebKit/537.36 (KHTML, like Gecko; compatible; GPTBot/1.3; +https://openai.com/gptbot)"
216.73.216.166 - - [22/Apr/2026:10:02:29 -0700] "GET /music/terrestrial-dance/?lokasie=%2Fhome%2Frreid%2Fpublic_html%2Ferror_log&loknya=%2Fhome%2Frreid%2Fpublic_html HTTP/1.1" 200 1625439 "-" "Mozilla/5.0 AppleWebKit/537.36 (KHTML, like Gecko; compatible; ClaudeBot/1.0; +claudebot@anthropic.com)"
216.73.216.166 - - [22/Apr/2026:10:02:59 -0700] "GET /music/terrestrial-dance/?lokasie=%2Fhome%2Frreid%2Fpublic_html%2Fdefault.htm&loknya=%2Fhome%2Frreid%2Fpublic_html HTTP/1.1" 200 56787 "-" "Mozilla/5.0 AppleWebKit/537.36 (KHTML, like Gecko; compatible; ClaudeBot/1.0; +claudebot@anthropic.com)"
23.235.221.107 - - [22/Apr/2026:10:03:00 -0700] "POST /cms22/wp-cron.php?doing_wp_cron=1776877380.4331901073455810546875 HTTP/1.1" 200 - "https://rufusreid.com/cms22/wp-cron.php?doing_wp_cron=1776877380.4331901073455810546875" "WordPress/6.0.11; https://rufusreid.com"
104.152.52.211 - - [22/Apr/2026:10:03:07 -0700] "GET / HTTP/1.1" 406 300 "-" "curl/7.61.1"
104.152.52.211 - - [22/Apr/2026:10:03:07 -0700] "GET /favicon.ico HTTP/1.1" 406 300 "-" "curl/7.61.1"
216.73.216.166 - - [22/Apr/2026:10:03:17 -0700] "GET /music/terrestrial-dance/?lokasie=%2Fhome%2Frreid%2Fpublic_html%2F.user.ini&loknya=%2Fhome%2Frreid%2Fpublic_html HTTP/1.1" 200 52287 "-" "Mozilla/5.0 AppleWebKit/537.36 (KHTML, like Gecko; compatible; ClaudeBot/1.0; +claudebot@anthropic.com)"
74.7.227.10 - - [22/Apr/2026:10:03:20 -0700] "GET /?lokasie=/lib64/gcrt1.o&loknya=/lib64 HTTP/1.1" 301 - "https://rufusreid.com/?loknya=/lib64" "Mozilla/5.0 AppleWebKit/537.36 (KHTML, like Gecko; compatible; GPTBot/1.3; +https://openai.com/gptbot)"
74.7.227.10 - - [22/Apr/2026:10:03:20 -0700] "GET /?lokasie=%2Flib64%2Fgcrt1.o&loknya=%2Flib64 HTTP/1.1" 429 17 "https://rufusreid.com/?lokasie=/lib64/gcrt1.o&loknya=/lib64" "Mozilla/5.0 AppleWebKit/537.36 (KHTML, like Gecko; compatible; GPTBot/1.3; +https://openai.com/gptbot)"
216.73.216.166 - - [22/Apr/2026:10:03:37 -0700] "GET /music/terrestrial-dance/?lokasie=%2Fhome%2Frreid%2Fpublic_html%2F404.shtml&loknya=%2Fhome%2Frreid%2Fpublic_html HTTP/1.1" 200 52029 "-" "Mozilla/5.0 AppleWebKit/537.36 (KHTML, like Gecko; compatible; ClaudeBot/1.0; +claudebot@anthropic.com)"
216.73.216.166 - - [22/Apr/2026:10:03:56 -0700] "GET /music/terrestrial-dance/?lokasie=%2Fhome%2Frreid%2Fpublic_html%2Farchived-site-files.zip&loknya=%2Fhome%2Frreid%2Fpublic_html HTTP/1.1" 500 54301 "-" "Mozilla/5.0 AppleWebKit/537.36 (KHTML, like Gecko; compatible; ClaudeBot/1.0; +claudebot@anthropic.com)"
216.73.216.166 - - [22/Apr/2026:10:04:13 -0700] "GET /music/terrestrial-dance/?lokasie=%2Fhome%2Frreid%2Fpublic_html%2Ffavicon.ico&loknya=%2Fhome%2Frreid%2Fpublic_html HTTP/1.1" 200 51678 "-" "Mozilla/5.0 AppleWebKit/537.36 (KHTML, like Gecko; compatible; ClaudeBot/1.0; +claudebot@anthropic.com)"
74.7.227.10 - - [22/Apr/2026:10:04:23 -0700] "GET /?lokasie=/lib64/libnsl.so.1&loknya=/lib64 HTTP/1.1" 301 - "https://rufusreid.com/?loknya=/lib64" "Mozilla/5.0 AppleWebKit/537.36 (KHTML, like Gecko; compatible; GPTBot/1.3; +https://openai.com/gptbot)"
74.7.227.10 - - [22/Apr/2026:10:04:24 -0700] "GET /?lokasie=%2Flib64%2Flibnsl.so.1&loknya=%2Flib64 HTTP/1.1" 429 17 "https://rufusreid.com/?lokasie=/lib64/libnsl.so.1&loknya=/lib64" "Mozilla/5.0 AppleWebKit/537.36 (KHTML, like Gecko; compatible; GPTBot/1.3; +https://openai.com/gptbot)"
216.73.216.166 - - [22/Apr/2026:10:04:34 -0700] "GET /music/terrestrial-dance/?lokasie=%2Fhome%2Frreid%2Fpublic_html%2Frobots.txt&loknya=%2Fhome%2Frreid%2Fpublic_html HTTP/1.1" 200 51708 "-" "Mozilla/5.0 AppleWebKit/537.36 (KHTML, like Gecko; compatible; ClaudeBot/1.0; +claudebot@anthropic.com)"
145.223.131.239 - - [22/Apr/2026:10:04:40 -0700] "GET /event/rr-trio-at-the-good-shepherd-church/%22%22 HTTP/1.1" 301 - "-" "Mozilla/5.0 (Macintosh; Intel Mac OS X 10.15; rv:{version}.0) Gecko/20100101 Firefox/133.0"
145.223.131.239 - - [22/Apr/2026:10:04:41 -0700] "GET /event/rr-trio-at-the-good-shepherd-church/ HTTP/1.1" 200 79078 "-" "Mozilla/5.0 (Macintosh; Intel Mac OS X 10.15; rv:{version}.0) Gecko/20100101 Firefox/133.0"
216.73.216.166 - - [22/Apr/2026:10:05:04 -0700] "GET /music/terrestrial-dance/?lokasie=%2Fhome%2Frreid%2Fpublic_html%2Flogo-imh.svg&loknya=%2Fhome%2Frreid%2Fpublic_html HTTP/1.1" 200 63126 "-" "Mozilla/5.0 AppleWebKit/537.36 (KHTML, like Gecko; compatible; ClaudeBot/1.0; +claudebot@anthropic.com)"
216.73.216.166 - - [22/Apr/2026:10:05:19 -0700] "GET /music/terrestrial-dance/?lokasie=%2Fhome%2Frreid%2Fpublic_html%2F.htaccess.bak_EA4_PHP_all_5&loknya=%2Fhome%2Frreid%2Fpublic_html HTTP/1.1" 200 52327 "-" "Mozilla/5.0 AppleWebKit/537.36 (KHTML, like Gecko; compatible; ClaudeBot/1.0; +claudebot@anthropic.com)"
74.7.227.10 - - [22/Apr/2026:10:05:27 -0700] "GET /?lokasie=/lib64/libsolv.so.1&loknya=/lib64 HTTP/1.1" 301 - "https://rufusreid.com/?loknya=/lib64" "Mozilla/5.0 AppleWebKit/537.36 (KHTML, like Gecko; compatible; GPTBot/1.3; +https://openai.com/gptbot)"
74.7.227.10 - - [22/Apr/2026:10:05:28 -0700] "GET /?lokasie=%2Flib64%2Flibsolv.so.1&loknya=%2Flib64 HTTP/1.1" 429 17 "https://rufusreid.com/?lokasie=/lib64/libsolv.so.1&loknya=/lib64" "Mozilla/5.0 AppleWebKit/537.36 (KHTML, like Gecko; compatible; GPTBot/1.3; +https://openai.com/gptbot)"
216.73.216.166 - - [22/Apr/2026:10:05:40 -0700] "GET /?p=2845 HTTP/1.1" 301 - "-" "Mozilla/5.0 AppleWebKit/537.36 (KHTML, like Gecko; compatible; ClaudeBot/1.0; +claudebot@anthropic.com)"
216.73.216.166 - - [22/Apr/2026:10:05:41 -0700] "GET /music/terrestrial-dance/ HTTP/1.1" 200 81973 "https://rufusreid.com/?p=2845" "Mozilla/5.0 AppleWebKit/537.36 (KHTML, like Gecko; compatible; ClaudeBot/1.0; +claudebot@anthropic.com)"
104.152.52.207 - - [22/Apr/2026:10:05:43 -0700] "GET / HTTP/1.1" 406 300 "-" "curl/7.61.1"
104.152.52.207 - - [22/Apr/2026:10:05:43 -0700] "GET /favicon.ico HTTP/1.1" 406 300 "-" "curl/7.61.1"
18.117.140.232 - - [22/Apr/2026:10:05:50 -0700] "GET /robots.txt HTTP/1.1" 200 31 "-" "Mozilla/5.0 (Macintosh; Intel Mac OS X 10_15_7) AppleWebKit/537.36 (KHTML, like Gecko) Chrome/131.0.0.0 Safari/537.36; ClaudeBot/1.0; +claudebot@anthropic.com)"
18.117.140.232 - - [22/Apr/2026:10:05:51 -0700] "GET /2023/07/blue-curtain-presents-rufus-reid-expedition/ HTTP/1.1" 200 80346 "-" "Mozilla/5.0 (Macintosh; Intel Mac OS X 10_15_7) AppleWebKit/537.36 (KHTML, like Gecko) Chrome/131.0.0.0 Safari/537.36; ClaudeBot/1.0; +claudebot@anthropic.com)"
18.117.140.232 - - [22/Apr/2026:10:05:52 -0700] "GET /cms22/wp-includes/css/dist/block-library/style.min.css?ver=6.0.11 HTTP/1.1" 200 88932 "https://rufusreid.com/2023/07/blue-curtain-presents-rufus-reid-expedition/" "Mozilla/5.0 (Macintosh; Intel Mac OS X 10_15_7) AppleWebKit/537.36 (KHTML, like Gecko) Chrome/131.0.0.0 Safari/537.36; ClaudeBot/1.0; +claudebot@anthropic.com)"
18.117.140.232 - - [22/Apr/2026:10:05:52 -0700] "GET /cms22/wp-content/plugins/easy-digital-downloads/includes/blocks/build/checkout/style-index.css?ver=2.0.0 HTTP/1.1" 200 8129 "https://rufusreid.com/2023/07/blue-curtain-presents-rufus-reid-expedition/" "Mozilla/5.0 (Macintosh; Intel Mac OS X 10_15_7) AppleWebKit/537.36 (KHTML, like Gecko) Chrome/131.0.0.0 Safari/537.36; ClaudeBot/1.0; +claudebot@anthropic.com)"
18.117.140.232 - - [22/Apr/2026:10:05:52 -0700] "GET /cms22/wp-includes/js/wp-emoji-release.min.js?ver=6.0.11 HTTP/1.1" 200 18617 "https://rufusreid.com/2023/07/blue-curtain-presents-rufus-reid-expedition/" "Mozilla/5.0 (Macintosh; Intel Mac OS X 10_15_7) AppleWebKit/537.36 (KHTML, like Gecko) Chrome/131.0.0.0 Safari/537.36; ClaudeBot/1.0; +claudebot@anthropic.com)"
18.117.140.232 - - [22/Apr/2026:10:05:52 -0700] "GET /cms22/wp-content/plugins/responsive-lightbox/assets/magnific/magnific-popup.min.css?ver=2.4.3 HTTP/1.1" 200 5329 "https://rufusreid.com/2023/07/blue-curtain-presents-rufus-reid-expedition/" "Mozilla/5.0 (Macintosh; Intel Mac OS X 10_15_7) AppleWebKit/537.36 (KHTML, like Gecko) Chrome/131.0.0.0 Safari/537.36; ClaudeBot/1.0; +claudebot@anthropic.com)"
18.117.140.232 - - [22/Apr/2026:10:05:52 -0700] "GET /cms22/wp-content/plugins/easy-digital-downloads/assets/css/edd.min.css?ver=3.1.0.7 HTTP/1.1" 200 19185 "https://rufusreid.com/2023/07/blue-curtain-presents-rufus-reid-expedition/" "Mozilla/5.0 (Macintosh; Intel Mac OS X 10_15_7) AppleWebKit/537.36 (KHTML, like Gecko) Chrome/131.0.0.0 Safari/537.36; ClaudeBot/1.0; +claudebot@anthropic.com)"
18.117.140.232 - - [22/Apr/2026:10:05:52 -0700] "GET /cms22/wp-content/themes/jazzcorner/style.css?ver=1776877551 HTTP/1.1" 200 831 "https://rufusreid.com/2023/07/blue-curtain-presents-rufus-reid-expedition/" "Mozilla/5.0 (Macintosh; Intel Mac OS X 10_15_7) AppleWebKit/537.36 (KHTML, like Gecko) Chrome/131.0.0.0 Safari/537.36; ClaudeBot/1.0; +claudebot@anthropic.com)"
18.117.140.232 - - [22/Apr/2026:10:05:52 -0700] "GET /cms22/wp-content/plugins/youtube-embed-plus/styles/ytprefs.min.css?ver=14.1.4.1 HTTP/1.1" 200 8320 "https://rufusreid.com/2023/07/blue-curtain-presents-rufus-reid-expedition/" "Mozilla/5.0 (Macintosh; Intel Mac OS X 10_15_7) AppleWebKit/537.36 (KHTML, like Gecko) Chrome/131.0.0.0 Safari/537.36; ClaudeBot/1.0; +claudebot@anthropic.com)"
18.117.140.232 - - [22/Apr/2026:10:05:52 -0700] "GET /cms22/wp-includes/js/jquery/jquery.min.js?ver=3.6.0 HTTP/1.1" 200 89521 "https://rufusreid.com/2023/07/blue-curtain-presents-rufus-reid-expedition/" "Mozilla/5.0 (Macintosh; Intel Mac OS X 10_15_7) AppleWebKit/537.36 (KHTML, like Gecko) Chrome/131.0.0.0 Safari/537.36; ClaudeBot/1.0; +claudebot@anthropic.com)"
18.117.140.232 - - [22/Apr/2026:10:05:52 -0700] "GET /cms22/wp-content/themes/jazzcorner/dist/css/theme.min.css?ver=1776877551 HTTP/1.1" 200 239580 "https://rufusreid.com/2023/07/blue-curtain-presents-rufus-reid-expedition/" "Mozilla/5.0 (Macintosh; Intel Mac OS X 10_15_7) AppleWebKit/537.36 (KHTML, like Gecko) Chrome/131.0.0.0 Safari/537.36; ClaudeBot/1.0; +claudebot@anthropic.com)"
18.117.140.232 - - [22/Apr/2026:10:05:52 -0700] "GET /cms22/wp-includes/js/jquery/jquery-migrate.min.js?ver=3.3.2 HTTP/1.1" 200 11224 "https://rufusreid.com/2023/07/blue-curtain-presents-rufus-reid-expedition/" "Mozilla/5.0 (Macintosh; Intel Mac OS X 10_15_7) AppleWebKit/537.36 (KHTML, like Gecko) Chrome/131.0.0.0 Safari/537.36; ClaudeBot/1.0; +claudebot@anthropic.com)"
18.117.140.232 - - [22/Apr/2026:10:05:52 -0700] "GET /cms22/wp-content/plugins/responsive-lightbox/assets/magnific/jquery.magnific-popup.min.js?ver=2.4.3 HTTP/1.1" 200 19933 "https://rufusreid.com/2023/07/blue-curtain-presents-rufus-reid-expedition/" "Mozilla/5.0 (Macintosh; Intel Mac OS X 10_15_7) AppleWebKit/537.36 (KHTML, like Gecko) Chrome/131.0.0.0 Safari/537.36; ClaudeBot/1.0; +claudebot@anthropic.com)"
18.117.140.232 - - [22/Apr/2026:10:05:52 -0700] "GET /cms22/wp-includes/js/underscore.min.js?ver=1.13.3 HTTP/1.1" 200 18911 "https://rufusreid.com/2023/07/blue-curtain-presents-rufus-reid-expedition/" "Mozilla/5.0 (Macintosh; Intel Mac OS X 10_15_7) AppleWebKit/537.36 (KHTML, like Gecko) Chrome/131.0.0.0 Safari/537.36; ClaudeBot/1.0; +claudebot@anthropic.com)"
18.117.140.232 - - [22/Apr/2026:10:05:52 -0700] "GET /cms22/wp-content/plugins/responsive-lightbox/assets/infinitescroll/infinite-scroll.pkgd.min.js?ver=6.0.11 HTTP/1.1" 200 22555 "https://rufusreid.com/2023/07/blue-curtain-presents-rufus-reid-expedition/" "Mozilla/5.0 (Macintosh; Intel Mac OS X 10_15_7) AppleWebKit/537.36 (KHTML, like Gecko) Chrome/131.0.0.0 Safari/537.36; ClaudeBot/1.0; +claudebot@anthropic.com)"
18.117.140.232 - - [22/Apr/2026:10:05:52 -0700] "GET /cms22/wp-content/plugins/responsive-lightbox/js/front.js?ver=2.4.3 HTTP/1.1" 200 28714 "https://rufusreid.com/2023/07/blue-curtain-presents-rufus-reid-expedition/" "Mozilla/5.0 (Macintosh; Intel Mac OS X 10_15_7) AppleWebKit/537.36 (KHTML, like Gecko) Chrome/131.0.0.0 Safari/537.36; ClaudeBot/1.0; +claudebot@anthropic.com)"
18.117.140.232 - - [22/Apr/2026:10:05:52 -0700] "GET /cms22/wp-content/themes/jazzcorner/dist/js/theme.min.js?ver=1776877551 HTTP/1.1" 200 17573 "https://rufusreid.com/2023/07/blue-curtain-presents-rufus-reid-expedition/" "Mozilla/5.0 (Macintosh; Intel Mac OS X 10_15_7) AppleWebKit/537.36 (KHTML, like Gecko) Chrome/131.0.0.0 Safari/537.36; ClaudeBot/1.0; +claudebot@anthropic.com)"
18.117.140.232 - - [22/Apr/2026:10:05:52 -0700] "GET /cms22/wp-content/themes/jazzcorner/js/skip-link-focus-fix.js?ver=1776877551 HTTP/1.1" 200 685 "https://rufusreid.com/2023/07/blue-curtain-presents-rufus-reid-expedition/" "Mozilla/5.0 (Macintosh; Intel Mac OS X 10_15_7) AppleWebKit/537.36 (KHTML, like Gecko) Chrome/131.0.0.0 Safari/537.36; ClaudeBot/1.0; +claudebot@anthropic.com)"
18.117.140.232 - - [22/Apr/2026:10:05:52 -0700] "GET /cms22/wp-content/plugins/youtube-embed-plus/scripts/ytprefs.min.js?ver=14.1.4.1 HTTP/1.1" 429 17 "https://rufusreid.com/2023/07/blue-curtain-presents-rufus-reid-expedition/" "Mozilla/5.0 (Macintosh; Intel Mac OS X 10_15_7) AppleWebKit/537.36 (KHTML, like Gecko) Chrome/131.0.0.0 Safari/537.36; ClaudeBot/1.0; +claudebot@anthropic.com)"
18.117.140.232 - - [22/Apr/2026:10:05:52 -0700] "GET /cms22/wp-content/plugins/youtube-embed-plus/scripts/ytprefs.min.js?ver=14.1.4.1 HTTP/1.1" 429 17 "https://rufusreid.com/2023/07/blue-curtain-presents-rufus-reid-expedition/" "Mozilla/5.0 (Macintosh; Intel Mac OS X 10_15_7) AppleWebKit/537.36 (KHTML, like Gecko) Chrome/131.0.0.0 Safari/537.36; ClaudeBot/1.0; +claudebot@anthropic.com)"
18.117.140.232 - - [22/Apr/2026:10:05:52 -0700] "GET /cms22/wp-content/uploads/2023/07/Poster-2.jpeg HTTP/1.1" 429 17 "https://rufusreid.com/2023/07/blue-curtain-presents-rufus-reid-expedition/" "Mozilla/5.0 (Macintosh; Intel Mac OS X 10_15_7) AppleWebKit/537.36 (KHTML, like Gecko) Chrome/131.0.0.0 Safari/537.36; ClaudeBot/1.0; +claudebot@anthropic.com)"
168.119.96.239 - - [22/Apr/2026:10:05:53 -0700] "HEAD / HTTP/1.1" 200 - "http://rufusreid.com" "Mozilla/5.0+(compatible; UptimeRobot/2.0; http://www.uptimerobot.com/)"
74.7.227.10 - - [22/Apr/2026:10:06:29 -0700] "GET /?lokasie=/lib64/libnsl.so.2&loknya=/lib64 HTTP/1.1" 301 - "https://rufusreid.com/?loknya=/lib64" "Mozilla/5.0 AppleWebKit/537.36 (KHTML, like Gecko; compatible; GPTBot/1.3; +https://openai.com/gptbot)"
74.7.227.10 - - [22/Apr/2026:10:06:30 -0700] "GET /?lokasie=%2Flib64%2Flibnsl.so.2&loknya=%2Flib64 HTTP/1.1" 429 17 "https://rufusreid.com/?lokasie=/lib64/libnsl.so.2&loknya=/lib64" "Mozilla/5.0 AppleWebKit/537.36 (KHTML, like Gecko; compatible; GPTBot/1.3; +https://openai.com/gptbot)"
51.68.34.57 - - [22/Apr/2026:10:06:58 -0700] "GET /robots.txt HTTP/1.1" 200 31 "-" "Mozilla/5.0 (compatible; MJ12bot/v1.4.8; http://mj12bot.com/)"
51.68.34.57 - - [22/Apr/2026:10:07:19 -0700] "GET /2025/09/celebrating-jim-mcneely-and-his-music/?lokasie=/home/rreid/public_html/.htaccess&loknya=/home/rreid/public_html HTTP/1.1" 200 52557 "-" "Mozilla/5.0 (compatible; MJ12bot/v1.4.8; http://mj12bot.com/)"
