185.213.83.246 - - [22/Apr/2026:06:13:36 -0700] "GET /cms22/wp-content/plugins/wp-file-manager/lib/js/commands/extract.js?ver=8.0.4 HTTP/1.1" 200 5301 "https://rufusreid.com/cms22/wp-admin/admin.php?page=wp_file_manager" "Mozilla/5.0 (Windows NT 10.0; Win64; x64) AppleWebKit/537.36 (KHTML, like Gecko) Chrome/147.0.0.0 Safari/537.36"
185.213.83.246 - - [22/Apr/2026:06:13:37 -0700] "GET /cms22/wp-content/plugins/wp-file-manager/lib/js/commands/forward.js?ver=8.0.4 HTTP/1.1" 200 509 "https://rufusreid.com/cms22/wp-admin/admin.php?page=wp_file_manager" "Mozilla/5.0 (Windows NT 10.0; Win64; x64) AppleWebKit/537.36 (KHTML, like Gecko) Chrome/147.0.0.0 Safari/537.36"
185.213.83.246 - - [22/Apr/2026:06:13:37 -0700] "GET /cms22/wp-content/plugins/wp-file-manager/lib/js/commands/fullscreen.js?ver=8.0.4 HTTP/1.1" 200 1074 "https://rufusreid.com/cms22/wp-admin/admin.php?page=wp_file_manager" "Mozilla/5.0 (Windows NT 10.0; Win64; x64) AppleWebKit/537.36 (KHTML, like Gecko) Chrome/147.0.0.0 Safari/537.36"
185.213.83.246 - - [22/Apr/2026:06:13:37 -0700] "GET /cms22/wp-content/plugins/wp-file-manager/lib/js/commands/getfile.js?ver=8.0.4 HTTP/1.1" 200 4163 "https://rufusreid.com/cms22/wp-admin/admin.php?page=wp_file_manager" "Mozilla/5.0 (Windows NT 10.0; Win64; x64) AppleWebKit/537.36 (KHTML, like Gecko) Chrome/147.0.0.0 Safari/537.36"
185.213.83.246 - - [22/Apr/2026:06:13:37 -0700] "GET /cms22/wp-content/plugins/wp-file-manager/lib/js/commands/help.js?ver=8.0.4 HTTP/1.1" 200 14547 "https://rufusreid.com/cms22/wp-admin/admin.php?page=wp_file_manager" "Mozilla/5.0 (Windows NT 10.0; Win64; x64) AppleWebKit/537.36 (KHTML, like Gecko) Chrome/147.0.0.0 Safari/537.36"
185.213.83.246 - - [22/Apr/2026:06:13:37 -0700] "GET /cms22/wp-content/plugins/wp-file-manager/lib/js/commands/hidden.js?ver=8.0.4 HTTP/1.1" 200 276 "https://rufusreid.com/cms22/wp-admin/admin.php?page=wp_file_manager" "Mozilla/5.0 (Windows NT 10.0; Win64; x64) AppleWebKit/537.36 (KHTML, like Gecko) Chrome/147.0.0.0 Safari/537.36"
185.213.83.246 - - [22/Apr/2026:06:13:37 -0700] "GET /cms22/wp-content/plugins/wp-file-manager/lib/js/commands/hide.js?ver=8.0.4 HTTP/1.1" 200 4365 "https://rufusreid.com/cms22/wp-admin/admin.php?page=wp_file_manager" "Mozilla/5.0 (Windows NT 10.0; Win64; x64) AppleWebKit/537.36 (KHTML, like Gecko) Chrome/147.0.0.0 Safari/537.36"
185.213.83.246 - - [22/Apr/2026:06:13:37 -0700] "GET /cms22/wp-content/plugins/wp-file-manager/lib/js/commands/home.js?ver=8.0.4 HTTP/1.1" 200 528 "https://rufusreid.com/cms22/wp-admin/admin.php?page=wp_file_manager" "Mozilla/5.0 (Windows NT 10.0; Win64; x64) AppleWebKit/537.36 (KHTML, like Gecko) Chrome/147.0.0.0 Safari/537.36"
185.213.83.246 - - [22/Apr/2026:06:13:37 -0700] "GET /cms22/wp-content/plugins/wp-file-manager/lib/js/commands/info.js?ver=8.0.4 HTTP/1.1" 200 13447 "https://rufusreid.com/cms22/wp-admin/admin.php?page=wp_file_manager" "Mozilla/5.0 (Windows NT 10.0; Win64; x64) AppleWebKit/537.36 (KHTML, like Gecko) Chrome/147.0.0.0 Safari/537.36"
185.213.83.246 - - [22/Apr/2026:06:13:37 -0700] "GET /cms22/wp-content/plugins/wp-file-manager/lib/js/commands/mkdir.js?ver=8.0.4 HTTP/1.1" 200 2574 "https://rufusreid.com/cms22/wp-admin/admin.php?page=wp_file_manager" "Mozilla/5.0 (Windows NT 10.0; Win64; x64) AppleWebKit/537.36 (KHTML, like Gecko) Chrome/147.0.0.0 Safari/537.36"
185.213.83.246 - - [22/Apr/2026:06:13:37 -0700] "GET /cms22/wp-content/plugins/wp-file-manager/lib/js/commands/mkfile.js?ver=8.0.4 HTTP/1.1" 200 1675 "https://rufusreid.com/cms22/wp-admin/admin.php?page=wp_file_manager" "Mozilla/5.0 (Windows NT 10.0; Win64; x64) AppleWebKit/537.36 (KHTML, like Gecko) Chrome/147.0.0.0 Safari/537.36"
185.213.83.246 - - [22/Apr/2026:06:13:38 -0700] "GET /cms22/wp-content/plugins/wp-file-manager/lib/js/commands/netmount.js?ver=8.0.4 HTTP/1.1" 200 10681 "https://rufusreid.com/cms22/wp-admin/admin.php?page=wp_file_manager" "Mozilla/5.0 (Windows NT 10.0; Win64; x64) AppleWebKit/537.36 (KHTML, like Gecko) Chrome/147.0.0.0 Safari/537.36"
185.213.83.246 - - [22/Apr/2026:06:13:38 -0700] "GET /cms22/wp-content/plugins/wp-file-manager/lib/js/commands/open.js?ver=8.0.4 HTTP/1.1" 200 6947 "https://rufusreid.com/cms22/wp-admin/admin.php?page=wp_file_manager" "Mozilla/5.0 (Windows NT 10.0; Win64; x64) AppleWebKit/537.36 (KHTML, like Gecko) Chrome/147.0.0.0 Safari/537.36"
185.213.83.246 - - [22/Apr/2026:06:13:38 -0700] "GET /cms22/wp-content/plugins/wp-file-manager/lib/js/commands/opendir.js?ver=8.0.4 HTTP/1.1" 200 886 "https://rufusreid.com/cms22/wp-admin/admin.php?page=wp_file_manager" "Mozilla/5.0 (Windows NT 10.0; Win64; x64) AppleWebKit/537.36 (KHTML, like Gecko) Chrome/147.0.0.0 Safari/537.36"
51.68.111.218 - - [22/Apr/2026:06:13:38 -0700] "GET /robots.txt HTTP/1.1" 200 31 "-" "Mozilla/5.0 (compatible; MJ12bot/v2.0.5; http://mj12bot.com/)"
185.213.83.246 - - [22/Apr/2026:06:13:38 -0700] "GET /cms22/wp-content/plugins/wp-file-manager/lib/js/commands/opennew.js?ver=8.0.4 HTTP/1.1" 200 1242 "https://rufusreid.com/cms22/wp-admin/admin.php?page=wp_file_manager" "Mozilla/5.0 (Windows NT 10.0; Win64; x64) AppleWebKit/537.36 (KHTML, like Gecko) Chrome/147.0.0.0 Safari/537.36"
185.213.83.246 - - [22/Apr/2026:06:13:38 -0700] "GET /cms22/wp-content/plugins/wp-file-manager/lib/js/commands/paste.js?ver=8.0.4 HTTP/1.1" 200 10411 "https://rufusreid.com/cms22/wp-admin/admin.php?page=wp_file_manager" "Mozilla/5.0 (Windows NT 10.0; Win64; x64) AppleWebKit/537.36 (KHTML, like Gecko) Chrome/147.0.0.0 Safari/537.36"
185.213.83.246 - - [22/Apr/2026:06:13:38 -0700] "GET /cms22/wp-content/plugins/wp-file-manager/lib/js/commands/places.js?ver=8.0.4 HTTP/1.1" 200 773 "https://rufusreid.com/cms22/wp-admin/admin.php?page=wp_file_manager" "Mozilla/5.0 (Windows NT 10.0; Win64; x64) AppleWebKit/537.36 (KHTML, like Gecko) Chrome/147.0.0.0 Safari/537.36"
185.213.83.246 - - [22/Apr/2026:06:13:38 -0700] "GET /cms22/wp-content/plugins/wp-file-manager/lib/js/commands/quicklook.js?ver=8.0.4 HTTP/1.1" 200 24445 "https://rufusreid.com/cms22/wp-admin/admin.php?page=wp_file_manager" "Mozilla/5.0 (Windows NT 10.0; Win64; x64) AppleWebKit/537.36 (KHTML, like Gecko) Chrome/147.0.0.0 Safari/537.36"
185.213.83.246 - - [22/Apr/2026:06:13:39 -0700] "GET /cms22/wp-content/plugins/wp-file-manager/lib/js/commands/quicklook.plugins.js?ver=8.0.4 HTTP/1.1" 200 59912 "https://rufusreid.com/cms22/wp-admin/admin.php?page=wp_file_manager" "Mozilla/5.0 (Windows NT 10.0; Win64; x64) AppleWebKit/537.36 (KHTML, like Gecko) Chrome/147.0.0.0 Safari/537.36"
185.213.83.246 - - [22/Apr/2026:06:13:39 -0700] "GET /cms22/wp-content/plugins/wp-file-manager/lib/js/commands/reload.js?ver=8.0.4 HTTP/1.1" 200 1904 "https://rufusreid.com/cms22/wp-admin/admin.php?page=wp_file_manager" "Mozilla/5.0 (Windows NT 10.0; Win64; x64) AppleWebKit/537.36 (KHTML, like Gecko) Chrome/147.0.0.0 Safari/537.36"
51.68.111.218 - - [22/Apr/2026:06:13:38 -0700] "GET / HTTP/1.1" 200 84859 "-" "Mozilla/5.0 (compatible; MJ12bot/v2.0.5; http://mj12bot.com/)"
185.213.83.246 - - [22/Apr/2026:06:13:39 -0700] "GET /cms22/wp-content/plugins/wp-file-manager/lib/js/commands/rename.js?ver=8.0.4 HTTP/1.1" 200 16299 "https://rufusreid.com/cms22/wp-admin/admin.php?page=wp_file_manager" "Mozilla/5.0 (Windows NT 10.0; Win64; x64) AppleWebKit/537.36 (KHTML, like Gecko) Chrome/147.0.0.0 Safari/537.36"
185.213.83.246 - - [22/Apr/2026:06:13:39 -0700] "GET /cms22/wp-content/plugins/wp-file-manager/lib/js/commands/resize.js?ver=8.0.4 HTTP/1.1" 200 53421 "https://rufusreid.com/cms22/wp-admin/admin.php?page=wp_file_manager" "Mozilla/5.0 (Windows NT 10.0; Win64; x64) AppleWebKit/537.36 (KHTML, like Gecko) Chrome/147.0.0.0 Safari/537.36"
185.213.83.246 - - [22/Apr/2026:06:13:40 -0700] "GET /cms22/wp-content/plugins/wp-file-manager/lib/js/commands/restore.js?ver=8.0.4 HTTP/1.1" 200 7625 "https://rufusreid.com/cms22/wp-admin/admin.php?page=wp_file_manager" "Mozilla/5.0 (Windows NT 10.0; Win64; x64) AppleWebKit/537.36 (KHTML, like Gecko) Chrome/147.0.0.0 Safari/537.36"
185.213.83.246 - - [22/Apr/2026:06:13:40 -0700] "GET /cms22/wp-content/plugins/wp-file-manager/lib/js/commands/rm.js?ver=8.0.4 HTTP/1.1" 200 14762 "https://rufusreid.com/cms22/wp-admin/admin.php?page=wp_file_manager" "Mozilla/5.0 (Windows NT 10.0; Win64; x64) AppleWebKit/537.36 (KHTML, like Gecko) Chrome/147.0.0.0 Safari/537.36"
185.213.83.246 - - [22/Apr/2026:06:13:40 -0700] "GET /cms22/wp-content/plugins/wp-file-manager/lib/js/commands/search.js?ver=8.0.4 HTTP/1.1" 200 4110 "https://rufusreid.com/cms22/wp-admin/admin.php?page=wp_file_manager" "Mozilla/5.0 (Windows NT 10.0; Win64; x64) AppleWebKit/537.36 (KHTML, like Gecko) Chrome/147.0.0.0 Safari/537.36"
185.213.83.246 - - [22/Apr/2026:06:13:40 -0700] "GET /cms22/wp-content/plugins/wp-file-manager/lib/js/commands/selectall.js?ver=8.0.4 HTTP/1.1" 200 606 "https://rufusreid.com/cms22/wp-admin/admin.php?page=wp_file_manager" "Mozilla/5.0 (Windows NT 10.0; Win64; x64) AppleWebKit/537.36 (KHTML, like Gecko) Chrome/147.0.0.0 Safari/537.36"
185.213.83.246 - - [22/Apr/2026:06:13:40 -0700] "GET /cms22/wp-content/plugins/wp-file-manager/lib/js/commands/selectinvert.js?ver=8.0.4 HTTP/1.1" 200 471 "https://rufusreid.com/cms22/wp-admin/admin.php?page=wp_file_manager" "Mozilla/5.0 (Windows NT 10.0; Win64; x64) AppleWebKit/537.36 (KHTML, like Gecko) Chrome/147.0.0.0 Safari/537.36"
185.213.83.246 - - [22/Apr/2026:06:13:40 -0700] "GET /cms22/wp-content/plugins/wp-file-manager/lib/js/commands/selectnone.js?ver=8.0.4 HTTP/1.1" 200 530 "https://rufusreid.com/cms22/wp-admin/admin.php?page=wp_file_manager" "Mozilla/5.0 (Windows NT 10.0; Win64; x64) AppleWebKit/537.36 (KHTML, like Gecko) Chrome/147.0.0.0 Safari/537.36"
185.213.83.246 - - [22/Apr/2026:06:13:40 -0700] "GET /cms22/wp-content/plugins/wp-file-manager/lib/js/commands/sort.js?ver=8.0.4 HTTP/1.1" 200 4421 "https://rufusreid.com/cms22/wp-admin/admin.php?page=wp_file_manager" "Mozilla/5.0 (Windows NT 10.0; Win64; x64) AppleWebKit/537.36 (KHTML, like Gecko) Chrome/147.0.0.0 Safari/537.36"
185.213.83.246 - - [22/Apr/2026:06:13:40 -0700] "GET /cms22/wp-content/plugins/wp-file-manager/lib/js/commands/undo.js?ver=8.0.4 HTTP/1.1" 200 3703 "https://rufusreid.com/cms22/wp-admin/admin.php?page=wp_file_manager" "Mozilla/5.0 (Windows NT 10.0; Win64; x64) AppleWebKit/537.36 (KHTML, like Gecko) Chrome/147.0.0.0 Safari/537.36"
185.213.83.246 - - [22/Apr/2026:06:13:41 -0700] "GET /cms22/wp-content/plugins/wp-file-manager/lib/js/commands/up.js?ver=8.0.4 HTTP/1.1" 200 710 "https://rufusreid.com/cms22/wp-admin/admin.php?page=wp_file_manager" "Mozilla/5.0 (Windows NT 10.0; Win64; x64) AppleWebKit/537.36 (KHTML, like Gecko) Chrome/147.0.0.0 Safari/537.36"
185.213.83.246 - - [22/Apr/2026:06:13:41 -0700] "GET /cms22/wp-content/plugins/wp-file-manager/lib/js/commands/upload.js?ver=8.0.4 HTTP/1.1" 200 12696 "https://rufusreid.com/cms22/wp-admin/admin.php?page=wp_file_manager" "Mozilla/5.0 (Windows NT 10.0; Win64; x64) AppleWebKit/537.36 (KHTML, like Gecko) Chrome/147.0.0.0 Safari/537.36"
185.213.83.246 - - [22/Apr/2026:06:13:41 -0700] "GET /cms22/wp-content/plugins/wp-file-manager/lib/js/commands/view.js?ver=8.0.4 HTTP/1.1" 200 2868 "https://rufusreid.com/cms22/wp-admin/admin.php?page=wp_file_manager" "Mozilla/5.0 (Windows NT 10.0; Win64; x64) AppleWebKit/537.36 (KHTML, like Gecko) Chrome/147.0.0.0 Safari/537.36"
185.213.83.246 - - [22/Apr/2026:06:13:41 -0700] "GET /cms22/wp-content/plugins/wp-file-manager/lib/js/extras/quicklook.googledocs.js?ver=8.0.4 HTTP/1.1" 200 2335 "https://rufusreid.com/cms22/wp-admin/admin.php?page=wp_file_manager" "Mozilla/5.0 (Windows NT 10.0; Win64; x64) AppleWebKit/537.36 (KHTML, like Gecko) Chrome/147.0.0.0 Safari/537.36"
185.213.83.246 - - [22/Apr/2026:06:13:41 -0700] "GET /cms22/wp-content/plugins/wp-file-manager/js/file_manager_free_shortcode_admin.js?ver=2853 HTTP/1.1" 200 4497 "https://rufusreid.com/cms22/wp-admin/admin.php?page=wp_file_manager" "Mozilla/5.0 (Windows NT 10.0; Win64; x64) AppleWebKit/537.36 (KHTML, like Gecko) Chrome/147.0.0.0 Safari/537.36"
185.213.83.246 - - [22/Apr/2026:06:13:41 -0700] "GET /cms22/wp-content/plugins/wp-file-manager/lib/codemirror/lib/codemirror.js?ver=8.0.4 HTTP/1.1" 200 366026 "https://rufusreid.com/cms22/wp-admin/admin.php?page=wp_file_manager" "Mozilla/5.0 (Windows NT 10.0; Win64; x64) AppleWebKit/537.36 (KHTML, like Gecko) Chrome/147.0.0.0 Safari/537.36"
185.213.83.246 - - [22/Apr/2026:06:13:41 -0700] "GET /cms22/wp-content/plugins/wp-file-manager/images/wp_file_manager.svg HTTP/1.1" 304 - "https://rufusreid.com/cms22/wp-admin/admin.php?page=wp_file_manager" "Mozilla/5.0 (Windows NT 10.0; Win64; x64) AppleWebKit/537.36 (KHTML, like Gecko) Chrome/147.0.0.0 Safari/537.36"
185.213.83.246 - - [22/Apr/2026:06:13:41 -0700] "GET /cms22/wp-content/plugins/wp-file-manager/images/loading.gif HTTP/1.1" 200 92586 "https://rufusreid.com/cms22/wp-admin/admin.php?page=wp_file_manager" "Mozilla/5.0 (Windows NT 10.0; Win64; x64) AppleWebKit/537.36 (KHTML, like Gecko) Chrome/147.0.0.0 Safari/537.36"
185.213.83.246 - - [22/Apr/2026:06:13:42 -0700] "GET /cms22/wp-content/plugins/wp-file-manager/lib/img/fm_close_icon.png HTTP/1.1" 200 1576 "https://rufusreid.com/cms22/wp-admin/admin.php?page=wp_file_manager" "Mozilla/5.0 (Windows NT 10.0; Win64; x64) AppleWebKit/537.36 (KHTML, like Gecko) Chrome/147.0.0.0 Safari/537.36"
185.213.83.246 - - [22/Apr/2026:06:13:42 -0700] "GET /cms22/wp-content/plugins/wp-file-manager/images/btn-arrow-icon.png HTTP/1.1" 200 1652 "https://rufusreid.com/cms22/wp-admin/admin.php?page=wp_file_manager" "Mozilla/5.0 (Windows NT 10.0; Win64; x64) AppleWebKit/537.36 (KHTML, like Gecko) Chrome/147.0.0.0 Safari/537.36"
185.213.83.246 - - [22/Apr/2026:06:13:43 -0700] "GET /cms22/wp-content/plugins/wp-file-manager/css/fm_script.css?ver=8.0.4 HTTP/1.1" 200 12548 "https://rufusreid.com/cms22/wp-admin/admin.php?page=wp_file_manager" "Mozilla/5.0 (Windows NT 10.0; Win64; x64) AppleWebKit/537.36 (KHTML, like Gecko) Chrome/147.0.0.0 Safari/537.36"
185.213.83.246 - - [22/Apr/2026:06:13:43 -0700] "GET /cms22/wp-content/plugins/wp-file-manager/js/fm_script.js?ver=8.0.4 HTTP/1.1" 200 2871 "https://rufusreid.com/cms22/wp-admin/admin.php?page=wp_file_manager" "Mozilla/5.0 (Windows NT 10.0; Win64; x64) AppleWebKit/537.36 (KHTML, like Gecko) Chrome/147.0.0.0 Safari/537.36"
185.213.83.246 - - [22/Apr/2026:06:13:48 -0700] "GET /cms22/wp-content/plugins/wp-file-manager/lib/img/toolbar.png HTTP/1.1" 200 7506 "https://rufusreid.com/cms22/wp-content/plugins/wp-file-manager/lib/css/toolbar.css?ver=8.0.4" "Mozilla/5.0 (Windows NT 10.0; Win64; x64) AppleWebKit/537.36 (KHTML, like Gecko) Chrome/147.0.0.0 Safari/537.36"
185.213.83.246 - - [22/Apr/2026:06:13:48 -0700] "GET /cms22/wp-content/plugins/wp-file-manager/lib/img/black-search.png HTTP/1.1" 200 1079 "https://rufusreid.com/cms22/wp-content/plugins/wp-file-manager/lib/css/toolbar.css?ver=8.0.4" "Mozilla/5.0 (Windows NT 10.0; Win64; x64) AppleWebKit/537.36 (KHTML, like Gecko) Chrome/147.0.0.0 Safari/537.36"
185.213.83.246 - - [22/Apr/2026:06:13:48 -0700] "GET /cms22/wp-content/plugins/wp-file-manager/lib/img/black-close.png HTTP/1.1" 200 1082 "https://rufusreid.com/cms22/wp-content/plugins/wp-file-manager/lib/css/toolbar.css?ver=8.0.4" "Mozilla/5.0 (Windows NT 10.0; Win64; x64) AppleWebKit/537.36 (KHTML, like Gecko) Chrome/147.0.0.0 Safari/537.36"
185.213.83.246 - - [22/Apr/2026:06:13:49 -0700] "GET /cms22/wp-content/plugins/wp-file-manager/lib/img/resize.png HTTP/1.1" 200 83 "https://rufusreid.com/cms22/wp-content/plugins/wp-file-manager/lib/css/navbar.css?ver=8.0.4" "Mozilla/5.0 (Windows NT 10.0; Win64; x64) AppleWebKit/537.36 (KHTML, like Gecko) Chrome/147.0.0.0 Safari/537.36"
185.213.83.246 - - [22/Apr/2026:06:13:49 -0700] "GET /cms22/wp-content/plugins/wp-file-manager/css/images/ui-icons_444444_256x240.png HTTP/1.1" 200 7090 "https://rufusreid.com/cms22/wp-content/plugins/wp-file-manager/css/jquery-ui.css?ver=8.0.4" "Mozilla/5.0 (Windows NT 10.0; Win64; x64) AppleWebKit/537.36 (KHTML, like Gecko) Chrome/147.0.0.0 Safari/537.36"
185.213.83.246 - - [22/Apr/2026:06:13:48 -0700] "GET /wp-json/jetpack/v4/jitm?message_path=wp%3Atoplevel_page_wp_file_manager%3Aadmin_notices&query=page%253Dwp_file_manager&full_jp_logo_exists=false&_wpnonce=9e804de004 HTTP/1.1" 200 2 "https://rufusreid.com/cms22/wp-admin/admin.php?page=wp_file_manager" "Mozilla/5.0 (Windows NT 10.0; Win64; x64) AppleWebKit/537.36 (KHTML, like Gecko) Chrome/147.0.0.0 Safari/537.36"
185.213.83.246 - - [22/Apr/2026:06:13:48 -0700] "GET /cms22/wp-admin/admin-ajax.php?action=mk_file_folder_manager&_wpnonce=f5c6f354e3&networkhref=&cmd=open&target=&init=1&tree=1&_=1776863614203 HTTP/1.1" 200 7930 "https://rufusreid.com/cms22/wp-admin/admin.php?page=wp_file_manager" "Mozilla/5.0 (Windows NT 10.0; Win64; x64) AppleWebKit/537.36 (KHTML, like Gecko) Chrome/147.0.0.0 Safari/537.36"
185.213.83.246 - - [22/Apr/2026:06:13:52 -0700] "GET /cms22/wp-content/plugins/wp-file-manager/lib/fonts/raleway/Raleway-Bold.woff2 HTTP/1.1" 200 64352 "https://rufusreid.com/cms22/wp-content/plugins/wp-file-manager/css/fm_script.css?ver=8.0.4" "Mozilla/5.0 (Windows NT 10.0; Win64; x64) AppleWebKit/537.36 (KHTML, like Gecko) Chrome/147.0.0.0 Safari/537.36"
185.213.83.246 - - [22/Apr/2026:06:13:54 -0700] "GET /cms22/wp-content/plugins/wp-file-manager/lib/img/logo.png HTTP/1.1" 200 4893 "https://rufusreid.com/cms22/wp-content/plugins/wp-file-manager/lib/css/commands.css?ver=8.0.4" "Mozilla/5.0 (Windows NT 10.0; Win64; x64) AppleWebKit/537.36 (KHTML, like Gecko) Chrome/147.0.0.0 Safari/537.36"
185.213.83.246 - - [22/Apr/2026:06:13:54 -0700] "GET /cms22/wp-content/plugins/wp-file-manager/lib/img/icons-small.png HTTP/1.1" 200 3674 "https://rufusreid.com/cms22/wp-content/plugins/wp-file-manager/lib/css/cwd.css?ver=8.0.4" "Mozilla/5.0 (Windows NT 10.0; Win64; x64) AppleWebKit/537.36 (KHTML, like Gecko) Chrome/147.0.0.0 Safari/537.36"
185.213.83.246 - - [22/Apr/2026:06:13:54 -0700] "GET /cms22/wp-content/plugins/wp-file-manager/css/images/ui-icons_ffffff_256x240.png HTTP/1.1" 200 6487 "https://rufusreid.com/cms22/wp-content/plugins/wp-file-manager/css/jquery-ui.css?ver=8.0.4" "Mozilla/5.0 (Windows NT 10.0; Win64; x64) AppleWebKit/537.36 (KHTML, like Gecko) Chrome/147.0.0.0 Safari/537.36"
185.213.83.246 - - [22/Apr/2026:06:13:54 -0700] "GET /cms22/wp-content/plugins/wp-file-manager/lib/img/arrows-normal.png HTTP/1.1" 200 169 "https://rufusreid.com/cms22/wp-content/plugins/wp-file-manager/lib/css/navbar.css?ver=8.0.4" "Mozilla/5.0 (Windows NT 10.0; Win64; x64) AppleWebKit/537.36 (KHTML, like Gecko) Chrome/147.0.0.0 Safari/537.36"
185.213.83.246 - - [22/Apr/2026:06:13:55 -0700] "GET /cms22/wp-content/plugins/wp-file-manager/lib/img/arrows-active.png HTTP/1.1" 200 152 "https://rufusreid.com/cms22/wp-content/plugins/wp-file-manager/lib/css/navbar.css?ver=8.0.4" "Mozilla/5.0 (Windows NT 10.0; Win64; x64) AppleWebKit/537.36 (KHTML, like Gecko) Chrome/147.0.0.0 Safari/537.36"
185.213.83.246 - - [22/Apr/2026:06:13:55 -0700] "GET /cms22/wp-content/plugins/wp-file-manager/lib/img/volume_icon_local.svg HTTP/1.1" 200 16208 "https://rufusreid.com/cms22/wp-content/plugins/wp-file-manager/lib/css/navbar.css?ver=8.0.4" "Mozilla/5.0 (Windows NT 10.0; Win64; x64) AppleWebKit/537.36 (KHTML, like Gecko) Chrome/147.0.0.0 Safari/537.36"
185.213.83.246 - - [22/Apr/2026:06:13:54 -0700] "GET /cms22/wp-admin/admin-ajax.php?action=mk_file_folder_manager&_wpnonce=f5c6f354e3&networkhref=&cmd=open&reload=1&target=l1_Lw&tree=1&compare=&reqid=19db5536a3d2ad HTTP/1.1" 200 7287 "https://rufusreid.com/cms22/wp-admin/admin.php?page=wp_file_manager" "Mozilla/5.0 (Windows NT 10.0; Win64; x64) AppleWebKit/537.36 (KHTML, like Gecko) Chrome/147.0.0.0 Safari/537.36"
185.213.83.246 - - [22/Apr/2026:06:13:55 -0700] "POST /cms22/wp-admin/admin-ajax.php HTTP/1.1" 200 - "https://rufusreid.com/cms22/wp-admin/admin.php?page=wp_file_manager" "Mozilla/5.0 (Windows NT 10.0; Win64; x64) AppleWebKit/537.36 (KHTML, like Gecko) Chrome/147.0.0.0 Safari/537.36"
185.213.83.246 - - [22/Apr/2026:06:14:01 -0700] "GET /cms22/wp-content/plugins/wp-file-manager/lib/img/dialogs.png HTTP/1.1" 200 5818 "https://rufusreid.com/cms22/wp-content/plugins/wp-file-manager/lib/css/dialog.css?ver=8.0.4" "Mozilla/5.0 (Windows NT 10.0; Win64; x64) AppleWebKit/537.36 (KHTML, like Gecko) Chrome/147.0.0.0 Safari/537.36"
185.213.83.246 - - [22/Apr/2026:06:14:01 -0700] "GET /cms22/wp-content/plugins/wp-file-manager/lib/img/progress.gif HTTP/1.1" 200 667 "https://rufusreid.com/cms22/wp-content/plugins/wp-file-manager/lib/css/dialog.css?ver=8.0.4" "Mozilla/5.0 (Windows NT 10.0; Win64; x64) AppleWebKit/537.36 (KHTML, like Gecko) Chrome/147.0.0.0 Safari/537.36"
185.213.83.246 - - [22/Apr/2026:06:14:01 -0700] "GET /cms22/wp-admin/admin-ajax.php?action=mk_file_folder_manager&_wpnonce=f5c6f354e3&networkhref=&cmd=ls&target=l1_Lw&intersect%5B%5D=main.php&reqid=19db55384bc124 HTTP/1.1" 200 11 "https://rufusreid.com/cms22/wp-admin/admin.php?page=wp_file_manager" "Mozilla/5.0 (Windows NT 10.0; Win64; x64) AppleWebKit/537.36 (KHTML, like Gecko) Chrome/147.0.0.0 Safari/537.36"
185.213.83.246 - - [22/Apr/2026:06:14:03 -0700] "GET /cms22/wp-content/plugins/wp-file-manager/lib/img/ui-icons_ffffff_256x240.png HTTP/1.1" 200 3759 "https://rufusreid.com/cms22/wp-content/plugins/wp-file-manager/lib/css/theme.css?ver=8.0.4" "Mozilla/5.0 (Windows NT 10.0; Win64; x64) AppleWebKit/537.36 (KHTML, like Gecko) Chrome/147.0.0.0 Safari/537.36"
23.235.221.107 - - [22/Apr/2026:06:14:03 -0700] "POST /cms22/wp-cron.php?doing_wp_cron=1776863643.5491590499877929687500 HTTP/1.1" 200 - "https://rufusreid.com/cms22/wp-cron.php?doing_wp_cron=1776863643.5491590499877929687500" "WordPress/6.0.11; https://rufusreid.com"
185.213.83.246 - - [22/Apr/2026:06:14:02 -0700] "POST /cms22/wp-admin/admin-ajax.php HTTP/1.1" 200 1502 "https://rufusreid.com/cms22/wp-admin/admin.php?page=wp_file_manager" "Mozilla/5.0 (Windows NT 10.0; Win64; x64) AppleWebKit/537.36 (KHTML, like Gecko) Chrome/147.0.0.0 Safari/537.36"
185.213.83.246 - - [22/Apr/2026:06:14:21 -0700] "GET /cms22/wp-content/plugins/wp-file-manager/lib/img/icons-big.svg HTTP/1.1" 200 26458 "https://rufusreid.com/cms22/wp-content/plugins/wp-file-manager/lib/css/cwd.css?ver=8.0.4" "Mozilla/5.0 (Windows NT 10.0; Win64; x64) AppleWebKit/537.36 (KHTML, like Gecko) Chrome/147.0.0.0 Safari/537.36"
185.213.83.246 - - [22/Apr/2026:06:14:23 -0700] "GET /cms22/main.php HTTP/1.1" 200 356 "https://rufusreid.com/cms22/wp-admin/admin.php?page=wp_file_manager" "Mozilla/5.0 (Windows NT 10.0; Win64; x64) AppleWebKit/537.36 (KHTML, like Gecko) Chrome/147.0.0.0 Safari/537.36"
209.42.18.204 - - [22/Apr/2026:06:14:24 -0700] "GET /wp-login.php HTTP/1.1" 302 - "-" "Mozilla/4.0 (compatible; MSIE 7.0; Windows NT 6.3; WOW64; Trident/7.0; .NET4.0C; .NET4.0E; .NET CLR 2.0.50727; .NET CLR 3.0.30729; .NET CLR 3.5.30729; Tablet PC 2.0)"
185.213.83.246 - - [22/Apr/2026:06:14:25 -0700] "POST /cms22/main.php HTTP/1.1" 200 39064 "https://rufusreid.com/cms22/main.php" "Mozilla/5.0 (Windows NT 10.0; Win64; x64) AppleWebKit/537.36 (KHTML, like Gecko) Chrome/147.0.0.0 Safari/537.36"
209.42.18.204 - - [22/Apr/2026:06:14:27 -0700] "GET /cms22/wp-login.php HTTP/1.1" 200 6310 "https://rufusreid.com/wp-login.php" "Mozilla/4.0 (compatible; MSIE 7.0; Windows NT 6.3; WOW64; Trident/7.0; .NET4.0C; .NET4.0E; .NET CLR 2.0.50727; .NET CLR 3.0.30729; .NET CLR 3.5.30729; Tablet PC 2.0)"
209.42.18.204 - - [22/Apr/2026:06:14:29 -0700] "POST /wp-login.php HTTP/1.1" 302 - "https://rufusreid.com/wp-login.php" "Mozilla/4.0 (compatible; MSIE 7.0; Windows NT 6.3; WOW64; Trident/7.0; .NET4.0C; .NET4.0E; .NET CLR 2.0.50727; .NET CLR 3.0.30729; .NET CLR 3.5.30729; Tablet PC 2.0)"
209.42.18.204 - - [22/Apr/2026:06:14:31 -0700] "GET /cms22/wp-login.php HTTP/1.1" 200 6310 "https://rufusreid.com/wp-login.php" "Mozilla/4.0 (compatible; MSIE 7.0; Windows NT 6.3; WOW64; Trident/7.0; .NET4.0C; .NET4.0E; .NET CLR 2.0.50727; .NET CLR 3.0.30729; .NET CLR 3.5.30729; Tablet PC 2.0)"
185.213.83.246 - - [22/Apr/2026:06:14:29 -0700] "POST /cms22/main.php HTTP/1.1" 200 5175 "https://rufusreid.com/cms22/main.php" "Mozilla/5.0 (Windows NT 10.0; Win64; x64) AppleWebKit/537.36 (KHTML, like Gecko) Chrome/147.0.0.0 Safari/537.36"
77.75.73.26 - - [22/Apr/2026:06:14:45 -0700] "GET /cms22/wp-content/uploads/2017/12/cropped-favicon-150x150.jpg HTTP/1.1" 200 2916 "-" "Mozilla/5.0 (compatible; SeznamBot/4.0; +https://o-seznam.cz/napoveda/vyhledavani/en/seznambot-crawler/)"
185.213.83.246 - - [22/Apr/2026:06:14:48 -0700] "POST /cms22/wp-admin/admin-ajax.php HTTP/1.1" 200 47 "https://rufusreid.com/cms22/wp-admin/admin.php?page=wp_file_manager" "Mozilla/5.0 (Windows NT 10.0; Win64; x64) AppleWebKit/537.36 (KHTML, like Gecko) Chrome/147.0.0.0 Safari/537.36"
178.20.44.82 - - [22/Apr/2026:06:15:13 -0700] "GET /2019/01/rufus-in-melbourne-au/ HTTP/1.0" 200 81120 "https://rufusreid.com/2019/01/rufus-in-melbourne-au/" "Mozilla/5.0 (Windows NT 10.0; Win64; x64) AppleWebKit/537.36 (KHTML, like Gecko) Chrome/131.0.0.0 Safari/537.36"
178.20.44.82 - - [22/Apr/2026:06:15:15 -0700] "GET /contact/ HTTP/1.0" 200 88926 "https://rufusreid.com/contact/" "Mozilla/5.0 (Windows NT 10.0; Win64; x64) AppleWebKit/537.36 (KHTML, like Gecko) Chrome/131.0.0.0 Safari/537.36"
178.20.44.82 - - [22/Apr/2026:06:15:17 -0700] "POST /contact/ HTTP/1.0" 200 413 "https://rufusreid.com/contact/" "Mozilla/5.0 (Windows NT 10.0; Win64; x64) AppleWebKit/537.36 (KHTML, like Gecko) Chrome/131.0.0.0 Safari/537.36"
78.46.215.1 - - [22/Apr/2026:06:15:44 -0700] "HEAD / HTTP/1.1" 200 - "http://rufusreid.com" "Mozilla/5.0+(compatible; UptimeRobot/2.0; http://www.uptimerobot.com/)"
185.213.83.246 - - [22/Apr/2026:06:15:49 -0700] "POST /cms22/wp-admin/admin-ajax.php HTTP/1.1" 200 47 "https://rufusreid.com/cms22/wp-admin/admin.php?page=wp_file_manager" "Mozilla/5.0 (Windows NT 10.0; Win64; x64) AppleWebKit/537.36 (KHTML, like Gecko) Chrome/147.0.0.0 Safari/537.36"
185.213.83.246 - - [22/Apr/2026:06:17:51 -0700] "POST /cms22/wp-admin/admin-ajax.php HTTP/1.1" 200 47 "https://rufusreid.com/cms22/wp-admin/admin.php?page=wp_file_manager" "Mozilla/5.0 (Windows NT 10.0; Win64; x64) AppleWebKit/537.36 (KHTML, like Gecko) Chrome/147.0.0.0 Safari/537.36"
185.213.83.246 - - [22/Apr/2026:06:19:51 -0700] "POST /cms22/wp-admin/admin-ajax.php HTTP/1.1" 200 47 "https://rufusreid.com/cms22/wp-admin/admin.php?page=wp_file_manager" "Mozilla/5.0 (Windows NT 10.0; Win64; x64) AppleWebKit/537.36 (KHTML, like Gecko) Chrome/147.0.0.0 Safari/537.36"
66.249.70.192 - - [22/Apr/2026:06:20:03 -0700] "GET /cms22/wp-content/uploads/2011/07/20081117_13.jpg HTTP/1.1" 200 40013 "-" "Googlebot-Image/1.0"
216.244.66.199 - - [22/Apr/2026:06:20:27 -0700] "GET /robots.txt HTTP/1.1" 200 31 "-" "Mozilla/5.0 (compatible; DotBot/1.2; +https://opensiteexplorer.org/dotbot; help@moz.com)"
3.79.134.69 - - [22/Apr/2026:06:20:53 -0700] "HEAD / HTTP/1.1" 200 - "http://rufusreid.com" "Mozilla/5.0+(compatible; UptimeRobot/2.0; http://www.uptimerobot.com/)"
185.213.83.246 - - [22/Apr/2026:06:21:23 -0700] "POST /cms22/wp-admin/admin-ajax.php HTTP/1.1" 200 47 "https://rufusreid.com/cms22/wp-admin/admin.php?page=wp_file_manager" "Mozilla/5.0 (Windows NT 10.0; Win64; x64) AppleWebKit/537.36 (KHTML, like Gecko) Chrome/147.0.0.0 Safari/537.36"
185.213.83.246 - - [22/Apr/2026:06:23:24 -0700] "POST /cms22/wp-admin/admin-ajax.php HTTP/1.1" 200 47 "https://rufusreid.com/cms22/wp-admin/admin.php?page=wp_file_manager" "Mozilla/5.0 (Windows NT 10.0; Win64; x64) AppleWebKit/537.36 (KHTML, like Gecko) Chrome/147.0.0.0 Safari/537.36"
66.249.70.193 - - [22/Apr/2026:06:24:56 -0700] "GET /cms22/wp-content/uploads/2011/07/ISBCBurtTuretzky.jpg HTTP/1.1" 200 50668 "-" "Googlebot-Image/1.0"
178.20.44.140 - - [22/Apr/2026:06:25:06 -0700] "GET / HTTP/1.0" 200 84859 "https://rufusreid.com/" "Mozilla/5.0 (Windows NT 10.0; Win64; x64) AppleWebKit/537.36 (KHTML, like Gecko) Chrome/130.0.0.0 Safari/537.36"
178.20.44.140 - - [22/Apr/2026:06:25:08 -0700] "GET /contact/ HTTP/1.0" 200 88926 "https://rufusreid.com/contact/" "Mozilla/5.0 (Windows NT 10.0; Win64; x64) AppleWebKit/537.36 (KHTML, like Gecko) Chrome/130.0.0.0 Safari/537.36"
178.20.44.140 - - [22/Apr/2026:06:25:10 -0700] "POST /contact/ HTTP/1.0" 200 413 "https://rufusreid.com/contact/" "Mozilla/5.0 (Windows NT 10.0; Win64; x64) AppleWebKit/537.36 (KHTML, like Gecko) Chrome/130.0.0.0 Safari/537.36"
185.213.83.246 - - [22/Apr/2026:06:25:25 -0700] "POST /cms22/wp-admin/admin-ajax.php HTTP/1.1" 200 47 "https://rufusreid.com/cms22/wp-admin/admin.php?page=wp_file_manager" "Mozilla/5.0 (Windows NT 10.0; Win64; x64) AppleWebKit/537.36 (KHTML, like Gecko) Chrome/147.0.0.0 Safari/537.36"
216.73.216.166 - - [22/Apr/2026:06:25:50 -0700] "GET /robots.txt HTTP/1.1" 200 31 "-" "Mozilla/5.0 AppleWebKit/537.36 (KHTML, like Gecko; compatible; ClaudeBot/1.0; +claudebot@anthropic.com)"
216.73.216.166 - - [22/Apr/2026:06:25:50 -0700] "GET /sitemap.xml HTTP/1.1" 302 - "-" "Mozilla/5.0 AppleWebKit/537.36 (KHTML, like Gecko; compatible; ClaudeBot/1.0; +claudebot@anthropic.com)"
216.73.216.166 - - [22/Apr/2026:06:25:52 -0700] "GET /wp-sitemap.xml HTTP/1.1" 200 1125 "https://rufusreid.com/sitemap.xml" "Mozilla/5.0 AppleWebKit/537.36 (KHTML, like Gecko; compatible; ClaudeBot/1.0; +claudebot@anthropic.com)"
49.13.130.29 - - [22/Apr/2026:06:26:00 -0700] "HEAD / HTTP/1.1" 200 - "http://rufusreid.com" "Mozilla/5.0+(compatible; UptimeRobot/2.0; http://www.uptimerobot.com/)"
185.213.83.246 - - [22/Apr/2026:06:26:26 -0700] "POST /cms22/wp-admin/admin-ajax.php HTTP/1.1" 200 47 "https://rufusreid.com/cms22/wp-admin/admin.php?page=wp_file_manager" "Mozilla/5.0 (Windows NT 10.0; Win64; x64) AppleWebKit/537.36 (KHTML, like Gecko) Chrome/147.0.0.0 Safari/537.36"
103.211.200.45 - - [22/Apr/2026:06:26:49 -0700] "GET /wp-login.php HTTP/1.1" 302 - "-" "Mozilla/5.0 (Windows NT 6.1; Win64; x64) AppleWebKit/537.36 (KHTML, like Gecko) Chrome/67.0.3396.62 Safari/537.36"
103.211.200.45 - - [22/Apr/2026:06:26:51 -0700] "GET /cms22/wp-login.php HTTP/1.1" 200 6310 "https://rufusreid.com/wp-login.php" "Mozilla/5.0 (Windows NT 6.1; Win64; x64) AppleWebKit/537.36 (KHTML, like Gecko) Chrome/67.0.3396.62 Safari/537.36"
103.211.200.45 - - [22/Apr/2026:06:26:53 -0700] "POST /wp-login.php HTTP/1.1" 302 - "https://rufusreid.com/wp-login.php" "Mozilla/5.0 (Windows NT 6.1; Win64; x64) AppleWebKit/537.36 (KHTML, like Gecko) Chrome/67.0.3396.62 Safari/537.36"
103.211.200.45 - - [22/Apr/2026:06:26:54 -0700] "GET /cms22/wp-login.php HTTP/1.1" 200 6310 "https://rufusreid.com/wp-login.php" "Mozilla/5.0 (Windows NT 6.1; Win64; x64) AppleWebKit/537.36 (KHTML, like Gecko) Chrome/67.0.3396.62 Safari/537.36"
185.213.83.246 - - [22/Apr/2026:06:28:27 -0700] "POST /cms22/wp-admin/admin-ajax.php HTTP/1.1" 200 47 "https://rufusreid.com/cms22/wp-admin/admin.php?page=wp_file_manager" "Mozilla/5.0 (Windows NT 10.0; Win64; x64) AppleWebKit/537.36 (KHTML, like Gecko) Chrome/147.0.0.0 Safari/537.36"
216.244.66.199 - - [22/Apr/2026:06:29:35 -0700] "GET /equipment.php HTTP/1.1" 301 - "-" "Mozilla/5.0 (compatible; DotBot/1.2; +https://opensiteexplorer.org/dotbot; help@moz.com)"
66.249.70.192 - - [22/Apr/2026:06:29:49 -0700] "GET /cms22/wp-content/uploads/2011/07/JazzDoubleBass2.jpg HTTP/1.1" 200 46855 "-" "Googlebot-Image/1.0"
173.231.249.1 - - [22/Apr/2026:06:30:26 -0700] "GET /wp-login.php HTTP/1.1" 302 - "-" "Mozilla/5.0 (Windows NT 6.1; WOW64; Trident/7.0; yie10; rv:11.0) like Gecko"
185.213.83.246 - - [22/Apr/2026:06:30:29 -0700] "POST /cms22/wp-admin/admin-ajax.php HTTP/1.1" 200 47 "https://rufusreid.com/cms22/wp-admin/admin.php?page=wp_file_manager" "Mozilla/5.0 (Windows NT 10.0; Win64; x64) AppleWebKit/537.36 (KHTML, like Gecko) Chrome/147.0.0.0 Safari/537.36"
173.231.249.1 - - [22/Apr/2026:06:30:29 -0700] "GET /cms22/wp-login.php HTTP/1.1" 200 6310 "https://rufusreid.com/wp-login.php" "Mozilla/5.0 (Windows NT 6.1; WOW64; Trident/7.0; yie10; rv:11.0) like Gecko"
173.231.249.1 - - [22/Apr/2026:06:30:30 -0700] "POST /wp-login.php HTTP/1.1" 302 - "https://rufusreid.com/wp-login.php" "Mozilla/5.0 (Windows NT 6.1; WOW64; Trident/7.0; yie10; rv:11.0) like Gecko"
173.231.249.1 - - [22/Apr/2026:06:30:33 -0700] "GET /cms22/wp-login.php HTTP/1.1" 200 6310 "https://rufusreid.com/wp-login.php" "Mozilla/5.0 (Windows NT 6.1; WOW64; Trident/7.0; yie10; rv:11.0) like Gecko"
165.99.50.226 - - [22/Apr/2026:06:30:58 -0700] "GET /wp-login.php HTTP/1.1" 302 - "-" "Mozilla/5.0 (X11; CrOS x86_64 10452.74.0) AppleWebKit/537.36 (KHTML, like Gecko) Chrome/66.0.3359.137 Safari/537.36"
49.13.167.123 - - [22/Apr/2026:06:31:10 -0700] "HEAD / HTTP/1.1" 200 - "http://rufusreid.com" "Mozilla/5.0+(compatible; UptimeRobot/2.0; http://www.uptimerobot.com/)"
123.108.92.221 - - [22/Apr/2026:06:32:02 -0700] "GET /contact.php HTTP/1.1" 301 - "-" "Mozilla/5.0 (Macintosh; Intel Mac OS X 10_13_6) AppleWebKit/537.36 (KHTML, like Gecko) Brave Chrome/87.0.4280.141 Safari/537.36"
123.24.241.118 - - [22/Apr/2026:06:32:06 -0700] "GET /contact.php HTTP/1.1" 404 81943 "-" "Mozilla/5.0 (Macintosh; Intel Mac OS X 10_13_6) AppleWebKit/537.36 (KHTML, like Gecko) Brave Chrome/87.0.4280.141 Safari/537.36"
185.213.83.246 - - [22/Apr/2026:06:32:29 -0700] "POST /cms22/wp-admin/admin-ajax.php HTTP/1.1" 200 47 "https://rufusreid.com/cms22/wp-admin/admin.php?page=wp_file_manager" "Mozilla/5.0 (Windows NT 10.0; Win64; x64) AppleWebKit/537.36 (KHTML, like Gecko) Chrome/147.0.0.0 Safari/537.36"
190.67.212.80 - - [22/Apr/2026:06:33:01 -0700] "GET /performance.php HTTP/1.1" 301 - "-" "Mozilla/5.0 (Macintosh; Intel Mac OS X 11_2_3) AppleWebKit/537.36 (KHTML, like Gecko) Chrome/87.0.4280.67 Safari/537.36"
176.28.160.162 - - [22/Apr/2026:06:33:05 -0700] "GET /performance.php HTTP/1.1" 404 81943 "-" "Mozilla/5.0 (Macintosh; Intel Mac OS X 11_2_3) AppleWebKit/537.36 (KHTML, like Gecko) Chrome/87.0.4280.67 Safari/537.36"
185.213.83.246 - - [22/Apr/2026:06:34:30 -0700] "POST /cms22/wp-admin/admin-ajax.php HTTP/1.1" 200 47 "https://rufusreid.com/cms22/wp-admin/admin.php?page=wp_file_manager" "Mozilla/5.0 (Windows NT 10.0; Win64; x64) AppleWebKit/537.36 (KHTML, like Gecko) Chrome/147.0.0.0 Safari/537.36"
197.159.192.39 - - [22/Apr/2026:06:34:49 -0700] "GET /wp-login.php HTTP/1.1" 302 - "-" "Mozilla/5.0 (Windows NT 6.1; Win64; x64) AppleWebKit/537.36 (KHTML, like Gecko) Chrome/65.0.3325.181 Safari/537.36 OPR/52.0.2871.40"
24.147.122.87 - - [22/Apr/2026:06:34:56 -0700] "GET /performances/ HTTP/1.1" 200 153653 "-" "Mozilla/5.0 (iPad; CPU iPad OS 17_4_1 like Mac OS X) AppleWebKit/531.0 (KHTML, like Gecko) FxiOS/18.6e1212.0 Mobile/38R914 Safari/531.0"
74.7.175.159 - - [22/Apr/2026:06:35:23 -0700] "GET /robots.txt HTTP/1.1" 200 31 "http://rufusreid.com/robots.txt" "Mozilla/5.0 (Macintosh; Intel Mac OS X 10_15_7) AppleWebKit/537.36 (KHTML, like Gecko) Chrome/131.0.0.0 Safari/537.36; compatible; OAI-SearchBot/1.3; robots.txt; +https://openai.com/searchbot"
185.213.83.246 - - [22/Apr/2026:06:35:31 -0700] "POST /cms22/wp-admin/admin-ajax.php HTTP/1.1" 200 47 "https://rufusreid.com/cms22/wp-admin/admin.php?page=wp_file_manager" "Mozilla/5.0 (Windows NT 10.0; Win64; x64) AppleWebKit/537.36 (KHTML, like Gecko) Chrome/147.0.0.0 Safari/537.36"
168.119.123.75 - - [22/Apr/2026:06:36:17 -0700] "HEAD / HTTP/1.1" 200 - "http://rufusreid.com" "Mozilla/5.0+(compatible; UptimeRobot/2.0; http://www.uptimerobot.com/)"
196.27.114.137 - - [22/Apr/2026:06:37:07 -0700] "POST /cms22/wp-login.php HTTP/1.1" 200 6682 "-" "Mozilla/5.0 (Windows NT 10.0; Win64; x64) AppleWebKit/537.36 (KHTML, like Gecko) Chrome/142.0.0.0 Safari/537.36 Edg/142.0.0.0"
20.219.138.200 - - [22/Apr/2026:06:37:14 -0700] "GET /ioxi-o.php HTTP/1.1" 401 53 "-" "Mozilla/5.0 (Windows NT 10.0; Win64; x64) AppleWebKit/537.36 (KHTML, like Gecko) Chrome/120.0.0.0 Safari/537.36"
20.219.138.200 - - [22/Apr/2026:06:37:14 -0700] "GET /0x.php HTTP/1.1" 401 53 "-" "Mozilla/5.0 (Windows NT 10.0; Win64; x64) AppleWebKit/537.36 (KHTML, like Gecko) Chrome/120.0.0.0 Safari/537.36"
20.219.138.200 - - [22/Apr/2026:06:37:15 -0700] "GET /222.php HTTP/1.1" 401 53 "-" "Mozilla/5.0 (Windows NT 10.0; Win64; x64) AppleWebKit/537.36 (KHTML, like Gecko) Chrome/120.0.0.0 Safari/537.36"
20.219.138.200 - - [22/Apr/2026:06:37:15 -0700] "GET /aa.php HTTP/1.1" 401 53 "-" "Mozilla/5.0 (Windows NT 10.0; Win64; x64) AppleWebKit/537.36 (KHTML, like Gecko) Chrome/120.0.0.0 Safari/537.36"
20.219.138.200 - - [22/Apr/2026:06:37:15 -0700] "GET /abcd.php HTTP/1.1" 401 53 "-" "Mozilla/5.0 (Windows NT 10.0; Win64; x64) AppleWebKit/537.36 (KHTML, like Gecko) Chrome/120.0.0.0 Safari/537.36"
20.219.138.200 - - [22/Apr/2026:06:37:15 -0700] "GET /admin.php HTTP/1.1" 401 53 "-" "Mozilla/5.0 (Windows NT 10.0; Win64; x64) AppleWebKit/537.36 (KHTML, like Gecko) Chrome/120.0.0.0 Safari/537.36"
20.219.138.200 - - [22/Apr/2026:06:37:16 -0700] "GET /admin/controller/extension/extension/ HTTP/1.1" 401 53 "-" "Mozilla/5.0 (Windows NT 10.0; Win64; x64) AppleWebKit/537.36 (KHTML, like Gecko) Chrome/120.0.0.0 Safari/537.36"
20.219.138.200 - - [22/Apr/2026:06:37:16 -0700] "GET /adminfuns.php HTTP/1.1" 401 53 "-" "Mozilla/5.0 (Windows NT 10.0; Win64; x64) AppleWebKit/537.36 (KHTML, like Gecko) Chrome/120.0.0.0 Safari/537.36"
20.219.138.200 - - [22/Apr/2026:06:37:16 -0700] "GET /akc.php HTTP/1.1" 401 53 "-" "Mozilla/5.0 (Windows NT 10.0; Win64; x64) AppleWebKit/537.36 (KHTML, like Gecko) Chrome/120.0.0.0 Safari/537.36"
20.219.138.200 - - [22/Apr/2026:06:37:16 -0700] "GET /buy.php HTTP/1.1" 401 53 "-" "Mozilla/5.0 (Windows NT 10.0; Win64; x64) AppleWebKit/537.36 (KHTML, like Gecko) Chrome/120.0.0.0 Safari/537.36"
20.219.138.200 - - [22/Apr/2026:06:37:17 -0700] "GET /cong.php HTTP/1.1" 401 53 "-" "Mozilla/5.0 (Windows NT 10.0; Win64; x64) AppleWebKit/537.36 (KHTML, like Gecko) Chrome/120.0.0.0 Safari/537.36"
20.219.138.200 - - [22/Apr/2026:06:37:17 -0700] "GET /css/classwithtostring.php HTTP/1.1" 401 53 "-" "Mozilla/5.0 (Windows NT 10.0; Win64; x64) AppleWebKit/537.36 (KHTML, like Gecko) Chrome/120.0.0.0 Safari/537.36"
20.219.138.200 - - [22/Apr/2026:06:37:17 -0700] "GET /db.php HTTP/1.1" 401 53 "-" "Mozilla/5.0 (Windows NT 10.0; Win64; x64) AppleWebKit/537.36 (KHTML, like Gecko) Chrome/120.0.0.0 Safari/537.36"
20.219.138.200 - - [22/Apr/2026:06:37:17 -0700] "GET /dropdown.php HTTP/1.1" 401 53 "-" "Mozilla/5.0 (Windows NT 10.0; Win64; x64) AppleWebKit/537.36 (KHTML, like Gecko) Chrome/120.0.0.0 Safari/537.36"
20.219.138.200 - - [22/Apr/2026:06:37:18 -0700] "GET /file.php HTTP/1.1" 401 53 "-" "Mozilla/5.0 (Windows NT 10.0; Win64; x64) AppleWebKit/537.36 (KHTML, like Gecko) Chrome/120.0.0.0 Safari/537.36"
20.219.138.200 - - [22/Apr/2026:06:37:18 -0700] "GET /goods.php HTTP/1.1" 401 53 "-" "Mozilla/5.0 (Windows NT 10.0; Win64; x64) AppleWebKit/537.36 (KHTML, like Gecko) Chrome/120.0.0.0 Safari/537.36"
20.219.138.200 - - [22/Apr/2026:06:37:18 -0700] "GET /hplfuns.php HTTP/1.1" 401 53 "-" "Mozilla/5.0 (Windows NT 10.0; Win64; x64) AppleWebKit/537.36 (KHTML, like Gecko) Chrome/120.0.0.0 Safari/537.36"
20.219.138.200 - - [22/Apr/2026:06:37:18 -0700] "GET /htaccess.php HTTP/1.1" 401 53 "-" "Mozilla/5.0 (Windows NT 10.0; Win64; x64) AppleWebKit/537.36 (KHTML, like Gecko) Chrome/120.0.0.0 Safari/537.36"
20.219.138.200 - - [22/Apr/2026:06:37:19 -0700] "GET /images/wso.php HTTP/1.1" 401 53 "-" "Mozilla/5.0 (Windows NT 10.0; Win64; x64) AppleWebKit/537.36 (KHTML, like Gecko) Chrome/120.0.0.0 Safari/537.36"
20.219.138.200 - - [22/Apr/2026:06:37:19 -0700] "GET /index/function.php HTTP/1.1" 401 53 "-" "Mozilla/5.0 (Windows NT 10.0; Win64; x64) AppleWebKit/537.36 (KHTML, like Gecko) Chrome/120.0.0.0 Safari/537.36"
20.219.138.200 - - [22/Apr/2026:06:37:19 -0700] "GET /info.php HTTP/1.1" 401 53 "-" "Mozilla/5.0 (Windows NT 10.0; Win64; x64) AppleWebKit/537.36 (KHTML, like Gecko) Chrome/120.0.0.0 Safari/537.36"
20.219.138.200 - - [22/Apr/2026:06:37:20 -0700] "GET /profile.php HTTP/1.1" 401 53 "-" "Mozilla/5.0 (Windows NT 10.0; Win64; x64) AppleWebKit/537.36 (KHTML, like Gecko) Chrome/120.0.0.0 Safari/537.36"
20.219.138.200 - - [22/Apr/2026:06:37:20 -0700] "GET /sx.php HTTP/1.1" 401 53 "-" "Mozilla/5.0 (Windows NT 10.0; Win64; x64) AppleWebKit/537.36 (KHTML, like Gecko) Chrome/120.0.0.0 Safari/537.36"
20.219.138.200 - - [22/Apr/2026:06:37:20 -0700] "GET /wp-admin/css/colors/blue/index.php HTTP/1.1" 401 53 "-" "Mozilla/5.0 (Windows NT 10.0; Win64; x64) AppleWebKit/537.36 (KHTML, like Gecko) Chrome/120.0.0.0 Safari/537.36"
20.219.138.200 - - [22/Apr/2026:06:37:20 -0700] "GET /wp-admin/images/admin.php HTTP/1.1" 401 53 "-" "Mozilla/5.0 (Windows NT 10.0; Win64; x64) AppleWebKit/537.36 (KHTML, like Gecko) Chrome/120.0.0.0 Safari/537.36"
20.219.138.200 - - [22/Apr/2026:06:37:21 -0700] "GET /wp-admin/includes/ HTTP/1.1" 401 53 "-" "Mozilla/5.0 (Windows NT 10.0; Win64; x64) AppleWebKit/537.36 (KHTML, like Gecko) Chrome/120.0.0.0 Safari/537.36"
20.219.138.200 - - [22/Apr/2026:06:37:21 -0700] "GET /wp-admin/js/index.php HTTP/1.1" 401 53 "-" "Mozilla/5.0 (Windows NT 10.0; Win64; x64) AppleWebKit/537.36 (KHTML, like Gecko) Chrome/120.0.0.0 Safari/537.36"
20.219.138.200 - - [22/Apr/2026:06:37:21 -0700] "GET /wp-admin/js/widgets/ HTTP/1.1" 401 53 "-" "Mozilla/5.0 (Windows NT 10.0; Win64; x64) AppleWebKit/537.36 (KHTML, like Gecko) Chrome/120.0.0.0 Safari/537.36"
20.219.138.200 - - [22/Apr/2026:06:37:21 -0700] "GET /wp-content/about.php HTTP/1.1" 401 53 "-" "Mozilla/5.0 (Windows NT 10.0; Win64; x64) AppleWebKit/537.36 (KHTML, like Gecko) Chrome/120.0.0.0 Safari/537.36"
20.219.138.200 - - [22/Apr/2026:06:37:22 -0700] "GET /wp-content/admin-header.php HTTP/1.1" 401 53 "-" "Mozilla/5.0 (Windows NT 10.0; Win64; x64) AppleWebKit/537.36 (KHTML, like Gecko) Chrome/120.0.0.0 Safari/537.36"
20.219.138.200 - - [22/Apr/2026:06:37:22 -0700] "GET /wp-content/admin.php HTTP/1.1" 401 53 "-" "Mozilla/5.0 (Windows NT 10.0; Win64; x64) AppleWebKit/537.36 (KHTML, like Gecko) Chrome/120.0.0.0 Safari/537.36"
20.219.138.200 - - [22/Apr/2026:06:37:22 -0700] "GET /wp-content/content.php HTTP/1.1" 401 53 "-" "Mozilla/5.0 (Windows NT 10.0; Win64; x64) AppleWebKit/537.36 (KHTML, like Gecko) Chrome/120.0.0.0 Safari/537.36"
20.219.138.200 - - [22/Apr/2026:06:37:22 -0700] "GET /wp-content/index.php HTTP/1.1" 401 53 "-" "Mozilla/5.0 (Windows NT 10.0; Win64; x64) AppleWebKit/537.36 (KHTML, like Gecko) Chrome/120.0.0.0 Safari/537.36"
20.219.138.200 - - [22/Apr/2026:06:37:22 -0700] "GET /wp-content/plugins/Ultimate_VC_Addons/assets/alfa-rex.php7 HTTP/1.1" 401 53 "-" "Mozilla/5.0 (Windows NT 10.0; Win64; x64) AppleWebKit/537.36 (KHTML, like Gecko) Chrome/120.0.0.0 Safari/537.36"
20.219.138.200 - - [22/Apr/2026:06:37:23 -0700] "GET /wp-content/plugins/about.php HTTP/1.1" 401 53 "-" "Mozilla/5.0 (Windows NT 10.0; Win64; x64) AppleWebKit/537.36 (KHTML, like Gecko) Chrome/120.0.0.0 Safari/537.36"
20.219.138.200 - - [22/Apr/2026:06:37:23 -0700] "GET /wp-content/plugins/admin.php HTTP/1.1" 401 53 "-" "Mozilla/5.0 (Windows NT 10.0; Win64; x64) AppleWebKit/537.36 (KHTML, like Gecko) Chrome/120.0.0.0 Safari/537.36"
20.219.138.200 - - [22/Apr/2026:06:37:23 -0700] "GET /wp-content/plugins/classic-editor/wp-login.php HTTP/1.1" 401 53 "-" "Mozilla/5.0 (Windows NT 10.0; Win64; x64) AppleWebKit/537.36 (KHTML, like Gecko) Chrome/120.0.0.0 Safari/537.36"
20.219.138.200 - - [22/Apr/2026:06:37:24 -0700] "GET /wp-content/plugins/yanierin/akc.php HTTP/1.1" 401 53 "-" "Mozilla/5.0 (Windows NT 10.0; Win64; x64) AppleWebKit/537.36 (KHTML, like Gecko) Chrome/120.0.0.0 Safari/537.36"
20.219.138.200 - - [22/Apr/2026:06:37:24 -0700] "GET /wp-content/themes/about.php HTTP/1.1" 401 53 "-" "Mozilla/5.0 (Windows NT 10.0; Win64; x64) AppleWebKit/537.36 (KHTML, like Gecko) Chrome/120.0.0.0 Safari/537.36"
20.219.138.200 - - [22/Apr/2026:06:37:24 -0700] "GET /wp-content/themes/admin.php HTTP/1.1" 401 53 "-" "Mozilla/5.0 (Windows NT 10.0; Win64; x64) AppleWebKit/537.36 (KHTML, like Gecko) Chrome/120.0.0.0 Safari/537.36"
20.219.138.200 - - [22/Apr/2026:06:37:24 -0700] "GET /wp-content/upgrade/index.php HTTP/1.1" 401 53 "-" "Mozilla/5.0 (Windows NT 10.0; Win64; x64) AppleWebKit/537.36 (KHTML, like Gecko) Chrome/120.0.0.0 Safari/537.36"
20.219.138.200 - - [22/Apr/2026:06:37:24 -0700] "GET /wp-content/uploads/ HTTP/1.1" 401 53 "-" "Mozilla/5.0 (Windows NT 10.0; Win64; x64) AppleWebKit/537.36 (KHTML, like Gecko) Chrome/120.0.0.0 Safari/537.36"
20.219.138.200 - - [22/Apr/2026:06:37:25 -0700] "GET /wp-content/uploads/2025/ HTTP/1.1" 401 53 "-" "Mozilla/5.0 (Windows NT 10.0; Win64; x64) AppleWebKit/537.36 (KHTML, like Gecko) Chrome/120.0.0.0 Safari/537.36"
20.219.138.200 - - [22/Apr/2026:06:37:25 -0700] "GET /wp-content/uploads/admin.php HTTP/1.1" 401 53 "-" "Mozilla/5.0 (Windows NT 10.0; Win64; x64) AppleWebKit/537.36 (KHTML, like Gecko) Chrome/120.0.0.0 Safari/537.36"
20.219.138.200 - - [22/Apr/2026:06:37:25 -0700] "GET /wp-fclass.php HTTP/1.1" 401 53 "-" "Mozilla/5.0 (Windows NT 10.0; Win64; x64) AppleWebKit/537.36 (KHTML, like Gecko) Chrome/120.0.0.0 Safari/537.36"
20.219.138.200 - - [22/Apr/2026:06:37:25 -0700] "GET /wp-includes/ID3/ HTTP/1.1" 401 53 "-" "Mozilla/5.0 (Windows NT 10.0; Win64; x64) AppleWebKit/537.36 (KHTML, like Gecko) Chrome/120.0.0.0 Safari/537.36"
20.219.138.200 - - [22/Apr/2026:06:37:26 -0700] "GET /wp-includes/PHPMailer/ HTTP/1.1" 401 53 "-" "Mozilla/5.0 (Windows NT 10.0; Win64; x64) AppleWebKit/537.36 (KHTML, like Gecko) Chrome/120.0.0.0 Safari/537.36"
20.219.138.200 - - [22/Apr/2026:06:37:26 -0700] "GET /wp-includes/Requests/about.php HTTP/1.1" 401 53 "-" "Mozilla/5.0 (Windows NT 10.0; Win64; x64) AppleWebKit/537.36 (KHTML, like Gecko) Chrome/120.0.0.0 Safari/537.36"
20.219.138.200 - - [22/Apr/2026:06:37:26 -0700] "GET /wp-includes/Requests/alfa-rex.php HTTP/1.1" 401 53 "-" "Mozilla/5.0 (Windows NT 10.0; Win64; x64) AppleWebKit/537.36 (KHTML, like Gecko) Chrome/120.0.0.0 Safari/537.36"
20.219.138.200 - - [22/Apr/2026:06:37:26 -0700] "GET /wp-includes/Requests/src/Cookie/ HTTP/1.1" 401 53 "-" "Mozilla/5.0 (Windows NT 10.0; Win64; x64) AppleWebKit/537.36 (KHTML, like Gecko) Chrome/120.0.0.0 Safari/537.36"
20.219.138.200 - - [22/Apr/2026:06:37:27 -0700] "GET /wp-includes/Requests/src/Response/about.php HTTP/1.1" 401 53 "-" "Mozilla/5.0 (Windows NT 10.0; Win64; x64) AppleWebKit/537.36 (KHTML, like Gecko) Chrome/120.0.0.0 Safari/537.36"
20.219.138.200 - - [22/Apr/2026:06:37:27 -0700] "GET /wp-includes/Text/Diff/Renderer/ HTTP/1.1" 401 53 "-" "Mozilla/5.0 (Windows NT 10.0; Win64; x64) AppleWebKit/537.36 (KHTML, like Gecko) Chrome/120.0.0.0 Safari/537.36"
20.219.138.200 - - [22/Apr/2026:06:37:27 -0700] "GET /wp-includes/Text/index.php HTTP/1.1" 401 53 "-" "Mozilla/5.0 (Windows NT 10.0; Win64; x64) AppleWebKit/537.36 (KHTML, like Gecko) Chrome/120.0.0.0 Safari/537.36"
20.219.138.200 - - [22/Apr/2026:06:37:27 -0700] "GET /wp-includes/Text/xwx1.php HTTP/1.1" 401 53 "-" "Mozilla/5.0 (Windows NT 10.0; Win64; x64) AppleWebKit/537.36 (KHTML, like Gecko) Chrome/120.0.0.0 Safari/537.36"
20.219.138.200 - - [22/Apr/2026:06:37:28 -0700] "GET /wp-includes/assets/about.php HTTP/1.1" 401 53 "-" "Mozilla/5.0 (Windows NT 10.0; Win64; x64) AppleWebKit/537.36 (KHTML, like Gecko) Chrome/120.0.0.0 Safari/537.36"
20.219.138.200 - - [22/Apr/2026:06:37:28 -0700] "GET /wp-includes/block-patterns/ HTTP/1.1" 401 53 "-" "Mozilla/5.0 (Windows NT 10.0; Win64; x64) AppleWebKit/537.36 (KHTML, like Gecko) Chrome/120.0.0.0 Safari/537.36"
20.219.138.200 - - [22/Apr/2026:06:37:28 -0700] "GET /wp-includes/blocks/ HTTP/1.1" 401 53 "-" "Mozilla/5.0 (Windows NT 10.0; Win64; x64) AppleWebKit/537.36 (KHTML, like Gecko) Chrome/120.0.0.0 Safari/537.36"
20.219.138.200 - - [22/Apr/2026:06:37:28 -0700] "GET /wp-includes/customize/class-wp-customize-cropped-image-control.php HTTP/1.1" 401 53 "-" "Mozilla/5.0 (Windows NT 10.0; Win64; x64) AppleWebKit/537.36 (KHTML, like Gecko) Chrome/120.0.0.0 Safari/537.36"
20.219.138.200 - - [22/Apr/2026:06:37:29 -0700] "GET /wp-includes/images/media/ HTTP/1.1" 401 53 "-" "Mozilla/5.0 (Windows NT 10.0; Win64; x64) AppleWebKit/537.36 (KHTML, like Gecko) Chrome/120.0.0.0 Safari/537.36"
20.219.138.200 - - [22/Apr/2026:06:37:29 -0700] "GET /wp-includes/images/smilies/about.php HTTP/1.1" 401 53 "-" "Mozilla/5.0 (Windows NT 10.0; Win64; x64) AppleWebKit/537.36 (KHTML, like Gecko) Chrome/120.0.0.0 Safari/537.36"
20.219.138.200 - - [22/Apr/2026:06:37:29 -0700] "GET /wp-includes/images/wp-login.php HTTP/1.1" 401 53 "-" "Mozilla/5.0 (Windows NT 10.0; Win64; x64) AppleWebKit/537.36 (KHTML, like Gecko) Chrome/120.0.0.0 Safari/537.36"
20.219.138.200 - - [22/Apr/2026:06:37:29 -0700] "GET /wp-includes/js/dist/script-modules/block-library/search/about.php HTTP/1.1" 401 53 "-" "Mozilla/5.0 (Windows NT 10.0; Win64; x64) AppleWebKit/537.36 (KHTML, like Gecko) Chrome/120.0.0.0 Safari/537.36"
20.219.138.200 - - [22/Apr/2026:06:37:30 -0700] "GET /wp-includes/style-engine/ HTTP/1.1" 401 53 "-" "Mozilla/5.0 (Windows NT 10.0; Win64; x64) AppleWebKit/537.36 (KHTML, like Gecko) Chrome/120.0.0.0 Safari/537.36"
20.219.138.200 - - [22/Apr/2026:06:37:30 -0700] "GET /wp-themes.php HTTP/1.1" 401 53 "-" "Mozilla/5.0 (Windows NT 10.0; Win64; x64) AppleWebKit/537.36 (KHTML, like Gecko) Chrome/120.0.0.0 Safari/537.36"
20.219.138.200 - - [22/Apr/2026:06:37:30 -0700] "GET /xmlrpc.php HTTP/1.1" 401 53 "-" "Mozilla/5.0 (Windows NT 10.0; Win64; x64) AppleWebKit/537.36 (KHTML, like Gecko) Chrome/120.0.0.0 Safari/537.36"
185.213.83.246 - - [22/Apr/2026:06:37:32 -0700] "POST /cms22/wp-admin/admin-ajax.php HTTP/1.1" 200 47 "https://rufusreid.com/cms22/wp-admin/admin.php?page=wp_file_manager" "Mozilla/5.0 (Windows NT 10.0; Win64; x64) AppleWebKit/537.36 (KHTML, like Gecko) Chrome/147.0.0.0 Safari/537.36"
185.213.83.246 - - [22/Apr/2026:06:39:33 -0700] "POST /cms22/wp-admin/admin-ajax.php HTTP/1.1" 200 47 "https://rufusreid.com/cms22/wp-admin/admin.php?page=wp_file_manager" "Mozilla/5.0 (Windows NT 10.0; Win64; x64) AppleWebKit/537.36 (KHTML, like Gecko) Chrome/147.0.0.0 Safari/537.36"
