43.138.11.248 - - [22/Apr/2026:13:31:02 -0700] "GET /cms22/wp-includes/css/dist/block-library/style.min.css?ver=6.0.11 HTTP/1.1" 200 88932 "https://rufusreid.com/music/live-at-the-kennedy-center/" "Mozilla/5.0 (Macintosh; Intel Mac OS X 10_15_7) AppleWebKit/537.36 (KHTML, like Gecko) Chrome/146.0.0.0 Safari/537.36"
43.138.11.248 - - [22/Apr/2026:13:31:02 -0700] "GET /cms22/wp-content/plugins/easy-digital-downloads/includes/blocks/build/checkout/style-index.css?ver=2.0.0 HTTP/1.1" 200 8129 "https://rufusreid.com/music/live-at-the-kennedy-center/" "Mozilla/5.0 (Macintosh; Intel Mac OS X 10_15_7) AppleWebKit/537.36 (KHTML, like Gecko) Chrome/146.0.0.0 Safari/537.36"
43.138.11.248 - - [22/Apr/2026:13:31:02 -0700] "GET /cms22/wp-content/plugins/responsive-lightbox/assets/magnific/magnific-popup.min.css?ver=2.4.3 HTTP/1.1" 200 5329 "https://rufusreid.com/music/live-at-the-kennedy-center/" "Mozilla/5.0 (Macintosh; Intel Mac OS X 10_15_7) AppleWebKit/537.36 (KHTML, like Gecko) Chrome/146.0.0.0 Safari/537.36"
43.138.11.248 - - [22/Apr/2026:13:31:02 -0700] "GET /cms22/wp-content/themes/jazzcorner/style.css?ver=1776889861 HTTP/1.1" 200 831 "https://rufusreid.com/music/live-at-the-kennedy-center/" "Mozilla/5.0 (Macintosh; Intel Mac OS X 10_15_7) AppleWebKit/537.36 (KHTML, like Gecko) Chrome/146.0.0.0 Safari/537.36"
43.138.11.248 - - [22/Apr/2026:13:31:02 -0700] "GET /cms22/wp-content/plugins/youtube-embed-plus/styles/ytprefs.min.css?ver=14.1.4.1 HTTP/1.1" 200 8320 "https://rufusreid.com/music/live-at-the-kennedy-center/" "Mozilla/5.0 (Macintosh; Intel Mac OS X 10_15_7) AppleWebKit/537.36 (KHTML, like Gecko) Chrome/146.0.0.0 Safari/537.36"
43.138.11.248 - - [22/Apr/2026:13:31:02 -0700] "GET /cms22/wp-content/plugins/easy-digital-downloads/assets/css/edd.min.css?ver=3.1.0.7 HTTP/1.1" 200 19185 "https://rufusreid.com/music/live-at-the-kennedy-center/" "Mozilla/5.0 (Macintosh; Intel Mac OS X 10_15_7) AppleWebKit/537.36 (KHTML, like Gecko) Chrome/146.0.0.0 Safari/537.36"
43.138.11.248 - - [22/Apr/2026:13:31:02 -0700] "GET /cms22/wp-content/plugins/responsive-lightbox/assets/infinitescroll/infinite-scroll.pkgd.min.js?ver=6.0.11 HTTP/1.1" 200 22555 "https://rufusreid.com/music/live-at-the-kennedy-center/" "Mozilla/5.0 (Macintosh; Intel Mac OS X 10_15_7) AppleWebKit/537.36 (KHTML, like Gecko) Chrome/146.0.0.0 Safari/537.36"
43.138.11.248 - - [22/Apr/2026:13:31:02 -0700] "GET /cms22/wp-content/themes/jazzcorner/dist/js/theme.min.js?ver=1776889861 HTTP/1.1" 200 17573 "https://rufusreid.com/music/live-at-the-kennedy-center/" "Mozilla/5.0 (Macintosh; Intel Mac OS X 10_15_7) AppleWebKit/537.36 (KHTML, like Gecko) Chrome/146.0.0.0 Safari/537.36"
43.138.11.248 - - [22/Apr/2026:13:31:02 -0700] "GET /cms22/wp-content/plugins/responsive-lightbox/js/front.js?ver=2.4.3 HTTP/1.1" 200 28714 "https://rufusreid.com/music/live-at-the-kennedy-center/" "Mozilla/5.0 (Macintosh; Intel Mac OS X 10_15_7) AppleWebKit/537.36 (KHTML, like Gecko) Chrome/146.0.0.0 Safari/537.36"
43.138.11.248 - - [22/Apr/2026:13:31:02 -0700] "GET /cms22/wp-includes/js/underscore.min.js?ver=1.13.3 HTTP/1.1" 200 18911 "https://rufusreid.com/music/live-at-the-kennedy-center/" "Mozilla/5.0 (Macintosh; Intel Mac OS X 10_15_7) AppleWebKit/537.36 (KHTML, like Gecko) Chrome/146.0.0.0 Safari/537.36"
43.138.11.248 - - [22/Apr/2026:13:31:02 -0700] "GET /cms22/wp-content/plugins/responsive-lightbox/assets/magnific/jquery.magnific-popup.min.js?ver=2.4.3 HTTP/1.1" 200 19933 "https://rufusreid.com/music/live-at-the-kennedy-center/" "Mozilla/5.0 (Macintosh; Intel Mac OS X 10_15_7) AppleWebKit/537.36 (KHTML, like Gecko) Chrome/146.0.0.0 Safari/537.36"
43.138.11.248 - - [22/Apr/2026:13:31:02 -0700] "GET /cms22/wp-includes/js/jquery/jquery-migrate.min.js?ver=3.3.2 HTTP/1.1" 200 11224 "https://rufusreid.com/music/live-at-the-kennedy-center/" "Mozilla/5.0 (Macintosh; Intel Mac OS X 10_15_7) AppleWebKit/537.36 (KHTML, like Gecko) Chrome/146.0.0.0 Safari/537.36"
43.138.11.248 - - [22/Apr/2026:13:31:02 -0700] "GET /cms22/wp-content/themes/jazzcorner/dist/css/theme.min.css?ver=1776889861 HTTP/1.1" 200 239580 "https://rufusreid.com/music/live-at-the-kennedy-center/" "Mozilla/5.0 (Macintosh; Intel Mac OS X 10_15_7) AppleWebKit/537.36 (KHTML, like Gecko) Chrome/146.0.0.0 Safari/537.36"
43.138.11.248 - - [22/Apr/2026:13:31:03 -0700] "GET /cms22/wp-includes/js/jquery/jquery.min.js?ver=3.6.0 HTTP/1.1" 200 89521 "https://rufusreid.com/music/live-at-the-kennedy-center/" "Mozilla/5.0 (Macintosh; Intel Mac OS X 10_15_7) AppleWebKit/537.36 (KHTML, like Gecko) Chrome/146.0.0.0 Safari/537.36"
43.138.11.248 - - [22/Apr/2026:13:31:03 -0700] "GET /cms22/wp-content/themes/jazzcorner/js/skip-link-focus-fix.js?ver=1776889861 HTTP/1.1" 200 685 "https://rufusreid.com/music/live-at-the-kennedy-center/" "Mozilla/5.0 (Macintosh; Intel Mac OS X 10_15_7) AppleWebKit/537.36 (KHTML, like Gecko) Chrome/146.0.0.0 Safari/537.36"
43.138.11.248 - - [22/Apr/2026:13:31:03 -0700] "GET /cms22/wp-content/plugins/youtube-embed-plus/scripts/ytprefs.min.js?ver=14.1.4.1 HTTP/1.1" 200 13817 "https://rufusreid.com/music/live-at-the-kennedy-center/" "Mozilla/5.0 (Macintosh; Intel Mac OS X 10_15_7) AppleWebKit/537.36 (KHTML, like Gecko) Chrome/146.0.0.0 Safari/537.36"
43.138.11.248 - - [22/Apr/2026:13:31:03 -0700] "GET /cms22/wp-includes/js/wp-emoji-release.min.js?ver=6.0.11 HTTP/1.1" 200 18617 "https://rufusreid.com/music/live-at-the-kennedy-center/" "Mozilla/5.0 (Macintosh; Intel Mac OS X 10_15_7) AppleWebKit/537.36 (KHTML, like Gecko) Chrome/146.0.0.0 Safari/537.36"
216.73.216.166 - - [22/Apr/2026:13:31:08 -0700] "GET /event/quiet-pride-the-elizabeth-catlett-project/?loknya=%2Fsbin HTTP/1.1" 200 635506 "-" "Mozilla/5.0 AppleWebKit/537.36 (KHTML, like Gecko; compatible; ClaudeBot/1.0; +claudebot@anthropic.com)"
217.182.194.45 - - [22/Apr/2026:13:31:23 -0700] "GET /music/?lokasie=/home/rreid/public_html/archived-site-files.zip&loknya=/home/rreid/public_html HTTP/1.1" 500 101983 "-" "Mozilla/5.0 (compatible; MJ12bot/v1.4.8; http://mj12bot.com/)"
216.73.216.166 - - [22/Apr/2026:13:31:38 -0700] "GET /event/quiet-pride-the-elizabeth-catlett-project/?loknya=%2Ftmp HTTP/1.1" 200 74038 "-" "Mozilla/5.0 AppleWebKit/537.36 (KHTML, like Gecko; compatible; ClaudeBot/1.0; +claudebot@anthropic.com)"
217.182.194.45 - - [22/Apr/2026:13:31:45 -0700] "GET /music/?lokasie=/home/rreid/public_html/default.htm&loknya=/home/rreid/public_html HTTP/1.1" 200 106784 "-" "Mozilla/5.0 (compatible; MJ12bot/v1.4.8; http://mj12bot.com/)"
74.7.227.10 - - [22/Apr/2026:13:31:47 -0700] "GET /?lokasie=/lib64/libgvpr.so.2&loknya=/lib64 HTTP/1.1" 301 - "https://rufusreid.com/?loknya=/lib64" "Mozilla/5.0 AppleWebKit/537.36 (KHTML, like Gecko; compatible; GPTBot/1.3; +https://openai.com/gptbot)"
74.7.227.10 - - [22/Apr/2026:13:31:48 -0700] "GET /?lokasie=%2Flib64%2Flibgvpr.so.2&loknya=%2Flib64 HTTP/1.1" 200 54447 "https://rufusreid.com/?lokasie=/lib64/libgvpr.so.2&loknya=/lib64" "Mozilla/5.0 AppleWebKit/537.36 (KHTML, like Gecko; compatible; GPTBot/1.3; +https://openai.com/gptbot)"
216.73.216.166 - - [22/Apr/2026:13:31:50 -0700] "GET /event/quiet-pride-the-elizabeth-catlett-project/?loknya=%2Fsys HTTP/1.1" 200 60968 "-" "Mozilla/5.0 AppleWebKit/537.36 (KHTML, like Gecko; compatible; ClaudeBot/1.0; +claudebot@anthropic.com)"
57.141.0.25 - - [22/Apr/2026:13:31:56 -0700] "GET /event/rufus-reid-guest-artist-vancouver-island-university/?lokasie=/lib/firmware/TAS2XXX8DE9-1.bin&loknya=/lib/firmware HTTP/1.1" 429 17 "-" "meta-externalagent/1.1 (+https://developers.facebook.com/docs/sharing/webmasters/crawler)"
85.208.96.194 - - [22/Apr/2026:13:31:58 -0700] "GET /robots.txt HTTP/1.1" 200 31 "-" "Mozilla/5.0 (compatible; SemrushBot/7~bl; +http://www.semrush.com/bot.html)"
217.182.194.45 - - [22/Apr/2026:13:32:08 -0700] "GET /music/?lokasie=/home/rreid/public_html/error_log&loknya=/home/rreid/public_html HTTP/1.1" 200 1675436 "-" "Mozilla/5.0 (compatible; MJ12bot/v1.4.8; http://mj12bot.com/)"
216.73.216.166 - - [22/Apr/2026:13:32:20 -0700] "GET /event/quiet-pride-the-elizabeth-catlett-project/?loknya=%2Fboot HTTP/1.1" 200 80933 "-" "Mozilla/5.0 AppleWebKit/537.36 (KHTML, like Gecko; compatible; ClaudeBot/1.0; +claudebot@anthropic.com)"
217.182.194.45 - - [22/Apr/2026:13:32:30 -0700] "GET /music/?lokasie=/home/rreid/public_html/favicon.ico&loknya=/home/rreid/public_html HTTP/1.1" 200 101675 "-" "Mozilla/5.0 (compatible; MJ12bot/v1.4.8; http://mj12bot.com/)"
74.7.227.10 - - [22/Apr/2026:13:32:38 -0700] "GET /?lokasie=/lib64/libpcre.so.1&loknya=/lib64 HTTP/1.1" 301 - "https://rufusreid.com/?loknya=/lib64" "Mozilla/5.0 AppleWebKit/537.36 (KHTML, like Gecko; compatible; GPTBot/1.3; +https://openai.com/gptbot)"
74.7.227.10 - - [22/Apr/2026:13:32:39 -0700] "GET /?lokasie=%2Flib64%2Flibpcre.so.1&loknya=%2Flib64 HTTP/1.1" 429 17 "https://rufusreid.com/?lokasie=/lib64/libpcre.so.1&loknya=/lib64" "Mozilla/5.0 AppleWebKit/537.36 (KHTML, like Gecko; compatible; GPTBot/1.3; +https://openai.com/gptbot)"
121.200.216.6 - - [22/Apr/2026:13:32:50 -0700] "POST /cms22/wp-login.php HTTP/1.1" 200 6686 "-" "Mozilla/5.0 (Windows NT 10.0; WOW64; rv:142.0) Gecko/20100101 Firefox/142.0"
217.182.194.45 - - [22/Apr/2026:13:32:53 -0700] "GET /music/?lokasie=/home/rreid/public_html/googlehostedservice.html&loknya=/home/rreid/public_html HTTP/1.1" 200 101915 "-" "Mozilla/5.0 (compatible; MJ12bot/v1.4.8; http://mj12bot.com/)"
216.73.216.166 - - [22/Apr/2026:13:32:57 -0700] "GET /event/quiet-pride-the-elizabeth-catlett-project/?loknya=%2Fbin HTTP/1.1" 200 1862873 "-" "Mozilla/5.0 AppleWebKit/537.36 (KHTML, like Gecko; compatible; ClaudeBot/1.0; +claudebot@anthropic.com)"
57.141.0.42 - - [22/Apr/2026:13:33:02 -0700] "GET /event/rufus-reid-guest-artist-vancouver-island-university/?lokasie=/lib/firmware/iwlwifi-so-a0-hr-b0-74.ucode&loknya=/lib/firmware HTTP/1.1" 429 17 "-" "meta-externalagent/1.1 (+https://developers.facebook.com/docs/sharing/webmasters/crawler)"
217.182.194.45 - - [22/Apr/2026:13:33:15 -0700] "GET /music/?lokasie=/home/rreid/public_html/index.php&loknya=/home/rreid/public_html HTTP/1.1" 200 102087 "-" "Mozilla/5.0 (compatible; MJ12bot/v1.4.8; http://mj12bot.com/)"
74.7.227.10 - - [22/Apr/2026:13:33:22 -0700] "GET /?lokasie=/lib64/libgccpp.so.1&loknya=/lib64 HTTP/1.1" 301 - "https://rufusreid.com/?loknya=/lib64" "Mozilla/5.0 AppleWebKit/537.36 (KHTML, like Gecko; compatible; GPTBot/1.3; +https://openai.com/gptbot)"
74.7.227.10 - - [22/Apr/2026:13:33:23 -0700] "GET /?lokasie=%2Flib64%2Flibgccpp.so.1&loknya=%2Flib64 HTTP/1.1" 429 17 "https://rufusreid.com/?lokasie=/lib64/libgccpp.so.1&loknya=/lib64" "Mozilla/5.0 AppleWebKit/537.36 (KHTML, like Gecko; compatible; GPTBot/1.3; +https://openai.com/gptbot)"
216.73.216.166 - - [22/Apr/2026:13:33:26 -0700] "GET /event/quiet-pride-the-elizabeth-catlett-project/?loknya=%2Fproc HTTP/1.1" 200 419507 "-" "Mozilla/5.0 AppleWebKit/537.36 (KHTML, like Gecko; compatible; ClaudeBot/1.0; +claudebot@anthropic.com)"
217.182.194.45 - - [22/Apr/2026:13:33:37 -0700] "GET /music/?lokasie=/home/rreid/public_html/logo-imh.svg&loknya=/home/rreid/public_html HTTP/1.1" 200 113123 "-" "Mozilla/5.0 (compatible; MJ12bot/v1.4.8; http://mj12bot.com/)"
216.73.216.166 - - [22/Apr/2026:13:33:44 -0700] "GET /event/quiet-pride-the-elizabeth-catlett-project/?loknya=%2Fbackup HTTP/1.1" 200 50070 "-" "Mozilla/5.0 AppleWebKit/537.36 (KHTML, like Gecko; compatible; ClaudeBot/1.0; +claudebot@anthropic.com)"
217.182.194.45 - - [22/Apr/2026:13:34:00 -0700] "GET /music/?lokasie=/home/rreid/public_html/old-wordpress.zip&loknya=/home/rreid/public_html HTTP/1.1" 500 101977 "-" "Mozilla/5.0 (compatible; MJ12bot/v1.4.8; http://mj12bot.com/)"
57.141.0.12 - - [22/Apr/2026:13:34:09 -0700] "GET /event/rufus-reid-guest-artist-vancouver-island-university/?lokasie=/lib/firmware/TAS2XXX8DAA.bin&loknya=/lib/firmware HTTP/1.1" 429 17 "-" "meta-externalagent/1.1 (+https://developers.facebook.com/docs/sharing/webmasters/crawler)"
216.73.216.166 - - [22/Apr/2026:13:34:13 -0700] "GET /event/quiet-pride-the-elizabeth-catlett-project/?loknya=%2Fvar HTTP/1.1" 200 76135 "-" "Mozilla/5.0 AppleWebKit/537.36 (KHTML, like Gecko; compatible; ClaudeBot/1.0; +claudebot@anthropic.com)"
217.182.194.45 - - [22/Apr/2026:13:34:22 -0700] "GET /music/?lokasie=/home/rreid/public_html/php.ini&loknya=/home/rreid/public_html HTTP/1.1" 200 102356 "-" "Mozilla/5.0 (compatible; MJ12bot/v1.4.8; http://mj12bot.com/)"
74.7.227.10 - - [22/Apr/2026:13:34:24 -0700] "GET /?lokasie=/lib64/libmcpp.so.0&loknya=/lib64 HTTP/1.1" 301 - "https://rufusreid.com/?loknya=/lib64" "Mozilla/5.0 AppleWebKit/537.36 (KHTML, like Gecko; compatible; GPTBot/1.3; +https://openai.com/gptbot)"
74.7.227.10 - - [22/Apr/2026:13:34:25 -0700] "GET /?lokasie=%2Flib64%2Flibmcpp.so.0&loknya=%2Flib64 HTTP/1.1" 429 17 "https://rufusreid.com/?lokasie=/lib64/libmcpp.so.0&loknya=/lib64" "Mozilla/5.0 AppleWebKit/537.36 (KHTML, like Gecko; compatible; GPTBot/1.3; +https://openai.com/gptbot)"
217.182.194.45 - - [22/Apr/2026:13:34:44 -0700] "GET /music/?lokasie=/home/rreid/public_html/php.ini.bak.2018-04-15&loknya=/home/rreid/public_html HTTP/1.1" 200 108239 "-" "Mozilla/5.0 (compatible; MJ12bot/v1.4.8; http://mj12bot.com/)"
216.73.216.166 - - [22/Apr/2026:13:34:46 -0700] "GET /event/quiet-pride-the-elizabeth-catlett-project/?loknya=%2Fsrv HTTP/1.1" 200 50058 "-" "Mozilla/5.0 AppleWebKit/537.36 (KHTML, like Gecko; compatible; ClaudeBot/1.0; +claudebot@anthropic.com)"
216.73.216.166 - - [22/Apr/2026:13:35:02 -0700] "GET /event/quiet-pride-the-elizabeth-catlett-project/?loknya=%2Flib HTTP/1.1" 200 92759 "-" "Mozilla/5.0 AppleWebKit/537.36 (KHTML, like Gecko; compatible; ClaudeBot/1.0; +claudebot@anthropic.com)"
217.182.194.45 - - [22/Apr/2026:13:35:07 -0700] "GET /music/?lokasie=/home/rreid/public_html/php.ini.ea3.bak&loknya=/home/rreid/public_html HTTP/1.1" 200 140344 "-" "Mozilla/5.0 (compatible; MJ12bot/v1.4.8; http://mj12bot.com/)"
57.141.0.39 - - [22/Apr/2026:13:35:16 -0700] "GET /event/rufus-reid-guest-artist-vancouver-island-university/?loknya=/lib/firmware/cavium HTTP/1.1" 429 17 "-" "meta-externalagent/1.1 (+https://developers.facebook.com/docs/sharing/webmasters/crawler)"
49.13.134.145 - - [22/Apr/2026:13:35:19 -0700] "HEAD / HTTP/1.1" 200 - "http://rufusreid.com" "Mozilla/5.0+(compatible; UptimeRobot/2.0; http://www.uptimerobot.com/)"
217.182.194.45 - - [22/Apr/2026:13:35:29 -0700] "GET /music/?lokasie=/home/rreid/public_html/phpinfo.php&loknya=/home/rreid/public_html HTTP/1.1" 200 101702 "-" "Mozilla/5.0 (compatible; MJ12bot/v1.4.8; http://mj12bot.com/)"
74.7.227.10 - - [22/Apr/2026:13:35:30 -0700] "GET /?lokasie=/lib64/libnpth.so.0&loknya=/lib64 HTTP/1.1" 301 - "https://rufusreid.com/?loknya=/lib64" "Mozilla/5.0 AppleWebKit/537.36 (KHTML, like Gecko; compatible; GPTBot/1.3; +https://openai.com/gptbot)"
74.7.227.10 - - [22/Apr/2026:13:35:31 -0700] "GET /?lokasie=%2Flib64%2Flibnpth.so.0&loknya=%2Flib64 HTTP/1.1" 429 17 "https://rufusreid.com/?lokasie=/lib64/libnpth.so.0&loknya=/lib64" "Mozilla/5.0 AppleWebKit/537.36 (KHTML, like Gecko; compatible; GPTBot/1.3; +https://openai.com/gptbot)"
216.73.216.166 - - [22/Apr/2026:13:35:33 -0700] "GET /event/quiet-pride-the-elizabeth-catlett-project/?loknya=%2Fetc HTTP/1.1" 200 462032 "-" "Mozilla/5.0 AppleWebKit/537.36 (KHTML, like Gecko; compatible; ClaudeBot/1.0; +claudebot@anthropic.com)"
217.182.194.45 - - [22/Apr/2026:13:35:52 -0700] "GET /music/?lokasie=/home/rreid/public_html/robots.txt&loknya=/home/rreid/public_html HTTP/1.1" 200 101705 "-" "Mozilla/5.0 (compatible; MJ12bot/v1.4.8; http://mj12bot.com/)"
217.182.194.45 - - [22/Apr/2026:13:36:14 -0700] "GET /music/?lokasie=/home/rreid/public_html/under_construction.html&loknya=/home/rreid/public_html HTTP/1.1" 200 106992 "-" "Mozilla/5.0 (compatible; MJ12bot/v1.4.8; http://mj12bot.com/)"
216.73.216.166 - - [22/Apr/2026:13:36:20 -0700] "GET /event/quiet-pride-the-elizabeth-catlett-project/?loknya=%2Fmnt HTTP/1.1" 200 50058 "-" "Mozilla/5.0 AppleWebKit/537.36 (KHTML, like Gecko; compatible; ClaudeBot/1.0; +claudebot@anthropic.com)"
57.141.0.22 - - [22/Apr/2026:13:36:22 -0700] "GET /event/rufus-reid-guest-artist-vancouver-island-university/?loknya=/lib/firmware/ath9k_htc HTTP/1.1" 429 17 "-" "meta-externalagent/1.1 (+https://developers.facebook.com/docs/sharing/webmasters/crawler)"
66.249.70.192 - - [22/Apr/2026:13:36:22 -0700] "GET /?lokasie=/home/rreid/public_html/old-wordpress.zip&loknya=/home/rreid/public_html HTTP/1.1" 301 - "-" "Mozilla/5.0 (Linux; Android 6.0.1; Nexus 5X Build/MMB29P) AppleWebKit/537.36 (KHTML, like Gecko) Chrome/146.0.7680.177 Mobile Safari/537.36 (compatible; GoogleOther)"
66.249.70.201 - - [22/Apr/2026:13:36:25 -0700] "GET /?lokasie=%2Fhome%2Frreid%2Fpublic_html%2Fold-wordpress.zip&loknya=%2Fhome%2Frreid%2Fpublic_html HTTP/1.1" 500 57180 "-" "Mozilla/5.0 (Linux; Android 6.0.1; Nexus 5X Build/MMB29P) AppleWebKit/537.36 (KHTML, like Gecko) Chrome/146.0.7680.177 Mobile Safari/537.36 (compatible; GoogleOther)"
74.7.227.10 - - [22/Apr/2026:13:36:36 -0700] "GET /?lokasie=/lib64/libfstrm.so.0&loknya=/lib64 HTTP/1.1" 301 - "https://rufusreid.com/?loknya=/lib64" "Mozilla/5.0 AppleWebKit/537.36 (KHTML, like Gecko; compatible; GPTBot/1.3; +https://openai.com/gptbot)"
74.7.227.10 - - [22/Apr/2026:13:36:37 -0700] "GET /?lokasie=%2Flib64%2Flibfstrm.so.0&loknya=%2Flib64 HTTP/1.1" 429 17 "https://rufusreid.com/?lokasie=/lib64/libfstrm.so.0&loknya=/lib64" "Mozilla/5.0 AppleWebKit/537.36 (KHTML, like Gecko; compatible; GPTBot/1.3; +https://openai.com/gptbot)"
217.182.194.45 - - [22/Apr/2026:13:36:36 -0700] "GET /music/?loknya=/ HTTP/1.1" 200 129166 "-" "Mozilla/5.0 (compatible; MJ12bot/v1.4.8; http://mj12bot.com/)"
216.73.216.166 - - [22/Apr/2026:13:36:37 -0700] "GET /event/quiet-pride-the-elizabeth-catlett-project/?loknya=%2Fhome HTTP/1.1" 200 141881 "-" "Mozilla/5.0 AppleWebKit/537.36 (KHTML, like Gecko; compatible; ClaudeBot/1.0; +claudebot@anthropic.com)"
216.73.216.166 - - [22/Apr/2026:13:36:53 -0700] "GET /event/quiet-pride-the-elizabeth-catlett-project/?loknya=%2Fhome%2Frreid%2Fpublic_html%2Fcms22 HTTP/1.1" 200 84086 "-" "Mozilla/5.0 AppleWebKit/537.36 (KHTML, like Gecko; compatible; ClaudeBot/1.0; +claudebot@anthropic.com)"
217.182.194.45 - - [22/Apr/2026:13:36:59 -0700] "GET /music/?loknya=/home HTTP/1.1" 200 194440 "-" "Mozilla/5.0 (compatible; MJ12bot/v1.4.8; http://mj12bot.com/)"
216.73.216.166 - - [22/Apr/2026:13:37:08 -0700] "GET /event/quiet-pride-the-elizabeth-catlett-project/?loknya=%2Flib64 HTTP/1.1" 200 1734590 "-" "Mozilla/5.0 AppleWebKit/537.36 (KHTML, like Gecko; compatible; ClaudeBot/1.0; +claudebot@anthropic.com)"
217.182.194.45 - - [22/Apr/2026:13:37:21 -0700] "GET /music/?loknya=/home/rreid HTTP/1.1" 200 157642 "-" "Mozilla/5.0 (compatible; MJ12bot/v1.4.8; http://mj12bot.com/)"
57.141.0.51 - - [22/Apr/2026:13:37:29 -0700] "GET /event/rufus-reid-guest-artist-vancouver-island-university/?loknya=/lib/firmware/mwl8k HTTP/1.1" 429 17 "-" "meta-externalagent/1.1 (+https://developers.facebook.com/docs/sharing/webmasters/crawler)"
216.73.216.166 - - [22/Apr/2026:13:37:30 -0700] "GET /event/quiet-pride-the-elizabeth-catlett-project/?loknya=%2Fmedia HTTP/1.1" 200 50066 "-" "Mozilla/5.0 AppleWebKit/537.36 (KHTML, like Gecko; compatible; ClaudeBot/1.0; +claudebot@anthropic.com)"
74.7.227.10 - - [22/Apr/2026:13:37:36 -0700] "GET /?lokasie=/lib64/libpng.so&loknya=/lib64 HTTP/1.1" 301 - "https://rufusreid.com/?loknya=/lib64" "Mozilla/5.0 AppleWebKit/537.36 (KHTML, like Gecko; compatible; GPTBot/1.3; +https://openai.com/gptbot)"
74.7.227.10 - - [22/Apr/2026:13:37:37 -0700] "GET /?lokasie=%2Flib64%2Flibpng.so&loknya=%2Flib64 HTTP/1.1" 200 54444 "https://rufusreid.com/?lokasie=/lib64/libpng.so&loknya=/lib64" "Mozilla/5.0 AppleWebKit/537.36 (KHTML, like Gecko; compatible; GPTBot/1.3; +https://openai.com/gptbot)"
217.182.194.45 - - [22/Apr/2026:13:37:43 -0700] "GET /music/?loknya=/home/rreid/ HTTP/1.1" 200 157778 "-" "Mozilla/5.0 (compatible; MJ12bot/v1.4.8; http://mj12bot.com/)"
216.73.216.166 - - [22/Apr/2026:13:37:54 -0700] "GET /event/quiet-pride-the-elizabeth-catlett-project/?lokasie=%2F%2FMegaSAS.log&loknya=%2F HTTP/1.1" 200 2900777 "-" "Mozilla/5.0 AppleWebKit/537.36 (KHTML, like Gecko; compatible; ClaudeBot/1.0; +claudebot@anthropic.com)"
142.111.250.132 - - [22/Apr/2026:13:37:56 -0700] "GET /robots.txt HTTP/1.1" 200 31 "-" "Mozilla/5.0 (Windows NT 10.0; Win64; x64) AppleWebKit/537.36 (KHTML, like Gecko) Chrome/94.0.4606.81 Safari/537.36"
142.111.250.132 - - [22/Apr/2026:13:37:57 -0700] "GET / HTTP/1.1" 200 84860 "-" "Mozilla/5.0 (Windows NT 10.0; Win64; x64) AppleWebKit/537.36 (KHTML, like Gecko) Chrome/94.0.4606.81 Safari/537.36"
142.111.250.132 - - [22/Apr/2026:13:38:00 -0700] "GET / HTTP/1.1" 200 84860 "-" "Mozilla/5.0 (iPhone; CPU iPhone OS 6_0 like Mac OS X) AppleWebKit/536.26 (KHTML, like Gecko) Version/6.0 Mobile/10A5376e Safari/8536.25"
217.182.194.45 - - [22/Apr/2026:13:38:06 -0700] "GET /music/?loknya=/home/rreid/public_html HTTP/1.1" 200 131970 "-" "Mozilla/5.0 (compatible; MJ12bot/v1.4.8; http://mj12bot.com/)"
216.73.216.166 - - [22/Apr/2026:13:38:11 -0700] "GET /event/quiet-pride-the-elizabeth-catlett-project/?lokasie=%2F%2F.autorelabel&loknya=%2F HTTP/1.1" 200 48962 "-" "Mozilla/5.0 AppleWebKit/537.36 (KHTML, like Gecko; compatible; ClaudeBot/1.0; +claudebot@anthropic.com)"
43.135.211.148 - - [22/Apr/2026:13:38:16 -0700] "GET /about/composer/?loknya=/home HTTP/1.1" 200 142654 "-" "Mozilla/5.0 (iPhone; CPU iPhone OS 13_2_3 like Mac OS X) AppleWebKit/605.1.15 (KHTML, like Gecko) Version/13.0.3 Mobile/15E148 Safari/604.1"
103.70.76.190 - - [22/Apr/2026:13:38:18 -0700] "GET /admin/auth/login HTTP/1.1" 301 - "-" "Mozilla/5.0 (Windows NT 10.0; WOW64; rv:48.0) Gecko/20100101 Firefox/48.0"
103.70.76.190 - - [22/Apr/2026:13:38:19 -0700] "GET /admin/auth/login HTTP/1.1" 404 81941 "-" "Mozilla/5.0 (Windows NT 10.0; WOW64; rv:48.0) Gecko/20100101 Firefox/48.0"
217.182.194.45 - - [22/Apr/2026:13:38:29 -0700] "GET /music/?loknya=/home/rreid/public_html/.well-known HTTP/1.1" 200 105203 "-" "Mozilla/5.0 (compatible; MJ12bot/v1.4.8; http://mj12bot.com/)"
57.141.0.8 - - [22/Apr/2026:13:38:36 -0700] "GET /event/rufus-reid-guest-artist-vancouver-island-university/?lokasie=/home/rreid/.htaccess.bak_EA4_PHP_all_5&loknya=/home/rreid HTTP/1.1" 429 17 "-" "meta-externalagent/1.1 (+https://developers.facebook.com/docs/sharing/webmasters/crawler)"
107.173.94.27 - - [22/Apr/2026:13:38:39 -0700] "GET /scores-and-sheet-music/ HTTP/1.1" 200 147117 "-" "Mozilla/5.0 (Macintosh; Intel Mac OS X 10_15_7) AppleWebKit/537.36 (KHTML, like Gecko) Chrome/142.0.0.0 Safari/537.36"
107.173.94.27 - - [22/Apr/2026:13:38:40 -0700] "GET /cms22/wp-includes/css/dist/block-library/style.min.css?ver=6.0.11 HTTP/1.1" 200 88932 "https://www.google.com/" "Mozilla/5.0 (Macintosh; Intel Mac OS X 10_15_7) AppleWebKit/537.36 (KHTML, like Gecko) Chrome/142.0.0.0 Safari/537.36"
107.173.94.27 - - [22/Apr/2026:13:38:40 -0700] "GET /cms22/wp-content/plugins/easy-digital-downloads/includes/blocks/build/checkout/style-index.css?ver=2.0.0 HTTP/1.1" 200 8129 "https://www.google.com/" "Mozilla/5.0 (Macintosh; Intel Mac OS X 10_15_7) AppleWebKit/537.36 (KHTML, like Gecko) Chrome/142.0.0.0 Safari/537.36"
107.173.94.27 - - [22/Apr/2026:13:38:40 -0700] "GET /cms22/wp-content/plugins/responsive-lightbox/assets/magnific/magnific-popup.min.css?ver=2.4.3 HTTP/1.1" 200 5329 "https://www.google.com/" "Mozilla/5.0 (Macintosh; Intel Mac OS X 10_15_7) AppleWebKit/537.36 (KHTML, like Gecko) Chrome/142.0.0.0 Safari/537.36"
107.173.94.27 - - [22/Apr/2026:13:38:40 -0700] "GET /cms22/wp-content/themes/jazzcorner/style.css?ver=1776890320 HTTP/1.1" 200 831 "https://www.google.com/" "Mozilla/5.0 (Macintosh; Intel Mac OS X 10_15_7) AppleWebKit/537.36 (KHTML, like Gecko) Chrome/142.0.0.0 Safari/537.36"
107.173.94.27 - - [22/Apr/2026:13:38:40 -0700] "GET /cms22/wp-content/plugins/easy-digital-downloads/assets/css/edd.min.css?ver=3.1.0.7 HTTP/1.1" 200 19185 "https://www.google.com/" "Mozilla/5.0 (Macintosh; Intel Mac OS X 10_15_7) AppleWebKit/537.36 (KHTML, like Gecko) Chrome/142.0.0.0 Safari/537.36"
107.173.94.27 - - [22/Apr/2026:13:38:40 -0700] "GET /cms22/wp-content/themes/jazzcorner/dist/css/theme.min.css?ver=1776890320 HTTP/1.1" 200 239580 "https://www.google.com/" "Mozilla/5.0 (Macintosh; Intel Mac OS X 10_15_7) AppleWebKit/537.36 (KHTML, like Gecko) Chrome/142.0.0.0 Safari/537.36"
107.173.94.27 - - [22/Apr/2026:13:38:40 -0700] "GET /cms22/wp-content/plugins/youtube-embed-plus/styles/ytprefs.min.css?ver=14.1.4.1 HTTP/1.1" 200 8320 "https://www.google.com/" "Mozilla/5.0 (Macintosh; Intel Mac OS X 10_15_7) AppleWebKit/537.36 (KHTML, like Gecko) Chrome/142.0.0.0 Safari/537.36"
107.173.94.27 - - [22/Apr/2026:13:38:40 -0700] "GET /cms22/wp-includes/js/jquery/jquery.min.js?ver=3.6.0 HTTP/1.1" 200 89521 "https://www.google.com/" "Mozilla/5.0 (Macintosh; Intel Mac OS X 10_15_7) AppleWebKit/537.36 (KHTML, like Gecko) Chrome/142.0.0.0 Safari/537.36"
107.173.94.27 - - [22/Apr/2026:13:38:40 -0700] "GET /cms22/wp-includes/js/jquery/jquery-migrate.min.js?ver=3.3.2 HTTP/1.1" 200 11224 "https://www.google.com/" "Mozilla/5.0 (Macintosh; Intel Mac OS X 10_15_7) AppleWebKit/537.36 (KHTML, like Gecko) Chrome/142.0.0.0 Safari/537.36"
107.173.94.27 - - [22/Apr/2026:13:38:40 -0700] "GET /cms22/wp-content/plugins/responsive-lightbox/assets/magnific/jquery.magnific-popup.min.js?ver=2.4.3 HTTP/1.1" 200 19933 "https://www.google.com/" "Mozilla/5.0 (Macintosh; Intel Mac OS X 10_15_7) AppleWebKit/537.36 (KHTML, like Gecko) Chrome/142.0.0.0 Safari/537.36"
107.173.94.27 - - [22/Apr/2026:13:38:40 -0700] "GET /cms22/wp-includes/js/underscore.min.js?ver=1.13.3 HTTP/1.1" 200 18911 "https://www.google.com/" "Mozilla/5.0 (Macintosh; Intel Mac OS X 10_15_7) AppleWebKit/537.36 (KHTML, like Gecko) Chrome/142.0.0.0 Safari/537.36"
107.173.94.27 - - [22/Apr/2026:13:38:40 -0700] "GET /cms22/wp-content/plugins/responsive-lightbox/assets/infinitescroll/infinite-scroll.pkgd.min.js?ver=6.0.11 HTTP/1.1" 200 22555 "https://www.google.com/" "Mozilla/5.0 (Macintosh; Intel Mac OS X 10_15_7) AppleWebKit/537.36 (KHTML, like Gecko) Chrome/142.0.0.0 Safari/537.36"
107.173.94.27 - - [22/Apr/2026:13:38:40 -0700] "GET /cms22/wp-content/plugins/responsive-lightbox/js/front.js?ver=2.4.3 HTTP/1.1" 200 28714 "https://www.google.com/" "Mozilla/5.0 (Macintosh; Intel Mac OS X 10_15_7) AppleWebKit/537.36 (KHTML, like Gecko) Chrome/142.0.0.0 Safari/537.36"
107.173.94.27 - - [22/Apr/2026:13:38:40 -0700] "GET /cms22/wp-content/themes/jazzcorner/dist/js/theme.min.js?ver=1776890320 HTTP/1.1" 200 17573 "https://www.google.com/" "Mozilla/5.0 (Macintosh; Intel Mac OS X 10_15_7) AppleWebKit/537.36 (KHTML, like Gecko) Chrome/142.0.0.0 Safari/537.36"
107.173.94.27 - - [22/Apr/2026:13:38:40 -0700] "GET /cms22/wp-content/themes/jazzcorner/js/skip-link-focus-fix.js?ver=1776890320 HTTP/1.1" 200 685 "https://www.google.com/" "Mozilla/5.0 (Macintosh; Intel Mac OS X 10_15_7) AppleWebKit/537.36 (KHTML, like Gecko) Chrome/142.0.0.0 Safari/537.36"
107.173.94.27 - - [22/Apr/2026:13:38:40 -0700] "GET /cms22/wp-content/plugins/youtube-embed-plus/scripts/ytprefs.min.js?ver=14.1.4.1 HTTP/1.1" 200 13817 "https://www.google.com/" "Mozilla/5.0 (Macintosh; Intel Mac OS X 10_15_7) AppleWebKit/537.36 (KHTML, like Gecko) Chrome/142.0.0.0 Safari/537.36"
107.173.94.27 - - [22/Apr/2026:13:38:40 -0700] "GET /cms22/wp-includes/js/wp-emoji-release.min.js?ver=6.0.11 HTTP/1.1" 200 18617 "https://www.google.com/" "Mozilla/5.0 (Macintosh; Intel Mac OS X 10_15_7) AppleWebKit/537.36 (KHTML, like Gecko) Chrome/142.0.0.0 Safari/537.36"
74.7.227.10 - - [22/Apr/2026:13:38:40 -0700] "GET /?lokasie=/lib64/librpm.so&loknya=/lib64 HTTP/1.1" 301 - "https://rufusreid.com/?loknya=/lib64" "Mozilla/5.0 AppleWebKit/537.36 (KHTML, like Gecko; compatible; GPTBot/1.3; +https://openai.com/gptbot)"
74.7.175.159 - - [22/Apr/2026:13:38:42 -0700] "GET /robots.txt HTTP/1.1" 200 31 "-" "Mozilla/5.0 (Macintosh; Intel Mac OS X 10_15_7) AppleWebKit/537.36 (KHTML, like Gecko) Chrome/131.0.0.0 Safari/537.36; compatible; OAI-SearchBot/1.3; robots.txt; +https://openai.com/searchbot"
74.7.227.10 - - [22/Apr/2026:13:38:41 -0700] "GET /?lokasie=%2Flib64%2Flibrpm.so&loknya=%2Flib64 HTTP/1.1" 200 54444 "https://rufusreid.com/?lokasie=/lib64/librpm.so&loknya=/lib64" "Mozilla/5.0 AppleWebKit/537.36 (KHTML, like Gecko; compatible; GPTBot/1.3; +https://openai.com/gptbot)"
66.249.70.174 - - [22/Apr/2026:13:38:45 -0700] "GET /robots.txt HTTP/1.1" 200 31 "-" "Mozilla/5.0 (compatible; Googlebot/2.1; +http://www.google.com/bot.html)"
142.111.250.132 - - [22/Apr/2026:13:38:47 -0700] "GET /ads.txt HTTP/1.1" 404 81943 "-" "Mozilla/5.0 (Windows NT 10.0; Win64; x64) AppleWebKit/537.36 (KHTML, like Gecko) Chrome/94.0.4606.81 Safari/537.36"
142.111.250.132 - - [22/Apr/2026:13:38:51 -0700] "GET /checkout HTTP/1.1" 301 - "-" "Mozilla/5.0 (iPhone; CPU iPhone OS 6_0 like Mac OS X) AppleWebKit/536.26 (KHTML, like Gecko) Version/6.0 Mobile/10A5376e Safari/8536.25"
142.111.250.132 - - [22/Apr/2026:13:38:51 -0700] "GET /scores-and-sheet-music/ HTTP/1.1" 200 147119 "-" "Mozilla/5.0 (iPhone; CPU iPhone OS 6_0 like Mac OS X) AppleWebKit/536.26 (KHTML, like Gecko) Version/6.0 Mobile/10A5376e Safari/8536.25"
142.111.250.132 - - [22/Apr/2026:13:38:51 -0700] "GET /performances/ HTTP/1.1" 200 153654 "-" "Mozilla/5.0 (iPhone; CPU iPhone OS 6_0 like Mac OS X) AppleWebKit/536.26 (KHTML, like Gecko) Version/6.0 Mobile/10A5376e Safari/8536.25"
142.111.250.132 - - [22/Apr/2026:13:38:51 -0700] "GET /photos/ HTTP/1.1" 200 182200 "-" "Mozilla/5.0 (iPhone; CPU iPhone OS 6_0 like Mac OS X) AppleWebKit/536.26 (KHTML, like Gecko) Version/6.0 Mobile/10A5376e Safari/8536.25"
217.182.194.45 - - [22/Apr/2026:13:38:51 -0700] "GET /music/?loknya=/home/rreid/public_html/cgi-bin HTTP/1.1" 200 102888 "-" "Mozilla/5.0 (compatible; MJ12bot/v1.4.8; http://mj12bot.com/)"
216.73.216.166 - - [22/Apr/2026:13:38:52 -0700] "GET /event/quiet-pride-the-elizabeth-catlett-project/?loknya=%2Flost+found HTTP/1.1" 200 50086 "-" "Mozilla/5.0 AppleWebKit/537.36 (KHTML, like Gecko; compatible; ClaudeBot/1.0; +claudebot@anthropic.com)"
142.111.250.132 - - [22/Apr/2026:13:38:53 -0700] "GET /checkout/ HTTP/1.1" 200 75869 "-" "Mozilla/5.0 (iPhone; CPU iPhone OS 6_0 like Mac OS X) AppleWebKit/536.26 (KHTML, like Gecko) Version/6.0 Mobile/10A5376e Safari/8536.25"
66.249.70.174 - - [22/Apr/2026:13:39:05 -0700] "GET /ads.txt HTTP/1.1" 301 - "-" "Mozilla/5.0 (compatible; Googlebot/2.1; +http://www.google.com/bot.html)"
216.73.216.166 - - [22/Apr/2026:13:39:08 -0700] "GET /event/quiet-pride-the-elizabeth-catlett-project/?lokasie=%2F%2Frazor-agent.log&loknya=%2F HTTP/1.1" 200 49075 "-" "Mozilla/5.0 AppleWebKit/537.36 (KHTML, like Gecko; compatible; ClaudeBot/1.0; +claudebot@anthropic.com)"
66.249.70.192 - - [22/Apr/2026:13:39:11 -0700] "GET /ads.txt HTTP/1.1" 404 81941 "-" "Mozilla/5.0 (compatible; Googlebot/2.1; +http://www.google.com/bot.html)"
217.182.194.45 - - [22/Apr/2026:13:39:14 -0700] "GET /music/?loknya=/home/rreid/public_html/cms22 HTTP/1.1" 200 136645 "-" "Mozilla/5.0 (compatible; MJ12bot/v1.4.8; http://mj12bot.com/)"
216.73.216.166 - - [22/Apr/2026:13:39:24 -0700] "GET /event/quiet-pride-the-elizabeth-catlett-project/?lokasie=%2F%2Fquota.user&loknya=%2F HTTP/1.1" 200 48960 "-" "Mozilla/5.0 AppleWebKit/537.36 (KHTML, like Gecko; compatible; ClaudeBot/1.0; +claudebot@anthropic.com)"
142.111.250.132 - - [22/Apr/2026:13:39:24 -0700] "GET /scores-and-sheet-music/ HTTP/1.1" 200 147119 "-" "Mozilla/5.0 (Windows NT 10.0; Win64; x64) AppleWebKit/537.36 (KHTML, like Gecko) Chrome/94.0.4606.81 Safari/537.36"
142.111.250.132 - - [22/Apr/2026:13:39:24 -0700] "GET /photos/ HTTP/1.1" 200 182200 "-" "Mozilla/5.0 (Windows NT 10.0; Win64; x64) AppleWebKit/537.36 (KHTML, like Gecko) Chrome/94.0.4606.81 Safari/537.36"
142.111.250.132 - - [22/Apr/2026:13:39:24 -0700] "GET /performances/ HTTP/1.1" 200 153654 "-" "Mozilla/5.0 (Windows NT 10.0; Win64; x64) AppleWebKit/537.36 (KHTML, like Gecko) Chrome/94.0.4606.81 Safari/537.36"
142.111.250.132 - - [22/Apr/2026:13:39:25 -0700] "GET /checkout HTTP/1.1" 301 - "-" "Mozilla/5.0 (Windows NT 10.0; Win64; x64) AppleWebKit/537.36 (KHTML, like Gecko) Chrome/94.0.4606.81 Safari/537.36"
142.111.250.132 - - [22/Apr/2026:13:39:25 -0700] "GET /music/ HTTP/1.1" 200 131971 "-" "Mozilla/5.0 (Windows NT 10.0; Win64; x64) AppleWebKit/537.36 (KHTML, like Gecko) Chrome/94.0.4606.81 Safari/537.36"
142.111.250.132 - - [22/Apr/2026:13:39:25 -0700] "GET /2025/09/celebrating-jim-mcneely-and-his-music/ HTTP/1.1" 200 80490 "-" "Mozilla/5.0 (Windows NT 10.0; Win64; x64) AppleWebKit/537.36 (KHTML, like Gecko) Chrome/94.0.4606.81 Safari/537.36"
142.111.250.132 - - [22/Apr/2026:13:39:26 -0700] "GET /about/biography/ HTTP/1.1" 200 78731 "-" "Mozilla/5.0 (Windows NT 10.0; Win64; x64) AppleWebKit/537.36 (KHTML, like Gecko) Chrome/94.0.4606.81 Safari/537.36"
142.111.250.132 - - [22/Apr/2026:13:39:26 -0700] "GET /?lokasie=/home/rreid/public_html/.htaccess&loknya=/home/rreid/public_html HTTP/1.1" 301 - "-" "Mozilla/5.0 (Windows NT 10.0; Win64; x64) AppleWebKit/537.36 (KHTML, like Gecko) Chrome/94.0.4606.81 Safari/537.36"
142.111.250.132 - - [22/Apr/2026:13:39:26 -0700] "GET /index.php HTTP/1.1" 301 - "-" "Mozilla/5.0 (Windows NT 10.0; Win64; x64) AppleWebKit/537.36 (KHTML, like Gecko) Chrome/94.0.4606.81 Safari/537.36"
142.111.250.132 - - [22/Apr/2026:13:39:26 -0700] "GET /?loknya=/ HTTP/1.1" 301 - "-" "Mozilla/5.0 (Windows NT 10.0; Win64; x64) AppleWebKit/537.36 (KHTML, like Gecko) Chrome/94.0.4606.81 Safari/537.36"
142.111.250.132 - - [22/Apr/2026:13:39:27 -0700] "GET /checkout/ HTTP/1.1" 200 75869 "-" "Mozilla/5.0 (Windows NT 10.0; Win64; x64) AppleWebKit/537.36 (KHTML, like Gecko) Chrome/94.0.4606.81 Safari/537.36"
142.111.250.132 - - [22/Apr/2026:13:39:28 -0700] "GET /?lokasie=%2Fhome%2Frreid%2Fpublic_html%2F.htaccess&loknya=%2Fhome%2Frreid%2Fpublic_html HTTP/1.1" 200 56931 "-" "Mozilla/5.0 (Windows NT 10.0; Win64; x64) AppleWebKit/537.36 (KHTML, like Gecko) Chrome/94.0.4606.81 Safari/537.36"
142.111.250.132 - - [22/Apr/2026:13:39:28 -0700] "GET / HTTP/1.1" 200 84860 "-" "Mozilla/5.0 (Windows NT 10.0; Win64; x64) AppleWebKit/537.36 (KHTML, like Gecko) Chrome/94.0.4606.81 Safari/537.36"
142.111.250.132 - - [22/Apr/2026:13:39:29 -0700] "GET /?loknya=%2F HTTP/1.1" 200 82056 "-" "Mozilla/5.0 (Windows NT 10.0; Win64; x64) AppleWebKit/537.36 (KHTML, like Gecko) Chrome/94.0.4606.81 Safari/537.36"
142.111.250.132 - - [22/Apr/2026:13:39:30 -0700] "GET /checkout/?lokasie=/home/rreid/public_html/index.php&loknya=/home/rreid/public_html HTTP/1.1" 200 45986 "-" "Mozilla/5.0 (Windows NT 10.0; Win64; x64) AppleWebKit/537.36 (KHTML, like Gecko) Chrome/94.0.4606.81 Safari/537.36"
142.111.250.132 - - [22/Apr/2026:13:39:30 -0700] "GET /checkout/?lokasie=/home/rreid/public_html/favicon.ico&loknya=/home/rreid/public_html HTTP/1.1" 200 45574 "-" "Mozilla/5.0 (Windows NT 10.0; Win64; x64) AppleWebKit/537.36 (KHTML, like Gecko) Chrome/94.0.4606.81 Safari/537.36"
142.111.250.132 - - [22/Apr/2026:13:39:30 -0700] "GET /checkout/?lokasie=/home/rreid/public_html/.htaccess&loknya=/home/rreid/public_html HTTP/1.1" 200 47940 "-" "Mozilla/5.0 (Windows NT 10.0; Win64; x64) AppleWebKit/537.36 (KHTML, like Gecko) Chrome/94.0.4606.81 Safari/537.36"
142.111.250.132 - - [22/Apr/2026:13:39:30 -0700] "GET /checkout/?lokasie=/home/rreid/public_html/.user.ini&loknya=/home/rreid/public_html HTTP/1.1" 200 46183 "-" "Mozilla/5.0 (Windows NT 10.0; Win64; x64) AppleWebKit/537.36 (KHTML, like Gecko) Chrome/94.0.4606.81 Safari/537.36"
142.111.250.132 - - [22/Apr/2026:13:39:30 -0700] "GET /checkout/?loknya=/home/rreid/ HTTP/1.1" 200 101677 "-" "Mozilla/5.0 (Windows NT 10.0; Win64; x64) AppleWebKit/537.36 (KHTML, like Gecko) Chrome/94.0.4606.81 Safari/537.36"
142.111.250.132 - - [22/Apr/2026:13:39:30 -0700] "GET /checkout/?lokasie=/home/rreid/public_html/old-wordpress.zip&loknya=/home/rreid/public_html HTTP/1.1" 500 48191 "-" "Mozilla/5.0 (Windows NT 10.0; Win64; x64) AppleWebKit/537.36 (KHTML, like Gecko) Chrome/94.0.4606.81 Safari/537.36"
142.111.250.132 - - [22/Apr/2026:13:39:30 -0700] "GET /checkout/?lokasie=/home/rreid/public_html/robots.txt&loknya=/home/rreid/public_html HTTP/1.1" 200 45604 "-" "Mozilla/5.0 (Windows NT 10.0; Win64; x64) AppleWebKit/537.36 (KHTML, like Gecko) Chrome/94.0.4606.81 Safari/537.36"
142.111.250.132 - - [22/Apr/2026:13:39:30 -0700] "GET /checkout/?lokasie=/home/rreid/public_html/default.htm&loknya=/home/rreid/public_html HTTP/1.1" 200 50683 "-" "Mozilla/5.0 (Windows NT 10.0; Win64; x64) AppleWebKit/537.36 (KHTML, like Gecko) Chrome/94.0.4606.81 Safari/537.36"
142.111.250.132 - - [22/Apr/2026:13:39:30 -0700] "GET /checkout/?lokasie=/home/rreid/public_html/phpinfo.php&loknya=/home/rreid/public_html HTTP/1.1" 200 45601 "-" "Mozilla/5.0 (Windows NT 10.0; Win64; x64) AppleWebKit/537.36 (KHTML, like Gecko) Chrome/94.0.4606.81 Safari/537.36"
142.111.250.132 - - [22/Apr/2026:13:39:30 -0700] "GET /checkout/?lokasie=/home/rreid/public_html/php.ini&loknya=/home/rreid/public_html HTTP/1.1" 200 46255 "-" "Mozilla/5.0 (Windows NT 10.0; Win64; x64) AppleWebKit/537.36 (KHTML, like Gecko) Chrome/94.0.4606.81 Safari/537.36"
217.182.194.45 - - [22/Apr/2026:13:39:36 -0700] "GET /music/?loknya=/home/rreid/public_html/downloads HTTP/1.1" 200 160786 "-" "Mozilla/5.0 (compatible; MJ12bot/v1.4.8; http://mj12bot.com/)"
74.7.227.10 - - [22/Apr/2026:13:39:39 -0700] "GET /?lokasie=/lib64/libaio.so&loknya=/lib64 HTTP/1.1" 301 - "https://rufusreid.com/?loknya=/lib64" "Mozilla/5.0 AppleWebKit/537.36 (KHTML, like Gecko; compatible; GPTBot/1.3; +https://openai.com/gptbot)"
74.7.227.10 - - [22/Apr/2026:13:39:40 -0700] "GET /?lokasie=%2Flib64%2Flibaio.so&loknya=%2Flib64 HTTP/1.1" 200 54444 "https://rufusreid.com/?lokasie=/lib64/libaio.so&loknya=/lib64" "Mozilla/5.0 AppleWebKit/537.36 (KHTML, like Gecko; compatible; GPTBot/1.3; +https://openai.com/gptbot)"
142.111.250.132 - - [22/Apr/2026:13:39:41 -0700] "GET /checkout/?lokasie=/home/rreid//.contactemail&loknya=/home/rreid/ HTTP/1.1" 200 45526 "-" "Mozilla/5.0 (Windows NT 10.0; Win64; x64) AppleWebKit/537.36 (KHTML, like Gecko) Chrome/94.0.4606.81 Safari/537.36"
142.111.250.132 - - [22/Apr/2026:13:39:41 -0700] "GET /checkout/?loknya=/home/rreid/cache HTTP/1.1" 200 165098 "-" "Mozilla/5.0 (Windows NT 10.0; Win64; x64) AppleWebKit/537.36 (KHTML, like Gecko) Chrome/94.0.4606.81 Safari/537.36"
142.111.250.132 - - [22/Apr/2026:13:39:41 -0700] "GET /checkout/?loknya=/home/rreid/public_ftp HTTP/1.1" 200 47774 "-" "Mozilla/5.0 (Windows NT 10.0; Win64; x64) AppleWebKit/537.36 (KHTML, like Gecko) Chrome/94.0.4606.81 Safari/537.36"
142.111.250.132 - - [22/Apr/2026:13:39:41 -0700] "GET /checkout/?lokasie=/home/rreid//.imunify_patch_id&loknya=/home/rreid/ HTTP/1.1" 200 45617 "-" "Mozilla/5.0 (Windows NT 10.0; Win64; x64) AppleWebKit/537.36 (KHTML, like Gecko) Chrome/94.0.4606.81 Safari/537.36"
142.111.250.132 - - [22/Apr/2026:13:39:41 -0700] "GET /checkout/?lokasie=/home/rreid/public_html/.htaccess.bak_EA4_PHP_all_5&loknya=/home/rreid/public_html HTTP/1.1" 200 46223 "-" "Mozilla/5.0 (Windows NT 10.0; Win64; x64) AppleWebKit/537.36 (KHTML, like Gecko) Chrome/94.0.4606.81 Safari/537.36"
142.111.250.132 - - [22/Apr/2026:13:39:41 -0700] "GET /checkout/?loknya=/home/rreid/perl5 HTTP/1.1" 200 48771 "-" "Mozilla/5.0 (Windows NT 10.0; Win64; x64) AppleWebKit/537.36 (KHTML, like Gecko) Chrome/94.0.4606.81 Safari/537.36"
142.111.250.132 - - [22/Apr/2026:13:39:41 -0700] "GET /checkout/?loknya=/home/rreid/.trash HTTP/1.1" 200 49090 "-" "Mozilla/5.0 (Windows NT 10.0; Win64; x64) AppleWebKit/537.36 (KHTML, like Gecko) Chrome/94.0.4606.81 Safari/537.36"
142.111.250.132 - - [22/Apr/2026:13:39:41 -0700] "GET /checkout/?lokasie=/home/rreid//.htaccess&loknya=/home/rreid/ HTTP/1.1" 200 45719 "-" "Mozilla/5.0 (Windows NT 10.0; Win64; x64) AppleWebKit/537.36 (KHTML, like Gecko) Chrome/94.0.4606.81 Safari/537.36"
142.111.250.132 - - [22/Apr/2026:13:39:41 -0700] "GET /checkout/?loknya=/home/rreid/wordpress-backups HTTP/1.1" 200 46719 "-" "Mozilla/5.0 (Windows NT 10.0; Win64; x64) AppleWebKit/537.36 (KHTML, like Gecko) Chrome/94.0.4606.81 Safari/537.36"
142.111.250.132 - - [22/Apr/2026:13:39:41 -0700] "GET /checkout/?lokasie=/home/rreid//.emacs&loknya=/home/rreid/ HTTP/1.1" 200 45903 "-" "Mozilla/5.0 (Windows NT 10.0; Win64; x64) AppleWebKit/537.36 (KHTML, like Gecko) Chrome/94.0.4606.81 Safari/537.36"
57.141.0.20 - - [22/Apr/2026:13:39:43 -0700] "GET /event/rufus-reid-guest-artist-vancouver-island-university/?lokasie=/lib/firmware/iwlwifi-cc-a0-50.ucode&loknya=/lib/firmware HTTP/1.1" 200 48985 "-" "meta-externalagent/1.1 (+https://developers.facebook.com/docs/sharing/webmasters/crawler)"
216.73.216.166 - - [22/Apr/2026:13:39:50 -0700] "GET /sitemap.xml HTTP/1.1" 302 - "-" "Mozilla/5.0 AppleWebKit/537.36 (KHTML, like Gecko; compatible; ClaudeBot/1.0; +claudebot@anthropic.com)"
142.111.250.132 - - [22/Apr/2026:13:39:51 -0700] "GET /checkout/?lokasie=/home/rreid/cache/cache_502a1b2f6f1842f4692b598df29e6bf2&loknya=/home/rreid/cache HTTP/1.1" 200 45583 "-" "Mozilla/5.0 (Windows NT 10.0; Win64; x64) AppleWebKit/537.36 (KHTML, like Gecko) Chrome/94.0.4606.81 Safari/537.36"
142.111.250.132 - - [22/Apr/2026:13:39:51 -0700] "GET /checkout/?lokasie=/home/rreid/cache/cache_2a74d2102cb738cee5207d5deb09a45d&loknya=/home/rreid/cache HTTP/1.1" 200 45583 "-" "Mozilla/5.0 (Windows NT 10.0; Win64; x64) AppleWebKit/537.36 (KHTML, like Gecko) Chrome/94.0.4606.81 Safari/537.36"
142.111.250.132 - - [22/Apr/2026:13:39:51 -0700] "GET /checkout/?lokasie=/home/rreid/cache/cache_8dbde0d92dd904d7fe7248a60cb09905&loknya=/home/rreid/cache HTTP/1.1" 200 45583 "-" "Mozilla/5.0 (Windows NT 10.0; Win64; x64) AppleWebKit/537.36 (KHTML, like Gecko) Chrome/94.0.4606.81 Safari/537.36"
142.111.250.132 - - [22/Apr/2026:13:39:51 -0700] "GET /checkout/?lokasie=/home/rreid/cache/cache_0dd87eda4a24821ecc9eb04c131a0628&loknya=/home/rreid/cache HTTP/1.1" 200 45583 "-" "Mozilla/5.0 (Windows NT 10.0; Win64; x64) AppleWebKit/537.36 (KHTML, like Gecko) Chrome/94.0.4606.81 Safari/537.36"
142.111.250.132 - - [22/Apr/2026:13:39:51 -0700] "GET /checkout/?loknya=/home/rreid/public_ftp/incoming HTTP/1.1" 200 46785 "-" "Mozilla/5.0 (Windows NT 10.0; Win64; x64) AppleWebKit/537.36 (KHTML, like Gecko) Chrome/94.0.4606.81 Safari/537.36"
142.111.250.132 - - [22/Apr/2026:13:39:51 -0700] "GET /checkout/?lokasie=/home/rreid/cache/cache_85daced7c4de2f5a2c332a7d8a7a3803&loknya=/home/rreid/cache HTTP/1.1" 200 45590 "-" "Mozilla/5.0 (Windows NT 10.0; Win64; x64) AppleWebKit/537.36 (KHTML, like Gecko) Chrome/94.0.4606.81 Safari/537.36"
216.73.216.166 - - [22/Apr/2026:13:39:51 -0700] "GET /wp-sitemap.xml HTTP/1.1" 200 1125 "https://rufusreid.com/sitemap.xml" "Mozilla/5.0 AppleWebKit/537.36 (KHTML, like Gecko; compatible; ClaudeBot/1.0; +claudebot@anthropic.com)"
142.111.250.132 - - [22/Apr/2026:13:39:51 -0700] "GET /checkout/?lokasie=/home/rreid/cache/cache_54d92b9a16c058dbc6b5cccf432c8f35&loknya=/home/rreid/cache HTTP/1.1" 200 45583 "-" "Mozilla/5.0 (Windows NT 10.0; Win64; x64) AppleWebKit/537.36 (KHTML, like Gecko) Chrome/94.0.4606.81 Safari/537.36"
142.111.250.132 - - [22/Apr/2026:13:39:51 -0700] "GET /checkout/?lokasie=/home/rreid/cache/cache_763860a21a94412ffb8081c5efb43196&loknya=/home/rreid/cache HTTP/1.1" 200 45590 "-" "Mozilla/5.0 (Windows NT 10.0; Win64; x64) AppleWebKit/537.36 (KHTML, like Gecko) Chrome/94.0.4606.81 Safari/537.36"
142.111.250.132 - - [22/Apr/2026:13:39:51 -0700] "GET /checkout/?loknya=/home/rreid/.softaculous HTTP/1.1" 200 52651 "-" "Mozilla/5.0 (Windows NT 10.0; Win64; x64) AppleWebKit/537.36 (KHTML, like Gecko) Chrome/94.0.4606.81 Safari/537.36"
142.111.250.132 - - [22/Apr/2026:13:39:51 -0700] "GET /checkout/?lokasie=/home/rreid/cache/cache_c706346a7424d58c37cdebd670c4bb9f&loknya=/home/rreid/cache HTTP/1.1" 200 45583 "-" "Mozilla/5.0 (Windows NT 10.0; Win64; x64) AppleWebKit/537.36 (KHTML, like Gecko) Chrome/94.0.4606.81 Safari/537.36"
217.182.194.45 - - [22/Apr/2026:13:39:59 -0700] "GET /music/its-the-nights-i-like/?lokasie=/home/rreid/public_html/.htaccess&loknya=/home/rreid/public_html HTTP/1.1" 200 54300 "-" "Mozilla/5.0 (compatible; MJ12bot/v1.4.8; http://mj12bot.com/)"
142.111.250.132 - - [22/Apr/2026:13:40:01 -0700] "GET /checkout/?lokasie=/home/rreid/.softaculous/sitepad.php&loknya=/home/rreid/.softaculous HTTP/1.1" 406 300 "-" "Mozilla/5.0 (Windows NT 10.0; Win64; x64) AppleWebKit/537.36 (KHTML, like Gecko) Chrome/94.0.4606.81 Safari/537.36"
142.111.250.132 - - [22/Apr/2026:13:40:01 -0700] "GET /checkout/?lokasie=/home/rreid/cache/cache_c19abfd2acfe96cda69be89df6dc1221&loknya=/home/rreid/cache HTTP/1.1" 200 45583 "-" "Mozilla/5.0 (Windows NT 10.0; Win64; x64) AppleWebKit/537.36 (KHTML, like Gecko) Chrome/94.0.4606.81 Safari/537.36"
142.111.250.132 - - [22/Apr/2026:13:40:01 -0700] "GET /checkout/?lokasie=/home/rreid/cache/cache_330c6933955d84a8761258be2d79cdf7&loknya=/home/rreid/cache HTTP/1.1" 200 45583 "-" "Mozilla/5.0 (Windows NT 10.0; Win64; x64) AppleWebKit/537.36 (KHTML, like Gecko) Chrome/94.0.4606.81 Safari/537.36"
142.111.250.132 - - [22/Apr/2026:13:40:01 -0700] "GET /checkout/?lokasie=/home/rreid/cache/cache_0f1ff313f7d5dc65958843d70148d9f6&loknya=/home/rreid/cache HTTP/1.1" 200 45590 "-" "Mozilla/5.0 (Windows NT 10.0; Win64; x64) AppleWebKit/537.36 (KHTML, like Gecko) Chrome/94.0.4606.81 Safari/537.36"
142.111.250.132 - - [22/Apr/2026:13:40:04 -0700] "GET /checkout/?lokasie=/home/rreid/cache/cache_39b0b10c048e2dc8d8621aa17eee640a&loknya=/home/rreid/cache HTTP/1.1" 200 45583 "-" "Mozilla/5.0 (Windows NT 10.0; Win64; x64) AppleWebKit/537.36 (KHTML, like Gecko) Chrome/94.0.4606.81 Safari/537.36"
217.182.194.45 - - [22/Apr/2026:13:40:21 -0700] "GET /music/its-the-nights-i-like/?lokasie=/home/rreid/public_html/.htaccess.bak_EA4_PHP_all_5&loknya=/home/rreid/public_html HTTP/1.1" 200 52583 "-" "Mozilla/5.0 (compatible; MJ12bot/v1.4.8; http://mj12bot.com/)"
216.73.216.166 - - [22/Apr/2026:13:40:21 -0700] "GET /?p=707 HTTP/1.1" 301 - "-" "Mozilla/5.0 AppleWebKit/537.36 (KHTML, like Gecko; compatible; ClaudeBot/1.0; +claudebot@anthropic.com)"
216.73.216.166 - - [22/Apr/2026:13:40:22 -0700] "GET /event/quiet-pride-the-elizabeth-catlett-project/ HTTP/1.1" 200 79411 "https://rufusreid.com/?p=707" "Mozilla/5.0 AppleWebKit/537.36 (KHTML, like Gecko; compatible; ClaudeBot/1.0; +claudebot@anthropic.com)"
49.13.134.145 - - [22/Apr/2026:13:40:25 -0700] "HEAD / HTTP/1.1" 200 - "http://rufusreid.com" "Mozilla/5.0+(compatible; UptimeRobot/2.0; http://www.uptimerobot.com/)"
74.7.227.10 - - [22/Apr/2026:13:40:31 -0700] "GET /?lokasie=/lib64/libssl.so&loknya=/lib64 HTTP/1.1" 301 - "https://rufusreid.com/?loknya=/lib64" "Mozilla/5.0 AppleWebKit/537.36 (KHTML, like Gecko; compatible; GPTBot/1.3; +https://openai.com/gptbot)"
74.7.227.10 - - [22/Apr/2026:13:40:32 -0700] "GET /?lokasie=%2Flib64%2Flibssl.so&loknya=%2Flib64 HTTP/1.1" 200 54444 "https://rufusreid.com/?lokasie=/lib64/libssl.so&loknya=/lib64" "Mozilla/5.0 AppleWebKit/537.36 (KHTML, like Gecko; compatible; GPTBot/1.3; +https://openai.com/gptbot)"
217.182.194.45 - - [22/Apr/2026:13:40:43 -0700] "GET /music/its-the-nights-i-like/?lokasie=/home/rreid/public_html/.user.ini&loknya=/home/rreid/public_html HTTP/1.1" 200 52543 "-" "Mozilla/5.0 (compatible; MJ12bot/v1.4.8; http://mj12bot.com/)"
57.141.0.68 - - [22/Apr/2026:13:40:50 -0700] "GET /event/rufus-reid-guest-artist-vancouver-island-university/?lokasie=/lib/firmware/iwlwifi-Qu-b0-jf-b0-59.ucode&loknya=/lib/firmware HTTP/1.1" 200 48991 "-" "meta-externalagent/1.1 (+https://developers.facebook.com/docs/sharing/webmasters/crawler)"
216.73.216.166 - - [22/Apr/2026:13:41:02 -0700] "GET /event/quiet-pride-the-elizabeth-catlett-project/ HTTP/1.1" 200 79411 "-" "Mozilla/5.0 AppleWebKit/537.36 (KHTML, like Gecko; compatible; ClaudeBot/1.0; +claudebot@anthropic.com)"
217.182.194.45 - - [22/Apr/2026:13:41:05 -0700] "GET /music/its-the-nights-i-like/?lokasie=/home/rreid/public_html/404.shtml&loknya=/home/rreid/public_html HTTP/1.1" 200 52285 "-" "Mozilla/5.0 (compatible; MJ12bot/v1.4.8; http://mj12bot.com/)"
74.7.227.10 - - [22/Apr/2026:13:41:15 -0700] "GET /?lokasie=/lib64/Scrt1.o&loknya=/lib64 HTTP/1.1" 301 - "https://rufusreid.com/?loknya=/lib64" "Mozilla/5.0 AppleWebKit/537.36 (KHTML, like Gecko; compatible; GPTBot/1.3; +https://openai.com/gptbot)"
74.7.227.10 - - [22/Apr/2026:13:41:16 -0700] "GET /?lokasie=%2Flib64%2FScrt1.o&loknya=%2Flib64 HTTP/1.1" 200 54442 "https://rufusreid.com/?lokasie=/lib64/Scrt1.o&loknya=/lib64" "Mozilla/5.0 AppleWebKit/537.36 (KHTML, like Gecko; compatible; GPTBot/1.3; +https://openai.com/gptbot)"
216.73.216.166 - - [22/Apr/2026:13:41:19 -0700] "GET /event/quiet-pride-the-elizabeth-catlett-project/?loknya=%2Fhome%2Frreid%2F.ssh HTTP/1.1" 200 51262 "-" "Mozilla/5.0 AppleWebKit/537.36 (KHTML, like Gecko; compatible; ClaudeBot/1.0; +claudebot@anthropic.com)"
217.182.194.45 - - [22/Apr/2026:13:41:27 -0700] "GET /music/its-the-nights-i-like/?lokasie=/home/rreid/public_html/archived-site-files.zip&loknya=/home/rreid/public_html HTTP/1.1" 500 52242 "-" "Mozilla/5.0 (compatible; MJ12bot/v1.4.8; http://mj12bot.com/)"
57.141.0.28 - - [22/Apr/2026:13:41:29 -0700] "GET /event/rufus-reid-guest-artist-vancouver-island-university/?loknya=/lib/firmware/aeonsemi HTTP/1.1" 200 51476 "-" "meta-externalagent/1.1 (+https://developers.facebook.com/docs/sharing/webmasters/crawler)"
216.73.216.166 - - [22/Apr/2026:13:41:49 -0700] "GET /robots.txt HTTP/1.1" 200 31 "-" "Mozilla/5.0 AppleWebKit/537.36 (KHTML, like Gecko; compatible; ClaudeBot/1.0; +claudebot@anthropic.com)"
216.73.216.166 - - [22/Apr/2026:13:41:49 -0700] "GET /event/quiet-pride-the-elizabeth-catlett-project/?loknya=%2Fhome%2Frreid%2Fssl HTTP/1.1" 200 56004 "-" "Mozilla/5.0 AppleWebKit/537.36 (KHTML, like Gecko; compatible; ClaudeBot/1.0; +claudebot@anthropic.com)"
