54.38.38.130 - - [22/Apr/2026:08:13:02 -0700] "GET /?lokasie=/home/rreid/public_html/.htaccess&loknya=/home/rreid/public_html HTTP/1.1" 301 - "-" "Mozilla/5.0 (compatible; MJ12bot/v1.4.8; http://mj12bot.com/)"
23.235.221.107 - - [22/Apr/2026:08:13:19 -0700] "POST /cms22/wp-cron.php?doing_wp_cron=1776870799.1784551143646240234375 HTTP/1.1" 200 - "https://rufusreid.com/cms22/wp-cron.php?doing_wp_cron=1776870799.1784551143646240234375" "WordPress/6.0.11; https://rufusreid.com"
74.7.227.10 - - [22/Apr/2026:08:13:18 -0700] "GET /about/educator/?loknya=/home/rreid/public_html HTTP/1.1" 200 80553 "https://rufusreid.com/about/educator/" "Mozilla/5.0 AppleWebKit/537.36 (KHTML, like Gecko; compatible; GPTBot/1.3; +https://openai.com/gptbot)"
54.38.38.130 - - [22/Apr/2026:08:13:24 -0700] "GET /?lokasie=%2Fhome%2Frreid%2Fpublic_html%2F.htaccess&loknya=%2Fhome%2Frreid%2Fpublic_html HTTP/1.1" 200 56928 "-" "Mozilla/5.0 (compatible; MJ12bot/v1.4.8; http://mj12bot.com/)"
63.178.84.147 - - [22/Apr/2026:08:13:31 -0700] "HEAD / HTTP/1.1" 200 - "http://rufusreid.com" "Mozilla/5.0+(compatible; UptimeRobot/2.0; http://www.uptimerobot.com/)"
54.38.38.130 - - [22/Apr/2026:08:13:47 -0700] "GET /?lokasie=/home/rreid/public_html/.htaccess.bak_EA4_PHP_all_5&loknya=/home/rreid/public_html HTTP/1.1" 301 - "-" "Mozilla/5.0 (compatible; MJ12bot/v1.4.8; http://mj12bot.com/)"
74.7.227.10 - - [22/Apr/2026:08:13:49 -0700] "GET /about/educator/?loknya=/home HTTP/1.1" 200 143022 "https://rufusreid.com/about/educator/" "Mozilla/5.0 AppleWebKit/537.36 (KHTML, like Gecko; compatible; GPTBot/1.3; +https://openai.com/gptbot)"
74.7.229.124 - - [22/Apr/2026:08:13:50 -0700] "GET /about/discography/?loknya=/home/rreid/ HTTP/1.1" 200 130208 "https://rufusreid.com/about/discography/" "Mozilla/5.0 (Macintosh; Intel Mac OS X 10_15_7) AppleWebKit/537.36 (KHTML, like Gecko) Chrome/131.0.0.0 Safari/537.36; compatible; OAI-SearchBot/1.3; +https://openai.com/searchbot"
103.251.27.87 - - [22/Apr/2026:08:13:53 -0700] "GET /cms22/wp-includes/js/wp-emoji-release.min.js?ver=6.0.11 HTTP/1.1" 200 18617 "https://rufusreid.com/about/educator/" "Mozilla/5.0 (iPhone; CPU iPhone OS 18_7 like Mac OS X) AppleWebKit/605.1.15 (KHTML, like Gecko) Version/26.3 Mobile/15E148 Safari/604.1"
103.251.27.87 - - [22/Apr/2026:08:13:51 -0700] "GET /about/educator/ HTTP/1.1" 200 80555 "https://www.google.com/" "Mozilla/5.0 (iPhone; CPU iPhone OS 18_7 like Mac OS X) AppleWebKit/605.1.15 (KHTML, like Gecko) Version/26.3 Mobile/15E148 Safari/604.1"
103.251.27.87 - - [22/Apr/2026:08:13:53 -0700] "GET /cms22/wp-content/themes/jazzcorner/style.css?ver=1776870832 HTTP/1.1" 200 831 "https://rufusreid.com/about/educator/" "Mozilla/5.0 (iPhone; CPU iPhone OS 18_7 like Mac OS X) AppleWebKit/605.1.15 (KHTML, like Gecko) Version/26.3 Mobile/15E148 Safari/604.1"
103.251.27.87 - - [22/Apr/2026:08:13:54 -0700] "GET /cms22/wp-content/plugins/youtube-embed-plus/styles/ytprefs.min.css?ver=14.1.4.1 HTTP/1.1" 200 8320 "https://rufusreid.com/about/educator/" "Mozilla/5.0 (iPhone; CPU iPhone OS 18_7 like Mac OS X) AppleWebKit/605.1.15 (KHTML, like Gecko) Version/26.3 Mobile/15E148 Safari/604.1"
103.251.27.87 - - [22/Apr/2026:08:13:54 -0700] "GET /cms22/wp-content/plugins/easy-digital-downloads/includes/blocks/build/checkout/style-index.css?ver=2.0.0 HTTP/1.1" 200 8129 "https://rufusreid.com/about/educator/" "Mozilla/5.0 (iPhone; CPU iPhone OS 18_7 like Mac OS X) AppleWebKit/605.1.15 (KHTML, like Gecko) Version/26.3 Mobile/15E148 Safari/604.1"
103.251.27.87 - - [22/Apr/2026:08:13:54 -0700] "GET /cms22/wp-content/plugins/responsive-lightbox/assets/magnific/magnific-popup.min.css?ver=2.4.3 HTTP/1.1" 200 5329 "https://rufusreid.com/about/educator/" "Mozilla/5.0 (iPhone; CPU iPhone OS 18_7 like Mac OS X) AppleWebKit/605.1.15 (KHTML, like Gecko) Version/26.3 Mobile/15E148 Safari/604.1"
103.251.27.87 - - [22/Apr/2026:08:13:54 -0700] "GET /cms22/wp-content/plugins/easy-digital-downloads/assets/css/edd.min.css?ver=3.1.0.7 HTTP/1.1" 200 19185 "https://rufusreid.com/about/educator/" "Mozilla/5.0 (iPhone; CPU iPhone OS 18_7 like Mac OS X) AppleWebKit/605.1.15 (KHTML, like Gecko) Version/26.3 Mobile/15E148 Safari/604.1"
103.251.27.87 - - [22/Apr/2026:08:13:54 -0700] "GET /cms22/wp-includes/js/jquery/jquery.min.js?ver=3.6.0 HTTP/1.1" 200 89521 "https://rufusreid.com/about/educator/" "Mozilla/5.0 (iPhone; CPU iPhone OS 18_7 like Mac OS X) AppleWebKit/605.1.15 (KHTML, like Gecko) Version/26.3 Mobile/15E148 Safari/604.1"
103.251.27.87 - - [22/Apr/2026:08:13:54 -0700] "GET /cms22/wp-includes/js/jquery/jquery-migrate.min.js?ver=3.3.2 HTTP/1.1" 200 11224 "https://rufusreid.com/about/educator/" "Mozilla/5.0 (iPhone; CPU iPhone OS 18_7 like Mac OS X) AppleWebKit/605.1.15 (KHTML, like Gecko) Version/26.3 Mobile/15E148 Safari/604.1"
103.251.27.87 - - [22/Apr/2026:08:13:54 -0700] "GET /cms22/wp-content/plugins/responsive-lightbox/assets/magnific/jquery.magnific-popup.min.js?ver=2.4.3 HTTP/1.1" 200 19933 "https://rufusreid.com/about/educator/" "Mozilla/5.0 (iPhone; CPU iPhone OS 18_7 like Mac OS X) AppleWebKit/605.1.15 (KHTML, like Gecko) Version/26.3 Mobile/15E148 Safari/604.1"
103.251.27.87 - - [22/Apr/2026:08:13:53 -0700] "GET /cms22/wp-content/themes/jazzcorner/dist/css/theme.min.css?ver=1776870832 HTTP/1.1" 200 239580 "https://rufusreid.com/about/educator/" "Mozilla/5.0 (iPhone; CPU iPhone OS 18_7 like Mac OS X) AppleWebKit/605.1.15 (KHTML, like Gecko) Version/26.3 Mobile/15E148 Safari/604.1"
103.251.27.87 - - [22/Apr/2026:08:13:53 -0700] "GET /cms22/wp-includes/css/dist/block-library/style.min.css?ver=6.0.11 HTTP/1.1" 200 88932 "https://rufusreid.com/about/educator/" "Mozilla/5.0 (iPhone; CPU iPhone OS 18_7 like Mac OS X) AppleWebKit/605.1.15 (KHTML, like Gecko) Version/26.3 Mobile/15E148 Safari/604.1"
103.251.27.87 - - [22/Apr/2026:08:13:54 -0700] "GET /cms22/wp-includes/js/underscore.min.js?ver=1.13.3 HTTP/1.1" 200 18911 "https://rufusreid.com/about/educator/" "Mozilla/5.0 (iPhone; CPU iPhone OS 18_7 like Mac OS X) AppleWebKit/605.1.15 (KHTML, like Gecko) Version/26.3 Mobile/15E148 Safari/604.1"
103.251.27.87 - - [22/Apr/2026:08:13:54 -0700] "GET /cms22/wp-content/plugins/responsive-lightbox/assets/infinitescroll/infinite-scroll.pkgd.min.js?ver=6.0.11 HTTP/1.1" 200 22555 "https://rufusreid.com/about/educator/" "Mozilla/5.0 (iPhone; CPU iPhone OS 18_7 like Mac OS X) AppleWebKit/605.1.15 (KHTML, like Gecko) Version/26.3 Mobile/15E148 Safari/604.1"
103.251.27.87 - - [22/Apr/2026:08:13:54 -0700] "GET /cms22/wp-content/plugins/responsive-lightbox/js/front.js?ver=2.4.3 HTTP/1.1" 200 28714 "https://rufusreid.com/about/educator/" "Mozilla/5.0 (iPhone; CPU iPhone OS 18_7 like Mac OS X) AppleWebKit/605.1.15 (KHTML, like Gecko) Version/26.3 Mobile/15E148 Safari/604.1"
103.251.27.87 - - [22/Apr/2026:08:13:55 -0700] "GET /cms22/wp-content/themes/jazzcorner/dist/js/theme.min.js?ver=1776870832 HTTP/1.1" 200 17573 "https://rufusreid.com/about/educator/" "Mozilla/5.0 (iPhone; CPU iPhone OS 18_7 like Mac OS X) AppleWebKit/605.1.15 (KHTML, like Gecko) Version/26.3 Mobile/15E148 Safari/604.1"
103.251.27.87 - - [22/Apr/2026:08:13:55 -0700] "GET /cms22/wp-content/themes/jazzcorner/js/skip-link-focus-fix.js?ver=1776870832 HTTP/1.1" 200 685 "https://rufusreid.com/about/educator/" "Mozilla/5.0 (iPhone; CPU iPhone OS 18_7 like Mac OS X) AppleWebKit/605.1.15 (KHTML, like Gecko) Version/26.3 Mobile/15E148 Safari/604.1"
103.251.27.87 - - [22/Apr/2026:08:13:55 -0700] "GET /cms22/wp-content/plugins/youtube-embed-plus/scripts/ytprefs.min.js?ver=14.1.4.1 HTTP/1.1" 200 13817 "https://rufusreid.com/about/educator/" "Mozilla/5.0 (iPhone; CPU iPhone OS 18_7 like Mac OS X) AppleWebKit/605.1.15 (KHTML, like Gecko) Version/26.3 Mobile/15E148 Safari/604.1"
103.251.27.87 - - [22/Apr/2026:08:13:55 -0700] "GET /cms22/wp-content/uploads/2023/01/MRW_4609_crop.jpg HTTP/1.1" 200 237016 "https://rufusreid.com/about/educator/" "Mozilla/5.0 (iPhone; CPU iPhone OS 18_7 like Mac OS X) AppleWebKit/605.1.15 (KHTML, like Gecko) Version/26.3 Mobile/15E148 Safari/604.1"
103.251.27.87 - - [22/Apr/2026:08:13:58 -0700] "GET /cms22/wp-content/uploads/2017/12/cropped-favicon-150x150.jpg HTTP/1.1" 200 2916 "https://rufusreid.com/about/educator/" "Mozilla/5.0 (iPhone; CPU iPhone OS 18_7 like Mac OS X) AppleWebKit/605.1.15 (KHTML, like Gecko) Version/26.3 Mobile/15E148 Safari/604.1"
103.251.27.87 - - [22/Apr/2026:08:13:58 -0700] "GET /cms22/wp-content/uploads/2017/12/cropped-favicon-300x300.jpg HTTP/1.1" 200 5606 "https://rufusreid.com/about/educator/" "Mozilla/5.0 (iPhone; CPU iPhone OS 18_7 like Mac OS X) AppleWebKit/605.1.15 (KHTML, like Gecko) Version/26.3 Mobile/15E148 Safari/604.1"
23.235.221.107 - - [22/Apr/2026:08:14:10 -0700] "POST /cms22/wp-cron.php?doing_wp_cron=1776870850.1656730175018310546875 HTTP/1.1" 200 - "https://rufusreid.com/cms22/wp-cron.php?doing_wp_cron=1776870850.1656730175018310546875" "WordPress/6.0.11; https://rufusreid.com"
54.38.38.130 - - [22/Apr/2026:08:14:09 -0700] "GET /?lokasie=%2Fhome%2Frreid%2Fpublic_html%2F.htaccess.bak_EA4_PHP_all_5&loknya=%2Fhome%2Frreid%2Fpublic_html HTTP/1.1" 200 55211 "-" "Mozilla/5.0 (compatible; MJ12bot/v1.4.8; http://mj12bot.com/)"
74.7.227.10 - - [22/Apr/2026:08:14:22 -0700] "GET /about/educator/?loknya=/home/rreid/public_html/cgi-bin HTTP/1.1" 200 51470 "https://rufusreid.com/about/educator/" "Mozilla/5.0 AppleWebKit/537.36 (KHTML, like Gecko; compatible; GPTBot/1.3; +https://openai.com/gptbot)"
54.38.38.130 - - [22/Apr/2026:08:14:32 -0700] "GET /?lokasie=/home/rreid/public_html/.user.ini&loknya=/home/rreid/public_html HTTP/1.1" 301 - "-" "Mozilla/5.0 (compatible; MJ12bot/v1.4.8; http://mj12bot.com/)"
74.7.242.171 - - [22/Apr/2026:08:14:35 -0700] "GET /about/discography/?loknya=/home/rreid/public_html/downloads HTTP/1.1" 200 133216 "https://rufusreid.com/about/discography/" "Mozilla/5.0 (Macintosh; Intel Mac OS X 10_15_7) AppleWebKit/537.36 (KHTML, like Gecko) Chrome/131.0.0.0 Safari/537.36; compatible; OAI-SearchBot/1.3; +https://openai.com/searchbot"
74.7.227.10 - - [22/Apr/2026:08:14:53 -0700] "GET /about/educator/?loknya=/home/rreid/public_html/.well-known HTTP/1.1" 200 53785 "https://rufusreid.com/about/educator/" "Mozilla/5.0 AppleWebKit/537.36 (KHTML, like Gecko; compatible; GPTBot/1.3; +https://openai.com/gptbot)"
54.38.38.130 - - [22/Apr/2026:08:14:55 -0700] "GET /?lokasie=%2Fhome%2Frreid%2Fpublic_html%2F.user.ini&loknya=%2Fhome%2Frreid%2Fpublic_html HTTP/1.1" 200 55171 "-" "Mozilla/5.0 (compatible; MJ12bot/v1.4.8; http://mj12bot.com/)"
74.7.229.124 - - [22/Apr/2026:08:15:15 -0700] "GET /about/discography/?loknya=/home/rreid/public_html/.well-known HTTP/1.1" 200 77633 "https://rufusreid.com/about/discography/" "Mozilla/5.0 (Macintosh; Intel Mac OS X 10_15_7) AppleWebKit/537.36 (KHTML, like Gecko) Chrome/131.0.0.0 Safari/537.36; compatible; OAI-SearchBot/1.3; +https://openai.com/searchbot"
54.38.38.130 - - [22/Apr/2026:08:15:17 -0700] "GET /?lokasie=/home/rreid/public_html/404.shtml&loknya=/home/rreid/public_html HTTP/1.1" 301 - "-" "Mozilla/5.0 (compatible; MJ12bot/v1.4.8; http://mj12bot.com/)"
74.7.227.10 - - [22/Apr/2026:08:15:25 -0700] "GET /about/educator/?lokasie=/home/rreid/public_html/error_log&loknya=/home/rreid/public_html HTTP/1.1" 200 1605057 "https://rufusreid.com/about/educator/" "Mozilla/5.0 AppleWebKit/537.36 (KHTML, like Gecko; compatible; GPTBot/1.3; +https://openai.com/gptbot)"
54.38.38.130 - - [22/Apr/2026:08:15:39 -0700] "GET /?lokasie=%2Fhome%2Frreid%2Fpublic_html%2F404.shtml&loknya=%2Fhome%2Frreid%2Fpublic_html HTTP/1.1" 200 54913 "-" "Mozilla/5.0 (compatible; MJ12bot/v1.4.8; http://mj12bot.com/)"
74.7.242.136 - - [22/Apr/2026:08:15:53 -0700] "GET /about/discography/?loknya=/home/rreid/public_html/cms22 HTTP/1.1" 200 109075 "https://rufusreid.com/about/discography/" "Mozilla/5.0 (Macintosh; Intel Mac OS X 10_15_7) AppleWebKit/537.36 (KHTML, like Gecko) Chrome/131.0.0.0 Safari/537.36; compatible; OAI-SearchBot/1.3; +https://openai.com/searchbot"
88.88.156.124 - - [22/Apr/2026:08:15:56 -0700] "GET /robots.txt HTTP/1.1" 200 31 "-" "Mozilla/5.0 (compatible; MJ12bot/v1.4.8; http://mj12bot.com/)"
74.7.227.10 - - [22/Apr/2026:08:15:56 -0700] "GET /about/educator/?lokasie=/home/rreid/public_html/default.htm&loknya=/home/rreid/public_html HTTP/1.1" 200 55366 "https://rufusreid.com/about/educator/" "Mozilla/5.0 AppleWebKit/537.36 (KHTML, like Gecko; compatible; GPTBot/1.3; +https://openai.com/gptbot)"
54.38.38.130 - - [22/Apr/2026:08:16:02 -0700] "GET /?lokasie=/home/rreid/public_html/archived-site-files.zip&loknya=/home/rreid/public_html HTTP/1.1" 301 - "-" "Mozilla/5.0 (compatible; MJ12bot/v1.4.8; http://mj12bot.com/)"
88.88.156.124 - - [22/Apr/2026:08:16:17 -0700] "GET /about/press-kit/ HTTP/1.1" 200 95256 "-" "Mozilla/5.0 (compatible; MJ12bot/v1.4.8; http://mj12bot.com/)"
54.38.38.130 - - [22/Apr/2026:08:16:24 -0700] "GET /?lokasie=%2Fhome%2Frreid%2Fpublic_html%2Farchived-site-files.zip&loknya=%2Fhome%2Frreid%2Fpublic_html HTTP/1.1" 500 54870 "-" "Mozilla/5.0 (compatible; MJ12bot/v1.4.8; http://mj12bot.com/)"
74.7.242.178 - - [22/Apr/2026:08:16:25 -0700] "GET /about/discography/?loknya=/home/rreid HTTP/1.1" 200 130072 "https://rufusreid.com/about/discography/" "Mozilla/5.0 (Macintosh; Intel Mac OS X 10_15_7) AppleWebKit/537.36 (KHTML, like Gecko) Chrome/131.0.0.0 Safari/537.36; compatible; OAI-SearchBot/1.3; +https://openai.com/searchbot"
74.7.227.10 - - [22/Apr/2026:08:16:27 -0700] "GET /about/educator/?lokasie=//MegaSAS.log&loknya=/ HTTP/1.1" 200 2900998 "https://rufusreid.com/about/educator/?loknya=/" "Mozilla/5.0 AppleWebKit/537.36 (KHTML, like Gecko; compatible; GPTBot/1.3; +https://openai.com/gptbot)"
54.38.38.130 - - [22/Apr/2026:08:16:50 -0700] "GET /?lokasie=/home/rreid/public_html/default.htm&loknya=/home/rreid/public_html HTTP/1.1" 301 - "-" "Mozilla/5.0 (compatible; MJ12bot/v1.4.8; http://mj12bot.com/)"
74.7.242.171 - - [22/Apr/2026:08:16:56 -0700] "GET /about/discography/?loknya=/home HTTP/1.1" 200 166870 "https://rufusreid.com/about/discography/" "Mozilla/5.0 (Macintosh; Intel Mac OS X 10_15_7) AppleWebKit/537.36 (KHTML, like Gecko) Chrome/131.0.0.0 Safari/537.36; compatible; OAI-SearchBot/1.3; +https://openai.com/searchbot"
74.7.227.10 - - [22/Apr/2026:08:16:58 -0700] "GET /about/educator/?lokasie=//.autorelabel&loknya=/ HTTP/1.1" 200 50103 "https://rufusreid.com/about/educator/?loknya=/" "Mozilla/5.0 AppleWebKit/537.36 (KHTML, like Gecko; compatible; GPTBot/1.3; +https://openai.com/gptbot)"
54.38.38.130 - - [22/Apr/2026:08:17:12 -0700] "GET /?lokasie=%2Fhome%2Frreid%2Fpublic_html%2Fdefault.htm&loknya=%2Fhome%2Frreid%2Fpublic_html HTTP/1.1" 200 59671 "-" "Mozilla/5.0 (compatible; MJ12bot/v1.4.8; http://mj12bot.com/)"
74.7.242.175 - - [22/Apr/2026:08:17:26 -0700] "GET /about/discography/?loknya=/home/rreid/public_html HTTP/1.1" 200 104401 "https://rufusreid.com/about/discography/" "Mozilla/5.0 (Macintosh; Intel Mac OS X 10_15_7) AppleWebKit/537.36 (KHTML, like Gecko) Chrome/131.0.0.0 Safari/537.36; compatible; OAI-SearchBot/1.3; +https://openai.com/searchbot"
74.7.227.10 - - [22/Apr/2026:08:17:28 -0700] "GET /about/educator/?loknya=/home/rreid/public_html/downloads/thumbs HTTP/1.1" 200 88595 "https://rufusreid.com/about/educator/?loknya=/home/rreid/public_html/downloads" "Mozilla/5.0 AppleWebKit/537.36 (KHTML, like Gecko; compatible; GPTBot/1.3; +https://openai.com/gptbot)"
54.38.38.130 - - [22/Apr/2026:08:17:34 -0700] "GET /?lokasie=/home/rreid/public_html/error_log&loknya=/home/rreid/public_html HTTP/1.1" 301 - "-" "Mozilla/5.0 (compatible; MJ12bot/v1.4.8; http://mj12bot.com/)"
74.7.242.171 - - [22/Apr/2026:08:17:57 -0700] "GET /about/discography/?loknya=/ HTTP/1.1" 200 101596 "https://rufusreid.com/about/discography/" "Mozilla/5.0 (Macintosh; Intel Mac OS X 10_15_7) AppleWebKit/537.36 (KHTML, like Gecko) Chrome/131.0.0.0 Safari/537.36; compatible; OAI-SearchBot/1.3; +https://openai.com/searchbot"
54.38.38.130 - - [22/Apr/2026:08:17:56 -0700] "GET /?lokasie=%2Fhome%2Frreid%2Fpublic_html%2Ferror_log&loknya=%2Fhome%2Frreid%2Fpublic_html HTTP/1.1" 200 1609362 "-" "Mozilla/5.0 (compatible; MJ12bot/v1.4.8; http://mj12bot.com/)"
74.7.227.10 - - [22/Apr/2026:08:18:01 -0700] "GET /about/educator/?lokasie=//razor-agent.log&loknya=/ HTTP/1.1" 200 50216 "https://rufusreid.com/about/educator/?loknya=/" "Mozilla/5.0 AppleWebKit/537.36 (KHTML, like Gecko; compatible; GPTBot/1.3; +https://openai.com/gptbot)"
54.38.38.130 - - [22/Apr/2026:08:18:20 -0700] "GET /?lokasie=/home/rreid/public_html/favicon.ico&loknya=/home/rreid/public_html HTTP/1.1" 301 - "-" "Mozilla/5.0 (compatible; MJ12bot/v1.4.8; http://mj12bot.com/)"
74.7.242.178 - - [22/Apr/2026:08:18:29 -0700] "GET /about/discography/?lokasie=/home/rreid/public_html/.user.ini&loknya=/home/rreid/public_html HTTP/1.1" 200 74714 "https://rufusreid.com/about/discography/" "Mozilla/5.0 (Macintosh; Intel Mac OS X 10_15_7) AppleWebKit/537.36 (KHTML, like Gecko) Chrome/131.0.0.0 Safari/537.36; compatible; OAI-SearchBot/1.3; +https://openai.com/searchbot"
74.7.227.10 - - [22/Apr/2026:08:18:33 -0700] "GET /?lokasie=/home/rreid/public_html/.htaccess&loknya=/home/rreid/public_html HTTP/1.1" 301 - "https://rufusreid.com/index.php" "Mozilla/5.0 AppleWebKit/537.36 (KHTML, like Gecko; compatible; GPTBot/1.3; +https://openai.com/gptbot)"
74.7.227.10 - - [22/Apr/2026:08:18:34 -0700] "GET /?lokasie=%2Fhome%2Frreid%2Fpublic_html%2F.htaccess&loknya=%2Fhome%2Frreid%2Fpublic_html HTTP/1.1" 200 56927 "https://rufusreid.com/?lokasie=/home/rreid/public_html/.htaccess&loknya=/home/rreid/public_html" "Mozilla/5.0 AppleWebKit/537.36 (KHTML, like Gecko; compatible; GPTBot/1.3; +https://openai.com/gptbot)"
47.128.110.178 - - [22/Apr/2026:08:18:37 -0700] "GET /music/blue-motion/ HTTP/1.1" 200 82567 "-" "Mozilla/5.0 (Linux; Android 5.0) AppleWebKit/537.36 (KHTML, like Gecko) Mobile Safari/537.36 (compatible; Bytespider; spider-feedback@bytedance.com)"
88.99.80.227 - - [22/Apr/2026:08:18:39 -0700] "HEAD / HTTP/1.1" 200 - "http://rufusreid.com" "Mozilla/5.0+(compatible; UptimeRobot/2.0; http://www.uptimerobot.com/)"
47.128.110.178 - - [22/Apr/2026:08:18:40 -0700] "GET /cms22/wp-content/plugins/responsive-lightbox/js/front.js?ver=2.4.3 HTTP/1.1" 200 28714 "https://rufusreid.com/music/blue-motion/" "Mozilla/5.0 (Linux; Android 5.0) AppleWebKit/537.36 (KHTML, like Gecko) Mobile Safari/537.36 (compatible; Bytespider; spider-feedback@bytedance.com)"
47.128.110.178 - - [22/Apr/2026:08:18:40 -0700] "GET /cms22/wp-content/uploads/2011/07/BlueMotion.jpg HTTP/1.1" 206 500 "https://rufusreid.com/music/blue-motion/" "Mozilla/5.0 (Linux; Android 5.0) AppleWebKit/537.36 (KHTML, like Gecko) Mobile Safari/537.36 (compatible; Bytespider; spider-feedback@bytedance.com)"
54.38.38.130 - - [22/Apr/2026:08:18:42 -0700] "GET /?lokasie=%2Fhome%2Frreid%2Fpublic_html%2Ffavicon.ico&loknya=%2Fhome%2Frreid%2Fpublic_html HTTP/1.1" 200 54562 "-" "Mozilla/5.0 (compatible; MJ12bot/v1.4.8; http://mj12bot.com/)"
74.7.242.178 - - [22/Apr/2026:08:19:00 -0700] "GET /about/discography/?lokasie=/home/rreid/public_html/under_construction.html&loknya=/home/rreid/public_html HTTP/1.1" 200 79422 "https://rufusreid.com/about/discography/" "Mozilla/5.0 (Macintosh; Intel Mac OS X 10_15_7) AppleWebKit/537.36 (KHTML, like Gecko) Chrome/131.0.0.0 Safari/537.36; compatible; OAI-SearchBot/1.3; +https://openai.com/searchbot"
54.38.38.130 - - [22/Apr/2026:08:19:04 -0700] "GET /?lokasie=/home/rreid/public_html/googlehostedservice.html&loknya=/home/rreid/public_html HTTP/1.1" 301 - "-" "Mozilla/5.0 (compatible; MJ12bot/v1.4.8; http://mj12bot.com/)"
74.7.227.10 - - [22/Apr/2026:08:19:06 -0700] "GET /?loknya=/ HTTP/1.1" 301 - "https://rufusreid.com/index.php" "Mozilla/5.0 AppleWebKit/537.36 (KHTML, like Gecko; compatible; GPTBot/1.3; +https://openai.com/gptbot)"
74.7.227.10 - - [22/Apr/2026:08:19:07 -0700] "GET /?loknya=%2F HTTP/1.1" 200 82052 "https://rufusreid.com/?loknya=/" "Mozilla/5.0 AppleWebKit/537.36 (KHTML, like Gecko; compatible; GPTBot/1.3; +https://openai.com/gptbot)"
57.141.0.63 - - [22/Apr/2026:08:19:14 -0700] "GET /cms22/wp-content/uploads/2011/07/STRINGS-HORNS-@-WORK-150x150.jpg HTTP/1.1" 200 28112 "-" "meta-externalagent/1.1 (+https://developers.facebook.com/docs/sharing/webmasters/crawler)"
66.249.70.192 - - [22/Apr/2026:08:19:16 -0700] "GET /cms22/wp-content/uploads/2011/07/LivingLegacyAward.jpg HTTP/1.1" 200 48100 "-" "Googlebot-Image/1.0"
54.38.38.130 - - [22/Apr/2026:08:19:26 -0700] "GET /?lokasie=%2Fhome%2Frreid%2Fpublic_html%2Fgooglehostedservice.html&loknya=%2Fhome%2Frreid%2Fpublic_html HTTP/1.1" 200 54802 "-" "Mozilla/5.0 (compatible; MJ12bot/v1.4.8; http://mj12bot.com/)"
74.7.242.166 - - [22/Apr/2026:08:19:33 -0700] "GET /about/discography/?lokasie=/home/rreid/public_html/logo-imh.svg&loknya=/home/rreid/public_html HTTP/1.1" 200 85553 "https://rufusreid.com/about/discography/" "Mozilla/5.0 (Macintosh; Intel Mac OS X 10_15_7) AppleWebKit/537.36 (KHTML, like Gecko) Chrome/131.0.0.0 Safari/537.36; compatible; OAI-SearchBot/1.3; +https://openai.com/searchbot"
74.7.227.10 - - [22/Apr/2026:08:19:39 -0700] "GET /cms22/wp-content/themes/jazzcorner/js/skip-link-focus-fix.js?ver=1776870782 HTTP/1.1" 200 685 "https://rufusreid.com/index.php" "Mozilla/5.0 AppleWebKit/537.36 (KHTML, like Gecko; compatible; GPTBot/1.3; +https://openai.com/gptbot)"
54.38.38.130 - - [22/Apr/2026:08:19:48 -0700] "GET /?lokasie=/home/rreid/public_html/index.php&loknya=/home/rreid/public_html HTTP/1.1" 301 - "-" "Mozilla/5.0 (compatible; MJ12bot/v1.4.8; http://mj12bot.com/)"
216.73.216.166 - - [22/Apr/2026:08:20:00 -0700] "GET /robots.txt HTTP/1.1" 200 31 "-" "Mozilla/5.0 AppleWebKit/537.36 (KHTML, like Gecko; compatible; ClaudeBot/1.0; +claudebot@anthropic.com)"
216.73.216.166 - - [22/Apr/2026:08:20:00 -0700] "GET /cms22/music/terrestrial-dance/ HTTP/1.1" 301 - "-" "Mozilla/5.0 AppleWebKit/537.36 (KHTML, like Gecko; compatible; ClaudeBot/1.0; +claudebot@anthropic.com)"
216.73.216.166 - - [22/Apr/2026:08:20:01 -0700] "GET /music/terrestrial-dance/ HTTP/1.1" 200 81974 "https://rufusreid.com/cms22/music/terrestrial-dance/" "Mozilla/5.0 AppleWebKit/537.36 (KHTML, like Gecko; compatible; ClaudeBot/1.0; +claudebot@anthropic.com)"
74.7.242.171 - - [22/Apr/2026:08:20:06 -0700] "GET /about/discography/?lokasie=/home/rreid/public_html/robots.txt&loknya=/home/rreid/public_html HTTP/1.1" 200 74135 "https://rufusreid.com/about/discography/" "Mozilla/5.0 (Macintosh; Intel Mac OS X 10_15_7) AppleWebKit/537.36 (KHTML, like Gecko) Chrome/131.0.0.0 Safari/537.36; compatible; OAI-SearchBot/1.3; +https://openai.com/searchbot"
74.7.227.10 - - [22/Apr/2026:08:20:09 -0700] "GET /about/discography/?lokasie=/home/rreid/public_html/downloads/smallcity.gif&loknya=/home/rreid/public_html/downloads HTTP/1.1" 200 74182 "https://rufusreid.com/about/discography/?loknya=/home/rreid/public_html/downloads" "Mozilla/5.0 AppleWebKit/537.36 (KHTML, like Gecko; compatible; GPTBot/1.3; +https://openai.com/gptbot)"
54.38.38.130 - - [22/Apr/2026:08:20:10 -0700] "GET /?lokasie=%2Fhome%2Frreid%2Fpublic_html%2Findex.php&loknya=%2Fhome%2Frreid%2Fpublic_html HTTP/1.1" 200 54974 "-" "Mozilla/5.0 (compatible; MJ12bot/v1.4.8; http://mj12bot.com/)"
192.249.127.229 - - [22/Apr/2026:08:20:30 -0700] "GET /wp-login.php HTTP/1.1" 302 - "-" "Mozilla/5.0 (Windows NT 10.0; WOW64) AppleWebKit/537.36 (KHTML, like Gecko) Chrome/65.0.3325.162 Safari/537.36"
192.249.127.229 - - [22/Apr/2026:08:20:31 -0700] "GET /cms22/wp-login.php HTTP/1.1" 200 6310 "https://rufusreid.com/wp-login.php" "Mozilla/5.0 (Windows NT 10.0; WOW64) AppleWebKit/537.36 (KHTML, like Gecko) Chrome/65.0.3325.162 Safari/537.36"
54.38.38.130 - - [22/Apr/2026:08:20:33 -0700] "GET /?lokasie=/home/rreid/public_html/logo-imh.svg&loknya=/home/rreid/public_html HTTP/1.1" 301 - "-" "Mozilla/5.0 (compatible; MJ12bot/v1.4.8; http://mj12bot.com/)"
192.249.127.229 - - [22/Apr/2026:08:20:33 -0700] "POST /wp-login.php HTTP/1.1" 302 - "https://rufusreid.com/wp-login.php" "Mozilla/5.0 (Windows NT 10.0; WOW64) AppleWebKit/537.36 (KHTML, like Gecko) Chrome/65.0.3325.162 Safari/537.36"
192.249.127.229 - - [22/Apr/2026:08:20:34 -0700] "GET /cms22/wp-login.php HTTP/1.1" 200 6310 "https://rufusreid.com/wp-login.php" "Mozilla/5.0 (Windows NT 10.0; WOW64) AppleWebKit/537.36 (KHTML, like Gecko) Chrome/65.0.3325.162 Safari/537.36"
74.7.229.124 - - [22/Apr/2026:08:20:38 -0700] "GET /about/discography/?lokasie=/home/rreid/public_html/favicon.ico&loknya=/home/rreid/public_html HTTP/1.1" 200 74105 "https://rufusreid.com/about/discography/" "Mozilla/5.0 (Macintosh; Intel Mac OS X 10_15_7) AppleWebKit/537.36 (KHTML, like Gecko) Chrome/131.0.0.0 Safari/537.36; compatible; OAI-SearchBot/1.3; +https://openai.com/searchbot"
74.7.227.10 - - [22/Apr/2026:08:20:41 -0700] "GET /?loknya=/home HTTP/1.1" 301 - "https://rufusreid.com/index.php" "Mozilla/5.0 AppleWebKit/537.36 (KHTML, like Gecko; compatible; GPTBot/1.3; +https://openai.com/gptbot)"
74.7.227.10 - - [22/Apr/2026:08:20:42 -0700] "GET /?loknya=%2Fhome HTTP/1.1" 200 147326 "https://rufusreid.com/?loknya=/home" "Mozilla/5.0 AppleWebKit/537.36 (KHTML, like Gecko; compatible; GPTBot/1.3; +https://openai.com/gptbot)"
54.38.38.130 - - [22/Apr/2026:08:20:55 -0700] "GET /?lokasie=%2Fhome%2Frreid%2Fpublic_html%2Flogo-imh.svg&loknya=%2Fhome%2Frreid%2Fpublic_html HTTP/1.1" 200 66010 "-" "Mozilla/5.0 (compatible; MJ12bot/v1.4.8; http://mj12bot.com/)"
74.7.229.124 - - [22/Apr/2026:08:21:08 -0700] "GET /about/discography/?lokasie=/home/rreid/public_html/default.htm&loknya=/home/rreid/public_html HTTP/1.1" 200 79214 "https://rufusreid.com/about/discography/" "Mozilla/5.0 (Macintosh; Intel Mac OS X 10_15_7) AppleWebKit/537.36 (KHTML, like Gecko) Chrome/131.0.0.0 Safari/537.36; compatible; OAI-SearchBot/1.3; +https://openai.com/searchbot"
104.210.140.129 - - [22/Apr/2026:08:21:09 -0700] "GET /robots.txt HTTP/1.1" 200 31 "-" "Mozilla/5.0 (Macintosh; Intel Mac OS X 10_15_7) AppleWebKit/537.36 (KHTML, like Gecko) Chrome/131.0.0.0 Safari/537.36; compatible; OAI-SearchBot/1.0; +https://openai.com/searchbot"
74.7.227.10 - - [22/Apr/2026:08:21:13 -0700] "GET /?loknya=/home/rreid HTTP/1.1" 301 - "https://rufusreid.com/index.php" "Mozilla/5.0 AppleWebKit/537.36 (KHTML, like Gecko; compatible; GPTBot/1.3; +https://openai.com/gptbot)"
74.7.227.10 - - [22/Apr/2026:08:21:14 -0700] "GET /?loknya=%2Fhome%2Frreid HTTP/1.1" 200 110528 "https://rufusreid.com/?loknya=/home/rreid" "Mozilla/5.0 AppleWebKit/537.36 (KHTML, like Gecko; compatible; GPTBot/1.3; +https://openai.com/gptbot)"
54.38.38.130 - - [22/Apr/2026:08:21:17 -0700] "GET /?lokasie=/home/rreid/public_html/old-wordpress.zip&loknya=/home/rreid/public_html HTTP/1.1" 301 - "-" "Mozilla/5.0 (compatible; MJ12bot/v1.4.8; http://mj12bot.com/)"
54.38.38.130 - - [22/Apr/2026:08:21:39 -0700] "GET /?lokasie=%2Fhome%2Frreid%2Fpublic_html%2Fold-wordpress.zip&loknya=%2Fhome%2Frreid%2Fpublic_html HTTP/1.1" 500 54864 "-" "Mozilla/5.0 (compatible; MJ12bot/v1.4.8; http://mj12bot.com/)"
74.7.229.124 - - [22/Apr/2026:08:21:40 -0700] "GET /about/discography/?lokasie=/home/rreid/public_html/phpinfo.php&loknya=/home/rreid/public_html HTTP/1.1" 200 74132 "https://rufusreid.com/about/discography/" "Mozilla/5.0 (Macintosh; Intel Mac OS X 10_15_7) AppleWebKit/537.36 (KHTML, like Gecko) Chrome/131.0.0.0 Safari/537.36; compatible; OAI-SearchBot/1.3; +https://openai.com/searchbot"
74.7.227.10 - - [22/Apr/2026:08:21:45 -0700] "GET /?loknya=/home/rreid/ HTTP/1.1" 301 - "https://rufusreid.com/index.php" "Mozilla/5.0 AppleWebKit/537.36 (KHTML, like Gecko; compatible; GPTBot/1.3; +https://openai.com/gptbot)"
74.7.227.10 - - [22/Apr/2026:08:21:46 -0700] "GET /?loknya=%2Fhome%2Frreid%2F HTTP/1.1" 200 110664 "https://rufusreid.com/?loknya=/home/rreid/" "Mozilla/5.0 AppleWebKit/537.36 (KHTML, like Gecko; compatible; GPTBot/1.3; +https://openai.com/gptbot)"
54.38.38.130 - - [22/Apr/2026:08:22:01 -0700] "GET /?lokasie=/home/rreid/public_html/php.ini&loknya=/home/rreid/public_html HTTP/1.1" 301 - "-" "Mozilla/5.0 (compatible; MJ12bot/v1.4.8; http://mj12bot.com/)"
74.7.242.175 - - [22/Apr/2026:08:22:13 -0700] "GET /about/discography/?lokasie=/home/rreid/public_html/.htaccess.bak_EA4_PHP_all_5&loknya=/home/rreid/public_html HTTP/1.1" 200 74754 "https://rufusreid.com/about/discography/" "Mozilla/5.0 (Macintosh; Intel Mac OS X 10_15_7) AppleWebKit/537.36 (KHTML, like Gecko) Chrome/131.0.0.0 Safari/537.36; compatible; OAI-SearchBot/1.3; +https://openai.com/searchbot"
74.7.227.10 - - [22/Apr/2026:08:22:17 -0700] "GET /about/discography/?loknya=/home/bsanabri HTTP/1.1" 200 75122 "https://rufusreid.com/about/discography/?loknya=/home" "Mozilla/5.0 AppleWebKit/537.36 (KHTML, like Gecko; compatible; GPTBot/1.3; +https://openai.com/gptbot)"
54.38.38.130 - - [22/Apr/2026:08:22:23 -0700] "GET /?lokasie=%2Fhome%2Frreid%2Fpublic_html%2Fphp.ini&loknya=%2Fhome%2Frreid%2Fpublic_html HTTP/1.1" 200 55243 "-" "Mozilla/5.0 (compatible; MJ12bot/v1.4.8; http://mj12bot.com/)"
74.7.242.171 - - [22/Apr/2026:08:22:44 -0700] "GET /about/discography/?lokasie=/home/rreid/public_html/php.ini.ea3.bak&loknya=/home/rreid/public_html HTTP/1.1" 200 112774 "https://rufusreid.com/about/discography/" "Mozilla/5.0 (Macintosh; Intel Mac OS X 10_15_7) AppleWebKit/537.36 (KHTML, like Gecko) Chrome/131.0.0.0 Safari/537.36; compatible; OAI-SearchBot/1.3; +https://openai.com/searchbot"
54.38.38.130 - - [22/Apr/2026:08:22:45 -0700] "GET /?lokasie=/home/rreid/public_html/php.ini.bak.2018-04-15&loknya=/home/rreid/public_html HTTP/1.1" 301 - "-" "Mozilla/5.0 (compatible; MJ12bot/v1.4.8; http://mj12bot.com/)"
74.7.227.10 - - [22/Apr/2026:08:22:48 -0700] "GET /?lokasie=/home/rreid/public_html/.user.ini&loknya=/home/rreid/public_html HTTP/1.1" 301 - "https://rufusreid.com/index.php" "Mozilla/5.0 AppleWebKit/537.36 (KHTML, like Gecko; compatible; GPTBot/1.3; +https://openai.com/gptbot)"
74.7.227.10 - - [22/Apr/2026:08:22:49 -0700] "GET /?lokasie=%2Fhome%2Frreid%2Fpublic_html%2F.user.ini&loknya=%2Fhome%2Frreid%2Fpublic_html HTTP/1.1" 200 55170 "https://rufusreid.com/?lokasie=/home/rreid/public_html/.user.ini&loknya=/home/rreid/public_html" "Mozilla/5.0 AppleWebKit/537.36 (KHTML, like Gecko; compatible; GPTBot/1.3; +https://openai.com/gptbot)"
54.38.38.130 - - [22/Apr/2026:08:23:07 -0700] "GET /?lokasie=%2Fhome%2Frreid%2Fpublic_html%2Fphp.ini.bak.2018-04-15&loknya=%2Fhome%2Frreid%2Fpublic_html HTTP/1.1" 200 61126 "-" "Mozilla/5.0 (compatible; MJ12bot/v1.4.8; http://mj12bot.com/)"
74.7.229.124 - - [22/Apr/2026:08:23:14 -0700] "GET /about/discography/?lokasie=/home/rreid/public_html/php.ini.bak.2018-04-15&loknya=/home/rreid/public_html HTTP/1.1" 200 80669 "https://rufusreid.com/about/discography/" "Mozilla/5.0 (Macintosh; Intel Mac OS X 10_15_7) AppleWebKit/537.36 (KHTML, like Gecko) Chrome/131.0.0.0 Safari/537.36; compatible; OAI-SearchBot/1.3; +https://openai.com/searchbot"
74.7.227.10 - - [22/Apr/2026:08:23:21 -0700] "GET /?loknya=/home/rreid/public_html/downloads HTTP/1.1" 301 - "https://rufusreid.com/index.php" "Mozilla/5.0 AppleWebKit/537.36 (KHTML, like Gecko; compatible; GPTBot/1.3; +https://openai.com/gptbot)"
74.7.227.10 - - [22/Apr/2026:08:23:22 -0700] "GET /?loknya=%2Fhome%2Frreid%2Fpublic_html%2Fdownloads HTTP/1.1" 200 113672 "https://rufusreid.com/?loknya=/home/rreid/public_html/downloads" "Mozilla/5.0 AppleWebKit/537.36 (KHTML, like Gecko; compatible; GPTBot/1.3; +https://openai.com/gptbot)"
54.38.38.130 - - [22/Apr/2026:08:23:29 -0700] "GET /?lokasie=/home/rreid/public_html/php.ini.ea3.bak&loknya=/home/rreid/public_html HTTP/1.1" 301 - "-" "Mozilla/5.0 (compatible; MJ12bot/v1.4.8; http://mj12bot.com/)"
18.192.166.72 - - [22/Apr/2026:08:23:46 -0700] "HEAD / HTTP/1.1" 200 - "http://rufusreid.com" "Mozilla/5.0+(compatible; UptimeRobot/2.0; http://www.uptimerobot.com/)"
74.7.227.10 - - [22/Apr/2026:08:23:51 -0700] "GET /cms22/wp-content/themes/jazzcorner/dist/js/theme.min.js?ver=1776871082 HTTP/1.1" 200 17573 "https://rufusreid.com/about/educator/?lokasie=//razor-agent.log&loknya=/" "Mozilla/5.0 AppleWebKit/537.36 (KHTML, like Gecko; compatible; GPTBot/1.3; +https://openai.com/gptbot)"
54.38.38.130 - - [22/Apr/2026:08:23:51 -0700] "GET /?lokasie=%2Fhome%2Frreid%2Fpublic_html%2Fphp.ini.ea3.bak&loknya=%2Fhome%2Frreid%2Fpublic_html HTTP/1.1" 200 93231 "-" "Mozilla/5.0 (compatible; MJ12bot/v1.4.8; http://mj12bot.com/)"
54.38.38.130 - - [22/Apr/2026:08:24:14 -0700] "GET /?lokasie=/home/rreid/public_html/phpinfo.php&loknya=/home/rreid/public_html HTTP/1.1" 301 - "-" "Mozilla/5.0 (compatible; MJ12bot/v1.4.8; http://mj12bot.com/)"
74.7.227.10 - - [22/Apr/2026:08:24:23 -0700] "GET /wp-json/oembed/1.0/embed?url=https%3A%2F%2Frufusreid.com%2F HTTP/1.1" 200 2547 "https://rufusreid.com/?lokasie=/home/rreid/public_html/.htaccess&loknya=/home/rreid/public_html" "Mozilla/5.0 AppleWebKit/537.36 (KHTML, like Gecko; compatible; GPTBot/1.3; +https://openai.com/gptbot)"
54.38.38.130 - - [22/Apr/2026:08:24:36 -0700] "GET /?lokasie=%2Fhome%2Frreid%2Fpublic_html%2Fphpinfo.php&loknya=%2Fhome%2Frreid%2Fpublic_html HTTP/1.1" 200 54589 "-" "Mozilla/5.0 (compatible; MJ12bot/v1.4.8; http://mj12bot.com/)"
74.7.227.10 - - [22/Apr/2026:08:24:54 -0700] "GET /?loknya=/tmp HTTP/1.1" 301 - "https://rufusreid.com/?loknya=/" "Mozilla/5.0 AppleWebKit/537.36 (KHTML, like Gecko; compatible; GPTBot/1.3; +https://openai.com/gptbot)"
74.7.227.10 - - [22/Apr/2026:08:24:55 -0700] "GET /?loknya=%2Ftmp HTTP/1.1" 200 79483 "https://rufusreid.com/?loknya=/tmp" "Mozilla/5.0 AppleWebKit/537.36 (KHTML, like Gecko; compatible; GPTBot/1.3; +https://openai.com/gptbot)"
54.38.38.130 - - [22/Apr/2026:08:24:58 -0700] "GET /?lokasie=/home/rreid/public_html/robots.txt&loknya=/home/rreid/public_html HTTP/1.1" 301 - "-" "Mozilla/5.0 (compatible; MJ12bot/v1.4.8; http://mj12bot.com/)"
54.38.38.130 - - [22/Apr/2026:08:25:20 -0700] "GET /?lokasie=%2Fhome%2Frreid%2Fpublic_html%2Frobots.txt&loknya=%2Fhome%2Frreid%2Fpublic_html HTTP/1.1" 200 54592 "-" "Mozilla/5.0 (compatible; MJ12bot/v1.4.8; http://mj12bot.com/)"
74.7.227.10 - - [22/Apr/2026:08:25:26 -0700] "GET /?loknya=/lib64 HTTP/1.1" 301 - "https://rufusreid.com/?loknya=/" "Mozilla/5.0 AppleWebKit/537.36 (KHTML, like Gecko; compatible; GPTBot/1.3; +https://openai.com/gptbot)"
74.7.227.10 - - [22/Apr/2026:08:25:26 -0700] "GET /?loknya=%2Flib64 HTTP/1.1" 200 1740035 "https://rufusreid.com/?loknya=/lib64" "Mozilla/5.0 AppleWebKit/537.36 (KHTML, like Gecko; compatible; GPTBot/1.3; +https://openai.com/gptbot)"
54.38.38.130 - - [22/Apr/2026:08:25:42 -0700] "GET /?lokasie=/home/rreid/public_html/under_construction.html&loknya=/home/rreid/public_html HTTP/1.1" 301 - "-" "Mozilla/5.0 (compatible; MJ12bot/v1.4.8; http://mj12bot.com/)"
74.7.227.10 - - [22/Apr/2026:08:25:56 -0700] "GET /?loknya=/lib HTTP/1.1" 301 - "https://rufusreid.com/?loknya=/" "Mozilla/5.0 AppleWebKit/537.36 (KHTML, like Gecko; compatible; GPTBot/1.3; +https://openai.com/gptbot)"
74.7.227.10 - - [22/Apr/2026:08:25:57 -0700] "GET /?loknya=%2Flib HTTP/1.1" 200 98204 "https://rufusreid.com/?loknya=/lib" "Mozilla/5.0 AppleWebKit/537.36 (KHTML, like Gecko; compatible; GPTBot/1.3; +https://openai.com/gptbot)"
54.38.38.130 - - [22/Apr/2026:08:26:04 -0700] "GET /?lokasie=%2Fhome%2Frreid%2Fpublic_html%2Funder_construction.html&loknya=%2Fhome%2Frreid%2Fpublic_html HTTP/1.1" 200 59879 "-" "Mozilla/5.0 (compatible; MJ12bot/v1.4.8; http://mj12bot.com/)"
74.7.227.10 - - [22/Apr/2026:08:26:26 -0700] "GET /?loknya=/home/jbake HTTP/1.1" 301 - "https://rufusreid.com/?loknya=/home" "Mozilla/5.0 AppleWebKit/537.36 (KHTML, like Gecko; compatible; GPTBot/1.3; +https://openai.com/gptbot)"
54.38.38.130 - - [22/Apr/2026:08:26:26 -0700] "GET /?loknya=/ HTTP/1.1" 301 - "-" "Mozilla/5.0 (compatible; MJ12bot/v1.4.8; http://mj12bot.com/)"
74.7.227.10 - - [22/Apr/2026:08:26:27 -0700] "GET /?loknya=%2Fhome%2Fjbake HTTP/1.1" 200 55567 "https://rufusreid.com/?loknya=/home/jbake" "Mozilla/5.0 AppleWebKit/537.36 (KHTML, like Gecko; compatible; GPTBot/1.3; +https://openai.com/gptbot)"
54.38.38.130 - - [22/Apr/2026:08:26:49 -0700] "GET /?loknya=%2F HTTP/1.1" 200 82053 "-" "Mozilla/5.0 (compatible; MJ12bot/v1.4.8; http://mj12bot.com/)"
74.7.227.10 - - [22/Apr/2026:08:26:57 -0700] "GET /?loknya=/home/ HTTP/1.1" 301 - "https://rufusreid.com/?loknya=/home/rreid" "Mozilla/5.0 AppleWebKit/537.36 (KHTML, like Gecko; compatible; GPTBot/1.3; +https://openai.com/gptbot)"
74.7.227.10 - - [22/Apr/2026:08:26:58 -0700] "GET /?loknya=%2Fhome%2F HTTP/1.1" 200 147510 "https://rufusreid.com/?loknya=/home/" "Mozilla/5.0 AppleWebKit/537.36 (KHTML, like Gecko; compatible; GPTBot/1.3; +https://openai.com/gptbot)"
54.38.38.130 - - [22/Apr/2026:08:27:11 -0700] "GET /?loknya=/home HTTP/1.1" 301 - "-" "Mozilla/5.0 (compatible; MJ12bot/v1.4.8; http://mj12bot.com/)"
74.7.227.10 - - [22/Apr/2026:08:27:28 -0700] "GET /?loknya=/var HTTP/1.1" 301 - "https://rufusreid.com/?loknya=/" "Mozilla/5.0 AppleWebKit/537.36 (KHTML, like Gecko; compatible; GPTBot/1.3; +https://openai.com/gptbot)"
74.7.227.10 - - [22/Apr/2026:08:27:29 -0700] "GET /?loknya=%2Fvar HTTP/1.1" 200 81580 "https://rufusreid.com/?loknya=/var" "Mozilla/5.0 AppleWebKit/537.36 (KHTML, like Gecko; compatible; GPTBot/1.3; +https://openai.com/gptbot)"
54.38.38.130 - - [22/Apr/2026:08:27:33 -0700] "GET /?loknya=%2Fhome HTTP/1.1" 200 147327 "-" "Mozilla/5.0 (compatible; MJ12bot/v1.4.8; http://mj12bot.com/)"
54.38.38.130 - - [22/Apr/2026:08:27:55 -0700] "GET /?loknya=/home/rreid HTTP/1.1" 301 - "-" "Mozilla/5.0 (compatible; MJ12bot/v1.4.8; http://mj12bot.com/)"
74.7.227.10 - - [22/Apr/2026:08:27:59 -0700] "GET /?loknya=/sys HTTP/1.1" 301 - "https://rufusreid.com/?loknya=/" "Mozilla/5.0 AppleWebKit/537.36 (KHTML, like Gecko; compatible; GPTBot/1.3; +https://openai.com/gptbot)"
74.7.227.10 - - [22/Apr/2026:08:28:00 -0700] "GET /?loknya=%2Fsys HTTP/1.1" 200 66413 "https://rufusreid.com/?loknya=/sys" "Mozilla/5.0 AppleWebKit/537.36 (KHTML, like Gecko; compatible; GPTBot/1.3; +https://openai.com/gptbot)"
54.38.38.130 - - [22/Apr/2026:08:28:17 -0700] "GET /?loknya=%2Fhome%2Frreid HTTP/1.1" 200 110529 "-" "Mozilla/5.0 (compatible; MJ12bot/v1.4.8; http://mj12bot.com/)"
74.7.227.10 - - [22/Apr/2026:08:28:31 -0700] "GET /?loknya=/opt HTTP/1.1" 301 - "https://rufusreid.com/?loknya=/" "Mozilla/5.0 AppleWebKit/537.36 (KHTML, like Gecko; compatible; GPTBot/1.3; +https://openai.com/gptbot)"
74.7.227.10 - - [22/Apr/2026:08:28:32 -0700] "GET /?loknya=%2Fopt HTTP/1.1" 200 79683 "https://rufusreid.com/?loknya=/opt" "Mozilla/5.0 AppleWebKit/537.36 (KHTML, like Gecko; compatible; GPTBot/1.3; +https://openai.com/gptbot)"
54.38.38.130 - - [22/Apr/2026:08:28:40 -0700] "GET /?loknya=/home/rreid/ HTTP/1.1" 301 - "-" "Mozilla/5.0 (compatible; MJ12bot/v1.4.8; http://mj12bot.com/)"
128.140.41.193 - - [22/Apr/2026:08:28:52 -0700] "HEAD / HTTP/1.1" 200 - "http://rufusreid.com" "Mozilla/5.0+(compatible; UptimeRobot/2.0; http://www.uptimerobot.com/)"
54.38.38.130 - - [22/Apr/2026:08:29:02 -0700] "GET /?loknya=%2Fhome%2Frreid%2F HTTP/1.1" 200 110665 "-" "Mozilla/5.0 (compatible; MJ12bot/v1.4.8; http://mj12bot.com/)"
66.249.70.192 - - [22/Apr/2026:08:29:03 -0700] "GET /cms22/wp-content/uploads/2011/07/rufusreidrobbinmorgensternleekonirzbmiaward.jpg HTTP/1.1" 200 75409 "-" "Googlebot-Image/1.0"
74.7.227.10 - - [22/Apr/2026:08:29:03 -0700] "GET /?loknya=/run HTTP/1.1" 301 - "https://rufusreid.com/?loknya=/" "Mozilla/5.0 AppleWebKit/537.36 (KHTML, like Gecko; compatible; GPTBot/1.3; +https://openai.com/gptbot)"
74.7.227.10 - - [22/Apr/2026:08:29:04 -0700] "GET /?loknya=%2Frun HTTP/1.1" 200 205589 "https://rufusreid.com/?loknya=/run" "Mozilla/5.0 AppleWebKit/537.36 (KHTML, like Gecko; compatible; GPTBot/1.3; +https://openai.com/gptbot)"
54.38.38.130 - - [22/Apr/2026:08:29:24 -0700] "GET /?loknya=/home/rreid/public_html HTTP/1.1" 301 - "-" "Mozilla/5.0 (compatible; MJ12bot/v1.4.8; http://mj12bot.com/)"
185.85.241.123 - - [22/Apr/2026:08:29:32 -0700] "GET /wp-login.php HTTP/1.1" 302 - "-" "Mozilla/5.0 (Macintosh; Intel Mac OS X 10_10_5) AppleWebKit/603.3.8 (KHTML, like Gecko) Version/10.1.2 Safari/603.3.8"
74.7.227.10 - - [22/Apr/2026:08:29:33 -0700] "GET /?loknya=/bin HTTP/1.1" 301 - "https://rufusreid.com/?loknya=/" "Mozilla/5.0 AppleWebKit/537.36 (KHTML, like Gecko; compatible; GPTBot/1.3; +https://openai.com/gptbot)"
74.7.227.10 - - [22/Apr/2026:08:29:34 -0700] "GET /?loknya=%2Fbin HTTP/1.1" 200 1868318 "https://rufusreid.com/?loknya=/bin" "Mozilla/5.0 AppleWebKit/537.36 (KHTML, like Gecko; compatible; GPTBot/1.3; +https://openai.com/gptbot)"
185.85.241.123 - - [22/Apr/2026:08:29:35 -0700] "GET /cms22/wp-login.php HTTP/1.1" 200 6310 "https://rufusreid.com/wp-login.php" "Mozilla/5.0 (Macintosh; Intel Mac OS X 10_10_5) AppleWebKit/603.3.8 (KHTML, like Gecko) Version/10.1.2 Safari/603.3.8"
185.85.241.123 - - [22/Apr/2026:08:29:38 -0700] "POST /wp-login.php HTTP/1.1" 302 - "https://rufusreid.com/wp-login.php" "Mozilla/5.0 (Macintosh; Intel Mac OS X 10_10_5) AppleWebKit/603.3.8 (KHTML, like Gecko) Version/10.1.2 Safari/603.3.8"
185.85.241.123 - - [22/Apr/2026:08:29:41 -0700] "GET /cms22/wp-login.php HTTP/1.1" 200 6310 "https://rufusreid.com/wp-login.php" "Mozilla/5.0 (Macintosh; Intel Mac OS X 10_10_5) AppleWebKit/603.3.8 (KHTML, like Gecko) Version/10.1.2 Safari/603.3.8"
54.38.38.130 - - [22/Apr/2026:08:29:47 -0700] "GET /?loknya=%2Fhome%2Frreid%2Fpublic_html HTTP/1.1" 200 84858 "-" "Mozilla/5.0 (compatible; MJ12bot/v1.4.8; http://mj12bot.com/)"
74.7.227.10 - - [22/Apr/2026:08:30:06 -0700] "GET /?loknya=/mnt HTTP/1.1" 301 - "https://rufusreid.com/?loknya=/" "Mozilla/5.0 AppleWebKit/537.36 (KHTML, like Gecko; compatible; GPTBot/1.3; +https://openai.com/gptbot)"
74.7.227.10 - - [22/Apr/2026:08:30:08 -0700] "GET /?loknya=%2Fmnt HTTP/1.1" 200 55503 "https://rufusreid.com/?loknya=/mnt" "Mozilla/5.0 AppleWebKit/537.36 (KHTML, like Gecko; compatible; GPTBot/1.3; +https://openai.com/gptbot)"
54.38.38.130 - - [22/Apr/2026:08:30:09 -0700] "GET /?loknya=/home/rreid/public_html/.well-known HTTP/1.1" 301 - "-" "Mozilla/5.0 (compatible; MJ12bot/v1.4.8; http://mj12bot.com/)"
54.38.38.130 - - [22/Apr/2026:08:30:31 -0700] "GET /?loknya=%2Fhome%2Frreid%2Fpublic_html%2F.well-known HTTP/1.1" 200 58090 "-" "Mozilla/5.0 (compatible; MJ12bot/v1.4.8; http://mj12bot.com/)"
74.7.227.10 - - [22/Apr/2026:08:30:38 -0700] "GET /?loknya=/srv HTTP/1.1" 301 - "https://rufusreid.com/?loknya=/" "Mozilla/5.0 AppleWebKit/537.36 (KHTML, like Gecko; compatible; GPTBot/1.3; +https://openai.com/gptbot)"
77.238.232.133 - - [22/Apr/2026:08:30:38 -0700] "GET /2019/01/rufus-in-melbourne-au/ HTTP/1.0" 200 81122 "https://rufusreid.com/2019/01/rufus-in-melbourne-au/" "Mozilla/5.0 (Windows NT 10.0; Win64; x64) AppleWebKit/537.36 (KHTML, like Gecko) Chrome/131.0.0.0 Safari/537.36 Avast/131.0.0.0"
74.7.227.10 - - [22/Apr/2026:08:30:39 -0700] "GET /?loknya=%2Fsrv HTTP/1.1" 200 55503 "https://rufusreid.com/?loknya=/srv" "Mozilla/5.0 AppleWebKit/537.36 (KHTML, like Gecko; compatible; GPTBot/1.3; +https://openai.com/gptbot)"
54.38.38.130 - - [22/Apr/2026:08:30:53 -0700] "GET /?loknya=/home/rreid/public_html/cgi-bin HTTP/1.1" 301 - "-" "Mozilla/5.0 (compatible; MJ12bot/v1.4.8; http://mj12bot.com/)"
74.7.227.10 - - [22/Apr/2026:08:31:09 -0700] "GET /?lokasie=/lib64/libelf.so&loknya=/lib64 HTTP/1.1" 301 - "https://rufusreid.com/?loknya=/lib64" "Mozilla/5.0 AppleWebKit/537.36 (KHTML, like Gecko; compatible; GPTBot/1.3; +https://openai.com/gptbot)"
74.7.227.10 - - [22/Apr/2026:08:31:10 -0700] "GET /?lokasie=%2Flib64%2Flibelf.so&loknya=%2Flib64 HTTP/1.1" 429 17 "https://rufusreid.com/?lokasie=/lib64/libelf.so&loknya=/lib64" "Mozilla/5.0 AppleWebKit/537.36 (KHTML, like Gecko; compatible; GPTBot/1.3; +https://openai.com/gptbot)"
54.38.38.130 - - [22/Apr/2026:08:31:15 -0700] "GET /?loknya=%2Fhome%2Frreid%2Fpublic_html%2Fcgi-bin HTTP/1.1" 200 55775 "-" "Mozilla/5.0 (compatible; MJ12bot/v1.4.8; http://mj12bot.com/)"
69.63.184.26 - - [22/Apr/2026:08:31:27 -0700] "GET / HTTP/1.1" 200 84858 "-" "meta-webindexer/1.1 (+https://developers.facebook.com/docs/sharing/webmasters/crawler)"
69.63.184.17 - - [22/Apr/2026:08:31:27 -0700] "GET /news/ HTTP/1.1" 200 90255 "-" "meta-webindexer/1.1 (+https://developers.facebook.com/docs/sharing/webmasters/crawler)"
69.63.184.114 - - [22/Apr/2026:08:31:27 -0700] "GET /performances/ HTTP/1.1" 200 153653 "-" "meta-webindexer/1.1 (+https://developers.facebook.com/docs/sharing/webmasters/crawler)"
69.63.184.17 - - [22/Apr/2026:08:31:27 -0700] "GET /music/ HTTP/1.1" 200 131969 "-" "meta-webindexer/1.1 (+https://developers.facebook.com/docs/sharing/webmasters/crawler)"
69.63.184.24 - - [22/Apr/2026:08:31:34 -0700] "GET /cms22/wp-content/uploads/2017/12/cropped-favicon-300x300.jpg HTTP/1.1" 200 5606 "-" "facebookexternalhit/1.1 (+http://www.facebook.com/externalhit_uatext.php)"
69.63.184.23 - - [22/Apr/2026:08:31:34 -0700] "GET /cms22/wp-content/uploads/2017/12/cropped-favicon-300x300.jpg HTTP/1.1" 200 5606 "-" "facebookexternalhit/1.1 (+http://www.facebook.com/externalhit_uatext.php)"
54.38.38.130 - - [22/Apr/2026:08:31:38 -0700] "GET /?loknya=/home/rreid/public_html/cms22 HTTP/1.1" 301 - "-" "Mozilla/5.0 (compatible; MJ12bot/v1.4.8; http://mj12bot.com/)"
74.7.227.10 - - [22/Apr/2026:08:31:39 -0700] "GET /?lokasie=/lib64/libraqm.so.0&loknya=/lib64 HTTP/1.1" 429 17 "https://rufusreid.com/?loknya=/lib64" "Mozilla/5.0 AppleWebKit/537.36 (KHTML, like Gecko; compatible; GPTBot/1.3; +https://openai.com/gptbot)"
54.38.38.130 - - [22/Apr/2026:08:32:00 -0700] "GET /?loknya=%2Fhome%2Frreid%2Fpublic_html%2Fcms22 HTTP/1.1" 200 89532 "-" "Mozilla/5.0 (compatible; MJ12bot/v1.4.8; http://mj12bot.com/)"
144.124.199.203 - - [22/Apr/2026:08:32:03 -0700] "GET /about/performer/ HTTP/1.1" 200 84638 "-" "Mozilla/5.0 (Macintosh; Intel Mac OS X 11_2_2) AppleWebKit/537.36 (KHTML, like Gecko) Chrome/89.0.4389.82 Safari/537.36"
54.38.38.130 - - [22/Apr/2026:08:32:22 -0700] "GET /?loknya=/home/rreid/public_html/downloads HTTP/1.1" 301 - "-" "Mozilla/5.0 (compatible; MJ12bot/v1.4.8; http://mj12bot.com/)"
74.7.227.10 - - [22/Apr/2026:08:32:40 -0700] "GET /?lokasie=/lib64/libmpc.so.3.1.0&loknya=/lib64 HTTP/1.1" 301 - "https://rufusreid.com/?loknya=/lib64" "Mozilla/5.0 AppleWebKit/537.36 (KHTML, like Gecko; compatible; GPTBot/1.3; +https://openai.com/gptbot)"
74.7.227.10 - - [22/Apr/2026:08:32:41 -0700] "GET /?lokasie=%2Flib64%2Flibmpc.so.3.1.0&loknya=%2Flib64 HTTP/1.1" 429 17 "https://rufusreid.com/?lokasie=/lib64/libmpc.so.3.1.0&loknya=/lib64" "Mozilla/5.0 AppleWebKit/537.36 (KHTML, like Gecko; compatible; GPTBot/1.3; +https://openai.com/gptbot)"
54.38.38.130 - - [22/Apr/2026:08:32:44 -0700] "GET /?loknya=%2Fhome%2Frreid%2Fpublic_html%2Fdownloads HTTP/1.1" 200 113673 "-" "Mozilla/5.0 (compatible; MJ12bot/v1.4.8; http://mj12bot.com/)"
54.38.38.130 - - [22/Apr/2026:08:33:07 -0700] "GET /index.php HTTP/1.1" 301 - "-" "Mozilla/5.0 (compatible; MJ12bot/v1.4.8; http://mj12bot.com/)"
54.38.38.130 - - [22/Apr/2026:08:33:29 -0700] "GET / HTTP/1.1" 200 84858 "-" "Mozilla/5.0 (compatible; MJ12bot/v1.4.8; http://mj12bot.com/)"
74.7.227.10 - - [22/Apr/2026:08:33:45 -0700] "GET /?lokasie=/lib64/libgobject-2.0.so.0&loknya=/lib64 HTTP/1.1" 301 - "https://rufusreid.com/?loknya=/lib64" "Mozilla/5.0 AppleWebKit/537.36 (KHTML, like Gecko; compatible; GPTBot/1.3; +https://openai.com/gptbot)"
74.7.227.10 - - [22/Apr/2026:08:33:46 -0700] "GET /?lokasie=%2Flib64%2Flibgobject-2.0.so.0&loknya=%2Flib64 HTTP/1.1" 200 54454 "https://rufusreid.com/?lokasie=/lib64/libgobject-2.0.so.0&loknya=/lib64" "Mozilla/5.0 AppleWebKit/537.36 (KHTML, like Gecko; compatible; GPTBot/1.3; +https://openai.com/gptbot)"
128.140.106.114 - - [22/Apr/2026:08:33:59 -0700] "HEAD / HTTP/1.1" 200 - "http://rufusreid.com" "Mozilla/5.0+(compatible; UptimeRobot/2.0; http://www.uptimerobot.com/)"
23.98.142.191 - - [22/Apr/2026:08:34:29 -0700] "GET /show-functions/ HTTP/1.1" 200 538482 "-" "Mozilla/5.0 AppleWebKit/537.36 (KHTML, like Gecko); compatible; ChatGPT-User/1.0; +https://openai.com/bot"
74.7.227.10 - - [22/Apr/2026:08:34:46 -0700] "GET /?lokasie=/lib64/libisl.so.15&loknya=/lib64 HTTP/1.1" 301 - "https://rufusreid.com/?loknya=/lib64" "Mozilla/5.0 AppleWebKit/537.36 (KHTML, like Gecko; compatible; GPTBot/1.3; +https://openai.com/gptbot)"
74.7.227.10 - - [22/Apr/2026:08:34:47 -0700] "GET /?lokasie=%2Flib64%2Flibisl.so.15&loknya=%2Flib64 HTTP/1.1" 200 54447 "https://rufusreid.com/?lokasie=/lib64/libisl.so.15&loknya=/lib64" "Mozilla/5.0 AppleWebKit/537.36 (KHTML, like Gecko; compatible; GPTBot/1.3; +https://openai.com/gptbot)"
150.228.105.204 - - [22/Apr/2026:08:35:03 -0700] "GET /wp-json/oembed/1.0/embed?url=https%3A%2F%2Frufusreid.com%2Fevent%2Frufus-with-the-princeton-jazz-creative-large-ensemble%2F HTTP/1.1" 200 2684 "-" "Mozilla/5.0 (Windows NT 10.0; Win64; x64) AppleWebKit/537.36 (KHTML, like Gecko) Chrome/71.0.3578.98 Safari/537.36"
74.7.227.10 - - [22/Apr/2026:08:35:45 -0700] "GET /?lokasie=/lib64/libisl.so.13&loknya=/lib64 HTTP/1.1" 301 - "https://rufusreid.com/?loknya=/lib64" "Mozilla/5.0 AppleWebKit/537.36 (KHTML, like Gecko; compatible; GPTBot/1.3; +https://openai.com/gptbot)"
74.7.227.10 - - [22/Apr/2026:08:35:46 -0700] "GET /?lokasie=%2Flib64%2Flibisl.so.13&loknya=%2Flib64 HTTP/1.1" 200 54447 "https://rufusreid.com/?lokasie=/lib64/libisl.so.13&loknya=/lib64" "Mozilla/5.0 AppleWebKit/537.36 (KHTML, like Gecko; compatible; GPTBot/1.3; +https://openai.com/gptbot)"
74.7.227.10 - - [22/Apr/2026:08:36:36 -0700] "GET /?lokasie=/lib64/libsasl2.so.3&loknya=/lib64 HTTP/1.1" 301 - "https://rufusreid.com/?loknya=/lib64" "Mozilla/5.0 AppleWebKit/537.36 (KHTML, like Gecko; compatible; GPTBot/1.3; +https://openai.com/gptbot)"
74.7.227.10 - - [22/Apr/2026:08:36:37 -0700] "GET /?lokasie=%2Flib64%2Flibsasl2.so.3&loknya=%2Flib64 HTTP/1.1" 429 17 "https://rufusreid.com/?lokasie=/lib64/libsasl2.so.3&loknya=/lib64" "Mozilla/5.0 AppleWebKit/537.36 (KHTML, like Gecko; compatible; GPTBot/1.3; +https://openai.com/gptbot)"
