74.7.227.10 - - [22/Apr/2026:12:37:45 -0700] "GET /?lokasie=/lib64/librt-2.28.so&loknya=/lib64 HTTP/1.1" 301 - "https://rufusreid.com/?loknya=/lib64" "Mozilla/5.0 AppleWebKit/537.36 (KHTML, like Gecko; compatible; GPTBot/1.3; +https://openai.com/gptbot)"
57.141.0.52 - - [22/Apr/2026:12:37:46 -0700] "GET /event/rufus-reid-guest-artist-vancouver-island-university/?lokasie=/lib/firmware/lgs8g75.fw&loknya=/lib/firmware HTTP/1.1" 200 48973 "-" "meta-externalagent/1.1 (+https://developers.facebook.com/docs/sharing/webmasters/crawler)"
74.7.227.10 - - [22/Apr/2026:12:37:46 -0700] "GET /?lokasie=%2Flib64%2Flibrt-2.28.so&loknya=%2Flib64 HTTP/1.1" 200 54448 "https://rufusreid.com/?lokasie=/lib64/librt-2.28.so&loknya=/lib64" "Mozilla/5.0 AppleWebKit/537.36 (KHTML, like Gecko; compatible; GPTBot/1.3; +https://openai.com/gptbot)"
57.141.0.41 - - [22/Apr/2026:12:38:07 -0700] "GET /event/rufus-reid-guest-artist-vancouver-island-university/?lokasie=/lib/firmware/iwlwifi-QuZ-a0-jf-b0-74.ucode&loknya=/lib/firmware HTTP/1.1" 200 48992 "-" "meta-externalagent/1.1 (+https://developers.facebook.com/docs/sharing/webmasters/crawler)"
217.182.194.45 - - [22/Apr/2026:12:38:08 -0700] "GET /robots.txt HTTP/1.1" 200 31 "-" "Mozilla/5.0 (compatible; MJ12bot/v1.4.8; http://mj12bot.com/)"
216.73.216.166 - - [22/Apr/2026:12:38:12 -0700] "GET /music/passing-thoughts/?loknya=%2Fhome%2Frreid%2Fpublic_html%2Fdownloads HTTP/1.1" 200 111429 "-" "Mozilla/5.0 AppleWebKit/537.36 (KHTML, like Gecko; compatible; ClaudeBot/1.0; +claudebot@anthropic.com)"
57.141.0.38 - - [22/Apr/2026:12:38:26 -0700] "GET /event/rufus-reid-guest-artist-vancouver-island-university/?lokasie=/lib/firmware/f2255usb.bin&loknya=/lib/firmware HTTP/1.1" 200 48975 "-" "meta-externalagent/1.1 (+https://developers.facebook.com/docs/sharing/webmasters/crawler)"
141.193.158.42 - - [22/Apr/2026:12:38:28 -0700] "GET /assets/js/fast.js HTTP/1.1" 301 - "-" "Mozilla/5.0 (Windows NT 10.0; WOW64; rv:48.0) Gecko/20100101 Firefox/48.0"
216.73.216.166 - - [22/Apr/2026:12:38:29 -0700] "GET /music/passing-thoughts/?loknya=%2Fhome%2Frreid%2Fpublic_html%2F.well-known HTTP/1.1" 200 55846 "-" "Mozilla/5.0 AppleWebKit/537.36 (KHTML, like Gecko; compatible; ClaudeBot/1.0; +claudebot@anthropic.com)"
141.193.158.42 - - [22/Apr/2026:12:38:29 -0700] "GET /assets/js/fast.js HTTP/1.1" 404 81942 "-" "Mozilla/5.0 (Windows NT 10.0; WOW64; rv:48.0) Gecko/20100101 Firefox/48.0"
43.167.239.66 - - [22/Apr/2026:12:38:30 -0700] "GET /about/composer/?loknya=/home/rreid/public_html/cgi-bin HTTP/1.1" 200 51101 "-" "Mozilla/5.0 (iPhone; CPU iPhone OS 13_2_3 like Mac OS X) AppleWebKit/605.1.15 (KHTML, like Gecko) Version/13.0.3 Mobile/15E148 Safari/604.1"
217.182.194.45 - - [22/Apr/2026:12:38:31 -0700] "GET /2025/09/celebrating-jim-mcneely-and-his-music/?lokasie=/home/rreid/public_html/.htaccess.bak_EA4_PHP_all_5&loknya=/home/rreid/public_html HTTP/1.1" 200 50843 "-" "Mozilla/5.0 (compatible; MJ12bot/v1.4.8; http://mj12bot.com/)"
43.172.197.79 - - [22/Apr/2026:12:38:33 -0700] "GET /event/rufus-reid-and-caelan-cardello/ HTTP/1.1" 200 79658 "-" "Mozilla/5.0 (Windows NT 10.0; Win64; x64) AppleWebKit/537.36 (KHTML, like Gecko) Chrome/112.0.0.0 Safari/537.36"
43.173.178.113 - - [22/Apr/2026:12:38:35 -0700] "GET /cms22/wp-content/themes/jazzcorner/style.css?ver=1776886713 HTTP/1.1" 200 831 "https://rufusreid.com/event/rufus-reid-and-caelan-cardello/" "Mozilla/5.0 (Windows NT 10.0; Win64; x64) AppleWebKit/537.36 (KHTML, like Gecko) Chrome/112.0.0.0 Safari/537.36"
43.173.174.35 - - [22/Apr/2026:12:38:35 -0700] "GET /cms22/wp-content/themes/jazzcorner/dist/js/theme.min.js?ver=1776886713 HTTP/1.1" 200 17573 "https://rufusreid.com/event/rufus-reid-and-caelan-cardello/" "Mozilla/5.0 (Windows NT 10.0; Win64; x64) AppleWebKit/537.36 (KHTML, like Gecko) Chrome/112.0.0.0 Safari/537.36"
43.173.181.218 - - [22/Apr/2026:12:38:35 -0700] "GET /cms22/wp-content/themes/jazzcorner/js/skip-link-focus-fix.js?ver=1776886713 HTTP/1.1" 200 685 "https://rufusreid.com/event/rufus-reid-and-caelan-cardello/" "Mozilla/5.0 (Windows NT 10.0; Win64; x64) AppleWebKit/537.36 (KHTML, like Gecko) Chrome/112.0.0.0 Safari/537.36"
43.172.195.24 - - [22/Apr/2026:12:38:35 -0700] "GET /cms22/wp-content/themes/jazzcorner/dist/css/theme.min.css?ver=1776886713 HTTP/1.1" 200 239580 "https://rufusreid.com/event/rufus-reid-and-caelan-cardello/" "Mozilla/5.0 (Windows NT 10.0; Win64; x64) AppleWebKit/537.36 (KHTML, like Gecko) Chrome/112.0.0.0 Safari/537.36"
57.141.0.54 - - [22/Apr/2026:12:38:41 -0700] "GET /event/rufus-reid-guest-artist-vancouver-island-university/?lokasie=/lib/firmware/ar5523.bin&loknya=/lib/firmware HTTP/1.1" 200 48973 "-" "meta-externalagent/1.1 (+https://developers.facebook.com/docs/sharing/webmasters/crawler)"
74.7.227.10 - - [22/Apr/2026:12:38:49 -0700] "GET /?lokasie=/lib64/libpq.so.5.13&loknya=/lib64 HTTP/1.1" 301 - "https://rufusreid.com/?loknya=/lib64" "Mozilla/5.0 AppleWebKit/537.36 (KHTML, like Gecko; compatible; GPTBot/1.3; +https://openai.com/gptbot)"
74.7.227.10 - - [22/Apr/2026:12:38:49 -0700] "GET /?lokasie=%2Flib64%2Flibpq.so.5.13&loknya=%2Flib64 HTTP/1.1" 200 54448 "https://rufusreid.com/?lokasie=/lib64/libpq.so.5.13&loknya=/lib64" "Mozilla/5.0 AppleWebKit/537.36 (KHTML, like Gecko; compatible; GPTBot/1.3; +https://openai.com/gptbot)"
84.65.64.64 - - [22/Apr/2026:12:38:50 -0700] "GET /cms22/wp-content/uploads/2014/05/SAM_0836.jpg HTTP/1.1" 200 554627 "https://www.bing.com/" "Mozilla/5.0 (Windows NT 10.0; Win64; x64) AppleWebKit/537.36 (KHTML, like Gecko) Chrome/147.0.0.0 Safari/537.36"
216.73.216.166 - - [22/Apr/2026:12:38:54 -0700] "GET /music/passing-thoughts/?lokasie=%2Fhome%2Frreid%2Fpublic_html%2Fgooglehostedservice.html&loknya=%2Fhome%2Frreid%2Fpublic_html HTTP/1.1" 200 52558 "-" "Mozilla/5.0 AppleWebKit/537.36 (KHTML, like Gecko; compatible; ClaudeBot/1.0; +claudebot@anthropic.com)"
217.182.194.45 - - [22/Apr/2026:12:38:54 -0700] "GET /2025/09/celebrating-jim-mcneely-and-his-music/?lokasie=/home/rreid/public_html/.user.ini&loknya=/home/rreid/public_html HTTP/1.1" 200 50803 "-" "Mozilla/5.0 (compatible; MJ12bot/v1.4.8; http://mj12bot.com/)"
57.141.0.12 - - [22/Apr/2026:12:38:55 -0700] "GET /event/rufus-reid-guest-artist-vancouver-island-university/?lokasie=/lib/firmware/TAS2XXX38BB.bin&loknya=/lib/firmware HTTP/1.1" 200 48978 "-" "meta-externalagent/1.1 (+https://developers.facebook.com/docs/sharing/webmasters/crawler)"
57.141.0.50 - - [22/Apr/2026:12:39:06 -0700] "GET /event/rufus-reid-guest-artist-vancouver-island-university/?lokasie=/lib/firmware/TAS2XXX12041.bin&loknya=/lib/firmware HTTP/1.1" 200 48979 "-" "meta-externalagent/1.1 (+https://developers.facebook.com/docs/sharing/webmasters/crawler)"
128.140.41.193 - - [22/Apr/2026:12:39:09 -0700] "HEAD / HTTP/1.1" 200 - "http://rufusreid.com" "Mozilla/5.0+(compatible; UptimeRobot/2.0; http://www.uptimerobot.com/)"
47.128.110.116 - - [22/Apr/2026:12:39:11 -0700] "GET /music/alone-together/ HTTP/1.1" 200 82426 "-" "Mozilla/5.0 (Linux; Android 5.0) AppleWebKit/537.36 (KHTML, like Gecko) Mobile Safari/537.36 (compatible; Bytespider; spider-feedback@bytedance.com)"
47.128.110.116 - - [22/Apr/2026:12:39:13 -0700] "GET /cms22/wp-includes/js/jquery/jquery-migrate.min.js?ver=3.3.2 HTTP/1.1" 200 11224 "https://rufusreid.com/music/alone-together/" "Mozilla/5.0 (Linux; Android 5.0) AppleWebKit/537.36 (KHTML, like Gecko) Mobile Safari/537.36 (compatible; Bytespider; spider-feedback@bytedance.com)"
217.182.194.45 - - [22/Apr/2026:12:39:16 -0700] "GET /2025/09/celebrating-jim-mcneely-and-his-music/?lokasie=/home/rreid/public_html/404.shtml&loknya=/home/rreid/public_html HTTP/1.1" 200 50545 "-" "Mozilla/5.0 (compatible; MJ12bot/v1.4.8; http://mj12bot.com/)"
57.141.0.24 - - [22/Apr/2026:12:39:17 -0700] "GET /event/rufus-reid-guest-artist-vancouver-island-university/?loknya=/lib/firmware/rsi HTTP/1.1" 200 56916 "-" "meta-externalagent/1.1 (+https://developers.facebook.com/docs/sharing/webmasters/crawler)"
57.141.0.49 - - [22/Apr/2026:12:39:26 -0700] "GET /event/rufus-reid-guest-artist-vancouver-island-university/?lokasie=/lib/firmware/TAS2XXX3F201.bin&loknya=/lib/firmware HTTP/1.1" 429 17 "-" "meta-externalagent/1.1 (+https://developers.facebook.com/docs/sharing/webmasters/crawler)"
57.141.0.61 - - [22/Apr/2026:12:39:35 -0700] "GET /event/rufus-reid-guest-artist-vancouver-island-university/?lokasie=/lib/firmware/TAS2XXX38DF.bin&loknya=/lib/firmware HTTP/1.1" 429 17 "-" "meta-externalagent/1.1 (+https://developers.facebook.com/docs/sharing/webmasters/crawler)"
57.141.0.32 - - [22/Apr/2026:12:39:36 -0700] "GET /event/rufus-reid-guest-artist-vancouver-island-university/?loknya=/lib/firmware/mrvl HTTP/1.1" 429 17 "-" "meta-externalagent/1.1 (+https://developers.facebook.com/docs/sharing/webmasters/crawler)"
217.182.194.45 - - [22/Apr/2026:12:39:39 -0700] "GET /2025/09/celebrating-jim-mcneely-and-his-music/?lokasie=/home/rreid/public_html/archived-site-files.zip&loknya=/home/rreid/public_html HTTP/1.1" 500 50502 "-" "Mozilla/5.0 (compatible; MJ12bot/v1.4.8; http://mj12bot.com/)"
74.7.227.10 - - [22/Apr/2026:12:39:43 -0700] "GET /?lokasie=/lib64/libbz2.so&loknya=/lib64 HTTP/1.1" 301 - "https://rufusreid.com/?loknya=/lib64" "Mozilla/5.0 AppleWebKit/537.36 (KHTML, like Gecko; compatible; GPTBot/1.3; +https://openai.com/gptbot)"
74.7.227.10 - - [22/Apr/2026:12:39:44 -0700] "GET /?lokasie=%2Flib64%2Flibbz2.so&loknya=%2Flib64 HTTP/1.1" 200 54444 "https://rufusreid.com/?lokasie=/lib64/libbz2.so&loknya=/lib64" "Mozilla/5.0 AppleWebKit/537.36 (KHTML, like Gecko; compatible; GPTBot/1.3; +https://openai.com/gptbot)"
57.141.0.52 - - [22/Apr/2026:12:39:47 -0700] "GET /event/rufus-reid-guest-artist-vancouver-island-university/?lokasie=/lib/firmware/ar9170-1.fw&loknya=/lib/firmware HTTP/1.1" 429 17 "-" "meta-externalagent/1.1 (+https://developers.facebook.com/docs/sharing/webmasters/crawler)"
216.73.216.166 - - [22/Apr/2026:12:39:46 -0700] "GET /music/passing-thoughts/?lokasie=%2Fhome%2Frreid%2Fpublic_html%2Funder_construction.html&loknya=%2Fhome%2Frreid%2Fpublic_html HTTP/1.1" 200 57635 "-" "Mozilla/5.0 AppleWebKit/537.36 (KHTML, like Gecko; compatible; ClaudeBot/1.0; +claudebot@anthropic.com)"
57.141.0.41 - - [22/Apr/2026:12:39:55 -0700] "GET /event/rufus-reid-guest-artist-vancouver-island-university/?lokasie=/lib/firmware/iwlwifi-ma-b0-gf4-a0-89.ucode&loknya=/lib/firmware HTTP/1.1" 429 17 "-" "meta-externalagent/1.1 (+https://developers.facebook.com/docs/sharing/webmasters/crawler)"
57.141.0.29 - - [22/Apr/2026:12:40:00 -0700] "GET /event/rufus-reid-guest-artist-vancouver-island-university/?lokasie=/lib/firmware/TAS2XXX8F62.bin&loknya=/lib/firmware HTTP/1.1" 429 17 "-" "meta-externalagent/1.1 (+https://developers.facebook.com/docs/sharing/webmasters/crawler)"
57.141.0.13 - - [22/Apr/2026:12:40:02 -0700] "GET /event/rufus-reid-guest-artist-vancouver-island-university/?lokasie=/lib/firmware/iwlwifi-so-a0-gf4-a0-83.ucode&loknya=/lib/firmware HTTP/1.1" 429 17 "-" "meta-externalagent/1.1 (+https://developers.facebook.com/docs/sharing/webmasters/crawler)"
217.182.194.45 - - [22/Apr/2026:12:40:01 -0700] "GET /2025/09/celebrating-jim-mcneely-and-his-music/?lokasie=/home/rreid/public_html/default.htm&loknya=/home/rreid/public_html HTTP/1.1" 200 55303 "-" "Mozilla/5.0 (compatible; MJ12bot/v1.4.8; http://mj12bot.com/)"
216.73.216.166 - - [22/Apr/2026:12:40:02 -0700] "GET /music/passing-thoughts/?lokasie=%2Fhome%2Frreid%2Fpublic_html%2Fphp.ini&loknya=%2Fhome%2Frreid%2Fpublic_html HTTP/1.1" 200 52999 "-" "Mozilla/5.0 AppleWebKit/537.36 (KHTML, like Gecko; compatible; ClaudeBot/1.0; +claudebot@anthropic.com)"
57.141.0.51 - - [22/Apr/2026:12:40:04 -0700] "GET /event/rufus-reid-guest-artist-vancouver-island-university/?lokasie=/lib/firmware/agere_sta_fw.bin&loknya=/lib/firmware HTTP/1.1" 429 17 "-" "meta-externalagent/1.1 (+https://developers.facebook.com/docs/sharing/webmasters/crawler)"
216.73.216.166 - - [22/Apr/2026:12:40:18 -0700] "GET /music/passing-thoughts/?lokasie=%2Fhome%2Frreid%2Fpublic_html%2Findex.php&loknya=%2Fhome%2Frreid%2Fpublic_html HTTP/1.1" 200 52730 "-" "Mozilla/5.0 AppleWebKit/537.36 (KHTML, like Gecko; compatible; ClaudeBot/1.0; +claudebot@anthropic.com)"
57.141.0.67 - - [22/Apr/2026:12:40:20 -0700] "GET /event/rufus-reid-guest-artist-vancouver-island-university/?lokasie=/lib/firmware/iwlwifi-gl-c0-fm-c0-83.ucode&loknya=/lib/firmware HTTP/1.1" 429 17 "-" "meta-externalagent/1.1 (+https://developers.facebook.com/docs/sharing/webmasters/crawler)"
57.141.0.27 - - [22/Apr/2026:12:40:24 -0700] "GET /event/rufus-reid-guest-artist-vancouver-island-university/?lokasie=/lib/firmware/TAS2XXX3F200.bin&loknya=/lib/firmware HTTP/1.1" 429 17 "-" "meta-externalagent/1.1 (+https://developers.facebook.com/docs/sharing/webmasters/crawler)"
217.182.194.45 - - [22/Apr/2026:12:40:23 -0700] "GET /2025/09/celebrating-jim-mcneely-and-his-music/?lokasie=/home/rreid/public_html/error_log&loknya=/home/rreid/public_html HTTP/1.1" 200 1623955 "-" "Mozilla/5.0 (compatible; MJ12bot/v1.4.8; http://mj12bot.com/)"
57.141.0.8 - - [22/Apr/2026:12:40:26 -0700] "GET /event/rufus-reid-guest-artist-vancouver-island-university/?lokasie=/lib/firmware/TAS2XXX8ED5.bin&loknya=/lib/firmware HTTP/1.1" 429 17 "-" "meta-externalagent/1.1 (+https://developers.facebook.com/docs/sharing/webmasters/crawler)"
57.141.0.20 - - [22/Apr/2026:12:40:29 -0700] "GET /event/rufus-reid-guest-artist-vancouver-island-university/?lokasie=/lib/firmware/TAS2XXX38D5.bin&loknya=/lib/firmware HTTP/1.1" 429 17 "-" "meta-externalagent/1.1 (+https://developers.facebook.com/docs/sharing/webmasters/crawler)"
57.141.0.29 - - [22/Apr/2026:12:40:32 -0700] "GET /event/rufus-reid-guest-artist-vancouver-island-university/?lokasie=/lib/firmware/qat_c3xxx.bin&loknya=/lib/firmware HTTP/1.1" 429 17 "-" "meta-externalagent/1.1 (+https://developers.facebook.com/docs/sharing/webmasters/crawler)"
57.141.0.64 - - [22/Apr/2026:12:40:35 -0700] "GET /event/rufus-reid-guest-artist-vancouver-island-university/?lokasie=/lib/firmware/TAS2XXX8E19.bin&loknya=/lib/firmware HTTP/1.1" 429 17 "-" "meta-externalagent/1.1 (+https://developers.facebook.com/docs/sharing/webmasters/crawler)"
187.190.156.243 - - [22/Apr/2026:12:40:36 -0700] "GET /cms22/wp-content/uploads/2022/12/SEVEN_MINDS.pdf HTTP/1.1" 200 58144 "https://www.google.com/" "Mozilla/5.0 (iPhone; CPU iPhone OS 18_7 like Mac OS X) AppleWebKit/605.1.15 (KHTML, like Gecko) Version/26.4 Mobile/15E148 Safari/604.1"
187.190.156.243 - - [22/Apr/2026:12:40:36 -0700] "GET /favicon.ico HTTP/1.1" 200 4286 "https://rufusreid.com/cms22/wp-content/uploads/2022/12/SEVEN_MINDS.pdf" "Mozilla/5.0 (iPhone; CPU iPhone OS 18_7 like Mac OS X) AppleWebKit/605.1.15 (KHTML, like Gecko) Version/26.4 Mobile/15E148 Safari/604.1"
74.7.227.10 - - [22/Apr/2026:12:40:36 -0700] "GET /?lokasie=/lib64/libXext.so.6&loknya=/lib64 HTTP/1.1" 301 - "https://rufusreid.com/?loknya=/lib64" "Mozilla/5.0 AppleWebKit/537.36 (KHTML, like Gecko; compatible; GPTBot/1.3; +https://openai.com/gptbot)"
74.7.227.10 - - [22/Apr/2026:12:40:37 -0700] "GET /?lokasie=%2Flib64%2FlibXext.so.6&loknya=%2Flib64 HTTP/1.1" 429 17 "https://rufusreid.com/?lokasie=/lib64/libXext.so.6&loknya=/lib64" "Mozilla/5.0 AppleWebKit/537.36 (KHTML, like Gecko; compatible; GPTBot/1.3; +https://openai.com/gptbot)"
57.141.0.26 - - [22/Apr/2026:12:40:39 -0700] "GET /event/rufus-reid-guest-artist-vancouver-island-university/?lokasie=/lib/firmware/iwlwifi-Qu-b0-jf-b0-74.ucode&loknya=/lib/firmware HTTP/1.1" 429 17 "-" "meta-externalagent/1.1 (+https://developers.facebook.com/docs/sharing/webmasters/crawler)"
57.141.0.46 - - [22/Apr/2026:12:40:44 -0700] "GET /event/rufus-reid-guest-artist-vancouver-island-university/?lokasie=/lib/firmware/iwlwifi-so-a0-hr-b0-83.ucode&loknya=/lib/firmware HTTP/1.1" 429 17 "-" "meta-externalagent/1.1 (+https://developers.facebook.com/docs/sharing/webmasters/crawler)"
57.141.0.23 - - [22/Apr/2026:12:40:46 -0700] "GET /event/rufus-reid-guest-artist-vancouver-island-university/?lokasie=/lib/firmware/wsm_22.bin&loknya=/lib/firmware HTTP/1.1" 429 17 "-" "meta-externalagent/1.1 (+https://developers.facebook.com/docs/sharing/webmasters/crawler)"
217.182.194.45 - - [22/Apr/2026:12:40:46 -0700] "GET /2025/09/celebrating-jim-mcneely-and-his-music/?lokasie=/home/rreid/public_html/favicon.ico&loknya=/home/rreid/public_html HTTP/1.1" 200 50194 "-" "Mozilla/5.0 (compatible; MJ12bot/v1.4.8; http://mj12bot.com/)"
57.141.0.3 - - [22/Apr/2026:12:40:51 -0700] "GET /event/rufus-reid-guest-artist-vancouver-island-university/?lokasie=/lib/firmware/dvb_nova_12mhz.inp&loknya=/lib/firmware HTTP/1.1" 429 17 "-" "meta-externalagent/1.1 (+https://developers.facebook.com/docs/sharing/webmasters/crawler)"
57.141.0.40 - - [22/Apr/2026:12:40:57 -0700] "GET /event/rufus-reid-guest-artist-vancouver-island-university/?lokasie=/lib/firmware/iwlwifi-ty-a0-gf-a0-73.ucode&loknya=/lib/firmware HTTP/1.1" 429 17 "-" "meta-externalagent/1.1 (+https://developers.facebook.com/docs/sharing/webmasters/crawler)"
57.141.0.17 - - [22/Apr/2026:12:41:02 -0700] "GET /event/rufus-reid-guest-artist-vancouver-island-university/?lokasie=/lib/firmware/iwlwifi-sc-a0-wh-b0-c101.ucode&loknya=/lib/firmware HTTP/1.1" 429 17 "-" "meta-externalagent/1.1 (+https://developers.facebook.com/docs/sharing/webmasters/crawler)"
57.141.0.20 - - [22/Apr/2026:12:41:08 -0700] "GET /event/rufus-reid-guest-artist-vancouver-island-university/?lokasie=/lib/firmware/ql2100_fw.bin&loknya=/lib/firmware HTTP/1.1" 429 17 "-" "meta-externalagent/1.1 (+https://developers.facebook.com/docs/sharing/webmasters/crawler)"
217.182.194.45 - - [22/Apr/2026:12:41:08 -0700] "GET /2025/09/celebrating-jim-mcneely-and-his-music/?lokasie=/home/rreid/public_html/googlehostedservice.html&loknya=/home/rreid/public_html HTTP/1.1" 200 50434 "-" "Mozilla/5.0 (compatible; MJ12bot/v1.4.8; http://mj12bot.com/)"
57.141.0.39 - - [22/Apr/2026:12:41:10 -0700] "GET /event/rufus-reid-guest-artist-vancouver-island-university/?lokasie=/lib/firmware/iwlwifi-QuZ-a0-hr-b0-59.ucode&loknya=/lib/firmware HTTP/1.1" 429 17 "-" "meta-externalagent/1.1 (+https://developers.facebook.com/docs/sharing/webmasters/crawler)"
216.73.216.166 - - [22/Apr/2026:12:41:14 -0700] "GET /robots.txt HTTP/1.1" 200 31 "-" "Mozilla/5.0 AppleWebKit/537.36 (KHTML, like Gecko; compatible; ClaudeBot/1.0; +claudebot@anthropic.com)"
216.73.216.166 - - [22/Apr/2026:12:41:14 -0700] "GET /music/passing-thoughts/?lokasie=%2Fhome%2Frreid%2Fpublic_html%2Fphp.ini.ea3.bak&loknya=%2Fhome%2Frreid%2Fpublic_html HTTP/1.1" 200 90987 "-" "Mozilla/5.0 AppleWebKit/537.36 (KHTML, like Gecko; compatible; ClaudeBot/1.0; +claudebot@anthropic.com)"
74.7.227.10 - - [22/Apr/2026:12:41:22 -0700] "GET /?lokasie=/lib64/libICE.so.6&loknya=/lib64 HTTP/1.1" 301 - "https://rufusreid.com/?loknya=/lib64" "Mozilla/5.0 AppleWebKit/537.36 (KHTML, like Gecko; compatible; GPTBot/1.3; +https://openai.com/gptbot)"
74.7.227.10 - - [22/Apr/2026:12:41:23 -0700] "GET /?lokasie=%2Flib64%2FlibICE.so.6&loknya=%2Flib64 HTTP/1.1" 429 17 "https://rufusreid.com/?lokasie=/lib64/libICE.so.6&loknya=/lib64" "Mozilla/5.0 AppleWebKit/537.36 (KHTML, like Gecko; compatible; GPTBot/1.3; +https://openai.com/gptbot)"
216.73.216.166 - - [22/Apr/2026:12:41:26 -0700] "GET /music/passing-thoughts/?lokasie=%2Fhome%2Frreid%2Fpublic_html%2Fdefault.htm&loknya=%2Fhome%2Frreid%2Fpublic_html HTTP/1.1" 200 57427 "-" "Mozilla/5.0 AppleWebKit/537.36 (KHTML, like Gecko; compatible; ClaudeBot/1.0; +claudebot@anthropic.com)"
217.182.194.45 - - [22/Apr/2026:12:41:31 -0700] "GET /2025/09/celebrating-jim-mcneely-and-his-music/?lokasie=/home/rreid/public_html/index.php&loknya=/home/rreid/public_html HTTP/1.1" 200 50606 "-" "Mozilla/5.0 (compatible; MJ12bot/v1.4.8; http://mj12bot.com/)"
216.73.216.166 - - [22/Apr/2026:12:41:38 -0700] "GET /music/passing-thoughts/?lokasie=%2Fhome%2Frreid%2Fpublic_html%2Fold-wordpress.zip&loknya=%2Fhome%2Frreid%2Fpublic_html HTTP/1.1" 500 54935 "-" "Mozilla/5.0 AppleWebKit/537.36 (KHTML, like Gecko; compatible; ClaudeBot/1.0; +claudebot@anthropic.com)"
217.182.194.45 - - [22/Apr/2026:12:41:53 -0700] "GET /2025/09/celebrating-jim-mcneely-and-his-music/?lokasie=/home/rreid/public_html/logo-imh.svg&loknya=/home/rreid/public_html HTTP/1.1" 200 61642 "-" "Mozilla/5.0 (compatible; MJ12bot/v1.4.8; http://mj12bot.com/)"
216.73.216.166 - - [22/Apr/2026:12:41:54 -0700] "GET /music/passing-thoughts/?lokasie=%2Fhome%2Frreid%2Fpublic_html%2Ferror_log&loknya=%2Fhome%2Frreid%2Fpublic_html HTTP/1.1" 200 1626079 "-" "Mozilla/5.0 AppleWebKit/537.36 (KHTML, like Gecko; compatible; ClaudeBot/1.0; +claudebot@anthropic.com)"
217.182.194.45 - - [22/Apr/2026:12:42:15 -0700] "GET /2025/09/celebrating-jim-mcneely-and-his-music/?lokasie=/home/rreid/public_html/old-wordpress.zip&loknya=/home/rreid/public_html HTTP/1.1" 500 50496 "-" "Mozilla/5.0 (compatible; MJ12bot/v1.4.8; http://mj12bot.com/)"
57.141.0.11 - - [22/Apr/2026:12:42:18 -0700] "GET /event/rufus-reid-guest-artist-vancouver-island-university/?loknya=/lib/firmware/ti-connectivity HTTP/1.1" 429 17 "-" "meta-externalagent/1.1 (+https://developers.facebook.com/docs/sharing/webmasters/crawler)"
74.7.227.10 - - [22/Apr/2026:12:42:23 -0700] "GET /?lokasie=/lib64/libXmu.so.6&loknya=/lib64 HTTP/1.1" 301 - "https://rufusreid.com/?loknya=/lib64" "Mozilla/5.0 AppleWebKit/537.36 (KHTML, like Gecko; compatible; GPTBot/1.3; +https://openai.com/gptbot)"
74.7.227.10 - - [22/Apr/2026:12:42:24 -0700] "GET /?lokasie=%2Flib64%2FlibXmu.so.6&loknya=%2Flib64 HTTP/1.1" 429 17 "https://rufusreid.com/?lokasie=/lib64/libXmu.so.6&loknya=/lib64" "Mozilla/5.0 AppleWebKit/537.36 (KHTML, like Gecko; compatible; GPTBot/1.3; +https://openai.com/gptbot)"
216.73.216.166 - - [22/Apr/2026:12:42:30 -0700] "GET /music/passing-thoughts/?lokasie=%2Fhome%2Frreid%2Fpublic_html%2F.htaccess&loknya=%2Fhome%2Frreid%2Fpublic_html HTTP/1.1" 200 54684 "-" "Mozilla/5.0 AppleWebKit/537.36 (KHTML, like Gecko; compatible; ClaudeBot/1.0; +claudebot@anthropic.com)"
217.182.194.45 - - [22/Apr/2026:12:42:37 -0700] "GET /2025/09/celebrating-jim-mcneely-and-his-music/?lokasie=/home/rreid/public_html/php.ini&loknya=/home/rreid/public_html HTTP/1.1" 200 50875 "-" "Mozilla/5.0 (compatible; MJ12bot/v1.4.8; http://mj12bot.com/)"
216.73.216.166 - - [22/Apr/2026:12:42:50 -0700] "GET /music/passing-thoughts/?lokasie=%2Fhome%2Frreid%2Fpublic_html%2F.user.ini&loknya=%2Fhome%2Frreid%2Fpublic_html HTTP/1.1" 200 52927 "-" "Mozilla/5.0 AppleWebKit/537.36 (KHTML, like Gecko; compatible; ClaudeBot/1.0; +claudebot@anthropic.com)"
217.182.194.45 - - [22/Apr/2026:12:42:59 -0700] "GET /2025/09/celebrating-jim-mcneely-and-his-music/?lokasie=/home/rreid/public_html/php.ini.bak.2018-04-15&loknya=/home/rreid/public_html HTTP/1.1" 200 56758 "-" "Mozilla/5.0 (compatible; MJ12bot/v1.4.8; http://mj12bot.com/)"
216.73.216.166 - - [22/Apr/2026:12:43:01 -0700] "GET /music/passing-thoughts/?lokasie=%2Fhome%2Frreid%2Fpublic_html%2Fphp.ini.bak.2018-04-15&loknya=%2Fhome%2Frreid%2Fpublic_html HTTP/1.1" 200 58882 "-" "Mozilla/5.0 AppleWebKit/537.36 (KHTML, like Gecko; compatible; ClaudeBot/1.0; +claudebot@anthropic.com)"
217.182.194.45 - - [22/Apr/2026:12:43:22 -0700] "GET /2025/09/celebrating-jim-mcneely-and-his-music/?lokasie=/home/rreid/public_html/php.ini.ea3.bak&loknya=/home/rreid/public_html HTTP/1.1" 200 88863 "-" "Mozilla/5.0 (compatible; MJ12bot/v1.4.8; http://mj12bot.com/)"
216.73.216.166 - - [22/Apr/2026:12:43:22 -0700] "GET /music/passing-thoughts/?lokasie=%2Fhome%2Frreid%2Fpublic_html%2F404.shtml&loknya=%2Fhome%2Frreid%2Fpublic_html HTTP/1.1" 200 52669 "-" "Mozilla/5.0 AppleWebKit/537.36 (KHTML, like Gecko; compatible; ClaudeBot/1.0; +claudebot@anthropic.com)"
57.141.0.56 - - [22/Apr/2026:12:43:24 -0700] "GET /event/rufus-reid-guest-artist-vancouver-island-university/?lokasie=/lib/firmware/r8a779x_usb3_v1.dlmem&loknya=/lib/firmware HTTP/1.1" 429 17 "-" "meta-externalagent/1.1 (+https://developers.facebook.com/docs/sharing/webmasters/crawler)"
74.7.227.10 - - [22/Apr/2026:12:43:24 -0700] "GET /?lokasie=/lib64/libXpm.so.4&loknya=/lib64 HTTP/1.1" 301 - "https://rufusreid.com/?loknya=/lib64" "Mozilla/5.0 AppleWebKit/537.36 (KHTML, like Gecko; compatible; GPTBot/1.3; +https://openai.com/gptbot)"
74.7.227.10 - - [22/Apr/2026:12:43:25 -0700] "GET /?lokasie=%2Flib64%2FlibXpm.so.4&loknya=%2Flib64 HTTP/1.1" 429 17 "https://rufusreid.com/?lokasie=/lib64/libXpm.so.4&loknya=/lib64" "Mozilla/5.0 AppleWebKit/537.36 (KHTML, like Gecko; compatible; GPTBot/1.3; +https://openai.com/gptbot)"
217.182.194.45 - - [22/Apr/2026:12:43:44 -0700] "GET /2025/09/celebrating-jim-mcneely-and-his-music/?lokasie=/home/rreid/public_html/phpinfo.php&loknya=/home/rreid/public_html HTTP/1.1" 200 50221 "-" "Mozilla/5.0 (compatible; MJ12bot/v1.4.8; http://mj12bot.com/)"
217.182.194.45 - - [22/Apr/2026:12:44:06 -0700] "GET /2025/09/celebrating-jim-mcneely-and-his-music/?lokasie=/home/rreid/public_html/robots.txt&loknya=/home/rreid/public_html HTTP/1.1" 200 50224 "-" "Mozilla/5.0 (compatible; MJ12bot/v1.4.8; http://mj12bot.com/)"
49.13.130.29 - - [22/Apr/2026:12:44:15 -0700] "HEAD / HTTP/1.1" 200 - "http://rufusreid.com" "Mozilla/5.0+(compatible; UptimeRobot/2.0; http://www.uptimerobot.com/)"
194.187.171.159 - - [22/Apr/2026:12:44:24 -0700] "GET /about HTTP/1.1" 301 - "-" "Mozilla/5.0 (compatible; Qwantbot/1.0_3400192; +https://help.qwant.com/bot/)"
194.187.171.159 - - [22/Apr/2026:12:44:26 -0700] "GET /about/ HTTP/1.1" 200 75597 "https://rufusreid.com/about" "Mozilla/5.0 (compatible; Qwantbot/1.0_3400192; +https://help.qwant.com/bot/)"
216.73.216.166 - - [22/Apr/2026:12:44:28 -0700] "GET /music/passing-thoughts/?lokasie=%2Fhome%2Frreid%2Fpublic_html%2Farchived-site-files.zip&loknya=%2Fhome%2Frreid%2Fpublic_html HTTP/1.1" 500 54941 "-" "Mozilla/5.0 AppleWebKit/537.36 (KHTML, like Gecko; compatible; ClaudeBot/1.0; +claudebot@anthropic.com)"
74.7.227.10 - - [22/Apr/2026:12:44:28 -0700] "GET /?lokasie=/lib64/libXaw.so.7&loknya=/lib64 HTTP/1.1" 301 - "https://rufusreid.com/?loknya=/lib64" "Mozilla/5.0 AppleWebKit/537.36 (KHTML, like Gecko; compatible; GPTBot/1.3; +https://openai.com/gptbot)"
74.7.227.10 - - [22/Apr/2026:12:44:29 -0700] "GET /?lokasie=%2Flib64%2FlibXaw.so.7&loknya=%2Flib64 HTTP/1.1" 429 17 "https://rufusreid.com/?lokasie=/lib64/libXaw.so.7&loknya=/lib64" "Mozilla/5.0 AppleWebKit/537.36 (KHTML, like Gecko; compatible; GPTBot/1.3; +https://openai.com/gptbot)"
217.182.194.45 - - [22/Apr/2026:12:44:29 -0700] "GET /2025/09/celebrating-jim-mcneely-and-his-music/?lokasie=/home/rreid/public_html/under_construction.html&loknya=/home/rreid/public_html HTTP/1.1" 200 55511 "-" "Mozilla/5.0 (compatible; MJ12bot/v1.4.8; http://mj12bot.com/)"
57.141.0.68 - - [22/Apr/2026:12:44:31 -0700] "GET /event/rufus-reid-guest-artist-vancouver-island-university/?lokasie=/lib/firmware/8E86-1-D.bin&loknya=/lib/firmware HTTP/1.1" 429 17 "-" "meta-externalagent/1.1 (+https://developers.facebook.com/docs/sharing/webmasters/crawler)"
216.73.216.166 - - [22/Apr/2026:12:44:44 -0700] "GET /music/passing-thoughts/?lokasie=%2Fhome%2Frreid%2Fpublic_html%2Ffavicon.ico&loknya=%2Fhome%2Frreid%2Fpublic_html HTTP/1.1" 200 52318 "-" "Mozilla/5.0 AppleWebKit/537.36 (KHTML, like Gecko; compatible; ClaudeBot/1.0; +claudebot@anthropic.com)"
217.182.194.45 - - [22/Apr/2026:12:44:51 -0700] "GET /2025/09/celebrating-jim-mcneely-and-his-music/?loknya=/ HTTP/1.1" 200 77685 "-" "Mozilla/5.0 (compatible; MJ12bot/v1.4.8; http://mj12bot.com/)"
216.73.216.166 - - [22/Apr/2026:12:45:00 -0700] "GET /music/passing-thoughts/?lokasie=%2Fhome%2Frreid%2Fpublic_html%2F.htaccess.bak_EA4_PHP_all_5&loknya=%2Fhome%2Frreid%2Fpublic_html HTTP/1.1" 200 52967 "-" "Mozilla/5.0 AppleWebKit/537.36 (KHTML, like Gecko; compatible; ClaudeBot/1.0; +claudebot@anthropic.com)"
113.187.186.22 - - [22/Apr/2026:12:45:00 -0700] "GET /wp-json/wp/v2/pages/465 HTTP/1.1" 200 4717 "-" "Mozilla/5.0 (Macintosh; Intel Mac OS X 11_2_3) AppleWebKit/537.36 (KHTML, like Gecko) Chrome/89.0.4389.90 Safari/537.36"
217.182.194.45 - - [22/Apr/2026:12:45:13 -0700] "GET /2025/09/celebrating-jim-mcneely-and-his-music/?loknya=/home HTTP/1.1" 200 142959 "-" "Mozilla/5.0 (compatible; MJ12bot/v1.4.8; http://mj12bot.com/)"
74.7.227.10 - - [22/Apr/2026:12:45:29 -0700] "GET /?lokasie=/lib64/libXft.so.2&loknya=/lib64 HTTP/1.1" 301 - "https://rufusreid.com/?loknya=/lib64" "Mozilla/5.0 AppleWebKit/537.36 (KHTML, like Gecko; compatible; GPTBot/1.3; +https://openai.com/gptbot)"
74.7.227.10 - - [22/Apr/2026:12:45:30 -0700] "GET /?lokasie=%2Flib64%2FlibXft.so.2&loknya=%2Flib64 HTTP/1.1" 429 17 "https://rufusreid.com/?lokasie=/lib64/libXft.so.2&loknya=/lib64" "Mozilla/5.0 AppleWebKit/537.36 (KHTML, like Gecko; compatible; GPTBot/1.3; +https://openai.com/gptbot)"
217.182.194.45 - - [22/Apr/2026:12:45:35 -0700] "GET /2025/09/celebrating-jim-mcneely-and-his-music/?loknya=/home/rreid HTTP/1.1" 200 106161 "-" "Mozilla/5.0 (compatible; MJ12bot/v1.4.8; http://mj12bot.com/)"
57.141.0.64 - - [22/Apr/2026:12:45:37 -0700] "GET /event/rufus-reid-guest-artist-vancouver-island-university/?lokasie=/lib/firmware/8E87-1-C.bin&loknya=/lib/firmware HTTP/1.1" 429 17 "-" "meta-externalagent/1.1 (+https://developers.facebook.com/docs/sharing/webmasters/crawler)"
216.73.216.166 - - [22/Apr/2026:12:45:42 -0700] "GET /music/passing-thoughts/?lokasie=%2Fhome%2Frreid%2Fpublic_html%2Frobots.txt&loknya=%2Fhome%2Frreid%2Fpublic_html HTTP/1.1" 200 52348 "-" "Mozilla/5.0 AppleWebKit/537.36 (KHTML, like Gecko; compatible; ClaudeBot/1.0; +claudebot@anthropic.com)"
216.73.216.166 - - [22/Apr/2026:12:45:57 -0700] "GET /music/passing-thoughts/?lokasie=%2Fhome%2Frreid%2Fpublic_html%2Flogo-imh.svg&loknya=%2Fhome%2Frreid%2Fpublic_html HTTP/1.1" 200 63766 "-" "Mozilla/5.0 AppleWebKit/537.36 (KHTML, like Gecko; compatible; ClaudeBot/1.0; +claudebot@anthropic.com)"
217.182.194.45 - - [22/Apr/2026:12:45:58 -0700] "GET /2025/09/celebrating-jim-mcneely-and-his-music/?loknya=/home/rreid/ HTTP/1.1" 200 106297 "-" "Mozilla/5.0 (compatible; MJ12bot/v1.4.8; http://mj12bot.com/)"
217.182.194.45 - - [22/Apr/2026:12:46:20 -0700] "GET /2025/09/celebrating-jim-mcneely-and-his-music/?loknya=/home/rreid/public_html HTTP/1.1" 200 80489 "-" "Mozilla/5.0 (compatible; MJ12bot/v1.4.8; http://mj12bot.com/)"
74.7.227.10 - - [22/Apr/2026:12:46:32 -0700] "GET /?lokasie=/lib64/libXau.so.6&loknya=/lib64 HTTP/1.1" 301 - "https://rufusreid.com/?loknya=/lib64" "Mozilla/5.0 AppleWebKit/537.36 (KHTML, like Gecko; compatible; GPTBot/1.3; +https://openai.com/gptbot)"
74.7.227.10 - - [22/Apr/2026:12:46:33 -0700] "GET /?lokasie=%2Flib64%2FlibXau.so.6&loknya=%2Flib64 HTTP/1.1" 429 17 "https://rufusreid.com/?lokasie=/lib64/libXau.so.6&loknya=/lib64" "Mozilla/5.0 AppleWebKit/537.36 (KHTML, like Gecko; compatible; GPTBot/1.3; +https://openai.com/gptbot)"
217.182.194.45 - - [22/Apr/2026:12:46:42 -0700] "GET /2025/09/celebrating-jim-mcneely-and-his-music/?loknya=/home/rreid/public_html/.well-known HTTP/1.1" 200 53722 "-" "Mozilla/5.0 (compatible; MJ12bot/v1.4.8; http://mj12bot.com/)"
57.141.0.43 - - [22/Apr/2026:12:46:44 -0700] "GET /event/rufus-reid-guest-artist-vancouver-island-university/?lokasie=/lib/firmware/dvb-usb-terratec-h5-drxk.fw&loknya=/lib/firmware HTTP/1.1" 429 17 "-" "meta-externalagent/1.1 (+https://developers.facebook.com/docs/sharing/webmasters/crawler)"
217.182.194.45 - - [22/Apr/2026:12:47:04 -0700] "GET /2025/09/celebrating-jim-mcneely-and-his-music/?loknya=/home/rreid/public_html/cgi-bin HTTP/1.1" 200 51407 "-" "Mozilla/5.0 (compatible; MJ12bot/v1.4.8; http://mj12bot.com/)"
217.182.194.45 - - [22/Apr/2026:12:47:27 -0700] "GET /2025/09/celebrating-jim-mcneely-and-his-music/?loknya=/home/rreid/public_html/cms22 HTTP/1.1" 200 85164 "-" "Mozilla/5.0 (compatible; MJ12bot/v1.4.8; http://mj12bot.com/)"
74.7.227.10 - - [22/Apr/2026:12:47:34 -0700] "GET /?lokasie=/lib64/libtdsS.so.2&loknya=/lib64 HTTP/1.1" 301 - "https://rufusreid.com/?loknya=/lib64" "Mozilla/5.0 AppleWebKit/537.36 (KHTML, like Gecko; compatible; GPTBot/1.3; +https://openai.com/gptbot)"
74.7.227.10 - - [22/Apr/2026:12:47:35 -0700] "GET /?lokasie=%2Flib64%2FlibtdsS.so.2&loknya=%2Flib64 HTTP/1.1" 429 17 "https://rufusreid.com/?lokasie=/lib64/libtdsS.so.2&loknya=/lib64" "Mozilla/5.0 AppleWebKit/537.36 (KHTML, like Gecko; compatible; GPTBot/1.3; +https://openai.com/gptbot)"
217.182.194.45 - - [22/Apr/2026:12:47:49 -0700] "GET /2025/09/celebrating-jim-mcneely-and-his-music/?loknya=/home/rreid/public_html/downloads HTTP/1.1" 200 109305 "-" "Mozilla/5.0 (compatible; MJ12bot/v1.4.8; http://mj12bot.com/)"
57.141.0.51 - - [22/Apr/2026:12:47:51 -0700] "GET /event/rufus-reid-guest-artist-vancouver-island-university/?lokasie=/lib/firmware/8EF5-0-9.bin&loknya=/lib/firmware HTTP/1.1" 429 17 "-" "meta-externalagent/1.1 (+https://developers.facebook.com/docs/sharing/webmasters/crawler)"
217.182.194.45 - - [22/Apr/2026:12:48:11 -0700] "GET /?loknya=/home/ HTTP/1.1" 301 - "-" "Mozilla/5.0 (compatible; MJ12bot/v1.4.8; http://mj12bot.com/)"
217.182.194.45 - - [22/Apr/2026:12:48:33 -0700] "GET /?loknya=%2Fhome%2F HTTP/1.1" 200 147513 "-" "Mozilla/5.0 (compatible; MJ12bot/v1.4.8; http://mj12bot.com/)"
74.7.227.10 - - [22/Apr/2026:12:48:37 -0700] "GET /?lokasie=/lib64/libkdb5.so.10&loknya=/lib64 HTTP/1.1" 301 - "https://rufusreid.com/?loknya=/lib64" "Mozilla/5.0 AppleWebKit/537.36 (KHTML, like Gecko; compatible; GPTBot/1.3; +https://openai.com/gptbot)"
74.7.227.10 - - [22/Apr/2026:12:48:38 -0700] "GET /?lokasie=%2Flib64%2Flibkdb5.so.10&loknya=%2Flib64 HTTP/1.1" 429 17 "https://rufusreid.com/?lokasie=/lib64/libkdb5.so.10&loknya=/lib64" "Mozilla/5.0 AppleWebKit/537.36 (KHTML, like Gecko; compatible; GPTBot/1.3; +https://openai.com/gptbot)"
217.182.194.45 - - [22/Apr/2026:12:48:55 -0700] "GET /?loknya=/home/rreid/.caldav HTTP/1.1" 301 - "-" "Mozilla/5.0 (compatible; MJ12bot/v1.4.8; http://mj12bot.com/)"
57.141.0.15 - - [22/Apr/2026:12:48:58 -0700] "GET /event/rufus-reid-guest-artist-vancouver-island-university/?loknya=/lib/firmware/airoha HTTP/1.1" 429 17 "-" "meta-externalagent/1.1 (+https://developers.facebook.com/docs/sharing/webmasters/crawler)"
43.166.226.57 - - [22/Apr/2026:12:49:00 -0700] "GET /about/educator/?lokasie=/home/rreid/public_html/php.ini.ea3.bak&loknya=/home/rreid/public_html HTTP/1.1" 200 88928 "-" "Mozilla/5.0 (iPhone; CPU iPhone OS 13_2_3 like Mac OS X) AppleWebKit/605.1.15 (KHTML, like Gecko) Version/13.0.3 Mobile/15E148 Safari/604.1"
217.182.194.45 - - [22/Apr/2026:12:49:17 -0700] "GET /?loknya=%2Fhome%2Frreid%2F.caldav HTTP/1.1" 200 56732 "-" "Mozilla/5.0 (compatible; MJ12bot/v1.4.8; http://mj12bot.com/)"
49.13.167.123 - - [22/Apr/2026:12:49:22 -0700] "HEAD / HTTP/1.1" 200 - "http://rufusreid.com" "Mozilla/5.0+(compatible; UptimeRobot/2.0; http://www.uptimerobot.com/)"
217.182.194.45 - - [22/Apr/2026:12:49:39 -0700] "GET /?loknya=/home/rreid/.cpanel HTTP/1.1" 301 - "-" "Mozilla/5.0 (compatible; MJ12bot/v1.4.8; http://mj12bot.com/)"
74.7.227.10 - - [22/Apr/2026:12:49:41 -0700] "GET /?lokasie=/lib64/libirs.so.161&loknya=/lib64 HTTP/1.1" 301 - "https://rufusreid.com/?loknya=/lib64" "Mozilla/5.0 AppleWebKit/537.36 (KHTML, like Gecko; compatible; GPTBot/1.3; +https://openai.com/gptbot)"
74.7.227.10 - - [22/Apr/2026:12:49:42 -0700] "GET /?lokasie=%2Flib64%2Flibirs.so.161&loknya=%2Flib64 HTTP/1.1" 200 54448 "https://rufusreid.com/?lokasie=/lib64/libirs.so.161&loknya=/lib64" "Mozilla/5.0 AppleWebKit/537.36 (KHTML, like Gecko; compatible; GPTBot/1.3; +https://openai.com/gptbot)"
217.182.194.45 - - [22/Apr/2026:12:50:01 -0700] "GET /?loknya=%2Fhome%2Frreid%2F.cpanel HTTP/1.1" 200 71667 "-" "Mozilla/5.0 (compatible; MJ12bot/v1.4.8; http://mj12bot.com/)"
57.141.0.61 - - [22/Apr/2026:12:50:04 -0700] "GET /event/rufus-reid-guest-artist-vancouver-island-university/?lokasie=/lib/firmware/TAS2XXX103C8DE8-1.bin&loknya=/lib/firmware HTTP/1.1" 429 17 "-" "meta-externalagent/1.1 (+https://developers.facebook.com/docs/sharing/webmasters/crawler)"
217.182.194.45 - - [22/Apr/2026:12:50:23 -0700] "GET /?loknya=/home/rreid/.cphorde HTTP/1.1" 301 - "-" "Mozilla/5.0 (compatible; MJ12bot/v1.4.8; http://mj12bot.com/)"
74.7.227.10 - - [22/Apr/2026:12:50:41 -0700] "GET /?lokasie=/lib64/libp11.so.3&loknya=/lib64 HTTP/1.1" 301 - "https://rufusreid.com/?loknya=/lib64" "Mozilla/5.0 AppleWebKit/537.36 (KHTML, like Gecko; compatible; GPTBot/1.3; +https://openai.com/gptbot)"
74.7.227.10 - - [22/Apr/2026:12:50:42 -0700] "GET /?lokasie=%2Flib64%2Flibp11.so.3&loknya=%2Flib64 HTTP/1.1" 200 54446 "https://rufusreid.com/?lokasie=/lib64/libp11.so.3&loknya=/lib64" "Mozilla/5.0 AppleWebKit/537.36 (KHTML, like Gecko; compatible; GPTBot/1.3; +https://openai.com/gptbot)"
217.182.194.45 - - [22/Apr/2026:12:50:45 -0700] "GET /?loknya=%2Fhome%2Frreid%2F.cphorde HTTP/1.1" 200 61918 "-" "Mozilla/5.0 (compatible; MJ12bot/v1.4.8; http://mj12bot.com/)"
217.182.194.45 - - [22/Apr/2026:12:51:07 -0700] "GET /?loknya=/home/rreid/.htpasswds HTTP/1.1" 301 - "-" "Mozilla/5.0 (compatible; MJ12bot/v1.4.8; http://mj12bot.com/)"
57.141.0.12 - - [22/Apr/2026:12:51:11 -0700] "GET /event/rufus-reid-guest-artist-vancouver-island-university/?lokasie=/lib/firmware/iwlwifi-so-a0-gf-a0-83.ucode&loknya=/lib/firmware HTTP/1.1" 429 17 "-" "meta-externalagent/1.1 (+https://developers.facebook.com/docs/sharing/webmasters/crawler)"
217.182.194.45 - - [22/Apr/2026:12:51:29 -0700] "GET /?loknya=%2Fhome%2Frreid%2F.htpasswds HTTP/1.1" 200 56782 "-" "Mozilla/5.0 (compatible; MJ12bot/v1.4.8; http://mj12bot.com/)"
46.48.64.226 - - [22/Apr/2026:12:51:31 -0700] "GET / HTTP/1.0" 200 84857 "https://rufusreid.com/" "Mozilla/5.0 (Windows NT 10.0; Win64; x64) AppleWebKit/537.36 (KHTML, like Gecko) Chrome/131.0.0.0 Safari/537.36 Avast/131.0.0.0"
74.7.227.10 - - [22/Apr/2026:12:51:39 -0700] "GET /?lokasie=/lib64/libtdsS.so&loknya=/lib64 HTTP/1.1" 301 - "https://rufusreid.com/?loknya=/lib64" "Mozilla/5.0 AppleWebKit/537.36 (KHTML, like Gecko; compatible; GPTBot/1.3; +https://openai.com/gptbot)"
74.7.227.10 - - [22/Apr/2026:12:51:39 -0700] "GET /?lokasie=%2Flib64%2FlibtdsS.so&loknya=%2Flib64 HTTP/1.1" 429 17 "https://rufusreid.com/?lokasie=/lib64/libtdsS.so&loknya=/lib64" "Mozilla/5.0 AppleWebKit/537.36 (KHTML, like Gecko; compatible; GPTBot/1.3; +https://openai.com/gptbot)"
217.182.194.45 - - [22/Apr/2026:12:51:51 -0700] "GET /?loknya=/home/rreid/.imh HTTP/1.1" 301 - "-" "Mozilla/5.0 (compatible; MJ12bot/v1.4.8; http://mj12bot.com/)"
217.182.194.45 - - [22/Apr/2026:12:52:13 -0700] "GET /?loknya=%2Fhome%2Frreid%2F.imh HTTP/1.1" 200 59606 "-" "Mozilla/5.0 (compatible; MJ12bot/v1.4.8; http://mj12bot.com/)"
57.141.0.61 - - [22/Apr/2026:12:52:18 -0700] "GET /event/rufus-reid-guest-artist-vancouver-island-university/?lokasie=/lib/firmware/iwlwifi-6050-5.ucode&loknya=/lib/firmware HTTP/1.1" 429 17 "-" "meta-externalagent/1.1 (+https://developers.facebook.com/docs/sharing/webmasters/crawler)"
74.7.227.10 - - [22/Apr/2026:12:52:31 -0700] "GET /?lokasie=/lib64/libcc1.so&loknya=/lib64 HTTP/1.1" 301 - "https://rufusreid.com/?loknya=/lib64" "Mozilla/5.0 AppleWebKit/537.36 (KHTML, like Gecko; compatible; GPTBot/1.3; +https://openai.com/gptbot)"
74.7.227.10 - - [22/Apr/2026:12:52:32 -0700] "GET /?lokasie=%2Flib64%2Flibcc1.so&loknya=%2Flib64 HTTP/1.1" 429 17 "https://rufusreid.com/?lokasie=/lib64/libcc1.so&loknya=/lib64" "Mozilla/5.0 AppleWebKit/537.36 (KHTML, like Gecko; compatible; GPTBot/1.3; +https://openai.com/gptbot)"
217.182.194.45 - - [22/Apr/2026:12:52:35 -0700] "GET /?loknya=/home/rreid/.koality HTTP/1.1" 301 - "-" "Mozilla/5.0 (compatible; MJ12bot/v1.4.8; http://mj12bot.com/)"
217.182.194.45 - - [22/Apr/2026:12:52:57 -0700] "GET /?loknya=%2Fhome%2Frreid%2F.koality HTTP/1.1" 200 55673 "-" "Mozilla/5.0 (compatible; MJ12bot/v1.4.8; http://mj12bot.com/)"
217.182.194.45 - - [22/Apr/2026:12:53:20 -0700] "GET /?loknya=/home/rreid/.softaculous HTTP/1.1" 301 - "-" "Mozilla/5.0 (compatible; MJ12bot/v1.4.8; http://mj12bot.com/)"
57.141.0.61 - - [22/Apr/2026:12:53:24 -0700] "GET /event/rufus-reid-guest-artist-vancouver-island-university/?lokasie=/lib/firmware/s5p-mfc-v8.fw&loknya=/lib/firmware HTTP/1.1" 429 17 "-" "meta-externalagent/1.1 (+https://developers.facebook.com/docs/sharing/webmasters/crawler)"
205.237.111.132 - - [22/Apr/2026:12:53:29 -0700] "GET / HTTP/1.1" 200 84860 "http://rufusreid.com" "Mozilla/5.0 (X11; Linux x86_64; rv:149.0) Gecko/20100101 Firefox/149.0"
205.237.111.132 - - [22/Apr/2026:12:53:31 -0700] "GET /wp-login.php?action=register HTTP/1.1" 404 81943 "https://rufusreid.com/" "Mozilla/5.0 (Windows NT 6.3; Win64; x64) AppleWebKit/537.36 (KHTML, like Gecko) Chrome/103.0.0.0 Safari/537.36"
205.237.111.132 - - [22/Apr/2026:12:53:33 -0700] "GET /wp-login.php?action=register HTTP/1.1" 404 81943 "https://rufusreid.com/wp-login.php?action=register" "Mozilla/5.0 (Windows NT 6.3; Win64; x64) AppleWebKit/537.36 (KHTML, like Gecko) Chrome/103.0.0.0 Safari/537.36"
74.7.227.10 - - [22/Apr/2026:12:53:36 -0700] "GET /?lokasie=/lib64/libe2p.so&loknya=/lib64 HTTP/1.1" 301 - "https://rufusreid.com/?loknya=/lib64" "Mozilla/5.0 AppleWebKit/537.36 (KHTML, like Gecko; compatible; GPTBot/1.3; +https://openai.com/gptbot)"
74.7.227.10 - - [22/Apr/2026:12:53:37 -0700] "GET /?lokasie=%2Flib64%2Flibe2p.so&loknya=%2Flib64 HTTP/1.1" 429 17 "https://rufusreid.com/?lokasie=/lib64/libe2p.so&loknya=/lib64" "Mozilla/5.0 AppleWebKit/537.36 (KHTML, like Gecko; compatible; GPTBot/1.3; +https://openai.com/gptbot)"
217.182.194.45 - - [22/Apr/2026:12:53:42 -0700] "GET /?loknya=%2Fhome%2Frreid%2F.softaculous HTTP/1.1" 200 61641 "-" "Mozilla/5.0 (compatible; MJ12bot/v1.4.8; http://mj12bot.com/)"
217.182.194.45 - - [22/Apr/2026:12:54:04 -0700] "GET /?loknya=/home/rreid/.spamassassin HTTP/1.1" 301 - "-" "Mozilla/5.0 (compatible; MJ12bot/v1.4.8; http://mj12bot.com/)"
217.182.194.45 - - [22/Apr/2026:12:54:26 -0700] "GET /?loknya=%2Fhome%2Frreid%2F.spamassassin HTTP/1.1" 200 57060 "-" "Mozilla/5.0 (compatible; MJ12bot/v1.4.8; http://mj12bot.com/)"
78.47.98.55 - - [22/Apr/2026:12:54:28 -0700] "HEAD / HTTP/1.1" 200 - "http://rufusreid.com" "Mozilla/5.0+(compatible; UptimeRobot/2.0; http://www.uptimerobot.com/)"
57.141.0.42 - - [22/Apr/2026:12:54:30 -0700] "GET /event/rufus-reid-guest-artist-vancouver-island-university/?lokasie=/lib/firmware/iwlwifi-so-a0-gf4-a0-72.ucode&loknya=/lib/firmware HTTP/1.1" 429 17 "-" "meta-externalagent/1.1 (+https://developers.facebook.com/docs/sharing/webmasters/crawler)"
74.7.227.10 - - [22/Apr/2026:12:54:39 -0700] "GET /?lokasie=/lib64/libwebpmux.so&loknya=/lib64 HTTP/1.1" 301 - "https://rufusreid.com/?loknya=/lib64" "Mozilla/5.0 AppleWebKit/537.36 (KHTML, like Gecko; compatible; GPTBot/1.3; +https://openai.com/gptbot)"
74.7.227.10 - - [22/Apr/2026:12:54:40 -0700] "GET /?lokasie=%2Flib64%2Flibwebpmux.so&loknya=%2Flib64 HTTP/1.1" 429 17 "https://rufusreid.com/?lokasie=/lib64/libwebpmux.so&loknya=/lib64" "Mozilla/5.0 AppleWebKit/537.36 (KHTML, like Gecko; compatible; GPTBot/1.3; +https://openai.com/gptbot)"
217.182.194.45 - - [22/Apr/2026:12:54:48 -0700] "GET /?loknya=/home/rreid/.sqmailattach HTTP/1.1" 301 - "-" "Mozilla/5.0 (compatible; MJ12bot/v1.4.8; http://mj12bot.com/)"
23.235.221.107 - - [22/Apr/2026:12:55:11 -0700] "POST /cms22/wp-cron.php?doing_wp_cron=1776887711.2286379337310791015625 HTTP/1.1" 200 - "https://rufusreid.com/cms22/wp-cron.php?doing_wp_cron=1776887711.2286379337310791015625" "WordPress/6.0.11; https://rufusreid.com"
217.182.194.45 - - [22/Apr/2026:12:55:10 -0700] "GET /?loknya=%2Fhome%2Frreid%2F.sqmailattach HTTP/1.1" 200 55693 "-" "Mozilla/5.0 (compatible; MJ12bot/v1.4.8; http://mj12bot.com/)"
217.182.194.45 - - [22/Apr/2026:12:55:33 -0700] "GET /?loknya=/home/rreid/.sqmaildata HTTP/1.1" 301 - "-" "Mozilla/5.0 (compatible; MJ12bot/v1.4.8; http://mj12bot.com/)"
57.141.0.16 - - [22/Apr/2026:12:55:38 -0700] "GET /event/rufus-reid-guest-artist-vancouver-island-university/?lokasie=/lib/firmware/iwlwifi-9260-th-b0-jf-b0-46.ucode&loknya=/lib/firmware HTTP/1.1" 429 17 "-" "meta-externalagent/1.1 (+https://developers.facebook.com/docs/sharing/webmasters/crawler)"
74.7.227.10 - - [22/Apr/2026:12:55:40 -0700] "GET /?lokasie=/lib64/libtermcap.so&loknya=/lib64 HTTP/1.1" 301 - "https://rufusreid.com/?loknya=/lib64" "Mozilla/5.0 AppleWebKit/537.36 (KHTML, like Gecko; compatible; GPTBot/1.3; +https://openai.com/gptbot)"
74.7.227.10 - - [22/Apr/2026:12:55:41 -0700] "GET /?lokasie=%2Flib64%2Flibtermcap.so&loknya=%2Flib64 HTTP/1.1" 429 17 "https://rufusreid.com/?lokasie=/lib64/libtermcap.so&loknya=/lib64" "Mozilla/5.0 AppleWebKit/537.36 (KHTML, like Gecko; compatible; GPTBot/1.3; +https://openai.com/gptbot)"
217.182.194.45 - - [22/Apr/2026:12:55:55 -0700] "GET /?loknya=%2Fhome%2Frreid%2F.sqmaildata HTTP/1.1" 200 57100 "-" "Mozilla/5.0 (compatible; MJ12bot/v1.4.8; http://mj12bot.com/)"
217.182.194.45 - - [22/Apr/2026:12:56:17 -0700] "GET /?loknya=/home/rreid/.ssh HTTP/1.1" 301 - "-" "Mozilla/5.0 (compatible; MJ12bot/v1.4.8; http://mj12bot.com/)"
217.182.194.45 - - [22/Apr/2026:12:56:39 -0700] "GET /?loknya=%2Fhome%2Frreid%2F.ssh HTTP/1.1" 200 56710 "-" "Mozilla/5.0 (compatible; MJ12bot/v1.4.8; http://mj12bot.com/)"
57.141.0.68 - - [22/Apr/2026:12:56:44 -0700] "GET /event/rufus-reid-guest-artist-vancouver-island-university/?lokasie=/lib/firmware/iwlwifi-so-a0-gf4-a0-78.ucode&loknya=/lib/firmware HTTP/1.1" 200 48992 "-" "meta-externalagent/1.1 (+https://developers.facebook.com/docs/sharing/webmasters/crawler)"
74.7.227.10 - - [22/Apr/2026:12:56:44 -0700] "GET /?lokasie=/lib64/libpthread.so&loknya=/lib64 HTTP/1.1" 301 - "https://rufusreid.com/?loknya=/lib64" "Mozilla/5.0 AppleWebKit/537.36 (KHTML, like Gecko; compatible; GPTBot/1.3; +https://openai.com/gptbot)"
74.7.227.10 - - [22/Apr/2026:12:56:45 -0700] "GET /?lokasie=%2Flib64%2Flibpthread.so&loknya=%2Flib64 HTTP/1.1" 200 54448 "https://rufusreid.com/?lokasie=/lib64/libpthread.so&loknya=/lib64" "Mozilla/5.0 AppleWebKit/537.36 (KHTML, like Gecko; compatible; GPTBot/1.3; +https://openai.com/gptbot)"
66.249.70.201 - - [22/Apr/2026:12:56:57 -0700] "GET /cms/wp-content/uploads/2011/11/DREAMSCAPES-PDF-SAMPLE.pdf HTTP/1.1" 404 81941 "-" "Googlebot/2.1 (+http://www.google.com/bot.html)"
217.182.194.45 - - [22/Apr/2026:12:57:01 -0700] "GET /?loknya=/home/rreid/.subaccounts HTTP/1.1" 301 - "-" "Mozilla/5.0 (compatible; MJ12bot/v1.4.8; http://mj12bot.com/)"
217.182.194.45 - - [22/Apr/2026:12:57:23 -0700] "GET /?loknya=%2Fhome%2Frreid%2F.subaccounts HTTP/1.1" 200 57068 "-" "Mozilla/5.0 (compatible; MJ12bot/v1.4.8; http://mj12bot.com/)"
217.182.194.45 - - [22/Apr/2026:12:57:45 -0700] "GET /?loknya=/home/rreid/.trash HTTP/1.1" 301 - "-" "Mozilla/5.0 (compatible; MJ12bot/v1.4.8; http://mj12bot.com/)"
74.7.227.10 - - [22/Apr/2026:12:57:50 -0700] "GET /?lokasie=/lib64/libgcrypt.so&loknya=/lib64 HTTP/1.1" 301 - "https://rufusreid.com/?loknya=/lib64" "Mozilla/5.0 AppleWebKit/537.36 (KHTML, like Gecko; compatible; GPTBot/1.3; +https://openai.com/gptbot)"
74.7.227.10 - - [22/Apr/2026:12:57:51 -0700] "GET /?lokasie=%2Flib64%2Flibgcrypt.so&loknya=%2Flib64 HTTP/1.1" 200 54447 "https://rufusreid.com/?lokasie=/lib64/libgcrypt.so&loknya=/lib64" "Mozilla/5.0 AppleWebKit/537.36 (KHTML, like Gecko; compatible; GPTBot/1.3; +https://openai.com/gptbot)"
57.141.0.2 - - [22/Apr/2026:12:57:51 -0700] "GET /event/rufus-reid-guest-artist-vancouver-island-university/?lokasie=/home//0_README_BEFORE_DELETING_VIRTFS&loknya=/home/ HTTP/1.1" 200 49473 "-" "meta-externalagent/1.1 (+https://developers.facebook.com/docs/sharing/webmasters/crawler)"
14.161.231.81 - - [22/Apr/2026:12:57:54 -0700] "GET /scores-sheet-music/its-the-nights-i-like/ HTTP/1.1" 200 78957 "-" "Mozilla/5.0 (Windows NT 10.0; Win64; x64) AppleWebKit/537.36 (KHTML, like Gecko) Brave Chrome/86.0.4240.99 Safari/537.36"
217.182.194.45 - - [22/Apr/2026:12:58:07 -0700] "GET /?loknya=%2Fhome%2Frreid%2F.trash HTTP/1.1" 200 58080 "-" "Mozilla/5.0 (compatible; MJ12bot/v1.4.8; http://mj12bot.com/)"
217.182.194.45 - - [22/Apr/2026:12:58:29 -0700] "GET /?loknya=/home/rreid/.wp-cli HTTP/1.1" 301 - "-" "Mozilla/5.0 (compatible; MJ12bot/v1.4.8; http://mj12bot.com/)"
57.141.0.45 - - [22/Apr/2026:12:58:31 -0700] "GET /event/rufus-reid-guest-artist-vancouver-island-university/?lokasie=/lib/firmware/TAS2XXX38FD.bin&loknya=/lib/firmware HTTP/1.1" 200 48978 "-" "meta-externalagent/1.1 (+https://developers.facebook.com/docs/sharing/webmasters/crawler)"
43.153.7.191 - - [22/Apr/2026:12:58:43 -0700] "GET /?loknya=/home/rreid/public_html/.well-known/pki-validation HTTP/1.1" 301 - "-" "Mozilla/5.0 (iPhone; CPU iPhone OS 13_2_3 like Mac OS X) AppleWebKit/605.1.15 (KHTML, like Gecko) Version/13.0.3 Mobile/15E148 Safari/604.1"
43.153.7.191 - - [22/Apr/2026:12:58:47 -0700] "GET /?loknya=%2Fhome%2Frreid%2Fpublic_html%2F.well-known%2Fpki-validation HTTP/1.1" 200 55919 "https://rufusreid.com/?loknya=/home/rreid/public_html/.well-known/pki-validation" "Mozilla/5.0 (iPhone; CPU iPhone OS 13_2_3 like Mac OS X) AppleWebKit/605.1.15 (KHTML, like Gecko) Version/13.0.3 Mobile/15E148 Safari/604.1"
74.7.227.10 - - [22/Apr/2026:12:58:48 -0700] "GET /?lokasie=/lib64/libX11.so.6&loknya=/lib64 HTTP/1.1" 301 - "https://rufusreid.com/?loknya=/lib64" "Mozilla/5.0 AppleWebKit/537.36 (KHTML, like Gecko; compatible; GPTBot/1.3; +https://openai.com/gptbot)"
74.7.227.10 - - [22/Apr/2026:12:58:49 -0700] "GET /?lokasie=%2Flib64%2FlibX11.so.6&loknya=%2Flib64 HTTP/1.1" 200 54446 "https://rufusreid.com/?lokasie=/lib64/libX11.so.6&loknya=/lib64" "Mozilla/5.0 AppleWebKit/537.36 (KHTML, like Gecko; compatible; GPTBot/1.3; +https://openai.com/gptbot)"
217.182.194.45 - - [22/Apr/2026:12:58:51 -0700] "GET /?loknya=%2Fhome%2Frreid%2F.wp-cli HTTP/1.1" 200 56734 "-" "Mozilla/5.0 (compatible; MJ12bot/v1.4.8; http://mj12bot.com/)"
57.141.0.59 - - [22/Apr/2026:12:59:00 -0700] "GET /event/rufus-reid-guest-artist-vancouver-island-university/?lokasie=/lib/firmware/TAS2XXX38E0.bin&loknya=/lib/firmware HTTP/1.1" 200 48978 "-" "meta-externalagent/1.1 (+https://developers.facebook.com/docs/sharing/webmasters/crawler)"
