74.7.227.10 - - [22/Apr/2026:11:01:28 -0700] "GET /?lokasie=/lib64/libverto.so.1&loknya=/lib64 HTTP/1.1" 301 - "https://rufusreid.com/?loknya=/lib64" "Mozilla/5.0 AppleWebKit/537.36 (KHTML, like Gecko; compatible; GPTBot/1.3; +https://openai.com/gptbot)"
74.7.227.10 - - [22/Apr/2026:11:01:29 -0700] "GET /?lokasie=%2Flib64%2Flibverto.so.1&loknya=%2Flib64 HTTP/1.1" 429 17 "https://rufusreid.com/?lokasie=/lib64/libverto.so.1&loknya=/lib64" "Mozilla/5.0 AppleWebKit/537.36 (KHTML, like Gecko; compatible; GPTBot/1.3; +https://openai.com/gptbot)"
51.68.34.57 - - [22/Apr/2026:11:01:51 -0700] "GET /contact/?lokasie=/home/rreid/public_html/favicon.ico&loknya=/home/rreid/public_html HTTP/1.1" 200 58723 "-" "Mozilla/5.0 (compatible; MJ12bot/v1.4.8; http://mj12bot.com/)"
49.13.134.145 - - [22/Apr/2026:11:02:01 -0700] "HEAD / HTTP/1.1" 200 - "http://rufusreid.com" "Mozilla/5.0+(compatible; UptimeRobot/2.0; http://www.uptimerobot.com/)"
51.68.34.57 - - [22/Apr/2026:11:02:15 -0700] "GET /contact/?lokasie=/home/rreid/public_html/googlehostedservice.html&loknya=/home/rreid/public_html HTTP/1.1" 200 58977 "-" "Mozilla/5.0 (compatible; MJ12bot/v1.4.8; http://mj12bot.com/)"
74.7.227.10 - - [22/Apr/2026:11:02:32 -0700] "GET /?lokasie=/lib64/libjson-c.so&loknya=/lib64 HTTP/1.1" 301 - "https://rufusreid.com/?loknya=/lib64" "Mozilla/5.0 AppleWebKit/537.36 (KHTML, like Gecko; compatible; GPTBot/1.3; +https://openai.com/gptbot)"
74.7.227.10 - - [22/Apr/2026:11:02:33 -0700] "GET /?lokasie=%2Flib64%2Flibjson-c.so&loknya=%2Flib64 HTTP/1.1" 429 17 "https://rufusreid.com/?lokasie=/lib64/libjson-c.so&loknya=/lib64" "Mozilla/5.0 AppleWebKit/537.36 (KHTML, like Gecko; compatible; GPTBot/1.3; +https://openai.com/gptbot)"
23.235.221.107 - - [22/Apr/2026:11:02:40 -0700] "POST /cms22/wp-cron.php?doing_wp_cron=1776880960.9800939559936523437500 HTTP/1.1" 200 - "https://rufusreid.com/cms22/wp-cron.php?doing_wp_cron=1776880960.9800939559936523437500" "WordPress/6.0.11; https://rufusreid.com"
51.68.34.57 - - [22/Apr/2026:11:02:40 -0700] "GET /contact/?lokasie=/home/rreid/public_html/index.php&loknya=/home/rreid/public_html HTTP/1.1" 200 59133 "-" "Mozilla/5.0 (compatible; MJ12bot/v1.4.8; http://mj12bot.com/)"
51.68.34.57 - - [22/Apr/2026:11:03:05 -0700] "GET /contact/?lokasie=/home/rreid/public_html/logo-imh.svg&loknya=/home/rreid/public_html HTTP/1.1" 200 70060 "-" "Mozilla/5.0 (compatible; MJ12bot/v1.4.8; http://mj12bot.com/)"
51.68.34.57 - - [22/Apr/2026:11:03:28 -0700] "GET /contact/?lokasie=/home/rreid/public_html/old-wordpress.zip&loknya=/home/rreid/public_html HTTP/1.1" 500 59032 "-" "Mozilla/5.0 (compatible; MJ12bot/v1.4.8; http://mj12bot.com/)"
74.7.227.10 - - [22/Apr/2026:11:03:37 -0700] "GET /?lokasie=/lib64/libgif.so.7&loknya=/lib64 HTTP/1.1" 301 - "https://rufusreid.com/?loknya=/lib64" "Mozilla/5.0 AppleWebKit/537.36 (KHTML, like Gecko; compatible; GPTBot/1.3; +https://openai.com/gptbot)"
74.7.227.10 - - [22/Apr/2026:11:03:38 -0700] "GET /?lokasie=%2Flib64%2Flibgif.so.7&loknya=%2Flib64 HTTP/1.1" 429 17 "https://rufusreid.com/?lokasie=/lib64/libgif.so.7&loknya=/lib64" "Mozilla/5.0 AppleWebKit/537.36 (KHTML, like Gecko; compatible; GPTBot/1.3; +https://openai.com/gptbot)"
51.68.34.57 - - [22/Apr/2026:11:03:51 -0700] "GET /contact/?lokasie=/home/rreid/public_html/php.ini&loknya=/home/rreid/public_html HTTP/1.1" 200 59401 "-" "Mozilla/5.0 (compatible; MJ12bot/v1.4.8; http://mj12bot.com/)"
51.68.34.57 - - [22/Apr/2026:11:04:14 -0700] "GET /contact/?lokasie=/home/rreid/public_html/php.ini.bak.2018-04-15&loknya=/home/rreid/public_html HTTP/1.1" 200 65298 "-" "Mozilla/5.0 (compatible; MJ12bot/v1.4.8; http://mj12bot.com/)"
43.130.102.7 - - [22/Apr/2026:11:04:33 -0700] "GET / HTTP/1.1" 200 84857 "http://rufusreid.com" "Mozilla/5.0 (iPhone; CPU iPhone OS 13_2_3 like Mac OS X) AppleWebKit/605.1.15 (KHTML, like Gecko) Version/13.0.3 Mobile/15E148 Safari/604.1"
51.68.34.57 - - [22/Apr/2026:11:04:37 -0700] "GET /contact/?lokasie=/home/rreid/public_html/php.ini.ea3.bak&loknya=/home/rreid/public_html HTTP/1.1" 200 97396 "-" "Mozilla/5.0 (compatible; MJ12bot/v1.4.8; http://mj12bot.com/)"
74.7.227.10 - - [22/Apr/2026:11:04:43 -0700] "GET /?lokasie=/lib64/libzstd.so.1&loknya=/lib64 HTTP/1.1" 301 - "https://rufusreid.com/?loknya=/lib64" "Mozilla/5.0 AppleWebKit/537.36 (KHTML, like Gecko; compatible; GPTBot/1.3; +https://openai.com/gptbot)"
74.7.227.10 - - [22/Apr/2026:11:04:43 -0700] "GET /?lokasie=%2Flib64%2Flibzstd.so.1&loknya=%2Flib64 HTTP/1.1" 200 54447 "https://rufusreid.com/?lokasie=/lib64/libzstd.so.1&loknya=/lib64" "Mozilla/5.0 AppleWebKit/537.36 (KHTML, like Gecko; compatible; GPTBot/1.3; +https://openai.com/gptbot)"
51.68.34.57 - - [22/Apr/2026:11:05:00 -0700] "GET /contact/?lokasie=/home/rreid/public_html/phpinfo.php&loknya=/home/rreid/public_html HTTP/1.1" 200 58751 "-" "Mozilla/5.0 (compatible; MJ12bot/v1.4.8; http://mj12bot.com/)"
51.68.34.57 - - [22/Apr/2026:11:05:22 -0700] "GET /contact/?lokasie=/home/rreid/public_html/robots.txt&loknya=/home/rreid/public_html HTTP/1.1" 200 58751 "-" "Mozilla/5.0 (compatible; MJ12bot/v1.4.8; http://mj12bot.com/)"
51.68.34.57 - - [22/Apr/2026:11:05:45 -0700] "GET /contact/?lokasie=/home/rreid/public_html/under_construction.html&loknya=/home/rreid/public_html HTTP/1.1" 200 64053 "-" "Mozilla/5.0 (compatible; MJ12bot/v1.4.8; http://mj12bot.com/)"
74.7.227.10 - - [22/Apr/2026:11:05:48 -0700] "GET /?lokasie=/lib64/libxcb-xv.so&loknya=/lib64 HTTP/1.1" 301 - "https://rufusreid.com/?loknya=/lib64" "Mozilla/5.0 AppleWebKit/537.36 (KHTML, like Gecko; compatible; GPTBot/1.3; +https://openai.com/gptbot)"
74.7.227.10 - - [22/Apr/2026:11:05:49 -0700] "GET /?lokasie=%2Flib64%2Flibxcb-xv.so&loknya=%2Flib64 HTTP/1.1" 200 54447 "https://rufusreid.com/?lokasie=/lib64/libxcb-xv.so&loknya=/lib64" "Mozilla/5.0 AppleWebKit/537.36 (KHTML, like Gecko; compatible; GPTBot/1.3; +https://openai.com/gptbot)"
51.68.34.57 - - [22/Apr/2026:11:06:07 -0700] "GET /contact/?loknya=/ HTTP/1.1" 200 86132 "-" "Mozilla/5.0 (compatible; MJ12bot/v1.4.8; http://mj12bot.com/)"
51.68.34.57 - - [22/Apr/2026:11:06:29 -0700] "GET /contact/?loknya=/home HTTP/1.1" 200 151410 "-" "Mozilla/5.0 (compatible; MJ12bot/v1.4.8; http://mj12bot.com/)"
178.20.44.82 - - [22/Apr/2026:11:06:42 -0700] "GET / HTTP/1.0" 200 84857 "https://rufusreid.com/" "Mozilla/5.0 (Windows NT 10.0; Win64; x64) AppleWebKit/537.36 (KHTML, like Gecko) Chrome/131.0.0.0 Safari/537.36"
74.7.227.10 - - [22/Apr/2026:11:06:43 -0700] "GET /?lokasie=/lib64/libmana.so.1&loknya=/lib64 HTTP/1.1" 301 - "https://rufusreid.com/?loknya=/lib64" "Mozilla/5.0 AppleWebKit/537.36 (KHTML, like Gecko; compatible; GPTBot/1.3; +https://openai.com/gptbot)"
178.20.44.82 - - [22/Apr/2026:11:06:44 -0700] "GET /contact/ HTTP/1.0" 200 88925 "https://rufusreid.com/contact/" "Mozilla/5.0 (Windows NT 10.0; Win64; x64) AppleWebKit/537.36 (KHTML, like Gecko) Chrome/131.0.0.0 Safari/537.36"
74.7.227.10 - - [22/Apr/2026:11:06:44 -0700] "GET /?lokasie=%2Flib64%2Flibmana.so.1&loknya=%2Flib64 HTTP/1.1" 200 54447 "https://rufusreid.com/?lokasie=/lib64/libmana.so.1&loknya=/lib64" "Mozilla/5.0 AppleWebKit/537.36 (KHTML, like Gecko; compatible; GPTBot/1.3; +https://openai.com/gptbot)"
178.20.44.82 - - [22/Apr/2026:11:06:46 -0700] "POST /contact/ HTTP/1.0" 200 413 "https://rufusreid.com/contact/" "Mozilla/5.0 (Windows NT 10.0; Win64; x64) AppleWebKit/537.36 (KHTML, like Gecko) Chrome/131.0.0.0 Safari/537.36"
51.68.34.57 - - [22/Apr/2026:11:06:52 -0700] "GET /contact/?loknya=/home/rreid HTTP/1.1" 200 114620 "-" "Mozilla/5.0 (compatible; MJ12bot/v1.4.8; http://mj12bot.com/)"
128.140.41.193 - - [22/Apr/2026:11:07:08 -0700] "HEAD / HTTP/1.1" 200 - "http://rufusreid.com" "Mozilla/5.0+(compatible; UptimeRobot/2.0; http://www.uptimerobot.com/)"
172.56.219.75 - - [22/Apr/2026:11:07:14 -0700] "GET /book-dvd/the-evolving-bassist-2/ HTTP/1.1" 200 85277 "https://www.reddit.com/" "Mozilla/5.0 (Android 16; Mobile; rv:149.0) Gecko/149.0 Firefox/149.0"
172.56.219.75 - - [22/Apr/2026:11:07:15 -0700] "GET /cms22/wp-content/plugins/responsive-lightbox/assets/magnific/magnific-popup.min.css?ver=2.4.3 HTTP/1.1" 200 5329 "https://rufusreid.com/book-dvd/the-evolving-bassist-2/" "Mozilla/5.0 (Android 16; Mobile; rv:149.0) Gecko/149.0 Firefox/149.0"
172.56.219.75 - - [22/Apr/2026:11:07:15 -0700] "GET /cms22/wp-includes/js/wp-emoji-release.min.js?ver=6.0.11 HTTP/1.1" 200 18617 "https://rufusreid.com/book-dvd/the-evolving-bassist-2/" "Mozilla/5.0 (Android 16; Mobile; rv:149.0) Gecko/149.0 Firefox/149.0"
172.56.219.75 - - [22/Apr/2026:11:07:15 -0700] "GET /cms22/wp-content/plugins/easy-digital-downloads/includes/blocks/build/checkout/style-index.css?ver=2.0.0 HTTP/1.1" 200 8129 "https://rufusreid.com/book-dvd/the-evolving-bassist-2/" "Mozilla/5.0 (Android 16; Mobile; rv:149.0) Gecko/149.0 Firefox/149.0"
172.56.219.75 - - [22/Apr/2026:11:07:15 -0700] "GET /cms22/wp-content/themes/jazzcorner/dist/css/theme.min.css?ver=1776881235 HTTP/1.1" 200 239580 "https://rufusreid.com/book-dvd/the-evolving-bassist-2/" "Mozilla/5.0 (Android 16; Mobile; rv:149.0) Gecko/149.0 Firefox/149.0"
172.56.219.75 - - [22/Apr/2026:11:07:15 -0700] "GET /cms22/wp-content/plugins/easy-digital-downloads/assets/css/edd.min.css?ver=3.1.0.7 HTTP/1.1" 200 19185 "https://rufusreid.com/book-dvd/the-evolving-bassist-2/" "Mozilla/5.0 (Android 16; Mobile; rv:149.0) Gecko/149.0 Firefox/149.0"
172.56.219.75 - - [22/Apr/2026:11:07:15 -0700] "GET /cms22/wp-content/themes/jazzcorner/style.css?ver=1776881235 HTTP/1.1" 200 831 "https://rufusreid.com/book-dvd/the-evolving-bassist-2/" "Mozilla/5.0 (Android 16; Mobile; rv:149.0) Gecko/149.0 Firefox/149.0"
172.56.219.75 - - [22/Apr/2026:11:07:15 -0700] "GET /cms22/wp-includes/css/dist/block-library/style.min.css?ver=6.0.11 HTTP/1.1" 200 88932 "https://rufusreid.com/book-dvd/the-evolving-bassist-2/" "Mozilla/5.0 (Android 16; Mobile; rv:149.0) Gecko/149.0 Firefox/149.0"
172.56.219.75 - - [22/Apr/2026:11:07:15 -0700] "GET /cms22/wp-content/plugins/youtube-embed-plus/styles/ytprefs.min.css?ver=14.1.4.1 HTTP/1.1" 200 8320 "https://rufusreid.com/book-dvd/the-evolving-bassist-2/" "Mozilla/5.0 (Android 16; Mobile; rv:149.0) Gecko/149.0 Firefox/149.0"
172.56.219.75 - - [22/Apr/2026:11:07:15 -0700] "GET /cms22/wp-includes/js/jquery/jquery-migrate.min.js?ver=3.3.2 HTTP/1.1" 200 11224 "https://rufusreid.com/book-dvd/the-evolving-bassist-2/" "Mozilla/5.0 (Android 16; Mobile; rv:149.0) Gecko/149.0 Firefox/149.0"
172.56.219.75 - - [22/Apr/2026:11:07:15 -0700] "GET /cms22/wp-includes/js/underscore.min.js?ver=1.13.3 HTTP/1.1" 200 18911 "https://rufusreid.com/book-dvd/the-evolving-bassist-2/" "Mozilla/5.0 (Android 16; Mobile; rv:149.0) Gecko/149.0 Firefox/149.0"
172.56.219.75 - - [22/Apr/2026:11:07:15 -0700] "GET /cms22/wp-content/plugins/responsive-lightbox/assets/infinitescroll/infinite-scroll.pkgd.min.js?ver=6.0.11 HTTP/1.1" 200 22555 "https://rufusreid.com/book-dvd/the-evolving-bassist-2/" "Mozilla/5.0 (Android 16; Mobile; rv:149.0) Gecko/149.0 Firefox/149.0"
172.56.219.75 - - [22/Apr/2026:11:07:15 -0700] "GET /cms22/wp-content/plugins/responsive-lightbox/assets/magnific/jquery.magnific-popup.min.js?ver=2.4.3 HTTP/1.1" 200 19933 "https://rufusreid.com/book-dvd/the-evolving-bassist-2/" "Mozilla/5.0 (Android 16; Mobile; rv:149.0) Gecko/149.0 Firefox/149.0"
172.56.219.75 - - [22/Apr/2026:11:07:15 -0700] "GET /cms22/wp-includes/js/jquery/jquery.min.js?ver=3.6.0 HTTP/1.1" 200 89521 "https://rufusreid.com/book-dvd/the-evolving-bassist-2/" "Mozilla/5.0 (Android 16; Mobile; rv:149.0) Gecko/149.0 Firefox/149.0"
172.56.219.75 - - [22/Apr/2026:11:07:15 -0700] "GET /cms22/wp-content/themes/jazzcorner/dist/js/theme.min.js?ver=1776881235 HTTP/1.1" 200 17573 "https://rufusreid.com/book-dvd/the-evolving-bassist-2/" "Mozilla/5.0 (Android 16; Mobile; rv:149.0) Gecko/149.0 Firefox/149.0"
172.56.219.75 - - [22/Apr/2026:11:07:15 -0700] "GET /cms22/wp-content/plugins/responsive-lightbox/js/front.js?ver=2.4.3 HTTP/1.1" 200 28714 "https://rufusreid.com/book-dvd/the-evolving-bassist-2/" "Mozilla/5.0 (Android 16; Mobile; rv:149.0) Gecko/149.0 Firefox/149.0"
172.56.219.75 - - [22/Apr/2026:11:07:15 -0700] "GET /cms22/wp-content/themes/jazzcorner/js/skip-link-focus-fix.js?ver=1776881235 HTTP/1.1" 200 685 "https://rufusreid.com/book-dvd/the-evolving-bassist-2/" "Mozilla/5.0 (Android 16; Mobile; rv:149.0) Gecko/149.0 Firefox/149.0"
172.56.219.75 - - [22/Apr/2026:11:07:15 -0700] "GET /cms22/wp-content/plugins/youtube-embed-plus/scripts/ytprefs.min.js?ver=14.1.4.1 HTTP/1.1" 200 13817 "https://rufusreid.com/book-dvd/the-evolving-bassist-2/" "Mozilla/5.0 (Android 16; Mobile; rv:149.0) Gecko/149.0 Firefox/149.0"
51.68.34.57 - - [22/Apr/2026:11:07:14 -0700] "GET /contact/?loknya=/home/rreid/ HTTP/1.1" 200 114759 "-" "Mozilla/5.0 (compatible; MJ12bot/v1.4.8; http://mj12bot.com/)"
172.56.219.75 - - [22/Apr/2026:11:07:16 -0700] "GET /cms22/wp-content/uploads/2011/07/EvolvingBassistBook.jpg HTTP/1.1" 200 52407 "https://rufusreid.com/book-dvd/the-evolving-bassist-2/" "Mozilla/5.0 (Android 16; Mobile; rv:149.0) Gecko/149.0 Firefox/149.0"
172.56.219.75 - - [22/Apr/2026:11:07:16 -0700] "GET /cms22/wp-content/uploads/2017/12/cropped-favicon-300x300.jpg HTTP/1.1" 200 5606 "-" "Mozilla/5.0 (Android 16; Mobile; rv:149.0) Gecko/149.0 Firefox/149.0"
74.7.227.10 - - [22/Apr/2026:11:07:36 -0700] "GET /?lokasie=/lib64/libxcb-res.so&loknya=/lib64 HTTP/1.1" 301 - "https://rufusreid.com/?loknya=/lib64" "Mozilla/5.0 AppleWebKit/537.36 (KHTML, like Gecko; compatible; GPTBot/1.3; +https://openai.com/gptbot)"
74.7.227.10 - - [22/Apr/2026:11:07:37 -0700] "GET /?lokasie=%2Flib64%2Flibxcb-res.so&loknya=%2Flib64 HTTP/1.1" 429 17 "https://rufusreid.com/?lokasie=/lib64/libxcb-res.so&loknya=/lib64" "Mozilla/5.0 AppleWebKit/537.36 (KHTML, like Gecko; compatible; GPTBot/1.3; +https://openai.com/gptbot)"
51.68.34.57 - - [22/Apr/2026:11:07:37 -0700] "GET /contact/?loknya=/home/rreid/public_html HTTP/1.1" 200 88962 "-" "Mozilla/5.0 (compatible; MJ12bot/v1.4.8; http://mj12bot.com/)"
51.68.34.57 - - [22/Apr/2026:11:07:59 -0700] "GET /contact/?loknya=/home/rreid/public_html/.well-known HTTP/1.1" 200 62209 "-" "Mozilla/5.0 (compatible; MJ12bot/v1.4.8; http://mj12bot.com/)"
66.249.70.193 - - [22/Apr/2026:11:08:15 -0700] "GET /videos/ HTTP/1.1" 200 88155 "-" "Mozilla/5.0 (Linux; Android 6.0.1; Nexus 5X Build/MMB29P) AppleWebKit/537.36 (KHTML, like Gecko) Chrome/146.0.7680.177 Mobile Safari/537.36 (compatible; Googlebot/2.1; +http://www.google.com/bot.html)"
51.68.34.57 - - [22/Apr/2026:11:08:21 -0700] "GET /contact/?loknya=/home/rreid/public_html/cgi-bin HTTP/1.1" 200 59890 "-" "Mozilla/5.0 (compatible; MJ12bot/v1.4.8; http://mj12bot.com/)"
74.7.227.10 - - [22/Apr/2026:11:08:24 -0700] "GET /?lokasie=/lib64/libuser.so.1&loknya=/lib64 HTTP/1.1" 301 - "https://rufusreid.com/?loknya=/lib64" "Mozilla/5.0 AppleWebKit/537.36 (KHTML, like Gecko; compatible; GPTBot/1.3; +https://openai.com/gptbot)"
74.7.227.10 - - [22/Apr/2026:11:08:25 -0700] "GET /?lokasie=%2Flib64%2Flibuser.so.1&loknya=%2Flib64 HTTP/1.1" 429 17 "https://rufusreid.com/?lokasie=/lib64/libuser.so.1&loknya=/lib64" "Mozilla/5.0 AppleWebKit/537.36 (KHTML, like Gecko; compatible; GPTBot/1.3; +https://openai.com/gptbot)"
51.68.34.57 - - [22/Apr/2026:11:08:44 -0700] "GET /contact/?loknya=/home/rreid/public_html/cms22 HTTP/1.1" 200 93645 "-" "Mozilla/5.0 (compatible; MJ12bot/v1.4.8; http://mj12bot.com/)"
51.68.34.57 - - [22/Apr/2026:11:09:06 -0700] "GET /contact/?loknya=/home/rreid/public_html/downloads HTTP/1.1" 200 117790 "-" "Mozilla/5.0 (compatible; MJ12bot/v1.4.8; http://mj12bot.com/)"
14.179.187.162 - - [22/Apr/2026:11:09:08 -0700] "GET /2012/02/quiet-pride-world-premiere/ HTTP/1.1" 200 83354 "-" "Mozilla/5.0 (Windows NT 6.1) AppleWebKit/537.36 (KHTML, like Gecko) Chrome/100.0.4896.127 Safari/537.36"
74.7.227.10 - - [22/Apr/2026:11:09:26 -0700] "GET /?lokasie=/lib64/libmpc.so.3&loknya=/lib64 HTTP/1.1" 301 - "https://rufusreid.com/?loknya=/lib64" "Mozilla/5.0 AppleWebKit/537.36 (KHTML, like Gecko; compatible; GPTBot/1.3; +https://openai.com/gptbot)"
74.7.227.10 - - [22/Apr/2026:11:09:27 -0700] "GET /?lokasie=%2Flib64%2Flibmpc.so.3&loknya=%2Flib64 HTTP/1.1" 429 17 "https://rufusreid.com/?lokasie=/lib64/libmpc.so.3&loknya=/lib64" "Mozilla/5.0 AppleWebKit/537.36 (KHTML, like Gecko; compatible; GPTBot/1.3; +https://openai.com/gptbot)"
51.68.34.57 - - [22/Apr/2026:11:09:28 -0700] "GET /performances/?lokasie=/home/rreid/public_html/.htaccess&loknya=/home/rreid/public_html HTTP/1.1" 200 125721 "-" "Mozilla/5.0 (compatible; MJ12bot/v1.4.8; http://mj12bot.com/)"
178.20.45.182 - - [22/Apr/2026:11:09:42 -0700] "GET / HTTP/1.0" 200 84858 "https://rufusreid.com/" "Mozilla/5.0 (Windows NT 10.0; Win64; x64) AppleWebKit/537.36 (KHTML, like Gecko) Chrome/129.0.0.0 Safari/537.36"
178.20.45.182 - - [22/Apr/2026:11:09:44 -0700] "GET /contact/ HTTP/1.0" 200 88926 "https://rufusreid.com/contact/" "Mozilla/5.0 (Windows NT 10.0; Win64; x64) AppleWebKit/537.36 (KHTML, like Gecko) Chrome/129.0.0.0 Safari/537.36"
178.20.45.182 - - [22/Apr/2026:11:09:46 -0700] "POST /contact/ HTTP/1.0" 200 413 "https://rufusreid.com/contact/" "Mozilla/5.0 (Windows NT 10.0; Win64; x64) AppleWebKit/537.36 (KHTML, like Gecko) Chrome/129.0.0.0 Safari/537.36"
51.68.34.57 - - [22/Apr/2026:11:09:51 -0700] "GET /performances/?lokasie=/home/rreid/public_html/.htaccess.bak_EA4_PHP_all_5&loknya=/home/rreid/public_html HTTP/1.1" 200 124004 "-" "Mozilla/5.0 (compatible; MJ12bot/v1.4.8; http://mj12bot.com/)"
185.191.171.19 - - [22/Apr/2026:11:10:09 -0700] "GET /event/rufus-at-isjac-conference/ HTTP/1.1" 200 79291 "-" "Mozilla/5.0 (compatible; SemrushBot/7~bl; +http://www.semrush.com/bot.html)"
51.68.34.57 - - [22/Apr/2026:11:10:13 -0700] "GET /performances/?lokasie=/home/rreid/public_html/.user.ini&loknya=/home/rreid/public_html HTTP/1.1" 200 123964 "-" "Mozilla/5.0 (compatible; MJ12bot/v1.4.8; http://mj12bot.com/)"
74.7.227.10 - - [22/Apr/2026:11:10:29 -0700] "GET /?lokasie=/lib64/libxslt.so.1&loknya=/lib64 HTTP/1.1" 301 - "https://rufusreid.com/?loknya=/lib64" "Mozilla/5.0 AppleWebKit/537.36 (KHTML, like Gecko; compatible; GPTBot/1.3; +https://openai.com/gptbot)"
74.7.227.10 - - [22/Apr/2026:11:10:30 -0700] "GET /?lokasie=%2Flib64%2Flibxslt.so.1&loknya=%2Flib64 HTTP/1.1" 429 17 "https://rufusreid.com/?lokasie=/lib64/libxslt.so.1&loknya=/lib64" "Mozilla/5.0 AppleWebKit/537.36 (KHTML, like Gecko; compatible; GPTBot/1.3; +https://openai.com/gptbot)"
51.68.34.57 - - [22/Apr/2026:11:10:35 -0700] "GET /performances/?lokasie=/home/rreid/public_html/404.shtml&loknya=/home/rreid/public_html HTTP/1.1" 200 123706 "-" "Mozilla/5.0 (compatible; MJ12bot/v1.4.8; http://mj12bot.com/)"
17.241.219.70 - - [22/Apr/2026:11:10:38 -0700] "GET /2022/10/celebration-cd-release/ HTTP/1.1" 200 82231 "-" "Mozilla/5.0 (Macintosh; Intel Mac OS X 10_15_7) AppleWebKit/605.1.15 (KHTML, like Gecko) Version/17.4 Safari/605.1.15 (Applebot/0.1; +http://www.apple.com/go/applebot)"
51.68.34.57 - - [22/Apr/2026:11:10:58 -0700] "GET /performances/?lokasie=/home/rreid/public_html/archived-site-files.zip&loknya=/home/rreid/public_html HTTP/1.1" 500 123663 "-" "Mozilla/5.0 (compatible; MJ12bot/v1.4.8; http://mj12bot.com/)"
83.251.3.222 - - [22/Apr/2026:11:11:07 -0700] "GET /book-dvd/the-evolving-bassist-2/ HTTP/1.1" 200 85276 "https://duckduckgo.com/" "Mozilla/5.0 (iPhone; CPU iPhone OS 18_7 like Mac OS X) AppleWebKit/605.1.15 (KHTML, like Gecko) Version/26.3 Mobile/15E148 Safari/604.1"
83.251.3.222 - - [22/Apr/2026:11:11:08 -0700] "GET /cms22/wp-includes/js/wp-emoji-release.min.js?ver=6.0.11 HTTP/1.1" 200 18617 "https://rufusreid.com/book-dvd/the-evolving-bassist-2/" "Mozilla/5.0 (iPhone; CPU iPhone OS 18_7 like Mac OS X) AppleWebKit/605.1.15 (KHTML, like Gecko) Version/26.3 Mobile/15E148 Safari/604.1"
83.251.3.222 - - [22/Apr/2026:11:11:08 -0700] "GET /cms22/wp-content/themes/jazzcorner/style.css?ver=1776881467 HTTP/1.1" 200 831 "https://rufusreid.com/book-dvd/the-evolving-bassist-2/" "Mozilla/5.0 (iPhone; CPU iPhone OS 18_7 like Mac OS X) AppleWebKit/605.1.15 (KHTML, like Gecko) Version/26.3 Mobile/15E148 Safari/604.1"
83.251.3.222 - - [22/Apr/2026:11:11:08 -0700] "GET /cms22/wp-includes/css/dist/block-library/style.min.css?ver=6.0.11 HTTP/1.1" 200 88932 "https://rufusreid.com/book-dvd/the-evolving-bassist-2/" "Mozilla/5.0 (iPhone; CPU iPhone OS 18_7 like Mac OS X) AppleWebKit/605.1.15 (KHTML, like Gecko) Version/26.3 Mobile/15E148 Safari/604.1"
83.251.3.222 - - [22/Apr/2026:11:11:08 -0700] "GET /cms22/wp-content/plugins/easy-digital-downloads/includes/blocks/build/checkout/style-index.css?ver=2.0.0 HTTP/1.1" 200 8129 "https://rufusreid.com/book-dvd/the-evolving-bassist-2/" "Mozilla/5.0 (iPhone; CPU iPhone OS 18_7 like Mac OS X) AppleWebKit/605.1.15 (KHTML, like Gecko) Version/26.3 Mobile/15E148 Safari/604.1"
83.251.3.222 - - [22/Apr/2026:11:11:08 -0700] "GET /cms22/wp-content/plugins/youtube-embed-plus/styles/ytprefs.min.css?ver=14.1.4.1 HTTP/1.1" 200 8320 "https://rufusreid.com/book-dvd/the-evolving-bassist-2/" "Mozilla/5.0 (iPhone; CPU iPhone OS 18_7 like Mac OS X) AppleWebKit/605.1.15 (KHTML, like Gecko) Version/26.3 Mobile/15E148 Safari/604.1"
83.251.3.222 - - [22/Apr/2026:11:11:08 -0700] "GET /cms22/wp-content/plugins/responsive-lightbox/assets/magnific/magnific-popup.min.css?ver=2.4.3 HTTP/1.1" 200 5329 "https://rufusreid.com/book-dvd/the-evolving-bassist-2/" "Mozilla/5.0 (iPhone; CPU iPhone OS 18_7 like Mac OS X) AppleWebKit/605.1.15 (KHTML, like Gecko) Version/26.3 Mobile/15E148 Safari/604.1"
83.251.3.222 - - [22/Apr/2026:11:11:08 -0700] "GET /cms22/wp-content/plugins/easy-digital-downloads/assets/css/edd.min.css?ver=3.1.0.7 HTTP/1.1" 200 19185 "https://rufusreid.com/book-dvd/the-evolving-bassist-2/" "Mozilla/5.0 (iPhone; CPU iPhone OS 18_7 like Mac OS X) AppleWebKit/605.1.15 (KHTML, like Gecko) Version/26.3 Mobile/15E148 Safari/604.1"
83.251.3.222 - - [22/Apr/2026:11:11:08 -0700] "GET /cms22/wp-content/themes/jazzcorner/dist/css/theme.min.css?ver=1776881467 HTTP/1.1" 200 239580 "https://rufusreid.com/book-dvd/the-evolving-bassist-2/" "Mozilla/5.0 (iPhone; CPU iPhone OS 18_7 like Mac OS X) AppleWebKit/605.1.15 (KHTML, like Gecko) Version/26.3 Mobile/15E148 Safari/604.1"
83.251.3.222 - - [22/Apr/2026:11:11:08 -0700] "GET /cms22/wp-includes/js/jquery/jquery.min.js?ver=3.6.0 HTTP/1.1" 200 89521 "https://rufusreid.com/book-dvd/the-evolving-bassist-2/" "Mozilla/5.0 (iPhone; CPU iPhone OS 18_7 like Mac OS X) AppleWebKit/605.1.15 (KHTML, like Gecko) Version/26.3 Mobile/15E148 Safari/604.1"
83.251.3.222 - - [22/Apr/2026:11:11:08 -0700] "GET /cms22/wp-content/plugins/responsive-lightbox/assets/magnific/jquery.magnific-popup.min.js?ver=2.4.3 HTTP/1.1" 200 19933 "https://rufusreid.com/book-dvd/the-evolving-bassist-2/" "Mozilla/5.0 (iPhone; CPU iPhone OS 18_7 like Mac OS X) AppleWebKit/605.1.15 (KHTML, like Gecko) Version/26.3 Mobile/15E148 Safari/604.1"
83.251.3.222 - - [22/Apr/2026:11:11:08 -0700] "GET /cms22/wp-includes/js/jquery/jquery-migrate.min.js?ver=3.3.2 HTTP/1.1" 200 11224 "https://rufusreid.com/book-dvd/the-evolving-bassist-2/" "Mozilla/5.0 (iPhone; CPU iPhone OS 18_7 like Mac OS X) AppleWebKit/605.1.15 (KHTML, like Gecko) Version/26.3 Mobile/15E148 Safari/604.1"
83.251.3.222 - - [22/Apr/2026:11:11:09 -0700] "GET /cms22/wp-includes/js/underscore.min.js?ver=1.13.3 HTTP/1.1" 200 18911 "https://rufusreid.com/book-dvd/the-evolving-bassist-2/" "Mozilla/5.0 (iPhone; CPU iPhone OS 18_7 like Mac OS X) AppleWebKit/605.1.15 (KHTML, like Gecko) Version/26.3 Mobile/15E148 Safari/604.1"
83.251.3.222 - - [22/Apr/2026:11:11:09 -0700] "GET /cms22/wp-content/plugins/responsive-lightbox/assets/infinitescroll/infinite-scroll.pkgd.min.js?ver=6.0.11 HTTP/1.1" 200 22555 "https://rufusreid.com/book-dvd/the-evolving-bassist-2/" "Mozilla/5.0 (iPhone; CPU iPhone OS 18_7 like Mac OS X) AppleWebKit/605.1.15 (KHTML, like Gecko) Version/26.3 Mobile/15E148 Safari/604.1"
83.251.3.222 - - [22/Apr/2026:11:11:09 -0700] "GET /cms22/wp-content/plugins/responsive-lightbox/js/front.js?ver=2.4.3 HTTP/1.1" 200 28714 "https://rufusreid.com/book-dvd/the-evolving-bassist-2/" "Mozilla/5.0 (iPhone; CPU iPhone OS 18_7 like Mac OS X) AppleWebKit/605.1.15 (KHTML, like Gecko) Version/26.3 Mobile/15E148 Safari/604.1"
83.251.3.222 - - [22/Apr/2026:11:11:09 -0700] "GET /cms22/wp-content/themes/jazzcorner/dist/js/theme.min.js?ver=1776881467 HTTP/1.1" 200 17573 "https://rufusreid.com/book-dvd/the-evolving-bassist-2/" "Mozilla/5.0 (iPhone; CPU iPhone OS 18_7 like Mac OS X) AppleWebKit/605.1.15 (KHTML, like Gecko) Version/26.3 Mobile/15E148 Safari/604.1"
83.251.3.222 - - [22/Apr/2026:11:11:09 -0700] "GET /cms22/wp-content/themes/jazzcorner/js/skip-link-focus-fix.js?ver=1776881467 HTTP/1.1" 200 685 "https://rufusreid.com/book-dvd/the-evolving-bassist-2/" "Mozilla/5.0 (iPhone; CPU iPhone OS 18_7 like Mac OS X) AppleWebKit/605.1.15 (KHTML, like Gecko) Version/26.3 Mobile/15E148 Safari/604.1"
83.251.3.222 - - [22/Apr/2026:11:11:09 -0700] "GET /cms22/wp-content/plugins/youtube-embed-plus/scripts/ytprefs.min.js?ver=14.1.4.1 HTTP/1.1" 200 13817 "https://rufusreid.com/book-dvd/the-evolving-bassist-2/" "Mozilla/5.0 (iPhone; CPU iPhone OS 18_7 like Mac OS X) AppleWebKit/605.1.15 (KHTML, like Gecko) Version/26.3 Mobile/15E148 Safari/604.1"
83.251.3.222 - - [22/Apr/2026:11:11:09 -0700] "GET /cms22/wp-content/uploads/2011/07/EvolvingBassistBook.jpg HTTP/1.1" 200 52407 "https://rufusreid.com/book-dvd/the-evolving-bassist-2/" "Mozilla/5.0 (iPhone; CPU iPhone OS 18_7 like Mac OS X) AppleWebKit/605.1.15 (KHTML, like Gecko) Version/26.3 Mobile/15E148 Safari/604.1"
83.251.3.222 - - [22/Apr/2026:11:11:10 -0700] "GET /cms22/wp-content/uploads/2017/12/cropped-favicon-300x300.jpg HTTP/1.1" 200 5606 "https://rufusreid.com/book-dvd/the-evolving-bassist-2/" "Mozilla/5.0 (iPhone; CPU iPhone OS 18_7 like Mac OS X) AppleWebKit/605.1.15 (KHTML, like Gecko) Version/26.3 Mobile/15E148 Safari/604.1"
83.251.3.222 - - [22/Apr/2026:11:11:10 -0700] "GET /cms22/wp-content/uploads/2017/12/cropped-favicon-150x150.jpg HTTP/1.1" 200 2916 "https://rufusreid.com/book-dvd/the-evolving-bassist-2/" "Mozilla/5.0 (iPhone; CPU iPhone OS 18_7 like Mac OS X) AppleWebKit/605.1.15 (KHTML, like Gecko) Version/26.3 Mobile/15E148 Safari/604.1"
17.241.219.48 - - [22/Apr/2026:11:11:14 -0700] "GET /cms22/wp-includes/css/dist/block-library/style.min.css?ver=6.0.11 HTTP/1.1" 200 88932 "https://rufusreid.com/2022/10/celebration-cd-release/" "Mozilla/5.0 (Macintosh; Intel Mac OS X 10_15_7) AppleWebKit/605.1.15 (KHTML, like Gecko) Version/17.4 Safari/605.1.15 (Applebot/0.1; +http://www.apple.com/go/applebot)"
17.241.227.162 - - [22/Apr/2026:11:11:15 -0700] "GET /cms22/wp-content/themes/jazzcorner/style.css?ver=1776881439 HTTP/1.1" 200 831 "https://rufusreid.com/2022/10/celebration-cd-release/" "Mozilla/5.0 (Macintosh; Intel Mac OS X 10_15_7) AppleWebKit/605.1.15 (KHTML, like Gecko) Version/17.4 Safari/605.1.15 (Applebot/0.1; +http://www.apple.com/go/applebot)"
17.241.227.203 - - [22/Apr/2026:11:11:16 -0700] "GET /cms22/wp-content/plugins/easy-digital-downloads/assets/css/edd.min.css?ver=3.1.0.7 HTTP/1.1" 200 19185 "https://rufusreid.com/2022/10/celebration-cd-release/" "Mozilla/5.0 (Macintosh; Intel Mac OS X 10_15_7) AppleWebKit/605.1.15 (KHTML, like Gecko) Version/17.4 Safari/605.1.15 (Applebot/0.1; +http://www.apple.com/go/applebot)"
17.241.75.36 - - [22/Apr/2026:11:11:17 -0700] "GET /cms22/wp-content/plugins/responsive-lightbox/assets/magnific/magnific-popup.min.css?ver=2.4.3 HTTP/1.1" 200 5329 "https://rufusreid.com/2022/10/celebration-cd-release/" "Mozilla/5.0 (Macintosh; Intel Mac OS X 10_15_7) AppleWebKit/605.1.15 (KHTML, like Gecko) Version/17.4 Safari/605.1.15 (Applebot/0.1; +http://www.apple.com/go/applebot)"
17.241.227.205 - - [22/Apr/2026:11:11:19 -0700] "GET /cms22/wp-includes/js/wp-emoji-release.min.js?ver=6.0.11 HTTP/1.1" 200 18617 "https://rufusreid.com/2022/10/celebration-cd-release/" "Mozilla/5.0 (Macintosh; Intel Mac OS X 10_15_7) AppleWebKit/605.1.15 (KHTML, like Gecko) Version/17.4 Safari/605.1.15 (Applebot/0.1; +http://www.apple.com/go/applebot)"
17.241.219.34 - - [22/Apr/2026:11:11:20 -0700] "GET /cms22/wp-content/plugins/easy-digital-downloads/includes/blocks/build/checkout/style-index.css?ver=2.0.0 HTTP/1.1" 200 8129 "https://rufusreid.com/2022/10/celebration-cd-release/" "Mozilla/5.0 (Macintosh; Intel Mac OS X 10_15_7) AppleWebKit/605.1.15 (KHTML, like Gecko) Version/17.4 Safari/605.1.15 (Applebot/0.1; +http://www.apple.com/go/applebot)"
51.68.34.57 - - [22/Apr/2026:11:11:20 -0700] "GET /performances/?lokasie=/home/rreid/public_html/default.htm&loknya=/home/rreid/public_html HTTP/1.1" 200 128464 "-" "Mozilla/5.0 (compatible; MJ12bot/v1.4.8; http://mj12bot.com/)"
17.241.75.217 - - [22/Apr/2026:11:11:21 -0700] "GET /cms22/wp-content/themes/jazzcorner/dist/css/theme.min.css?ver=1776881439 HTTP/1.1" 200 239580 "https://rufusreid.com/2022/10/celebration-cd-release/" "Mozilla/5.0 (Macintosh; Intel Mac OS X 10_15_7) AppleWebKit/605.1.15 (KHTML, like Gecko) Version/17.4 Safari/605.1.15 (Applebot/0.1; +http://www.apple.com/go/applebot)"
17.241.75.184 - - [22/Apr/2026:11:11:22 -0700] "GET /cms22/wp-content/plugins/youtube-embed-plus/styles/ytprefs.min.css?ver=14.1.4.1 HTTP/1.1" 200 8320 "https://rufusreid.com/2022/10/celebration-cd-release/" "Mozilla/5.0 (Macintosh; Intel Mac OS X 10_15_7) AppleWebKit/605.1.15 (KHTML, like Gecko) Version/17.4 Safari/605.1.15 (Applebot/0.1; +http://www.apple.com/go/applebot)"
17.241.75.16 - - [22/Apr/2026:11:11:24 -0700] "GET /cms22/wp-includes/js/jquery/jquery.min.js?ver=3.6.0 HTTP/1.1" 200 89521 "https://rufusreid.com/2022/10/celebration-cd-release/" "Mozilla/5.0 (Macintosh; Intel Mac OS X 10_15_7) AppleWebKit/605.1.15 (KHTML, like Gecko) Version/17.4 Safari/605.1.15 (Applebot/0.1; +http://www.apple.com/go/applebot)"
17.241.75.54 - - [22/Apr/2026:11:11:25 -0700] "GET /cms22/wp-includes/js/jquery/jquery-migrate.min.js?ver=3.3.2 HTTP/1.1" 200 11224 "https://rufusreid.com/2022/10/celebration-cd-release/" "Mozilla/5.0 (Macintosh; Intel Mac OS X 10_15_7) AppleWebKit/605.1.15 (KHTML, like Gecko) Version/17.4 Safari/605.1.15 (Applebot/0.1; +http://www.apple.com/go/applebot)"
17.241.227.87 - - [22/Apr/2026:11:11:26 -0700] "GET /cms22/wp-content/plugins/responsive-lightbox/assets/magnific/jquery.magnific-popup.min.js?ver=2.4.3 HTTP/1.1" 200 19933 "https://rufusreid.com/2022/10/celebration-cd-release/" "Mozilla/5.0 (Macintosh; Intel Mac OS X 10_15_7) AppleWebKit/605.1.15 (KHTML, like Gecko) Version/17.4 Safari/605.1.15 (Applebot/0.1; +http://www.apple.com/go/applebot)"
17.241.75.42 - - [22/Apr/2026:11:11:28 -0700] "GET /cms22/wp-includes/js/underscore.min.js?ver=1.13.3 HTTP/1.1" 200 18911 "https://rufusreid.com/2022/10/celebration-cd-release/" "Mozilla/5.0 (Macintosh; Intel Mac OS X 10_15_7) AppleWebKit/605.1.15 (KHTML, like Gecko) Version/17.4 Safari/605.1.15 (Applebot/0.1; +http://www.apple.com/go/applebot)"
17.241.219.202 - - [22/Apr/2026:11:11:29 -0700] "GET /cms22/wp-content/plugins/responsive-lightbox/assets/infinitescroll/infinite-scroll.pkgd.min.js?ver=6.0.11 HTTP/1.1" 200 22555 "https://rufusreid.com/2022/10/celebration-cd-release/" "Mozilla/5.0 (Macintosh; Intel Mac OS X 10_15_7) AppleWebKit/605.1.15 (KHTML, like Gecko) Version/17.4 Safari/605.1.15 (Applebot/0.1; +http://www.apple.com/go/applebot)"
17.241.75.198 - - [22/Apr/2026:11:11:30 -0700] "GET /cms22/wp-content/plugins/responsive-lightbox/js/front.js?ver=2.4.3 HTTP/1.1" 200 28714 "https://rufusreid.com/2022/10/celebration-cd-release/" "Mozilla/5.0 (Macintosh; Intel Mac OS X 10_15_7) AppleWebKit/605.1.15 (KHTML, like Gecko) Version/17.4 Safari/605.1.15 (Applebot/0.1; +http://www.apple.com/go/applebot)"
17.241.227.141 - - [22/Apr/2026:11:11:31 -0700] "GET /cms22/wp-content/themes/jazzcorner/dist/js/theme.min.js?ver=1776881439 HTTP/1.1" 200 17573 "https://rufusreid.com/2022/10/celebration-cd-release/" "Mozilla/5.0 (Macintosh; Intel Mac OS X 10_15_7) AppleWebKit/605.1.15 (KHTML, like Gecko) Version/17.4 Safari/605.1.15 (Applebot/0.1; +http://www.apple.com/go/applebot)"
17.241.227.113 - - [22/Apr/2026:11:11:33 -0700] "GET /cms22/wp-content/themes/jazzcorner/js/skip-link-focus-fix.js?ver=1776881439 HTTP/1.1" 200 685 "https://rufusreid.com/2022/10/celebration-cd-release/" "Mozilla/5.0 (Macintosh; Intel Mac OS X 10_15_7) AppleWebKit/605.1.15 (KHTML, like Gecko) Version/17.4 Safari/605.1.15 (Applebot/0.1; +http://www.apple.com/go/applebot)"
14.224.132.243 - - [22/Apr/2026:11:11:33 -0700] "GET /cms22/wp-content/uploads/2022/11/cover-celebration-1.jpeg HTTP/1.1" 200 228904 "-" "Mozilla/5.0 (Windows NT 6.1) AppleWebKit/537.36 (KHTML, like Gecko) Chrome/67.0.3396.99 Safari/537.36"
17.241.219.80 - - [22/Apr/2026:11:11:34 -0700] "GET /cms22/wp-content/plugins/youtube-embed-plus/scripts/ytprefs.min.js?ver=14.1.4.1 HTTP/1.1" 200 13817 "https://rufusreid.com/2022/10/celebration-cd-release/" "Mozilla/5.0 (Macintosh; Intel Mac OS X 10_15_7) AppleWebKit/605.1.15 (KHTML, like Gecko) Version/17.4 Safari/605.1.15 (Applebot/0.1; +http://www.apple.com/go/applebot)"
74.7.227.10 - - [22/Apr/2026:11:11:35 -0700] "GET /?lokasie=/lib64/libthai.so.0&loknya=/lib64 HTTP/1.1" 301 - "https://rufusreid.com/?loknya=/lib64" "Mozilla/5.0 AppleWebKit/537.36 (KHTML, like Gecko; compatible; GPTBot/1.3; +https://openai.com/gptbot)"
74.7.227.10 - - [22/Apr/2026:11:11:35 -0700] "GET /?lokasie=%2Flib64%2Flibthai.so.0&loknya=%2Flib64 HTTP/1.1" 429 17 "https://rufusreid.com/?lokasie=/lib64/libthai.so.0&loknya=/lib64" "Mozilla/5.0 AppleWebKit/537.36 (KHTML, like Gecko; compatible; GPTBot/1.3; +https://openai.com/gptbot)"
168.119.96.239 - - [22/Apr/2026:11:12:15 -0700] "HEAD / HTTP/1.1" 200 - "http://rufusreid.com" "Mozilla/5.0+(compatible; UptimeRobot/2.0; http://www.uptimerobot.com/)"
74.7.227.10 - - [22/Apr/2026:11:12:37 -0700] "GET /?lokasie=/lib64/libfuse.so.2&loknya=/lib64 HTTP/1.1" 301 - "https://rufusreid.com/?loknya=/lib64" "Mozilla/5.0 AppleWebKit/537.36 (KHTML, like Gecko; compatible; GPTBot/1.3; +https://openai.com/gptbot)"
74.7.227.10 - - [22/Apr/2026:11:12:38 -0700] "GET /?lokasie=%2Flib64%2Flibfuse.so.2&loknya=%2Flib64 HTTP/1.1" 429 17 "https://rufusreid.com/?lokasie=/lib64/libfuse.so.2&loknya=/lib64" "Mozilla/5.0 AppleWebKit/537.36 (KHTML, like Gecko; compatible; GPTBot/1.3; +https://openai.com/gptbot)"
74.7.227.10 - - [22/Apr/2026:11:13:40 -0700] "GET /?lokasie=/lib64/libmpfr.so.4&loknya=/lib64 HTTP/1.1" 301 - "https://rufusreid.com/?loknya=/lib64" "Mozilla/5.0 AppleWebKit/537.36 (KHTML, like Gecko; compatible; GPTBot/1.3; +https://openai.com/gptbot)"
74.7.227.10 - - [22/Apr/2026:11:13:41 -0700] "GET /?lokasie=%2Flib64%2Flibmpfr.so.4&loknya=%2Flib64 HTTP/1.1" 429 17 "https://rufusreid.com/?lokasie=/lib64/libmpfr.so.4&loknya=/lib64" "Mozilla/5.0 AppleWebKit/537.36 (KHTML, like Gecko; compatible; GPTBot/1.3; +https://openai.com/gptbot)"
23.235.221.107 - - [22/Apr/2026:11:14:40 -0700] "POST /cms22/wp-cron.php?doing_wp_cron=1776881680.9571540355682373046875 HTTP/1.1" 200 - "https://rufusreid.com/cms22/wp-cron.php?doing_wp_cron=1776881680.9571540355682373046875" "WordPress/6.0.11; https://rufusreid.com"
74.7.227.10 - - [22/Apr/2026:11:14:40 -0700] "GET /?lokasie=/lib64/libexslt.so.0&loknya=/lib64 HTTP/1.1" 301 - "https://rufusreid.com/?loknya=/lib64" "Mozilla/5.0 AppleWebKit/537.36 (KHTML, like Gecko; compatible; GPTBot/1.3; +https://openai.com/gptbot)"
74.7.227.10 - - [22/Apr/2026:11:14:41 -0700] "GET /?lokasie=%2Flib64%2Flibexslt.so.0&loknya=%2Flib64 HTTP/1.1" 429 17 "https://rufusreid.com/?lokasie=/lib64/libexslt.so.0&loknya=/lib64" "Mozilla/5.0 AppleWebKit/537.36 (KHTML, like Gecko; compatible; GPTBot/1.3; +https://openai.com/gptbot)"
66.249.70.201 - - [22/Apr/2026:11:15:09 -0700] "GET /index.php HTTP/1.1" 301 - "-" "Mozilla/5.0 (Linux; Android 6.0.1; Nexus 5X Build/MMB29P) AppleWebKit/537.36 (KHTML, like Gecko) Chrome/146.0.7680.177 Mobile Safari/537.36 (compatible; Googlebot/2.1; +http://www.google.com/bot.html)"
66.249.70.201 - - [22/Apr/2026:11:15:10 -0700] "GET / HTTP/1.1" 200 84858 "-" "Mozilla/5.0 (Linux; Android 6.0.1; Nexus 5X Build/MMB29P) AppleWebKit/537.36 (KHTML, like Gecko) Chrome/146.0.7680.177 Mobile Safari/537.36 (compatible; Googlebot/2.1; +http://www.google.com/bot.html)"
66.249.70.193 - - [22/Apr/2026:11:15:13 -0700] "GET /cms22/wp-content/plugins/responsive-lightbox/assets/magnific/jquery.magnific-popup.min.js?ver=2.4.3 HTTP/1.1" 200 19933 "https://rufusreid.com/" "Mozilla/5.0 (Linux; Android 6.0.1; Nexus 5X Build/MMB29P) AppleWebKit/537.36 (KHTML, like Gecko) Chrome/146.0.7680.177 Mobile Safari/537.36 (compatible; Googlebot/2.1; +http://www.google.com/bot.html)"
74.7.227.10 - - [22/Apr/2026:11:15:43 -0700] "GET /?lokasie=/lib64/libcairo.so.2&loknya=/lib64 HTTP/1.1" 301 - "https://rufusreid.com/?loknya=/lib64" "Mozilla/5.0 AppleWebKit/537.36 (KHTML, like Gecko; compatible; GPTBot/1.3; +https://openai.com/gptbot)"
74.7.227.10 - - [22/Apr/2026:11:15:44 -0700] "GET /?lokasie=%2Flib64%2Flibcairo.so.2&loknya=%2Flib64 HTTP/1.1" 200 54448 "https://rufusreid.com/?lokasie=/lib64/libcairo.so.2&loknya=/lib64" "Mozilla/5.0 AppleWebKit/537.36 (KHTML, like Gecko; compatible; GPTBot/1.3; +https://openai.com/gptbot)"
74.7.227.10 - - [22/Apr/2026:11:16:49 -0700] "GET /?lokasie=/lib64/libtspi.so.1&loknya=/lib64 HTTP/1.1" 301 - "https://rufusreid.com/?loknya=/lib64" "Mozilla/5.0 AppleWebKit/537.36 (KHTML, like Gecko; compatible; GPTBot/1.3; +https://openai.com/gptbot)"
74.7.227.10 - - [22/Apr/2026:11:16:50 -0700] "GET /?lokasie=%2Flib64%2Flibtspi.so.1&loknya=%2Flib64 HTTP/1.1" 200 54447 "https://rufusreid.com/?lokasie=/lib64/libtspi.so.1&loknya=/lib64" "Mozilla/5.0 AppleWebKit/537.36 (KHTML, like Gecko; compatible; GPTBot/1.3; +https://openai.com/gptbot)"
18.193.252.127 - - [22/Apr/2026:11:17:21 -0700] "HEAD / HTTP/1.1" 200 - "http://rufusreid.com" "Mozilla/5.0+(compatible; UptimeRobot/2.0; http://www.uptimerobot.com/)"
72.14.201.65 - - [22/Apr/2026:11:17:28 -0700] "GET /music/ HTTP/1.1" 200 131968 "https://www.google.com/" "Mozilla/5.0 (Linux; Android 10; K) AppleWebKit/537.36 (KHTML, like Gecko) Chrome/147.0.0.0 Mobile Safari/537.36"
74.7.227.10 - - [22/Apr/2026:11:17:46 -0700] "GET /?lokasie=/lib64/libxcb-glx.so&loknya=/lib64 HTTP/1.1" 301 - "https://rufusreid.com/?loknya=/lib64" "Mozilla/5.0 AppleWebKit/537.36 (KHTML, like Gecko; compatible; GPTBot/1.3; +https://openai.com/gptbot)"
74.7.227.10 - - [22/Apr/2026:11:17:47 -0700] "GET /?lokasie=%2Flib64%2Flibxcb-glx.so&loknya=%2Flib64 HTTP/1.1" 200 54448 "https://rufusreid.com/?lokasie=/lib64/libxcb-glx.so&loknya=/lib64" "Mozilla/5.0 AppleWebKit/537.36 (KHTML, like Gecko; compatible; GPTBot/1.3; +https://openai.com/gptbot)"
74.7.227.10 - - [22/Apr/2026:11:18:36 -0700] "GET /?lokasie=/lib64/libtiff.so.5&loknya=/lib64 HTTP/1.1" 301 - "https://rufusreid.com/?loknya=/lib64" "Mozilla/5.0 AppleWebKit/537.36 (KHTML, like Gecko; compatible; GPTBot/1.3; +https://openai.com/gptbot)"
74.7.227.10 - - [22/Apr/2026:11:18:37 -0700] "GET /?lokasie=%2Flib64%2Flibtiff.so.5&loknya=%2Flib64 HTTP/1.1" 429 17 "https://rufusreid.com/?lokasie=/lib64/libtiff.so.5&loknya=/lib64" "Mozilla/5.0 AppleWebKit/537.36 (KHTML, like Gecko; compatible; GPTBot/1.3; +https://openai.com/gptbot)"
43.153.107.22 - - [22/Apr/2026:11:18:38 -0700] "GET /about/educator/ HTTP/1.1" 200 80554 "-" "Mozilla/5.0 (iPhone; CPU iPhone OS 13_2_3 like Mac OS X) AppleWebKit/605.1.15 (KHTML, like Gecko) Version/13.0.3 Mobile/15E148 Safari/604.1"
14.190.221.151 - - [22/Apr/2026:11:19:05 -0700] "GET /?p=2921 HTTP/1.1" 301 - "-" "Mozilla/5.0 (Windows NT 6.1; Win64; x64) AppleWebKit/537.36 (KHTML, like Gecko) Chrome/85.0.4183.102 Safari/537.36"
14.190.221.151 - - [22/Apr/2026:11:19:06 -0700] "GET /scores-and-sheet-music/ HTTP/1.1" 200 147118 "-" "Mozilla/5.0 (Windows NT 6.1; Win64; x64) AppleWebKit/537.36 (KHTML, like Gecko) Chrome/85.0.4183.102 Safari/537.36"
74.7.227.10 - - [22/Apr/2026:11:19:22 -0700] "GET /?lokasie=/lib64/libcomps.so.0&loknya=/lib64 HTTP/1.1" 301 - "https://rufusreid.com/?loknya=/lib64" "Mozilla/5.0 AppleWebKit/537.36 (KHTML, like Gecko; compatible; GPTBot/1.3; +https://openai.com/gptbot)"
74.7.227.10 - - [22/Apr/2026:11:19:23 -0700] "GET /?lokasie=%2Flib64%2Flibcomps.so.0&loknya=%2Flib64 HTTP/1.1" 429 17 "https://rufusreid.com/?lokasie=/lib64/libcomps.so.0&loknya=/lib64" "Mozilla/5.0 AppleWebKit/537.36 (KHTML, like Gecko; compatible; GPTBot/1.3; +https://openai.com/gptbot)"
74.7.227.10 - - [22/Apr/2026:11:20:24 -0700] "GET /?lokasie=/lib64/libgvc.so.6&loknya=/lib64 HTTP/1.1" 301 - "https://rufusreid.com/?loknya=/lib64" "Mozilla/5.0 AppleWebKit/537.36 (KHTML, like Gecko; compatible; GPTBot/1.3; +https://openai.com/gptbot)"
74.7.227.10 - - [22/Apr/2026:11:20:25 -0700] "GET /?lokasie=%2Flib64%2Flibgvc.so.6&loknya=%2Flib64 HTTP/1.1" 429 17 "https://rufusreid.com/?lokasie=/lib64/libgvc.so.6&loknya=/lib64" "Mozilla/5.0 AppleWebKit/537.36 (KHTML, like Gecko; compatible; GPTBot/1.3; +https://openai.com/gptbot)"
57.141.0.56 - - [22/Apr/2026:11:21:22 -0700] "GET /cms22/wp-content/uploads/2011/07/WORLD-CUP-TREE-SCUPTURE-150x150.jpg HTTP/1.1" 200 22192 "-" "meta-externalagent/1.1 (+https://developers.facebook.com/docs/sharing/webmasters/crawler)"
74.7.227.10 - - [22/Apr/2026:11:21:26 -0700] "GET /?lokasie=/lib64/libutil.so.1&loknya=/lib64 HTTP/1.1" 301 - "https://rufusreid.com/?loknya=/lib64" "Mozilla/5.0 AppleWebKit/537.36 (KHTML, like Gecko; compatible; GPTBot/1.3; +https://openai.com/gptbot)"
74.7.227.10 - - [22/Apr/2026:11:21:27 -0700] "GET /?lokasie=%2Flib64%2Flibutil.so.1&loknya=%2Flib64 HTTP/1.1" 429 17 "https://rufusreid.com/?lokasie=/lib64/libutil.so.1&loknya=/lib64" "Mozilla/5.0 AppleWebKit/537.36 (KHTML, like Gecko; compatible; GPTBot/1.3; +https://openai.com/gptbot)"
85.208.96.209 - - [22/Apr/2026:11:22:09 -0700] "GET /event/richard-davis-foundation-for-young-artists-conference-2021/ HTTP/1.1" 200 81161 "-" "Mozilla/5.0 (compatible; SemrushBot/7~bl; +http://www.semrush.com/bot.html)"
167.235.143.113 - - [22/Apr/2026:11:22:28 -0700] "HEAD / HTTP/1.1" 200 - "http://rufusreid.com" "Mozilla/5.0+(compatible; UptimeRobot/2.0; http://www.uptimerobot.com/)"
74.7.227.10 - - [22/Apr/2026:11:22:32 -0700] "GET /?lokasie=/lib64/libpamc.so.0&loknya=/lib64 HTTP/1.1" 301 - "https://rufusreid.com/?loknya=/lib64" "Mozilla/5.0 AppleWebKit/537.36 (KHTML, like Gecko; compatible; GPTBot/1.3; +https://openai.com/gptbot)"
74.7.227.10 - - [22/Apr/2026:11:22:32 -0700] "GET /?lokasie=%2Flib64%2Flibpamc.so.0&loknya=%2Flib64 HTTP/1.1" 429 17 "https://rufusreid.com/?lokasie=/lib64/libpamc.so.0&loknya=/lib64" "Mozilla/5.0 AppleWebKit/537.36 (KHTML, like Gecko; compatible; GPTBot/1.3; +https://openai.com/gptbot)"
74.7.227.10 - - [22/Apr/2026:11:23:33 -0700] "GET /?lokasie=/lib64/libnspr4.so&loknya=/lib64 HTTP/1.1" 301 - "https://rufusreid.com/?loknya=/lib64" "Mozilla/5.0 AppleWebKit/537.36 (KHTML, like Gecko; compatible; GPTBot/1.3; +https://openai.com/gptbot)"
74.7.227.10 - - [22/Apr/2026:11:23:34 -0700] "GET /?lokasie=%2Flib64%2Flibnspr4.so&loknya=%2Flib64 HTTP/1.1" 429 17 "https://rufusreid.com/?lokasie=/lib64/libnspr4.so&loknya=/lib64" "Mozilla/5.0 AppleWebKit/537.36 (KHTML, like Gecko; compatible; GPTBot/1.3; +https://openai.com/gptbot)"
115.45.42.15 - - [22/Apr/2026:11:24:39 -0700] "GET /robots.txt HTTP/1.1" 200 31 "-" "Mozilla/5.0 (Windows NT 10.0; Win64; x64) AppleWebKit/537.36 (KHTML, like Gecko) Chrome/86.0.4228.71 Safari/537.36 OPR/63.0.3368.43"
74.7.227.10 - - [22/Apr/2026:11:24:38 -0700] "GET /?lokasie=/lib64/libnuma.so.1&loknya=/lib64 HTTP/1.1" 301 - "https://rufusreid.com/?loknya=/lib64" "Mozilla/5.0 AppleWebKit/537.36 (KHTML, like Gecko; compatible; GPTBot/1.3; +https://openai.com/gptbot)"
74.7.227.10 - - [22/Apr/2026:11:24:39 -0700] "GET /?lokasie=%2Flib64%2Flibnuma.so.1&loknya=%2Flib64 HTTP/1.1" 429 17 "https://rufusreid.com/?lokasie=/lib64/libnuma.so.1&loknya=/lib64" "Mozilla/5.0 AppleWebKit/537.36 (KHTML, like Gecko; compatible; GPTBot/1.3; +https://openai.com/gptbot)"
57.141.0.30 - - [22/Apr/2026:11:25:01 -0700] "GET /event/rufus-reid-guest-artist-vancouver-island-university/?lokasie=/home/rreid/public_html/googlehostedservice.html&loknya=/home/rreid/public_html HTTP/1.1" 200 49281 "-" "meta-externalagent/1.1 (+https://developers.facebook.com/docs/sharing/webmasters/crawler)"
74.7.227.10 - - [22/Apr/2026:11:25:44 -0700] "GET /?lokasie=/lib64/libzmq.so.5&loknya=/lib64 HTTP/1.1" 301 - "https://rufusreid.com/?loknya=/lib64" "Mozilla/5.0 AppleWebKit/537.36 (KHTML, like Gecko; compatible; GPTBot/1.3; +https://openai.com/gptbot)"
74.7.227.10 - - [22/Apr/2026:11:25:45 -0700] "GET /?lokasie=%2Flib64%2Flibzmq.so.5&loknya=%2Flib64 HTTP/1.1" 200 54446 "https://rufusreid.com/?lokasie=/lib64/libzmq.so.5&loknya=/lib64" "Mozilla/5.0 AppleWebKit/537.36 (KHTML, like Gecko; compatible; GPTBot/1.3; +https://openai.com/gptbot)"
216.73.216.166 - - [22/Apr/2026:11:26:20 -0700] "GET /sitemap.xml HTTP/1.1" 302 - "-" "Mozilla/5.0 AppleWebKit/537.36 (KHTML, like Gecko; compatible; ClaudeBot/1.0; +claudebot@anthropic.com)"
216.73.216.166 - - [22/Apr/2026:11:26:21 -0700] "GET /wp-sitemap.xml HTTP/1.1" 200 1125 "https://rufusreid.com/sitemap.xml" "Mozilla/5.0 AppleWebKit/537.36 (KHTML, like Gecko; compatible; ClaudeBot/1.0; +claudebot@anthropic.com)"
57.141.0.12 - - [22/Apr/2026:11:26:27 -0700] "GET /event/rufus-reid-guest-artist-vancouver-island-university/?lokasie=/home/rreid/public_html/php.ini.ea3.bak&loknya=/home/rreid/public_html HTTP/1.1" 200 87710 "-" "meta-externalagent/1.1 (+https://developers.facebook.com/docs/sharing/webmasters/crawler)"
74.7.227.10 - - [22/Apr/2026:11:26:49 -0700] "GET /?lokasie=/lib64/librpm.so.8&loknya=/lib64 HTTP/1.1" 301 - "https://rufusreid.com/?loknya=/lib64" "Mozilla/5.0 AppleWebKit/537.36 (KHTML, like Gecko; compatible; GPTBot/1.3; +https://openai.com/gptbot)"
74.7.227.10 - - [22/Apr/2026:11:26:50 -0700] "GET /?lokasie=%2Flib64%2Flibrpm.so.8&loknya=%2Flib64 HTTP/1.1" 200 54446 "https://rufusreid.com/?lokasie=/lib64/librpm.so.8&loknya=/lib64" "Mozilla/5.0 AppleWebKit/537.36 (KHTML, like Gecko; compatible; GPTBot/1.3; +https://openai.com/gptbot)"
157.90.156.63 - - [22/Apr/2026:11:27:34 -0700] "HEAD / HTTP/1.1" 200 - "http://rufusreid.com" "Mozilla/5.0+(compatible; UptimeRobot/2.0; http://www.uptimerobot.com/)"
113.173.243.81 - - [22/Apr/2026:11:27:40 -0700] "GET /wp-json/oembed/1.0/embed?format=xml&url=https%3A%2F%2Frufusreid.com%2Fevent%2Frufus-reid-presents-caelan-cardello%2F HTTP/1.1" 200 2635 "-" "Mozilla/5.0 (Windows NT 5.1) AppleWebKit/537.36 (KHTML, like Gecko) Chrome/35.0.2309.372 Safari/537.36"
74.7.227.10 - - [22/Apr/2026:11:27:48 -0700] "GET /?lokasie=/lib64/libdhash.so.1&loknya=/lib64 HTTP/1.1" 301 - "https://rufusreid.com/?loknya=/lib64" "Mozilla/5.0 AppleWebKit/537.36 (KHTML, like Gecko; compatible; GPTBot/1.3; +https://openai.com/gptbot)"
74.7.227.10 - - [22/Apr/2026:11:27:49 -0700] "GET /?lokasie=%2Flib64%2Flibdhash.so.1&loknya=%2Flib64 HTTP/1.1" 200 54448 "https://rufusreid.com/?lokasie=/lib64/libdhash.so.1&loknya=/lib64" "Mozilla/5.0 AppleWebKit/537.36 (KHTML, like Gecko; compatible; GPTBot/1.3; +https://openai.com/gptbot)"
57.141.0.47 - - [22/Apr/2026:11:28:13 -0700] "GET /event/rufus-reid-guest-artist-vancouver-island-university/?loknya=/home HTTP/1.1" 200 141806 "-" "meta-externalagent/1.1 (+https://developers.facebook.com/docs/sharing/webmasters/crawler)"
57.141.0.13 - - [22/Apr/2026:11:28:32 -0700] "GET /event/rufus-reid-guest-artist-vancouver-island-university/?loknya=/home/cparker HTTP/1.1" 200 50055 "-" "meta-externalagent/1.1 (+https://developers.facebook.com/docs/sharing/webmasters/crawler)"
57.141.0.39 - - [22/Apr/2026:11:28:35 -0700] "GET /event/rufus-reid-guest-artist-vancouver-island-university/?loknya=/home/jazzpowe HTTP/1.1" 200 50059 "-" "meta-externalagent/1.1 (+https://developers.facebook.com/docs/sharing/webmasters/crawler)"
57.141.0.44 - - [22/Apr/2026:11:28:36 -0700] "GET /event/rufus-reid-guest-artist-vancouver-island-university/?loknya=/home/.cpcpan HTTP/1.1" 200 50055 "-" "meta-externalagent/1.1 (+https://developers.facebook.com/docs/sharing/webmasters/crawler)"
57.141.0.4 - - [22/Apr/2026:11:28:38 -0700] "GET /event/rufus-reid-guest-artist-vancouver-island-university/?loknya=/home/bsanabri HTTP/1.1" 200 50058 "-" "meta-externalagent/1.1 (+https://developers.facebook.com/docs/sharing/webmasters/crawler)"
74.7.227.10 - - [22/Apr/2026:11:28:39 -0700] "GET /?lokasie=/lib64/libpanel.so.5&loknya=/lib64 HTTP/1.1" 301 - "https://rufusreid.com/?loknya=/lib64" "Mozilla/5.0 AppleWebKit/537.36 (KHTML, like Gecko; compatible; GPTBot/1.3; +https://openai.com/gptbot)"
74.7.227.10 - - [22/Apr/2026:11:28:40 -0700] "GET /?lokasie=%2Flib64%2Flibpanel.so.5&loknya=%2Flib64 HTTP/1.1" 429 17 "https://rufusreid.com/?lokasie=/lib64/libpanel.so.5&loknya=/lib64" "Mozilla/5.0 AppleWebKit/537.36 (KHTML, like Gecko; compatible; GPTBot/1.3; +https://openai.com/gptbot)"
57.141.0.57 - - [22/Apr/2026:11:28:40 -0700] "GET /event/rufus-reid-guest-artist-vancouver-island-university/?loknya=/home/jbrackee HTTP/1.1" 200 50059 "-" "meta-externalagent/1.1 (+https://developers.facebook.com/docs/sharing/webmasters/crawler)"
57.141.0.41 - - [22/Apr/2026:11:28:41 -0700] "GET /event/rufus-reid-guest-artist-vancouver-island-university/?loknya=/home/lritenou HTTP/1.1" 200 50059 "-" "meta-externalagent/1.1 (+https://developers.facebook.com/docs/sharing/webmasters/crawler)"
57.141.0.69 - - [22/Apr/2026:11:28:43 -0700] "GET /event/rufus-reid-guest-artist-vancouver-island-university/?loknya=/home/lkinhan HTTP/1.1" 200 50055 "-" "meta-externalagent/1.1 (+https://developers.facebook.com/docs/sharing/webmasters/crawler)"
57.141.0.11 - - [22/Apr/2026:11:28:45 -0700] "GET /event/rufus-reid-guest-artist-vancouver-island-university/?loknya=/home/ddemsey HTTP/1.1" 200 50055 "-" "meta-externalagent/1.1 (+https://developers.facebook.com/docs/sharing/webmasters/crawler)"
